Jul 05 03:54:09.965391 n-d-798054-7 devstack@placement-api.service[101379]: INFO placement.requestlog [req-daa6d44c-5ee3-4856-89e9-5fdecef488c6 req-9dd8e644-798c-4893-a80b-6b30ed0961ab service placement] 10.222.0.69 "GET /placement/allocation_candidates?resources=DISK_GB%3A1%2CMEMORY_MB%3A1024%2CVCPU%3A1&root_required=%21COMPUTE_STATUS_DISABLED" status: 200 len: 1309 microversion: 1.35
Jul 05 03:54:09.965562 n-d-798054-7 devstack@placement-api.service[101380]: INFO placement.requestlog [req-d180ac03-3dc6-4240-8106-c7fc90948cfa req-454500cd-237d-4afe-9386-d56094953602 service placement] 10.222.0.47 "GET /placement/allocations/85e7871b-33da-4f2c-9a48-78e7578891e1" status: 200 len: 259 microversion: 1.28
Jul 05 03:54:09.966251 n-d-798054-7 devstack@placement-api.service[101380]: [pid: 101380|app: 0|req: 111/219] 10.222.0.47 () {60 vars in 1378 bytes} [Mon Jul 5 03:54:09 2021] GET /placement/allocations/85e7871b-33da-4f2c-9a48-78e7578891e1 => generated 259 bytes in 19 msecs (HTTP/1.1 200) 8 headers in 296 bytes (2 switches on core 0)
Jul 05 03:54:09.978519 n-d-798054-7 devstack@placement-api.service[101379]: [pid: 101379|app: 0|req: 109/220] 10.222.0.69 () {60 vars in 1485 bytes} [Mon Jul 5 03:54:09 2021] GET /placement/allocation_candidates?resources=DISK_GB%3A1%2CMEMORY_MB%3A1024%2CVCPU%3A1&root_required=%21COMPUTE_STATUS_DISABLED => generated 1309 bytes in 99 msecs (HTTP/1.1 200) 8 headers in 297 bytes (1 switches on core 0)
Jul 05 03:54:09.981225 n-d-798054-7 devstack@placement-api.service[101380]: DEBUG placement.requestlog [req-d180ac03-3dc6-4240-8106-c7fc90948cfa req-7d334e5c-135a-4a73-a194-0dfe3aaa2808 None None] Starting request: 10.222.0.47 "PUT /placement/allocations/85e7871b-33da-4f2c-9a48-78e7578891e1" {{(pid=101380) __call__ /opt/stack/placement/placement/requestlog.py:55}}
Jul 05 03:54:10.033917 n-d-798054-7 devstack@placement-api.service[101379]: DEBUG placement.requestlog [req-daa6d44c-5ee3-4856-89e9-5fdecef488c6 req-39450dc4-cafd-447a-ad01-0d6544dd35a2 None None] Starting request: 10.222.0.69 "GET /placement/allocations/19b283e4-1a78-4959-bcd7-7041762091a0" {{(pid=101379) __call__ /opt/stack/placement/placement/requestlog.py:55}}
Jul 05 03:54:10.046782 n-d-798054-7 devstack@placement-api.service[101379]: INFO placement.requestlog [req-daa6d44c-5ee3-4856-89e9-5fdecef488c6 req-39450dc4-cafd-447a-ad01-0d6544dd35a2 service placement] 10.222.0.69 "GET /placement/allocations/19b283e4-1a78-4959-bcd7-7041762091a0" status: 200 len: 19 microversion: 1.28
Jul 05 03:54:10.049765 n-d-798054-7 devstack@placement-api.service[101379]: [pid: 101379|app: 0|req: 110/221] 10.222.0.69 () {60 vars in 1381 bytes} [Mon Jul 5 03:54:10 2021] GET /placement/allocations/19b283e4-1a78-4959-bcd7-7041762091a0 => generated 19 bytes in 16 msecs (HTTP/1.1 200) 8 headers in 295 bytes (1 switches on core 0)
Jul 05 03:54:10.053619 n-d-798054-7 devstack@placement-api.service[101379]: DEBUG placement.requestlog [req-daa6d44c-5ee3-4856-89e9-5fdecef488c6 req-e95d58dd-c555-465f-9679-64db418f1402 None None] Starting request: 10.222.0.69 "PUT /placement/allocations/19b283e4-1a78-4959-bcd7-7041762091a0" {{(pid=101379) __call__ /opt/stack/placement/placement/requestlog.py:55}}
Jul 05 03:54:10.171097 n-d-798054-7 devstack@placement-api.service[101380]: DEBUG placement.handlers.allocation [req-d180ac03-3dc6-4240-8106-c7fc90948cfa req-7d334e5c-135a-4a73-a194-0dfe3aaa2808 service placement] Successfully wrote allocations [, , ] {{(pid=101380) _create_allocations /opt/stack/placement/placement/handlers/allocation.py:435}}
Jul 05 03:54:10.171635 n-d-798054-7 devstack@placement-api.service[101380]: INFO placement.requestlog [req-d180ac03-3dc6-4240-8106-c7fc90948cfa req-7d334e5c-135a-4a73-a194-0dfe3aaa2808 service placement] 10.222.0.47 "PUT /placement/allocations/85e7871b-33da-4f2c-9a48-78e7578891e1" status: 204 len: 0 microversion: 1.28
Jul 05 03:54:10.171847 n-d-798054-7 devstack@placement-api.service[101380]: [pid: 101380|app: 0|req: 112/222] 10.222.0.47 () {64 vars in 1431 bytes} [Mon Jul 5 03:54:09 2021] PUT /placement/allocations/85e7871b-33da-4f2c-9a48-78e7578891e1 => generated 0 bytes in 193 msecs (HTTP/1.1 204) 5 headers in 199 bytes (1 switches on core 0)
Jul 05 03:54:10.296798 n-d-798054-7 devstack@placement-api.service[101379]: DEBUG placement.objects.allocation [req-daa6d44c-5ee3-4856-89e9-5fdecef488c6 req-e95d58dd-c555-465f-9679-64db418f1402 service placement] Retrying allocations write on resource provider generation conflict {{(pid=101379) replace_all /opt/stack/placement/placement/objects/allocation.py:505}}
Jul 05 03:54:10.402325 n-d-798054-7 devstack@placement-api.service[101379]: DEBUG placement.handlers.allocation [req-daa6d44c-5ee3-4856-89e9-5fdecef488c6 req-e95d58dd-c555-465f-9679-64db418f1402 service placement] Successfully wrote allocations [, , ] {{(pid=101379) _create_allocations /opt/stack/placement/placement/handlers/allocation.py:435}}
Jul 05 03:54:10.403029 n-d-798054-7 devstack@placement-api.service[101379]: INFO placement.requestlog [req-daa6d44c-5ee3-4856-89e9-5fdecef488c6 req-e95d58dd-c555-465f-9679-64db418f1402 service placement] 10.222.0.69 "PUT /placement/allocations/19b283e4-1a78-4959-bcd7-7041762091a0" status: 204 len: 0 microversion: 1.35
Jul 05 03:54:10.403492 n-d-798054-7 devstack@placement-api.service[101379]: [pid: 101379|app: 0|req: 111/223] 10.222.0.69 () {64 vars in 1434 bytes} [Mon Jul 5 03:54:10 2021] PUT /placement/allocations/19b283e4-1a78-4959-bcd7-7041762091a0 => generated 0 bytes in 350 msecs (HTTP/1.1 204) 5 headers in 199 bytes (2 switches on core 0)
Jul 05 03:54:11.526351 n-d-798054-7 devstack@placement-api.service[101380]: DEBUG placement.requestlog [req-daa6d44c-5ee3-4856-89e9-5fdecef488c6 req-c54356f6-46d6-4b33-95f9-79d7139976b2 None None] Starting request: 10.222.0.47 "GET /placement/allocations/19b283e4-1a78-4959-bcd7-7041762091a0" {{(pid=101380) __call__ /opt/stack/placement/placement/requestlog.py:55}}
Jul 05 03:54:11.559026 n-d-798054-7 devstack@placement-api.service[101380]: INFO placement.requestlog [req-daa6d44c-5ee3-4856-89e9-5fdecef488c6 req-c54356f6-46d6-4b33-95f9-79d7139976b2 service placement] 10.222.0.47 "GET /placement/allocations/19b283e4-1a78-4959-bcd7-7041762091a0" status: 200 len: 259 microversion: 1.28
Jul 05 03:54:11.563488 n-d-798054-7 devstack@placement-api.service[101380]: [pid: 101380|app: 0|req: 113/224] 10.222.0.47 () {60 vars in 1378 bytes} [Mon Jul 5 03:54:11 2021] GET /placement/allocations/19b283e4-1a78-4959-bcd7-7041762091a0 => generated 259 bytes in 34 msecs (HTTP/1.1 200) 8 headers in 296 bytes (1 switches on core 0)
Jul 05 03:54:22.520451 n-d-798054-7 devstack@placement-api.service[101379]: DEBUG placement.requestlog [req-e11b81c8-4420-4990-86ad-561f5cb04229 req-56646f36-1f0e-4452-9ed6-1d8ec15f2a9d None None] Starting request: 10.222.0.69 "GET /placement/allocation_candidates?limit=1000&resources=DISK_GB%3A1%2CMEMORY_MB%3A1024%2CVCPU%3A1&root_required=%21COMPUTE_STATUS_DISABLED" {{(pid=101379) __call__ /opt/stack/placement/placement/requestlog.py:55}}
Jul 05 03:54:22.569667 n-d-798054-7 devstack@placement-api.service[101379]: DEBUG placement.objects.research_context [req-e11b81c8-4420-4990-86ad-561f5cb04229 req-56646f36-1f0e-4452-9ed6-1d8ec15f2a9d service placement] getting providers with 1 DISK_GB {{(pid=101379) __init__ /opt/stack/placement/placement/objects/research_context.py:126}}
Jul 05 03:54:22.577543 n-d-798054-7 devstack@placement-api.service[101379]: DEBUG placement.objects.research_context [req-e11b81c8-4420-4990-86ad-561f5cb04229 req-56646f36-1f0e-4452-9ed6-1d8ec15f2a9d service placement] getting providers with 1024 MEMORY_MB {{(pid=101379) __init__ /opt/stack/placement/placement/objects/research_context.py:126}}
Jul 05 03:54:22.584613 n-d-798054-7 devstack@placement-api.service[101379]: DEBUG placement.objects.research_context [req-e11b81c8-4420-4990-86ad-561f5cb04229 req-56646f36-1f0e-4452-9ed6-1d8ec15f2a9d service placement] getting providers with 1 VCPU {{(pid=101379) __init__ /opt/stack/placement/placement/objects/research_context.py:126}}
Jul 05 03:54:22.595230 n-d-798054-7 devstack@placement-api.service[101379]: DEBUG placement.objects.research_context [req-e11b81c8-4420-4990-86ad-561f5cb04229 req-56646f36-1f0e-4452-9ed6-1d8ec15f2a9d service placement] found 2 providers with available 1 DISK_GB {{(pid=101379) get_provider_ids_matching /opt/stack/placement/placement/objects/research_context.py:549}}
Jul 05 03:54:22.595230 n-d-798054-7 devstack@placement-api.service[101379]: DEBUG placement.objects.research_context [req-e11b81c8-4420-4990-86ad-561f5cb04229 req-56646f36-1f0e-4452-9ed6-1d8ec15f2a9d service placement] found 2 providers with available 1024 MEMORY_MB {{(pid=101379) get_provider_ids_matching /opt/stack/placement/placement/objects/research_context.py:549}}
Jul 05 03:54:22.595230 n-d-798054-7 devstack@placement-api.service[101379]: DEBUG placement.objects.research_context [req-e11b81c8-4420-4990-86ad-561f5cb04229 req-56646f36-1f0e-4452-9ed6-1d8ec15f2a9d service placement] found 2 providers after filtering by previous result {{(pid=101379) get_provider_ids_matching /opt/stack/placement/placement/objects/research_context.py:580}}
Jul 05 03:54:22.595230 n-d-798054-7 devstack@placement-api.service[101379]: DEBUG placement.objects.research_context [req-e11b81c8-4420-4990-86ad-561f5cb04229 req-56646f36-1f0e-4452-9ed6-1d8ec15f2a9d service placement] found 2 providers with available 1 VCPU {{(pid=101379) get_provider_ids_matching /opt/stack/placement/placement/objects/research_context.py:549}}
Jul 05 03:54:22.595230 n-d-798054-7 devstack@placement-api.service[101379]: DEBUG placement.objects.research_context [req-e11b81c8-4420-4990-86ad-561f5cb04229 req-56646f36-1f0e-4452-9ed6-1d8ec15f2a9d service placement] found 2 providers after filtering by previous result {{(pid=101379) get_provider_ids_matching /opt/stack/placement/placement/objects/research_context.py:580}}
Jul 05 03:54:22.608371 n-d-798054-7 devstack@placement-api.service[101379]: DEBUG placement.objects.allocation_candidate [req-e11b81c8-4420-4990-86ad-561f5cb04229 req-56646f36-1f0e-4452-9ed6-1d8ec15f2a9d service placement] RequestGroup(use_same_provider=False, resources={DISK_GB:1, MEMORY_MB:1024, VCPU:1}, traits=[], aggregates=[]) (suffix '') returned 2 matches {{(pid=101379) _get_by_requests /opt/stack/placement/placement/objects/allocation_candidate.py:145}}
Jul 05 03:54:22.609050 n-d-798054-7 devstack@placement-api.service[101379]: DEBUG placement.objects.allocation_candidate [req-e11b81c8-4420-4990-86ad-561f5cb04229 req-56646f36-1f0e-4452-9ed6-1d8ec15f2a9d service placement] Merging candidates yields 2 allocation requests and 2 provider summaries {{(pid=101379) _merge_candidates /opt/stack/placement/placement/objects/allocation_candidate.py:783}}
Jul 05 03:54:22.611317 n-d-798054-7 devstack@placement-api.service[101379]: INFO placement.requestlog [req-e11b81c8-4420-4990-86ad-561f5cb04229 req-56646f36-1f0e-4452-9ed6-1d8ec15f2a9d service placement] 10.222.0.69 "GET /placement/allocation_candidates?limit=1000&resources=DISK_GB%3A1%2CMEMORY_MB%3A1024%2CVCPU%3A1&root_required=%21COMPUTE_STATUS_DISABLED" status: 200 len: 1309 microversion: 1.35
Jul 05 03:54:22.612451 n-d-798054-7 devstack@placement-api.service[101379]: [pid: 101379|app: 0|req: 112/225] 10.222.0.69 () {60 vars in 1507 bytes} [Mon Jul 5 03:54:22 2021] GET /placement/allocation_candidates?limit=1000&resources=DISK_GB%3A1%2CMEMORY_MB%3A1024%2CVCPU%3A1&root_required=%21COMPUTE_STATUS_DISABLED => generated 1309 bytes in 92 msecs (HTTP/1.1 200) 8 headers in 297 bytes (1 switches on core 0)
Jul 05 03:54:22.704601 n-d-798054-7 devstack@placement-api.service[101380]: DEBUG placement.requestlog [req-e11b81c8-4420-4990-86ad-561f5cb04229 req-70b6429a-7582-4667-8926-b7f78f3c2693 None None] Starting request: 10.222.0.69 "GET /placement/allocations/df2506e7-39f9-4052-b33b-e1da47903ed7" {{(pid=101380) __call__ /opt/stack/placement/placement/requestlog.py:55}}
Jul 05 03:54:22.722838 n-d-798054-7 devstack@placement-api.service[101380]: INFO placement.requestlog [req-e11b81c8-4420-4990-86ad-561f5cb04229 req-70b6429a-7582-4667-8926-b7f78f3c2693 service placement] 10.222.0.69 "GET /placement/allocations/df2506e7-39f9-4052-b33b-e1da47903ed7" status: 200 len: 19 microversion: 1.28
Jul 05 03:54:22.723359 n-d-798054-7 devstack@placement-api.service[101380]: [pid: 101380|app: 0|req: 114/226] 10.222.0.69 () {60 vars in 1381 bytes} [Mon Jul 5 03:54:22 2021] GET /placement/allocations/df2506e7-39f9-4052-b33b-e1da47903ed7 => generated 19 bytes in 19 msecs (HTTP/1.1 200) 8 headers in 295 bytes (1 switches on core 0)
Jul 05 03:54:22.730163 n-d-798054-7 devstack@placement-api.service[101379]: DEBUG placement.requestlog [req-e11b81c8-4420-4990-86ad-561f5cb04229 req-00619372-6882-4fe5-9f17-780fa1c74fb9 None None] Starting request: 10.222.0.69 "PUT /placement/allocations/df2506e7-39f9-4052-b33b-e1da47903ed7" {{(pid=101379) __call__ /opt/stack/placement/placement/requestlog.py:55}}
Jul 05 03:54:23.160725 n-d-798054-7 devstack@placement-api.service[101379]: DEBUG placement.handlers.allocation [req-e11b81c8-4420-4990-86ad-561f5cb04229 req-00619372-6882-4fe5-9f17-780fa1c74fb9 service placement] Successfully wrote allocations [, , ] {{(pid=101379) _create_allocations /opt/stack/placement/placement/handlers/allocation.py:435}}
Jul 05 03:54:23.161686 n-d-798054-7 devstack@placement-api.service[101379]: INFO placement.requestlog [req-e11b81c8-4420-4990-86ad-561f5cb04229 req-00619372-6882-4fe5-9f17-780fa1c74fb9 service placement] 10.222.0.69 "PUT /placement/allocations/df2506e7-39f9-4052-b33b-e1da47903ed7" status: 204 len: 0 microversion: 1.35
Jul 05 03:54:23.162224 n-d-798054-7 devstack@placement-api.service[101379]: [pid: 101379|app: 0|req: 113/227] 10.222.0.69 () {64 vars in 1434 bytes} [Mon Jul 5 03:54:22 2021] PUT /placement/allocations/df2506e7-39f9-4052-b33b-e1da47903ed7 => generated 0 bytes in 433 msecs (HTTP/1.1 204) 5 headers in 199 bytes (1 switches on core 0)
Jul 05 03:54:24.533905 n-d-798054-7 devstack@placement-api.service[101380]: DEBUG placement.requestlog [req-e11b81c8-4420-4990-86ad-561f5cb04229 req-02521df6-b77e-44c3-a236-0f0f74b02175 None None] Starting request: 10.222.0.47 "GET /placement/allocations/df2506e7-39f9-4052-b33b-e1da47903ed7" {{(pid=101380) __call__ /opt/stack/placement/placement/requestlog.py:55}}
Jul 05 03:54:24.558469 n-d-798054-7 devstack@placement-api.service[101380]: INFO placement.requestlog [req-e11b81c8-4420-4990-86ad-561f5cb04229 req-02521df6-b77e-44c3-a236-0f0f74b02175 service placement] 10.222.0.47 "GET /placement/allocations/df2506e7-39f9-4052-b33b-e1da47903ed7" status: 200 len: 259 microversion: 1.28
Jul 05 03:54:24.558894 n-d-798054-7 devstack@placement-api.service[101380]: [pid: 101380|app: 0|req: 115/228] 10.222.0.47 () {60 vars in 1378 bytes} [Mon Jul 5 03:54:24 2021] GET /placement/allocations/df2506e7-39f9-4052-b33b-e1da47903ed7 => generated 259 bytes in 25 msecs (HTTP/1.1 200) 8 headers in 296 bytes (1 switches on core 0)
Jul 05 03:54:26.470807 n-d-798054-7 devstack@placement-api.service[101379]: DEBUG placement.requestlog [req-153c9079-e1ca-45be-80cf-6c36283c3e7a req-2d06f6b7-14e2-498f-b296-7df17e05c983 None None] Starting request: 10.222.0.73 "GET /placement/resource_providers/71740cfe-98a3-4497-9131-ed35d7dae225/allocations" {{(pid=101379) __call__ /opt/stack/placement/placement/requestlog.py:55}}
Jul 05 03:54:26.514772 n-d-798054-7 devstack@placement-api.service[101379]: INFO placement.requestlog [req-153c9079-e1ca-45be-80cf-6c36283c3e7a req-2d06f6b7-14e2-498f-b296-7df17e05c983 service placement] 10.222.0.73 "GET /placement/resource_providers/71740cfe-98a3-4497-9131-ed35d7dae225/allocations" status: 200 len: 861 microversion: 1.0
Jul 05 03:54:26.515344 n-d-798054-7 devstack@placement-api.service[101379]: [pid: 101379|app: 0|req: 114/229] 10.222.0.73 () {58 vars in 1391 bytes} [Mon Jul 5 03:54:26 2021] GET /placement/resource_providers/71740cfe-98a3-4497-9131-ed35d7dae225/allocations => generated 861 bytes in 45 msecs (HTTP/1.1 200) 6 headers in 224 bytes (1 switches on core 0)
Jul 05 03:54:27.166573 n-d-798054-7 devstack@placement-api.service[101380]: DEBUG placement.requestlog [req-153c9079-e1ca-45be-80cf-6c36283c3e7a req-0129bbd0-7e95-45a9-bf5f-43e1c8479734 None None] Starting request: 10.222.0.73 "GET /placement/allocations/01d23e91-9438-4f10-9342-be0e890198ef" {{(pid=101380) __call__ /opt/stack/placement/placement/requestlog.py:55}}
Jul 05 03:54:27.186929 n-d-798054-7 devstack@placement-api.service[101380]: INFO placement.requestlog [req-153c9079-e1ca-45be-80cf-6c36283c3e7a req-0129bbd0-7e95-45a9-bf5f-43e1c8479734 service placement] 10.222.0.73 "GET /placement/allocations/01d23e91-9438-4f10-9342-be0e890198ef" status: 200 len: 259 microversion: 1.28
Jul 05 03:54:27.187746 n-d-798054-7 devstack@placement-api.service[101380]: [pid: 101380|app: 0|req: 116/230] 10.222.0.73 () {60 vars in 1378 bytes} [Mon Jul 5 03:54:27 2021] GET /placement/allocations/01d23e91-9438-4f10-9342-be0e890198ef => generated 259 bytes in 22 msecs (HTTP/1.1 200) 8 headers in 296 bytes (1 switches on core 0)
Jul 05 03:54:27.196956 n-d-798054-7 devstack@placement-api.service[101379]: DEBUG placement.requestlog [req-153c9079-e1ca-45be-80cf-6c36283c3e7a req-4a3027ca-8b02-4a1b-8e99-716cdef87a15 None None] Starting request: 10.222.0.73 "PUT /placement/allocations/01d23e91-9438-4f10-9342-be0e890198ef" {{(pid=101379) __call__ /opt/stack/placement/placement/requestlog.py:55}}
Jul 05 03:54:27.439927 n-d-798054-7 devstack@placement-api.service[101379]: DEBUG placement.handlers.allocation [req-153c9079-e1ca-45be-80cf-6c36283c3e7a req-4a3027ca-8b02-4a1b-8e99-716cdef87a15 service placement] Successfully wrote allocations [, , ] {{(pid=101379) _create_allocations /opt/stack/placement/placement/handlers/allocation.py:435}}
Jul 05 03:54:27.444616 n-d-798054-7 devstack@placement-api.service[101379]: INFO placement.requestlog [req-153c9079-e1ca-45be-80cf-6c36283c3e7a req-4a3027ca-8b02-4a1b-8e99-716cdef87a15 service placement] 10.222.0.73 "PUT /placement/allocations/01d23e91-9438-4f10-9342-be0e890198ef" status: 204 len: 0 microversion: 1.28
Jul 05 03:54:27.448844 n-d-798054-7 devstack@placement-api.service[101379]: [pid: 101379|app: 0|req: 115/231] 10.222.0.73 () {64 vars in 1431 bytes} [Mon Jul 5 03:54:27 2021] PUT /placement/allocations/01d23e91-9438-4f10-9342-be0e890198ef => generated 0 bytes in 252 msecs (HTTP/1.1 204) 5 headers in 199 bytes (2 switches on core 0)
Jul 05 03:54:29.098803 n-d-798054-7 devstack@placement-api.service[101380]: DEBUG placement.requestlog [None req-aff49aa1-6f79-4da8-af72-cace06735450 None None] Starting request: 10.222.0.69 "GET /placement/" {{(pid=101380) __call__ /opt/stack/placement/placement/requestlog.py:55}}
Jul 05 03:54:29.099903 n-d-798054-7 devstack@placement-api.service[101380]: INFO placement.requestlog [None req-aff49aa1-6f79-4da8-af72-cace06735450 None None] 10.222.0.69 "GET /placement/" status: 200 len: 136 microversion: 1.0
Jul 05 03:54:29.100615 n-d-798054-7 devstack@placement-api.service[101380]: [pid: 101380|app: 0|req: 117/232] 10.222.0.69 () {54 vars in 916 bytes} [Mon Jul 5 03:54:29 2021] GET /placement => generated 136 bytes in 3 msecs (HTTP/1.1 200) 6 headers in 224 bytes (1 switches on core 0)
Jul 05 03:54:29.131842 n-d-798054-7 devstack@placement-api.service[101379]: DEBUG placement.requestlog [req-c2a49872-c917-4c84-94bd-c33d2c652f40 req-ee6435f1-144d-4c0a-9aeb-530af6b147c0 None None] Starting request: 10.222.0.69 "GET /placement/allocations/c64b0cbe-af5f-49ab-9cc7-f9d820d668f8" {{(pid=101379) __call__ /opt/stack/placement/placement/requestlog.py:55}}
Jul 05 03:54:29.206131 n-d-798054-7 devstack@placement-api.service[101379]: INFO placement.requestlog [req-c2a49872-c917-4c84-94bd-c33d2c652f40 req-ee6435f1-144d-4c0a-9aeb-530af6b147c0 service placement] 10.222.0.69 "GET /placement/allocations/c64b0cbe-af5f-49ab-9cc7-f9d820d668f8" status: 200 len: 259 microversion: 1.28
Jul 05 03:54:29.206740 n-d-798054-7 devstack@placement-api.service[101379]: [pid: 101379|app: 0|req: 116/233] 10.222.0.69 () {60 vars in 1381 bytes} [Mon Jul 5 03:54:29 2021] GET /placement/allocations/c64b0cbe-af5f-49ab-9cc7-f9d820d668f8 => generated 259 bytes in 80 msecs (HTTP/1.1 200) 8 headers in 296 bytes (2 switches on core 0)
Jul 05 03:54:29.217788 n-d-798054-7 devstack@placement-api.service[101380]: DEBUG placement.requestlog [req-c2a49872-c917-4c84-94bd-c33d2c652f40 req-694bb156-fba5-4928-a2b3-4b57bdc5a12d None None] Starting request: 10.222.0.69 "GET /placement/allocations/c64b0cbe-af5f-49ab-9cc7-f9d820d668f8" {{(pid=101380) __call__ /opt/stack/placement/placement/requestlog.py:55}}
Jul 05 03:54:29.236516 n-d-798054-7 devstack@placement-api.service[101380]: INFO placement.requestlog [req-c2a49872-c917-4c84-94bd-c33d2c652f40 req-694bb156-fba5-4928-a2b3-4b57bdc5a12d service placement] 10.222.0.69 "GET /placement/allocations/c64b0cbe-af5f-49ab-9cc7-f9d820d668f8" status: 200 len: 259 microversion: 1.28
Jul 05 03:54:29.236516 n-d-798054-7 devstack@placement-api.service[101380]: [pid: 101380|app: 0|req: 118/234] 10.222.0.69 () {60 vars in 1381 bytes} [Mon Jul 5 03:54:29 2021] GET /placement/allocations/c64b0cbe-af5f-49ab-9cc7-f9d820d668f8 => generated 259 bytes in 23 msecs (HTTP/1.1 200) 8 headers in 296 bytes (2 switches on core 0)
Jul 05 03:54:29.245903 n-d-798054-7 devstack@placement-api.service[101379]: DEBUG placement.requestlog [req-c2a49872-c917-4c84-94bd-c33d2c652f40 req-05289ac8-01fa-4096-8b9b-78f69a661e8a None None] Starting request: 10.222.0.69 "GET /placement/allocations/e6f4f0a5-a942-40d4-976f-2ff8ca90e5c2" {{(pid=101379) __call__ /opt/stack/placement/placement/requestlog.py:55}}
Jul 05 03:54:29.257208 n-d-798054-7 devstack@placement-api.service[101379]: INFO placement.requestlog [req-c2a49872-c917-4c84-94bd-c33d2c652f40 req-05289ac8-01fa-4096-8b9b-78f69a661e8a service placement] 10.222.0.69 "GET /placement/allocations/e6f4f0a5-a942-40d4-976f-2ff8ca90e5c2" status: 200 len: 19 microversion: 1.28
Jul 05 03:54:29.257678 n-d-798054-7 devstack@placement-api.service[101379]: [pid: 101379|app: 0|req: 117/235] 10.222.0.69 () {60 vars in 1381 bytes} [Mon Jul 5 03:54:29 2021] GET /placement/allocations/e6f4f0a5-a942-40d4-976f-2ff8ca90e5c2 => generated 19 bytes in 15 msecs (HTTP/1.1 200) 8 headers in 295 bytes (2 switches on core 0)
Jul 05 03:54:29.269415 n-d-798054-7 devstack@placement-api.service[101380]: DEBUG placement.requestlog [req-c2a49872-c917-4c84-94bd-c33d2c652f40 req-e8ffd9fd-38d5-49d4-b4d5-ffa15c1fc991 None None] Starting request: 10.222.0.69 "POST /placement/allocations" {{(pid=101380) __call__ /opt/stack/placement/placement/requestlog.py:55}}
Jul 05 03:54:29.629077 n-d-798054-7 devstack@placement-api.service[101380]: DEBUG placement.handlers.allocation [req-c2a49872-c917-4c84-94bd-c33d2c652f40 req-e8ffd9fd-38d5-49d4-b4d5-ffa15c1fc991 service placement] Successfully wrote allocations [, , , , , ] {{(pid=101380) _create_allocations /opt/stack/placement/placement/handlers/allocation.py:524}}
Jul 05 03:54:29.637952 n-d-798054-7 devstack@placement-api.service[101380]: INFO placement.requestlog [req-c2a49872-c917-4c84-94bd-c33d2c652f40 req-e8ffd9fd-38d5-49d4-b4d5-ffa15c1fc991 service placement] 10.222.0.69 "POST /placement/allocations" status: 204 len: 0 microversion: 1.28
Jul 05 03:54:29.637952 n-d-798054-7 devstack@placement-api.service[101380]: [pid: 101380|app: 0|req: 119/236] 10.222.0.69 () {64 vars in 1324 bytes} [Mon Jul 5 03:54:29 2021] POST /placement/allocations => generated 0 bytes in 367 msecs (HTTP/1.1 204) 5 headers in 199 bytes (2 switches on core 0)
Jul 05 03:54:29.695222 n-d-798054-7 devstack@placement-api.service[101379]: DEBUG placement.requestlog [req-c2a49872-c917-4c84-94bd-c33d2c652f40 req-c16def80-9c7e-4fc8-a344-607aa0dd55ee None None] Starting request: 10.222.0.69 "GET /placement/allocations/c64b0cbe-af5f-49ab-9cc7-f9d820d668f8" {{(pid=101379) __call__ /opt/stack/placement/placement/requestlog.py:55}}
Jul 05 03:54:29.707593 n-d-798054-7 devstack@placement-api.service[101379]: INFO placement.requestlog [req-c2a49872-c917-4c84-94bd-c33d2c652f40 req-c16def80-9c7e-4fc8-a344-607aa0dd55ee service placement] 10.222.0.69 "GET /placement/allocations/c64b0cbe-af5f-49ab-9cc7-f9d820d668f8" status: 200 len: 19 microversion: 1.28
Jul 05 03:54:29.711735 n-d-798054-7 devstack@placement-api.service[101379]: [pid: 101379|app: 0|req: 118/237] 10.222.0.69 () {60 vars in 1381 bytes} [Mon Jul 5 03:54:29 2021] GET /placement/allocations/c64b0cbe-af5f-49ab-9cc7-f9d820d668f8 => generated 19 bytes in 17 msecs (HTTP/1.1 200) 8 headers in 295 bytes (1 switches on core 0)
Jul 05 03:54:29.715723 n-d-798054-7 devstack@placement-api.service[101380]: DEBUG placement.requestlog [req-c2a49872-c917-4c84-94bd-c33d2c652f40 req-318ef01b-7999-42c5-ac28-9d1edd11aeb5 None None] Starting request: 10.222.0.69 "PUT /placement/allocations/c64b0cbe-af5f-49ab-9cc7-f9d820d668f8" {{(pid=101380) __call__ /opt/stack/placement/placement/requestlog.py:55}}
Jul 05 03:54:29.954745 n-d-798054-7 devstack@placement-api.service[101380]: DEBUG placement.handlers.allocation [req-c2a49872-c917-4c84-94bd-c33d2c652f40 req-318ef01b-7999-42c5-ac28-9d1edd11aeb5 service placement] Successfully wrote allocations [, , ] {{(pid=101380) _create_allocations /opt/stack/placement/placement/handlers/allocation.py:435}}
Jul 05 03:54:29.955809 n-d-798054-7 devstack@placement-api.service[101380]: INFO placement.requestlog [req-c2a49872-c917-4c84-94bd-c33d2c652f40 req-318ef01b-7999-42c5-ac28-9d1edd11aeb5 service placement] 10.222.0.69 "PUT /placement/allocations/c64b0cbe-af5f-49ab-9cc7-f9d820d668f8" status: 204 len: 0 microversion: 1.28
Jul 05 03:54:29.956646 n-d-798054-7 devstack@placement-api.service[101380]: [pid: 101380|app: 0|req: 120/238] 10.222.0.69 () {64 vars in 1434 bytes} [Mon Jul 5 03:54:29 2021] PUT /placement/allocations/c64b0cbe-af5f-49ab-9cc7-f9d820d668f8 => generated 0 bytes in 241 msecs (HTTP/1.1 204) 5 headers in 199 bytes (1 switches on core 0)
Jul 05 03:54:30.160446 n-d-798054-7 devstack@placement-api.service[101379]: DEBUG placement.requestlog [req-c2a49872-c917-4c84-94bd-c33d2c652f40 req-73c54560-8833-41fc-9483-80fc1c0745a1 None None] Starting request: 10.222.0.73 "GET /placement/allocations/c64b0cbe-af5f-49ab-9cc7-f9d820d668f8" {{(pid=101379) __call__ /opt/stack/placement/placement/requestlog.py:55}}
Jul 05 03:54:30.177852 n-d-798054-7 devstack@placement-api.service[101379]: INFO placement.requestlog [req-c2a49872-c917-4c84-94bd-c33d2c652f40 req-73c54560-8833-41fc-9483-80fc1c0745a1 service placement] 10.222.0.73 "GET /placement/allocations/c64b0cbe-af5f-49ab-9cc7-f9d820d668f8" status: 200 len: 259 microversion: 1.28
Jul 05 03:54:30.178215 n-d-798054-7 devstack@placement-api.service[101379]: [pid: 101379|app: 0|req: 119/239] 10.222.0.73 () {60 vars in 1378 bytes} [Mon Jul 5 03:54:30 2021] GET /placement/allocations/c64b0cbe-af5f-49ab-9cc7-f9d820d668f8 => generated 259 bytes in 18 msecs (HTTP/1.1 200) 8 headers in 296 bytes (1 switches on core 0)
Jul 05 03:54:31.146756 n-d-798054-7 devstack@placement-api.service[101380]: DEBUG placement.requestlog [req-ad562d47-3c21-4e4e-aca1-11658b28ef91 req-f20cae12-527c-454f-b2f6-4521a34753fa None None] Starting request: 10.222.0.69 "GET /placement/allocation_candidates?limit=1000&resources=DISK_GB%3A1%2CMEMORY_MB%3A1024%2CVCPU%3A1&root_required=%21COMPUTE_STATUS_DISABLED" {{(pid=101380) __call__ /opt/stack/placement/placement/requestlog.py:55}}
Jul 05 03:54:31.177126 n-d-798054-7 devstack@placement-api.service[101380]: DEBUG placement.objects.research_context [req-ad562d47-3c21-4e4e-aca1-11658b28ef91 req-f20cae12-527c-454f-b2f6-4521a34753fa service placement] getting providers with 1 DISK_GB {{(pid=101380) __init__ /opt/stack/placement/placement/objects/research_context.py:126}}
Jul 05 03:54:31.183538 n-d-798054-7 devstack@placement-api.service[101380]: DEBUG placement.objects.research_context [req-ad562d47-3c21-4e4e-aca1-11658b28ef91 req-f20cae12-527c-454f-b2f6-4521a34753fa service placement] getting providers with 1024 MEMORY_MB {{(pid=101380) __init__ /opt/stack/placement/placement/objects/research_context.py:126}}
Jul 05 03:54:31.192491 n-d-798054-7 devstack@placement-api.service[101380]: DEBUG placement.objects.research_context [req-ad562d47-3c21-4e4e-aca1-11658b28ef91 req-f20cae12-527c-454f-b2f6-4521a34753fa service placement] getting providers with 1 VCPU {{(pid=101380) __init__ /opt/stack/placement/placement/objects/research_context.py:126}}
Jul 05 03:54:31.195286 n-d-798054-7 devstack@placement-api.service[101380]: DEBUG placement.objects.research_context [req-ad562d47-3c21-4e4e-aca1-11658b28ef91 req-f20cae12-527c-454f-b2f6-4521a34753fa service placement] found 2 providers with available 1 DISK_GB {{(pid=101380) get_provider_ids_matching /opt/stack/placement/placement/objects/research_context.py:549}}
Jul 05 03:54:31.195562 n-d-798054-7 devstack@placement-api.service[101380]: DEBUG placement.objects.research_context [req-ad562d47-3c21-4e4e-aca1-11658b28ef91 req-f20cae12-527c-454f-b2f6-4521a34753fa service placement] found 2 providers with available 1024 MEMORY_MB {{(pid=101380) get_provider_ids_matching /opt/stack/placement/placement/objects/research_context.py:549}}
Jul 05 03:54:31.195832 n-d-798054-7 devstack@placement-api.service[101380]: DEBUG placement.objects.research_context [req-ad562d47-3c21-4e4e-aca1-11658b28ef91 req-f20cae12-527c-454f-b2f6-4521a34753fa service placement] found 2 providers after filtering by previous result {{(pid=101380) get_provider_ids_matching /opt/stack/placement/placement/objects/research_context.py:580}}
Jul 05 03:54:31.196119 n-d-798054-7 devstack@placement-api.service[101380]: DEBUG placement.objects.research_context [req-ad562d47-3c21-4e4e-aca1-11658b28ef91 req-f20cae12-527c-454f-b2f6-4521a34753fa service placement] found 2 providers with available 1 VCPU {{(pid=101380) get_provider_ids_matching /opt/stack/placement/placement/objects/research_context.py:549}}
Jul 05 03:54:31.196482 n-d-798054-7 devstack@placement-api.service[101380]: DEBUG placement.objects.research_context [req-ad562d47-3c21-4e4e-aca1-11658b28ef91 req-f20cae12-527c-454f-b2f6-4521a34753fa service placement] found 2 providers after filtering by previous result {{(pid=101380) get_provider_ids_matching /opt/stack/placement/placement/objects/research_context.py:580}}
Jul 05 03:54:31.207030 n-d-798054-7 devstack@placement-api.service[101380]: DEBUG placement.objects.allocation_candidate [req-ad562d47-3c21-4e4e-aca1-11658b28ef91 req-f20cae12-527c-454f-b2f6-4521a34753fa service placement] RequestGroup(use_same_provider=False, resources={DISK_GB:1, MEMORY_MB:1024, VCPU:1}, traits=[], aggregates=[]) (suffix '') returned 2 matches {{(pid=101380) _get_by_requests /opt/stack/placement/placement/objects/allocation_candidate.py:145}}
Jul 05 03:54:31.207457 n-d-798054-7 devstack@placement-api.service[101380]: DEBUG placement.objects.allocation_candidate [req-ad562d47-3c21-4e4e-aca1-11658b28ef91 req-f20cae12-527c-454f-b2f6-4521a34753fa service placement] Merging candidates yields 2 allocation requests and 2 provider summaries {{(pid=101380) _merge_candidates /opt/stack/placement/placement/objects/allocation_candidate.py:783}}
Jul 05 03:54:31.209073 n-d-798054-7 devstack@placement-api.service[101380]: INFO placement.requestlog [req-ad562d47-3c21-4e4e-aca1-11658b28ef91 req-f20cae12-527c-454f-b2f6-4521a34753fa service placement] 10.222.0.69 "GET /placement/allocation_candidates?limit=1000&resources=DISK_GB%3A1%2CMEMORY_MB%3A1024%2CVCPU%3A1&root_required=%21COMPUTE_STATUS_DISABLED" status: 200 len: 1309 microversion: 1.35
Jul 05 03:54:31.209563 n-d-798054-7 devstack@placement-api.service[101380]: [pid: 101380|app: 0|req: 121/240] 10.222.0.69 () {60 vars in 1507 bytes} [Mon Jul 5 03:54:31 2021] GET /placement/allocation_candidates?limit=1000&resources=DISK_GB%3A1%2CMEMORY_MB%3A1024%2CVCPU%3A1&root_required=%21COMPUTE_STATUS_DISABLED => generated 1309 bytes in 63 msecs (HTTP/1.1 200) 8 headers in 297 bytes (2 switches on core 0)
Jul 05 03:54:31.265563 n-d-798054-7 devstack@placement-api.service[101379]: DEBUG placement.requestlog [req-ad562d47-3c21-4e4e-aca1-11658b28ef91 req-391c672c-4bb7-438e-a4de-1a5f7ce757e6 None None] Starting request: 10.222.0.69 "GET /placement/allocations/2dc468b6-d964-41c7-a625-8b20b8006759" {{(pid=101379) __call__ /opt/stack/placement/placement/requestlog.py:55}}
Jul 05 03:54:31.275930 n-d-798054-7 devstack@placement-api.service[101379]: INFO placement.requestlog [req-ad562d47-3c21-4e4e-aca1-11658b28ef91 req-391c672c-4bb7-438e-a4de-1a5f7ce757e6 service placement] 10.222.0.69 "GET /placement/allocations/2dc468b6-d964-41c7-a625-8b20b8006759" status: 200 len: 19 microversion: 1.28
Jul 05 03:54:31.276215 n-d-798054-7 devstack@placement-api.service[101379]: [pid: 101379|app: 0|req: 120/241] 10.222.0.69 () {60 vars in 1381 bytes} [Mon Jul 5 03:54:31 2021] GET /placement/allocations/2dc468b6-d964-41c7-a625-8b20b8006759 => generated 19 bytes in 11 msecs (HTTP/1.1 200) 8 headers in 295 bytes (1 switches on core 0)
Jul 05 03:54:31.281643 n-d-798054-7 devstack@placement-api.service[101380]: DEBUG placement.requestlog [req-ad562d47-3c21-4e4e-aca1-11658b28ef91 req-0dcadae0-6aa0-4839-a6d3-71d85ff39a9e None None] Starting request: 10.222.0.69 "PUT /placement/allocations/2dc468b6-d964-41c7-a625-8b20b8006759" {{(pid=101380) __call__ /opt/stack/placement/placement/requestlog.py:55}}
Jul 05 03:54:31.641483 n-d-798054-7 devstack@placement-api.service[101380]: DEBUG placement.handlers.allocation [req-ad562d47-3c21-4e4e-aca1-11658b28ef91 req-0dcadae0-6aa0-4839-a6d3-71d85ff39a9e service placement] Successfully wrote allocations [, , ] {{(pid=101380) _create_allocations /opt/stack/placement/placement/handlers/allocation.py:435}}
Jul 05 03:54:31.642784 n-d-798054-7 devstack@placement-api.service[101380]: INFO placement.requestlog [req-ad562d47-3c21-4e4e-aca1-11658b28ef91 req-0dcadae0-6aa0-4839-a6d3-71d85ff39a9e service placement] 10.222.0.69 "PUT /placement/allocations/2dc468b6-d964-41c7-a625-8b20b8006759" status: 204 len: 0 microversion: 1.35
Jul 05 03:54:31.657143 n-d-798054-7 devstack@placement-api.service[101380]: [pid: 101380|app: 0|req: 122/242] 10.222.0.69 () {64 vars in 1434 bytes} [Mon Jul 5 03:54:31 2021] PUT /placement/allocations/2dc468b6-d964-41c7-a625-8b20b8006759 => generated 0 bytes in 362 msecs (HTTP/1.1 204) 5 headers in 199 bytes (2 switches on core 0)
Jul 05 03:54:32.768872 n-d-798054-7 devstack@placement-api.service[101379]: DEBUG placement.requestlog [req-ad562d47-3c21-4e4e-aca1-11658b28ef91 req-7b7561a8-b813-4235-aca6-b31a4a647a0c None None] Starting request: 10.222.0.73 "GET /placement/allocations/2dc468b6-d964-41c7-a625-8b20b8006759" {{(pid=101379) __call__ /opt/stack/placement/placement/requestlog.py:55}}
Jul 05 03:54:32.787195 n-d-798054-7 devstack@placement-api.service[101379]: INFO placement.requestlog [req-ad562d47-3c21-4e4e-aca1-11658b28ef91 req-7b7561a8-b813-4235-aca6-b31a4a647a0c service placement] 10.222.0.73 "GET /placement/allocations/2dc468b6-d964-41c7-a625-8b20b8006759" status: 200 len: 259 microversion: 1.28
Jul 05 03:54:32.787793 n-d-798054-7 devstack@placement-api.service[101379]: [pid: 101379|app: 0|req: 121/243] 10.222.0.73 () {60 vars in 1378 bytes} [Mon Jul 5 03:54:32 2021] GET /placement/allocations/2dc468b6-d964-41c7-a625-8b20b8006759 => generated 259 bytes in 19 msecs (HTTP/1.1 200) 8 headers in 296 bytes (1 switches on core 0)
Jul 05 03:54:36.162678 n-d-798054-7 devstack@placement-api.service[101380]: DEBUG placement.requestlog [req-ddd2894b-2766-455f-b774-efe8b716ddaa req-7d7d014c-1a9d-4634-8f06-b1447a7f3f23 None None] Starting request: 10.222.0.69 "GET /placement/allocation_candidates?limit=1000&resources=DISK_GB%3A1%2CMEMORY_MB%3A1024%2CVCPU%3A1&root_required=%21COMPUTE_STATUS_DISABLED" {{(pid=101380) __call__ /opt/stack/placement/placement/requestlog.py:55}}
Jul 05 03:54:36.211740 n-d-798054-7 devstack@placement-api.service[101380]: DEBUG placement.objects.research_context [req-ddd2894b-2766-455f-b774-efe8b716ddaa req-7d7d014c-1a9d-4634-8f06-b1447a7f3f23 service placement] getting providers with 1 DISK_GB {{(pid=101380) __init__ /opt/stack/placement/placement/objects/research_context.py:126}}
Jul 05 03:54:36.218472 n-d-798054-7 devstack@placement-api.service[101380]: DEBUG placement.objects.research_context [req-ddd2894b-2766-455f-b774-efe8b716ddaa req-7d7d014c-1a9d-4634-8f06-b1447a7f3f23 service placement] getting providers with 1024 MEMORY_MB {{(pid=101380) __init__ /opt/stack/placement/placement/objects/research_context.py:126}}
Jul 05 03:54:36.225428 n-d-798054-7 devstack@placement-api.service[101380]: DEBUG placement.objects.research_context [req-ddd2894b-2766-455f-b774-efe8b716ddaa req-7d7d014c-1a9d-4634-8f06-b1447a7f3f23 service placement] getting providers with 1 VCPU {{(pid=101380) __init__ /opt/stack/placement/placement/objects/research_context.py:126}}
Jul 05 03:54:36.232540 n-d-798054-7 devstack@placement-api.service[101380]: DEBUG placement.objects.research_context [req-ddd2894b-2766-455f-b774-efe8b716ddaa req-7d7d014c-1a9d-4634-8f06-b1447a7f3f23 service placement] found 2 providers with available 1 DISK_GB {{(pid=101380) get_provider_ids_matching /opt/stack/placement/placement/objects/research_context.py:549}}
Jul 05 03:54:36.233182 n-d-798054-7 devstack@placement-api.service[101380]: DEBUG placement.objects.research_context [req-ddd2894b-2766-455f-b774-efe8b716ddaa req-7d7d014c-1a9d-4634-8f06-b1447a7f3f23 service placement] found 2 providers with available 1024 MEMORY_MB {{(pid=101380) get_provider_ids_matching /opt/stack/placement/placement/objects/research_context.py:549}}
Jul 05 03:54:36.233670 n-d-798054-7 devstack@placement-api.service[101380]: DEBUG placement.objects.research_context [req-ddd2894b-2766-455f-b774-efe8b716ddaa req-7d7d014c-1a9d-4634-8f06-b1447a7f3f23 service placement] found 2 providers after filtering by previous result {{(pid=101380) get_provider_ids_matching /opt/stack/placement/placement/objects/research_context.py:580}}
Jul 05 03:54:36.234199 n-d-798054-7 devstack@placement-api.service[101380]: DEBUG placement.objects.research_context [req-ddd2894b-2766-455f-b774-efe8b716ddaa req-7d7d014c-1a9d-4634-8f06-b1447a7f3f23 service placement] found 2 providers with available 1 VCPU {{(pid=101380) get_provider_ids_matching /opt/stack/placement/placement/objects/research_context.py:549}}
Jul 05 03:54:36.234642 n-d-798054-7 devstack@placement-api.service[101380]: DEBUG placement.objects.research_context [req-ddd2894b-2766-455f-b774-efe8b716ddaa req-7d7d014c-1a9d-4634-8f06-b1447a7f3f23 service placement] found 2 providers after filtering by previous result {{(pid=101380) get_provider_ids_matching /opt/stack/placement/placement/objects/research_context.py:580}}
Jul 05 03:54:36.248550 n-d-798054-7 devstack@placement-api.service[101380]: DEBUG placement.objects.allocation_candidate [req-ddd2894b-2766-455f-b774-efe8b716ddaa req-7d7d014c-1a9d-4634-8f06-b1447a7f3f23 service placement] RequestGroup(use_same_provider=False, resources={DISK_GB:1, MEMORY_MB:1024, VCPU:1}, traits=[], aggregates=[]) (suffix '') returned 2 matches {{(pid=101380) _get_by_requests /opt/stack/placement/placement/objects/allocation_candidate.py:145}}
Jul 05 03:54:36.249261 n-d-798054-7 devstack@placement-api.service[101380]: DEBUG placement.objects.allocation_candidate [req-ddd2894b-2766-455f-b774-efe8b716ddaa req-7d7d014c-1a9d-4634-8f06-b1447a7f3f23 service placement] Merging candidates yields 2 allocation requests and 2 provider summaries {{(pid=101380) _merge_candidates /opt/stack/placement/placement/objects/allocation_candidate.py:783}}
Jul 05 03:54:36.251129 n-d-798054-7 devstack@placement-api.service[101380]: INFO placement.requestlog [req-ddd2894b-2766-455f-b774-efe8b716ddaa req-7d7d014c-1a9d-4634-8f06-b1447a7f3f23 service placement] 10.222.0.69 "GET /placement/allocation_candidates?limit=1000&resources=DISK_GB%3A1%2CMEMORY_MB%3A1024%2CVCPU%3A1&root_required=%21COMPUTE_STATUS_DISABLED" status: 200 len: 1310 microversion: 1.35
Jul 05 03:54:36.256248 n-d-798054-7 devstack@placement-api.service[101380]: [pid: 101380|app: 0|req: 123/244] 10.222.0.69 () {60 vars in 1507 bytes} [Mon Jul 5 03:54:36 2021] GET /placement/allocation_candidates?limit=1000&resources=DISK_GB%3A1%2CMEMORY_MB%3A1024%2CVCPU%3A1&root_required=%21COMPUTE_STATUS_DISABLED => generated 1310 bytes in 95 msecs (HTTP/1.1 200) 8 headers in 297 bytes (2 switches on core 0)
Jul 05 03:54:36.318630 n-d-798054-7 devstack@placement-api.service[101379]: DEBUG placement.requestlog [req-ddd2894b-2766-455f-b774-efe8b716ddaa req-beef93ce-5b49-4aaa-ae69-3180a42f0212 None None] Starting request: 10.222.0.69 "GET /placement/allocations/c74ae52b-d2f5-465e-9daf-70869811b71f" {{(pid=101379) __call__ /opt/stack/placement/placement/requestlog.py:55}}
Jul 05 03:54:36.331000 n-d-798054-7 devstack@placement-api.service[101379]: INFO placement.requestlog [req-ddd2894b-2766-455f-b774-efe8b716ddaa req-beef93ce-5b49-4aaa-ae69-3180a42f0212 service placement] 10.222.0.69 "GET /placement/allocations/c74ae52b-d2f5-465e-9daf-70869811b71f" status: 200 len: 19 microversion: 1.28
Jul 05 03:54:36.331476 n-d-798054-7 devstack@placement-api.service[101379]: [pid: 101379|app: 0|req: 122/245] 10.222.0.69 () {60 vars in 1381 bytes} [Mon Jul 5 03:54:36 2021] GET /placement/allocations/c74ae52b-d2f5-465e-9daf-70869811b71f => generated 19 bytes in 13 msecs (HTTP/1.1 200) 8 headers in 295 bytes (2 switches on core 0)
Jul 05 03:54:36.337320 n-d-798054-7 devstack@placement-api.service[101380]: DEBUG placement.requestlog [req-ddd2894b-2766-455f-b774-efe8b716ddaa req-42d9ddf9-afb3-4194-96a2-a7136c979cb6 None None] Starting request: 10.222.0.69 "PUT /placement/allocations/c74ae52b-d2f5-465e-9daf-70869811b71f" {{(pid=101380) __call__ /opt/stack/placement/placement/requestlog.py:55}}
Jul 05 03:54:36.779253 n-d-798054-7 devstack@placement-api.service[101380]: DEBUG placement.handlers.allocation [req-ddd2894b-2766-455f-b774-efe8b716ddaa req-42d9ddf9-afb3-4194-96a2-a7136c979cb6 service placement] Successfully wrote allocations [, , ] {{(pid=101380) _create_allocations /opt/stack/placement/placement/handlers/allocation.py:435}}
Jul 05 03:54:36.780829 n-d-798054-7 devstack@placement-api.service[101380]: INFO placement.requestlog [req-ddd2894b-2766-455f-b774-efe8b716ddaa req-42d9ddf9-afb3-4194-96a2-a7136c979cb6 service placement] 10.222.0.69 "PUT /placement/allocations/c74ae52b-d2f5-465e-9daf-70869811b71f" status: 204 len: 0 microversion: 1.35
Jul 05 03:54:36.807078 n-d-798054-7 devstack@placement-api.service[101380]: [pid: 101380|app: 0|req: 124/246] 10.222.0.69 () {64 vars in 1434 bytes} [Mon Jul 5 03:54:36 2021] PUT /placement/allocations/c74ae52b-d2f5-465e-9daf-70869811b71f => generated 0 bytes in 444 msecs (HTTP/1.1 204) 5 headers in 199 bytes (1 switches on core 0)
Jul 05 03:54:38.275386 n-d-798054-7 devstack@placement-api.service[101379]: DEBUG placement.requestlog [req-ddd2894b-2766-455f-b774-efe8b716ddaa req-04d2b55a-d95c-4f98-9e71-7ee0b89fe642 None None] Starting request: 10.222.0.73 "GET /placement/allocations/c74ae52b-d2f5-465e-9daf-70869811b71f" {{(pid=101379) __call__ /opt/stack/placement/placement/requestlog.py:55}}
Jul 05 03:54:38.291513 n-d-798054-7 devstack@placement-api.service[101379]: INFO placement.requestlog [req-ddd2894b-2766-455f-b774-efe8b716ddaa req-04d2b55a-d95c-4f98-9e71-7ee0b89fe642 service placement] 10.222.0.73 "GET /placement/allocations/c74ae52b-d2f5-465e-9daf-70869811b71f" status: 200 len: 259 microversion: 1.28
Jul 05 03:54:38.292116 n-d-798054-7 devstack@placement-api.service[101379]: [pid: 101379|app: 0|req: 123/247] 10.222.0.73 () {60 vars in 1378 bytes} [Mon Jul 5 03:54:38 2021] GET /placement/allocations/c74ae52b-d2f5-465e-9daf-70869811b71f => generated 259 bytes in 18 msecs (HTTP/1.1 200) 8 headers in 296 bytes (1 switches on core 0)
Jul 05 03:54:38.823567 n-d-798054-7 devstack@placement-api.service[101380]: DEBUG placement.requestlog [req-984f1d9c-ee98-49f1-9ff8-4fae4746f0d8 req-72fe81bf-99ad-4e67-b6c5-9dfddebcf8a6 None None] Starting request: 10.222.0.69 "GET /placement/allocation_candidates?resources=DISK_GB%3A1%2CMEMORY_MB%3A1024%2CVCPU%3A1&root_required=%21COMPUTE_STATUS_DISABLED" {{(pid=101380) __call__ /opt/stack/placement/placement/requestlog.py:55}}
Jul 05 03:54:38.878000 n-d-798054-7 devstack@placement-api.service[101380]: DEBUG placement.objects.research_context [req-984f1d9c-ee98-49f1-9ff8-4fae4746f0d8 req-72fe81bf-99ad-4e67-b6c5-9dfddebcf8a6 service placement] getting providers with 1 DISK_GB {{(pid=101380) __init__ /opt/stack/placement/placement/objects/research_context.py:126}}
Jul 05 03:54:38.885127 n-d-798054-7 devstack@placement-api.service[101380]: DEBUG placement.objects.research_context [req-984f1d9c-ee98-49f1-9ff8-4fae4746f0d8 req-72fe81bf-99ad-4e67-b6c5-9dfddebcf8a6 service placement] getting providers with 1024 MEMORY_MB {{(pid=101380) __init__ /opt/stack/placement/placement/objects/research_context.py:126}}
Jul 05 03:54:38.891651 n-d-798054-7 devstack@placement-api.service[101380]: DEBUG placement.objects.research_context [req-984f1d9c-ee98-49f1-9ff8-4fae4746f0d8 req-72fe81bf-99ad-4e67-b6c5-9dfddebcf8a6 service placement] getting providers with 1 VCPU {{(pid=101380) __init__ /opt/stack/placement/placement/objects/research_context.py:126}}
Jul 05 03:54:38.898032 n-d-798054-7 devstack@placement-api.service[101380]: DEBUG placement.objects.research_context [req-984f1d9c-ee98-49f1-9ff8-4fae4746f0d8 req-72fe81bf-99ad-4e67-b6c5-9dfddebcf8a6 service placement] found 2 providers with available 1 DISK_GB {{(pid=101380) get_provider_ids_matching /opt/stack/placement/placement/objects/research_context.py:549}}
Jul 05 03:54:38.898641 n-d-798054-7 devstack@placement-api.service[101380]: DEBUG placement.objects.research_context [req-984f1d9c-ee98-49f1-9ff8-4fae4746f0d8 req-72fe81bf-99ad-4e67-b6c5-9dfddebcf8a6 service placement] found 2 providers with available 1024 MEMORY_MB {{(pid=101380) get_provider_ids_matching /opt/stack/placement/placement/objects/research_context.py:549}}
Jul 05 03:54:38.899090 n-d-798054-7 devstack@placement-api.service[101380]: DEBUG placement.objects.research_context [req-984f1d9c-ee98-49f1-9ff8-4fae4746f0d8 req-72fe81bf-99ad-4e67-b6c5-9dfddebcf8a6 service placement] found 2 providers after filtering by previous result {{(pid=101380) get_provider_ids_matching /opt/stack/placement/placement/objects/research_context.py:580}}
Jul 05 03:54:38.902813 n-d-798054-7 devstack@placement-api.service[101380]: DEBUG placement.objects.research_context [req-984f1d9c-ee98-49f1-9ff8-4fae4746f0d8 req-72fe81bf-99ad-4e67-b6c5-9dfddebcf8a6 service placement] found 2 providers with available 1 VCPU {{(pid=101380) get_provider_ids_matching /opt/stack/placement/placement/objects/research_context.py:549}}
Jul 05 03:54:38.902813 n-d-798054-7 devstack@placement-api.service[101380]: DEBUG placement.objects.research_context [req-984f1d9c-ee98-49f1-9ff8-4fae4746f0d8 req-72fe81bf-99ad-4e67-b6c5-9dfddebcf8a6 service placement] found 2 providers after filtering by previous result {{(pid=101380) get_provider_ids_matching /opt/stack/placement/placement/objects/research_context.py:580}}
Jul 05 03:54:38.911418 n-d-798054-7 devstack@placement-api.service[101380]: DEBUG placement.objects.allocation_candidate [req-984f1d9c-ee98-49f1-9ff8-4fae4746f0d8 req-72fe81bf-99ad-4e67-b6c5-9dfddebcf8a6 service placement] RequestGroup(use_same_provider=False, resources={DISK_GB:1, MEMORY_MB:1024, VCPU:1}, traits=[], aggregates=[]) (suffix '') returned 2 matches {{(pid=101380) _get_by_requests /opt/stack/placement/placement/objects/allocation_candidate.py:145}}
Jul 05 03:54:38.912235 n-d-798054-7 devstack@placement-api.service[101380]: DEBUG placement.objects.allocation_candidate [req-984f1d9c-ee98-49f1-9ff8-4fae4746f0d8 req-72fe81bf-99ad-4e67-b6c5-9dfddebcf8a6 service placement] Merging candidates yields 2 allocation requests and 2 provider summaries {{(pid=101380) _merge_candidates /opt/stack/placement/placement/objects/allocation_candidate.py:783}}
Jul 05 03:54:38.914123 n-d-798054-7 devstack@placement-api.service[101380]: INFO placement.requestlog [req-984f1d9c-ee98-49f1-9ff8-4fae4746f0d8 req-72fe81bf-99ad-4e67-b6c5-9dfddebcf8a6 service placement] 10.222.0.69 "GET /placement/allocation_candidates?resources=DISK_GB%3A1%2CMEMORY_MB%3A1024%2CVCPU%3A1&root_required=%21COMPUTE_STATUS_DISABLED" status: 200 len: 1312 microversion: 1.35
Jul 05 03:54:38.914965 n-d-798054-7 devstack@placement-api.service[101380]: [pid: 101380|app: 0|req: 125/248] 10.222.0.69 () {60 vars in 1485 bytes} [Mon Jul 5 03:54:38 2021] GET /placement/allocation_candidates?resources=DISK_GB%3A1%2CMEMORY_MB%3A1024%2CVCPU%3A1&root_required=%21COMPUTE_STATUS_DISABLED => generated 1312 bytes in 91 msecs (HTTP/1.1 200) 8 headers in 297 bytes (1 switches on core 0)
Jul 05 03:54:38.977011 n-d-798054-7 devstack@placement-api.service[101379]: DEBUG placement.requestlog [req-984f1d9c-ee98-49f1-9ff8-4fae4746f0d8 req-211804f6-237f-4cd0-b7cb-7eec81b0ba03 None None] Starting request: 10.222.0.69 "GET /placement/allocations/514c54ad-7bc7-405a-9311-8f0d25206837" {{(pid=101379) __call__ /opt/stack/placement/placement/requestlog.py:55}}
Jul 05 03:54:38.987497 n-d-798054-7 devstack@placement-api.service[101379]: INFO placement.requestlog [req-984f1d9c-ee98-49f1-9ff8-4fae4746f0d8 req-211804f6-237f-4cd0-b7cb-7eec81b0ba03 service placement] 10.222.0.69 "GET /placement/allocations/514c54ad-7bc7-405a-9311-8f0d25206837" status: 200 len: 19 microversion: 1.28
Jul 05 03:54:38.989865 n-d-798054-7 devstack@placement-api.service[101379]: [pid: 101379|app: 0|req: 124/249] 10.222.0.69 () {60 vars in 1381 bytes} [Mon Jul 5 03:54:38 2021] GET /placement/allocations/514c54ad-7bc7-405a-9311-8f0d25206837 => generated 19 bytes in 13 msecs (HTTP/1.1 200) 8 headers in 295 bytes (1 switches on core 0)
