Jun 25 08:59:31.420467 n-d-798054-2 devstack@placement-api.service[94436]: DEBUG oslo_db.api [-] DB error: (pymysql.err.OperationalError) (1213, 'Deadlock found when trying to get lock; try restarting transaction')
Jun 25 08:59:31.420467 n-d-798054-2 devstack@placement-api.service[94436]: [SQL: INSERT INTO traits (created_at, name) VALUES (%(created_at)s, %(name)s)]
Jun 25 08:59:31.420467 n-d-798054-2 devstack@placement-api.service[94436]: [parameters: ({'created_at': datetime.datetime(2021, 6, 25, 8, 59, 31, 404761), 'name': 'COMPUTE_NET_ATTACH_INTERFACE_WITH_TAG'}, {'created_at': datetime.datetime(2021, 6, 25, 8, 59, 31, 404770), 'name': 'COMPUTE_SAME_HOST_COLD_MIGRATE'}, {'created_at': datetime.datetime(2021, 6, 25, 8, 59, 31, 404774), 'name': 'HW_GPU_API_DIRECT3D_V9_0'}, {'created_at': datetime.datetime(2021, 6, 25, 8, 59, 31, 404777), 'name': 'HW_CPU_X86_AMD_SSBD'}, {'created_at': datetime.datetime(2021, 6, 25, 8, 59, 31, 404781), 'name': 'HW_GPU_CUDA_COMPUTE_CAPABILITY_V3_7'}, {'created_at': datetime.datetime(2021, 6, 25, 8, 59, 31, 404784), 'name': 'COMPUTE_GRAPHICS_MODEL_CIRRUS'}, {'created_at': datetime.datetime(2021, 6, 25, 8, 59, 31, 404787), 'name': 'COMPUTE_GRAPHICS_MODEL_GOP'}, {'created_at': datetime.datetime(2021, 6, 25, 8, 59, 31, 404791), 'name': 'HW_GPU_API_DIRECT3D_V9_0C'} ... displaying 10 of 291 total bound parameter sets ... {'created_at': datetime.datetime(2021, 6, 25, 8, 59, 31, 405736), 'name': 'HW_GPU_API_DIRECTX_V11'}, {'created_at': datetime.datetime(2021, 6, 25, 8, 59, 31, 405739), 'name': 'HW_CPU_X86_3DNOW'})]
Jun 25 08:59:31.420467 n-d-798054-2 devstack@placement-api.service[94436]: (Background on this error at: http://sqlalche.me/e/14/e3q8) {{(pid=94436) _is_exception_expected /usr/local/lib/python3.8/dist-packages/oslo_db/api.py:184}}
Jun 25 08:59:31.421423 n-d-798054-2 devstack@placement-api.service[94436]: DEBUG oslo_db.api [-] Performing DB retry for function placement.objects.trait._trait_sync {{(pid=94436) wrapper /usr/local/lib/python3.8/dist-packages/oslo_db/api.py:155}}
Jun 25 08:59:31.425784 n-d-798054-2 devstack@placement-api.service[94437]: DEBUG placement.objects.trait [-] Synced traits from os_traits into API DB: {'COMPUTE_NET_ATTACH_INTERFACE_WITH_TAG', 'COMPUTE_SAME_HOST_COLD_MIGRATE', 'HW_GPU_API_DIRECT3D_V9_0', 'HW_CPU_X86_AMD_SSBD', 'HW_GPU_CUDA_COMPUTE_CAPABILITY_V3_7', 'COMPUTE_GRAPHICS_MODEL_CIRRUS', 'COMPUTE_GRAPHICS_MODEL_GOP', 'HW_GPU_API_DIRECT3D_V9_0C', 'HW_GPU_API_OPENCL_V1_2', 'HW_CPU_X86_FMA4', 'HW_CPU_X86_ABM', 'COMPUTE_NET_VIF_MODEL_NE2K_PCI', 'HW_GPU_MAX_DISPLAY_HEADS_6', 'HW_GPU_RESOLUTION_W1440H900', 'COMPUTE_EPHEMERAL_ENCRYPTION_LUKSV2', 'MISC_SHARES_VIA_AGGREGATE', 'HW_GPU_API_OPENCL_V2_2', 'HW_CPU_AARCH64_ASIMDHP', 'HW_GPU_CUDA_SDK_V6_5', 'HW_CPU_X86_SSE41', 'COMPUTE_SECURITY_TPM_1_2', 'HW_CPU_X86_XOP', 'HW_NIC_OFFLOAD_UCS', 'HW_CPU_HYPERTHREADING', 'COMPUTE_IMAGE_TYPE_RAW', 'HW_NIC_OFFLOAD_LRO', 'HW_CPU_X86_AVX512GFNI', 'HW_CPU_X86_AVX512VL', 'HW_CPU_X86_BMI', 'HW_CPU_X86_SHA', 'HW_GPU_CUDA_COMPUTE_CAPABILITY_V2_1', 'HW_GPU_API_DIRECT3D_V11_0', 'COMPUTE_SECURITY_UEFI_SECURE_BOOT', 'HW_CPU_X86_SSE42', 'HW_GPU_RESOLUTION_W1600H1200', 'COMPUTE_IMAGE_TYPE_VMDK', 'HW_NIC_OFFLOAD_FDF', 'HW_CPU_AARCH64_EVTSTRM', 'HW_NIC_OFFLOAD_RXHASH', 'HW_CPU_X86_AVX512IFMA', 'HW_GPU_CUDA_COMPUTE_CAPABILITY_V5_3', 'HW_GPU_API_OPENGL_V3_0', 'HW_CPU_AARCH64_SM3', 'HW_CPU_AARCH64_LRCPC', 'HW_CPU_X86_SSE3', 'HW_CPU_X86_AMD_NO_SSB', 'HW_NIC_SRIOV_TRUSTED', 'HW_GPU_RESOLUTION_W3840H2160', 'HW_GPU_CUDA_COMPUTE_CAPABILITY_V1_1', 'HW_GPU_RESOLUTION_W1280H720', 'HW_NIC_OFFLOAD_TSO', 'HW_CPU_X86_SSE', 'HW_GPU_API_OPENCL_V2_1', 'COMPUTE_DEVICE_TAGGING', 'HW_GPU_CUDA_SDK_V9_0', 'HW_NIC_ACCEL_RSA', 'HW_CPU_X86_AVX512DQ', 'HW_GPU_CUDA_SDK_V9_2', 'HW_CPU_X86_AMD_VIRT_SSBD', 'HW_CPU_X86_SSE2', 'HW_GPU_API_OPENGL_V4_1', 'HW_NIC_SRIOV_QOS_RX', 'HW_GPU_CUDA_COMPUTE_CAPABILITY_V1_3', 'HW_GPU_API_OPENCL_V1_1', 'HW_GPU_CUDA_COMPUTE_CAPABILITY_V3_2', 'HW_CPU_AARCH64_AES', 'HW_CPU_PPC64LE_POWER9', 'COMPUTE_MIGRATE_POST_COPY', 'HW_GPU_RESOLUTION_W1600H900', 'COMPUTE_STORAGE_BUS_FDC', 'COMPUTE_GRAPHICS_MODEL_QXL', 'COMPUTE_IMAGE_TYPE_AMI', 'COMPUTE_GRAPHICS_MODEL_VGA', 'HW_GPU_RESOLUTION_W1680H1050', 'HW_GPU_API_DIRECT3D_V10_0', 'HW_CPU_X86_AMD_SEV', 'HW_CPU_PPC64LE_POWER8', 'HW_CPU_X86_AVX512BW', 'HW_GPU_CUDA_COMPUTE_CAPABILITY_V2_0', 'HW_NIC_ACCEL_LZS', 'HW_NUMA_ROOT', 'HW_CPU_X86_AVX512BITALG', 'COMPUTE_MIGRATE_AUTO_CONVERGE', 'HW_CPU_X86_STIBP', 'HW_GPU_API_OPENCL_V1_0', 'HW_NIC_OFFLOAD_RXVLAN', 'HW_GPU_API_DIRECT3D_V10_1', 'HW_GPU_CUDA_COMPUTE_CAPABILITY_V7_0', 'HW_GPU_CUDA_COMPUTE_CAPABILITY_V6_0', 'COMPUTE_STORAGE_BUS_SATA', 'HW_GPU_CUDA_SDK_V7_5', 'HW_GPU_RESOLUTION_W1152H864', 'HW_GPU_MAX_DISPLAY_HEADS_8', 'COMPUTE_NET_VIF_MODEL_SRIOV', 'HW_CPU_X86_AVX512VPCLMULQDQ', 'HW_CPU_X86_ASF', 'HW_NIC_OFFLOAD_TX', 'COMPUTE_IMAGE_TYPE_AKI', 'HW_CPU_X86_PDPE1GB', 'HW_GPU_API_OPENGL_V3_3', 'HW_GPU_API_OPENGL_V3_2', 'HW_CPU_X86_INTEL_VMX', 'COMPUTE_RESCUE_BFV', 'HW_CPU_X86_AVX512PF', 'HW_GPU_API_DIRECT3D_V9_0B', 'HW_GPU_RESOLUTION_W2560H1440', 'COMPUTE_GRAPHICS_MODEL_VIRTIO', 'HW_CPU_AARCH64_SHA3', 'COMPUTE_EPHEMERAL_ENCRYPTION_PLAIN', 'HW_CPU_X86_SSE4A', 'HW_NIC_DCB_QCN', 'HW_CPU_X86_CLMUL', 'HW_GPU_API_DIRECTX_V10', 'COMPUTE_EPHEMERAL_ENCRYPTION', 'HW_NIC_OFFLOAD_SCS', 'COMPUTE_NET_VIF_MODEL_VMXNET', 'HW_CPU_AARCH64_SHA2', 'HW_GPU_RESOLUTION_W1360H768', 'COMPUTE_IMAGE_TYPE_ARI', 'HW_GPU_CUDA_COMPUTE_CAPABILITY_V6_1', 'COMPUTE_NET_ATTACH_INTERFACE', 'HW_GPU_CUDA_SDK_V10_0', 'HW_CPU_X86_AVX512CD', 'COMPUTE_VOLUME_ATTACH', 'HW_NIC_ACCEL_DIFFIEH', 'HW_CPU_X86_AVX', 'HW_GPU_CUDA_COMPUTE_CAPABILITY_V1_0', 'HW_CPU_X86_INTEL_PCID', 'HW_GPU_API_OPENGL_V1_2', 'HW_GPU_API_DIRECT3D_V8_0', 'HW_NIC_OFFLOAD_SWITCHDEV', 'COMPUTE_IMAGE_TYPE_ISO', 'HW_CPU_AARCH64_ASIMDRDM', 'COMPUTE_GRAPHICS_MODEL_XEN', 'COMPUTE_IMAGE_TYPE_QCOW2', 'HW_CPU_X86_TBM', 'HW_GPU_API_OPENGL_V1_1', 'HW_CPU_X86_MMX', 'HW_GPU_API_VULKAN', 'HW_NIC_ACCEL_TLS', 'HW_GPU_CUDA_COMPUTE_CAPABILITY_V7_1', 'HW_GPU_API_OPENGL_V4_5', 'HW_NIC_SRIOV_QOS_TX', 'COMPUTE_NODE', 'HW_NIC_OFFLOAD_TCS', 'HW_CPU_X86_INTEL_SSBD', 'HW_GPU_API_DIRECT3D_V6_0', 'COMPUTE_IMAGE_TYPE_VHD', 'HW_CPU_X86_BMI2', 'HW_CPU_X86_AVX512VBMI2', 'HW_NIC_OFFLOAD_TXVLAN', 'HW_NIC_ACCEL_IPSEC', 'COMPUTE_STORAGE_BUS_LXC', 'HW_GPU_API_OPENGL_V4_0', 'COMPUTE_EPHEMERAL_ENCRYPTION_LUKS', 'COMPUTE_NET_VIF_MODEL_E1000', 'STORAGE_DISK_HDD', 'HW_GPU_RESOLUTION_W640H480', 'HW_GPU_API_OPENGL_V3_1', 'HW_GPU_API_DIRECT3D_V11_2', 'HW_GPU_API_OPENGL_V2_0', 'COMPUTE_NET_VIF_MODEL_E1000E', 'HW_GPU_API_DIRECT3D_V12_0', 'HW_NIC_DCB_ETS', 'HW_CPU_X86_AVX512F', 'HW_NIC_OFFLOAD_SG', 'HW_CPU_X86_SSSE3', 'HW_NIC_OFFLOAD_RDMA', 'HW_GPU_CUDA_COMPUTE_CAPABILITY_V3_5', 'HW_NIC_OFFLOAD_VXLAN', 'HW_GPU_API_OPENGL_V2_1', 'HW_GPU_MAX_DISPLAY_HEADS_4', 'HW_GPU_API_OPENGL_V4_3', 'COMPUTE_STORAGE_BUS_USB', 'HW_NIC_DCB_PFC', 'HW_CPU_X86_AVX512ER', 'HW_NIC_PROGRAMMABLE_PIPELINE', 'HW_CPU_X86_AVX512VNNI', 'HW_GPU_CUDA_COMPUTE_CAPABILITY_V7_2', 'COMPUTE_STORAGE_BUS_XEN', 'HW_NIC_ACCEL_DEFLATE', 'HW_GPU_API_DIRECT3D_V11_3', 'HW_GPU_API_DIRECTX_V12', 'HW_GPU_RESOLUTION_W1920H1080', 'HW_GPU_API_OPENCL_V2_0', 'COMPUTE_VOLUME_MULTI_ATTACH', 'COMPUTE_NET_VIF_MODEL_RTL8139', 'HW_NIC_OFFLOAD_GSO', 'HW_CPU_X86_MPX', 'COMPUTE_NET_VIF_MODEL_VIRTIO', 'COMPUTE_SECURITY_TPM_2_0', 'HW_CPU_AARCH64_ATOMICS', 'HW_CPU_X86_F16C', 'COMPUTE_STORAGE_BUS_IDE', 'HW_CPU_AARCH64_FPHP', 'HW_CPU_X86_AVX512VPOPCNTDQ', 'HW_CPU_X86_AMD_IBPB', 'COMPUTE_NET_VIF_MODEL_SPAPR_VLAN', 'HW_GPU_API_OPENGL_V4_4', 'HW_CPU_X86_INTEL_SPEC_CTRL', 'HW_NIC_ACCEL_ECC', 'COMPUTE_STORAGE_BUS_UML', 'HW_CPU_AARCH64_SM4', 'COMPUTE_NET_VIF_MODEL_LAN9118', 'HW_GPU_RESOLUTION_W1920H1200', 'HW_NIC_OFFLOAD_TXUDP', 'HW_GPU_CUDA_COMPUTE_CAPABILITY_V1_2', 'HW_CPU_AARCH64_CRC32', 'HW_CPU_AARCH64_SHA1', 'HW_NIC_OFFLOAD_QINQ', 'HW_CPU_AMD_SEV', 'COMPUTE_ACCELERATORS', 'COMPUTE_NET_VIF_MODEL_NETFRONT', 'STORAGE_DISK_SSD', 'HW_CPU_X86_VMX', 'HW_CPU_X86_AVX2', 'HW_GPU_API_DIRECT3D_V8_1', 'HW_NIC_OFFLOAD_GRO', 'HW_CPU_AARCH64_CPUID', 'HW_GPU_RESOLUTION_W1024H600', 'COMPUTE_GRAPHICS_MODEL_NONE', 'HW_GPU_RESOLUTION_W1024H768', 'COMPUTE_TRUSTED_CERTS', 'HW_GPU_RESOLUTION_W1280H1024', 'HW_GPU_MAX_DISPLAY_HEADS_1', 'HW_GPU_API_OPENGL_V1_4', 'HW_NIC_OFFLOAD_L2CRC', 'COMPUTE_NET_VIF_MODEL_PCNET', 'HW_GPU_RESOLUTION_W1280H768', 'COMPUTE_IMAGE_TYPE_PLOOP', 'HW_CPU_AARCH64_SHA512', 'HW_GPU_CUDA_COMPUTE_CAPABILITY_V3_0', 'HW_NIC_OFFLOAD_LSO', 'HW_CPU_X86_AVX512VBMI', 'HW_GPU_CUDA_COMPUTE_CAPABILITY_V6_2', 'HW_GPU_API_DIRECT2D', 'HW_GPU_RESOLUTION_W2560H1600', 'HW_NIC_VMDQ', 'HW_CPU_X86_SVM', 'COMPUTE_GRAPHICS_MODEL_VMVGA', 'HW_CPU_X86_FMA3', 'HW_CPU_X86_AMD_SVM', 'COMPUTE_STORAGE_BUS_SCSI', 'HW_CPU_AARCH64_DCPOP', 'HW_GPU_CUDA_COMPUTE_CAPABILITY_V5_0', 'HW_CPU_X86_INTEL_MD_CLEAR', 'HW_GPU_RESOLUTION_W800H600', 'HW_GPU_API_DIRECT3D_V9_0L', 'HW_CPU_AARCH64_JSCVT', 'HW_GPU_API_OPENGL_V1_5', 'HW_GPU_RESOLUTION_W1366H768', 'HW_GPU_MAX_DISPLAY_HEADS_2', 'HW_GPU_CUDA_SDK_V9_1', 'HW_CPU_AARCH64_FP', 'COMPUTE_NET_VIF_MODEL_VMXNET3', 'COMPUTE_STORAGE_BUS_VIRTIO', 'HW_NIC_OFFLOAD_RX', 'HW_GPU_CUDA_SDK_V8_0', 'COMPUTE_SOCKET_PCI_NUMA_AFFINITY', 'HW_NIC_OFFLOAD_UFO', 'COMPUTE_VOLUME_EXTEND', 'HW_CPU_AARCH64_FCMA', 'HW_GPU_API_DIRECT3D_V11_1', 'HW_GPU_RESOLUTION_W1280H800', 'HW_GPU_CUDA_COMPUTE_CAPABILITY_V5_2', 'HW_CPU_AARCH64_SVE', 'HW_CPU_X86_AVX512VAES', 'HW_NIC_OFFLOAD_GENEVE', 'HW_NIC_SRIOV', 'HW_NIC_OFFLOAD_GRE', 'HW_GPU_API_DIRECT3D_V7_0', 'COMPUTE_STATUS_DISABLED', 'HW_GPU_API_OPENGL_V4_2', 'HW_GPU_API_DXVA', 'HW_CPU_AARCH64_ASIMD', 'HW_CPU_AARCH64_ASIMDDP', 'HW_CPU_X86_SGX', 'COMPUTE_IMAGE_TYPE_VDI', 'COMPUTE_IMAGE_TYPE_VHDX', 'HW_NIC_SRIOV_MULTIQUEUE', 'HW_NIC_ACCEL_SSL', 'COMPUTE_VOLUME_ATTACH_WITH_TAG', 'HW_CPU_X86_AESNI', 'HW_NIC_MULTIQUEUE', 'HW_CPU_X86_TSX', 'HW_CPU_AARCH64_PMULL', 'HW_GPU_API_OPENGL_V1_3', 'HW_GPU_RESOLUTION_W7680H4320', 'HW_GPU_RESOLUTION_W320H240', 'HW_GPU_API_DIRECTX_V11', 'HW_CPU_X86_3DNOW'} {{(pid=94437) _trait_sync /opt/stack/placement/placement/objects/trait.py:286}}
Jun 25 08:59:31.431053 n-d-798054-2 devstack@placement-api.service[94437]: DEBUG oslo_concurrency.lockutils [-] Releasing lock "trait_sync" {{(pid=94437) lock /usr/local/lib/python3.8/dist-packages/oslo_concurrency/lockutils.py:282}}
Jun 25 08:59:31.431533 n-d-798054-2 devstack@placement-api.service[94437]: DEBUG oslo_concurrency.lockutils [-] Acquired lock "resource_classes_sync" {{(pid=94437) lock /usr/local/lib/python3.8/dist-packages/oslo_concurrency/lockutils.py:266}}
Jun 25 08:59:31.484593 n-d-798054-2 devstack@placement-api.service[94437]: DEBUG placement.objects.resource_class [-] Found existing resource classes in db: [] {{(pid=94437) _resource_classes_sync /opt/stack/placement/placement/objects/resource_class.py:228}}
Jun 25 08:59:31.490333 n-d-798054-2 devstack@placement-api.service[94437]: DEBUG placement.objects.resource_class [-] Synced resource_classes from os_resource_classes: [{'name': 'VCPU', 'id': 0}, {'name': 'MEMORY_MB', 'id': 1}, {'name': 'DISK_GB', 'id': 2}, {'name': 'PCI_DEVICE', 'id': 3}, {'name': 'SRIOV_NET_VF', 'id': 4}, {'name': 'NUMA_SOCKET', 'id': 5}, {'name': 'NUMA_CORE', 'id': 6}, {'name': 'NUMA_THREAD', 'id': 7}, {'name': 'NUMA_MEMORY_MB', 'id': 8}, {'name': 'IPV4_ADDRESS', 'id': 9}, {'name': 'VGPU', 'id': 10}, {'name': 'VGPU_DISPLAY_HEAD', 'id': 11}, {'name': 'NET_BW_EGR_KILOBIT_PER_SEC', 'id': 12}, {'name': 'NET_BW_IGR_KILOBIT_PER_SEC', 'id': 13}, {'name': 'PCPU', 'id': 14}, {'name': 'MEM_ENCRYPTION_CONTEXT', 'id': 15}, {'name': 'FPGA', 'id': 16}, {'name': 'PGPU', 'id': 17}] {{(pid=94437) _resource_classes_sync /opt/stack/placement/placement/objects/resource_class.py:245}}
Jun 25 08:59:31.496785 n-d-798054-2 devstack@placement-api.service[94437]: DEBUG oslo_concurrency.lockutils [-] Releasing lock "resource_classes_sync" {{(pid=94437) lock /usr/local/lib/python3.8/dist-packages/oslo_concurrency/lockutils.py:282}}
Jun 25 08:59:31.497000 n-d-798054-2 devstack@placement-api.service[94437]: WSGI app 0 (mountpoint='') ready in 3 seconds on interpreter 0x5597fbf449c0 pid: 94437 (default app)
Jun 25 08:59:31.499160 n-d-798054-2 devstack@placement-api.service[94437]: DEBUG placement.requestlog [None req-820a2c31-f38a-4d5c-8115-e600b3b084fb None None] Starting request: 10.222.0.83 "GET /placement/" {{(pid=94437) __call__ /opt/stack/placement/placement/requestlog.py:55}}
Jun 25 08:59:31.518609 n-d-798054-2 devstack@placement-api.service[94437]: INFO placement.requestlog [None req-820a2c31-f38a-4d5c-8115-e600b3b084fb None None] 10.222.0.83 "GET /placement/" status: 200 len: 136 microversion: 1.0
Jun 25 08:59:31.519144 n-d-798054-2 devstack@placement-api.service[94437]: [pid: 94437|app: 0|req: 1/1] 10.222.0.83 () {50 vars in 776 bytes} [Fri Jun 25 08:59:31 2021] GET /placement => generated 136 bytes in 21 msecs (HTTP/1.1 200) 6 headers in 224 bytes (1 switches on core 0)
Jun 25 08:59:32.433521 n-d-798054-2 devstack@placement-api.service[94436]: DEBUG oslo_concurrency.lockutils [-] Releasing lock "trait_sync" {{(pid=94436) lock /usr/local/lib/python3.8/dist-packages/oslo_concurrency/lockutils.py:282}}
Jun 25 08:59:32.434041 n-d-798054-2 devstack@placement-api.service[94436]: DEBUG oslo_concurrency.lockutils [-] Acquired lock "resource_classes_sync" {{(pid=94436) lock /usr/local/lib/python3.8/dist-packages/oslo_concurrency/lockutils.py:266}}
Jun 25 08:59:32.436773 n-d-798054-2 devstack@placement-api.service[94436]: DEBUG placement.objects.resource_class [-] Found existing resource classes in db: ['DISK_GB', 'FPGA', 'IPV4_ADDRESS', 'MEMORY_MB', 'MEM_ENCRYPTION_CONTEXT', 'NET_BW_EGR_KILOBIT_PER_SEC', 'NET_BW_IGR_KILOBIT_PER_SEC', 'NUMA_CORE', 'NUMA_MEMORY_MB', 'NUMA_SOCKET', 'NUMA_THREAD', 'PCI_DEVICE', 'PCPU', 'PGPU', 'SRIOV_NET_VF', 'VCPU', 'VGPU', 'VGPU_DISPLAY_HEAD'] {{(pid=94436) _resource_classes_sync /opt/stack/placement/placement/objects/resource_class.py:228}}
Jun 25 08:59:32.437825 n-d-798054-2 devstack@placement-api.service[94436]: DEBUG oslo_concurrency.lockutils [-] Releasing lock "resource_classes_sync" {{(pid=94436) lock /usr/local/lib/python3.8/dist-packages/oslo_concurrency/lockutils.py:282}}
Jun 25 08:59:32.437955 n-d-798054-2 devstack@placement-api.service[94436]: WSGI app 0 (mountpoint='') ready in 4 seconds on interpreter 0x5597fbf449c0 pid: 94436 (default app)
Jun 25 09:00:30.338770 n-d-798054-2 devstack@placement-api.service[94437]: DEBUG placement.requestlog [None req-6b5eb3c6-47a4-4ac0-adb8-df29de834d0e None None] Starting request: 10.222.0.83 "GET /placement/" {{(pid=94437) __call__ /opt/stack/placement/placement/requestlog.py:55}}
Jun 25 09:00:30.340170 n-d-798054-2 devstack@placement-api.service[94437]: INFO placement.requestlog [None req-6b5eb3c6-47a4-4ac0-adb8-df29de834d0e None None] 10.222.0.83 "GET /placement/" status: 200 len: 136 microversion: 1.0
Jun 25 09:00:30.340889 n-d-798054-2 devstack@placement-api.service[94437]: [pid: 94437|app: 0|req: 2/2] 10.222.0.83 () {54 vars in 915 bytes} [Fri Jun 25 09:00:30 2021] GET /placement => generated 136 bytes in 2 msecs (HTTP/1.1 200) 6 headers in 224 bytes (1 switches on core 0)
Jun 25 09:00:30.562228 n-d-798054-2 devstack@placement-api.service[94436]: DEBUG placement.requestlog [None req-7b8bcc63-845d-497a-94a3-7d422bd336ba None None] Starting request: 10.222.0.83 "GET /placement/" {{(pid=94436) __call__ /opt/stack/placement/placement/requestlog.py:55}}
Jun 25 09:00:30.577716 n-d-798054-2 devstack@placement-api.service[94436]: INFO placement.requestlog [None req-7b8bcc63-845d-497a-94a3-7d422bd336ba None None] 10.222.0.83 "GET /placement/" status: 200 len: 136 microversion: 1.0
Jun 25 09:00:30.578419 n-d-798054-2 devstack@placement-api.service[94436]: [pid: 94436|app: 0|req: 1/3] 10.222.0.83 () {54 vars in 915 bytes} [Fri Jun 25 09:00:30 2021] GET /placement => generated 136 bytes in 17 msecs (HTTP/1.1 200) 6 headers in 224 bytes (1 switches on core 0)
Jun 25 09:00:34.748164 n-d-798054-2 devstack@placement-api.service[94437]: DEBUG placement.requestlog [None req-d42d9fdb-70b9-4168-bbad-697d3e5d66e8 None None] Starting request: 10.222.0.83 "GET /placement/" {{(pid=94437) __call__ /opt/stack/placement/placement/requestlog.py:55}}
Jun 25 09:00:34.749433 n-d-798054-2 devstack@placement-api.service[94437]: INFO placement.requestlog [None req-d42d9fdb-70b9-4168-bbad-697d3e5d66e8 None None] 10.222.0.83 "GET /placement/" status: 200 len: 136 microversion: 1.0
Jun 25 09:00:34.749433 n-d-798054-2 devstack@placement-api.service[94437]: [pid: 94437|app: 0|req: 3/4] 10.222.0.83 () {54 vars in 915 bytes} [Fri Jun 25 09:00:34 2021] GET /placement => generated 136 bytes in 1 msecs (HTTP/1.1 200) 6 headers in 224 bytes (1 switches on core 0)
Jun 25 09:00:36.364529 n-d-798054-2 devstack@placement-api.service[94436]: DEBUG placement.requestlog [None req-5f157a41-8e18-4026-9a71-b4ddd3faf5ef None None] Starting request: 10.222.0.83 "GET /placement/" {{(pid=94436) __call__ /opt/stack/placement/placement/requestlog.py:55}}
Jun 25 09:00:36.365504 n-d-798054-2 devstack@placement-api.service[94436]: INFO placement.requestlog [None req-5f157a41-8e18-4026-9a71-b4ddd3faf5ef None None] 10.222.0.83 "GET /placement/" status: 200 len: 136 microversion: 1.0
Jun 25 09:00:36.365903 n-d-798054-2 devstack@placement-api.service[94436]: [pid: 94436|app: 0|req: 2/5] 10.222.0.83 () {54 vars in 915 bytes} [Fri Jun 25 09:00:36 2021] GET /placement => generated 136 bytes in 2 msecs (HTTP/1.1 200) 6 headers in 224 bytes (1 switches on core 0)
Jun 25 09:01:47.854166 n-d-798054-2 devstack@placement-api.service[94437]: DEBUG placement.requestlog [None req-675e71a5-b9f5-4b62-9df8-1017d98820cf None None] Starting request: 10.222.0.83 "GET /placement//" {{(pid=94437) __call__ /opt/stack/placement/placement/requestlog.py:55}}
Jun 25 09:01:47.855297 n-d-798054-2 devstack@placement-api.service[94437]: INFO placement.requestlog [None req-675e71a5-b9f5-4b62-9df8-1017d98820cf None None] 10.222.0.83 "GET /placement//" status: 200 len: 136 microversion: 1.0
Jun 25 09:01:47.855513 n-d-798054-2 devstack@placement-api.service[94437]: [pid: 94437|app: 0|req: 4/6] 10.222.0.83 () {56 vars in 1106 bytes} [Fri Jun 25 09:01:47 2021] GET /placement/ => generated 136 bytes in 2 msecs (HTTP/1.1 200) 6 headers in 224 bytes (1 switches on core 0)
Jun 25 09:07:22.134888 n-d-798054-2 devstack@placement-api.service[94436]: DEBUG placement.requestlog [None req-0d851906-d8dd-45ce-98c6-5b505357d0a4 None None] Starting request: 10.222.0.89 "GET /placement/" {{(pid=94436) __call__ /opt/stack/placement/placement/requestlog.py:55}}
Jun 25 09:07:22.135884 n-d-798054-2 devstack@placement-api.service[94436]: INFO placement.requestlog [None req-0d851906-d8dd-45ce-98c6-5b505357d0a4 None None] 10.222.0.89 "GET /placement/" status: 200 len: 136 microversion: 1.0
Jun 25 09:07:22.136024 n-d-798054-2 devstack@placement-api.service[94436]: [pid: 94436|app: 0|req: 3/7] 10.222.0.89 () {54 vars in 913 bytes} [Fri Jun 25 09:07:22 2021] GET /placement => generated 136 bytes in 1 msecs (HTTP/1.1 200) 6 headers in 224 bytes (1 switches on core 0)
Jun 25 09:07:25.246062 n-d-798054-2 devstack@placement-api.service[94437]: DEBUG placement.requestlog [req-f47d2ee3-7d10-47d7-9298-b8fafb1ac37f req-0202cda0-b473-4f30-bbe4-ab598e94d911 None None] Starting request: 10.222.0.89 "GET /placement/resource_providers?in_tree=ab7e2617-7652-4827-8564-802ae96785cd" {{(pid=94437) __call__ /opt/stack/placement/placement/requestlog.py:55}}
Jun 25 09:07:25.368254 n-d-798054-2 devstack@placement-api.service[94437]: INFO placement.requestlog [req-f47d2ee3-7d10-47d7-9298-b8fafb1ac37f req-0202cda0-b473-4f30-bbe4-ab598e94d911 service placement] 10.222.0.89 "GET /placement/resource_providers?in_tree=ab7e2617-7652-4827-8564-802ae96785cd" status: 200 len: 26 microversion: 1.14
Jun 25 09:07:25.368484 n-d-798054-2 devstack@placement-api.service[94437]: [pid: 94437|app: 0|req: 5/8] 10.222.0.89 () {60 vars in 1377 bytes} [Fri Jun 25 09:07:25 2021] GET /placement/resource_providers?in_tree=ab7e2617-7652-4827-8564-802ae96785cd => generated 26 bytes in 123 msecs (HTTP/1.1 200) 6 headers in 224 bytes (1 switches on core 0)
Jun 25 09:07:25.376451 n-d-798054-2 devstack@placement-api.service[94436]: DEBUG placement.requestlog [req-f47d2ee3-7d10-47d7-9298-b8fafb1ac37f req-f397ac51-0264-4924-a916-9ed49c2893d9 None None] Starting request: 10.222.0.89 "POST /placement/resource_providers" {{(pid=94436) __call__ /opt/stack/placement/placement/requestlog.py:55}}
Jun 25 09:07:25.414297 n-d-798054-2 devstack@placement-api.service[94436]: INFO placement.requestlog [req-f47d2ee3-7d10-47d7-9298-b8fafb1ac37f req-f397ac51-0264-4924-a916-9ed49c2893d9 service placement] 10.222.0.89 "POST /placement/resource_providers" status: 200 len: 836 microversion: 1.20
Jun 25 09:07:25.414698 n-d-798054-2 devstack@placement-api.service[94436]: [pid: 94436|app: 0|req: 4/9] 10.222.0.89 () {64 vars in 1341 bytes} [Fri Jun 25 09:07:25 2021] POST /placement/resource_providers => generated 836 bytes in 39 msecs (HTTP/1.1 200) 9 headers in 392 bytes (1 switches on core 0)
Jun 25 09:07:25.636811 n-d-798054-2 devstack@placement-api.service[94437]: DEBUG placement.requestlog [req-f47d2ee3-7d10-47d7-9298-b8fafb1ac37f req-33c5f7f3-5864-4df1-b72c-ba3ab578d1cc None None] Starting request: 10.222.0.89 "PUT /placement/resource_providers/ab7e2617-7652-4827-8564-802ae96785cd/inventories" {{(pid=94437) __call__ /opt/stack/placement/placement/requestlog.py:55}}
Jun 25 09:07:25.678883 n-d-798054-2 devstack@placement-api.service[94437]: INFO placement.requestlog [req-f47d2ee3-7d10-47d7-9298-b8fafb1ac37f req-33c5f7f3-5864-4df1-b72c-ba3ab578d1cc service placement] 10.222.0.89 "PUT /placement/resource_providers/ab7e2617-7652-4827-8564-802ae96785cd/inventories" status: 200 len: 397 microversion: 1.26
Jun 25 09:07:25.679120 n-d-798054-2 devstack@placement-api.service[94437]: [pid: 94437|app: 0|req: 6/10] 10.222.0.89 () {64 vars in 1488 bytes} [Fri Jun 25 09:07:25 2021] PUT /placement/resource_providers/ab7e2617-7652-4827-8564-802ae96785cd/inventories => generated 397 bytes in 43 msecs (HTTP/1.1 200) 8 headers in 296 bytes (1 switches on core 0)
Jun 25 09:07:25.689787 n-d-798054-2 devstack@placement-api.service[94436]: DEBUG placement.requestlog [req-f47d2ee3-7d10-47d7-9298-b8fafb1ac37f req-8563c18e-6fda-4afa-8475-501537613a4f None None] Starting request: 10.222.0.89 "GET /placement/traits?name=in:COMPUTE_NET_ATTACH_INTERFACE,COMPUTE_IMAGE_TYPE_VHDX,COMPUTE_IMAGE_TYPE_VHD,COMPUTE_NODE,COMPUTE_SECURITY_UEFI_SECURE_BOOT,COMPUTE_DEVICE_TAGGING" {{(pid=94436) __call__ /opt/stack/placement/placement/requestlog.py:55}}
Jun 25 09:07:25.703165 n-d-798054-2 devstack@placement-api.service[94436]: INFO placement.requestlog [req-f47d2ee3-7d10-47d7-9298-b8fafb1ac37f req-8563c18e-6fda-4afa-8475-501537613a4f service placement] 10.222.0.89 "GET /placement/traits?name=in:COMPUTE_NET_ATTACH_INTERFACE,COMPUTE_IMAGE_TYPE_VHDX,COMPUTE_IMAGE_TYPE_VHD,COMPUTE_NODE,COMPUTE_SECURITY_UEFI_SECURE_BOOT,COMPUTE_DEVICE_TAGGING" status: 200 len: 176 microversion: 1.6
Jun 25 09:07:25.703388 n-d-798054-2 devstack@placement-api.service[94436]: [pid: 94436|app: 0|req: 5/11] 10.222.0.89 () {60 vars in 1558 bytes} [Fri Jun 25 09:07:25 2021] GET /placement/traits?name=in:COMPUTE_NET_ATTACH_INTERFACE,COMPUTE_IMAGE_TYPE_VHDX,COMPUTE_IMAGE_TYPE_VHD,COMPUTE_NODE,COMPUTE_SECURITY_UEFI_SECURE_BOOT,COMPUTE_DEVICE_TAGGING => generated 176 bytes in 14 msecs (HTTP/1.1 200) 6 headers in 224 bytes (2 switches on core 0)
Jun 25 09:07:25.710802 n-d-798054-2 devstack@placement-api.service[94437]: DEBUG placement.requestlog [req-f47d2ee3-7d10-47d7-9298-b8fafb1ac37f req-d39c56bf-7cdf-4c28-a695-090a1ad417cd None None] Starting request: 10.222.0.89 "PUT /placement/resource_providers/ab7e2617-7652-4827-8564-802ae96785cd/traits" {{(pid=94437) __call__ /opt/stack/placement/placement/requestlog.py:55}}
Jun 25 09:07:25.762069 n-d-798054-2 devstack@placement-api.service[94437]: INFO placement.requestlog [req-f47d2ee3-7d10-47d7-9298-b8fafb1ac37f req-d39c56bf-7cdf-4c28-a695-090a1ad417cd service placement] 10.222.0.89 "PUT /placement/resource_providers/ab7e2617-7652-4827-8564-802ae96785cd/traits" status: 200 len: 211 microversion: 1.6
Jun 25 09:07:25.762411 n-d-798054-2 devstack@placement-api.service[94437]: [pid: 94437|app: 0|req: 7/12] 10.222.0.89 () {64 vars in 1472 bytes} [Fri Jun 25 09:07:25 2021] PUT /placement/resource_providers/ab7e2617-7652-4827-8564-802ae96785cd/traits => generated 211 bytes in 52 msecs (HTTP/1.1 200) 6 headers in 224 bytes (1 switches on core 0)
Jun 25 09:07:39.906908 n-d-798054-2 devstack@placement-api.service[94436]: DEBUG placement.requestlog [None req-4ab2bb58-f287-4713-b8cb-176c869cd21c None None] Starting request: 10.222.0.66 "GET /placement/" {{(pid=94436) __call__ /opt/stack/placement/placement/requestlog.py:55}}
Jun 25 09:07:39.907946 n-d-798054-2 devstack@placement-api.service[94436]: INFO placement.requestlog [None req-4ab2bb58-f287-4713-b8cb-176c869cd21c None None] 10.222.0.66 "GET /placement/" status: 200 len: 136 microversion: 1.0
Jun 25 09:07:39.908099 n-d-798054-2 devstack@placement-api.service[94436]: [pid: 94436|app: 0|req: 6/13] 10.222.0.66 () {54 vars in 913 bytes} [Fri Jun 25 09:07:39 2021] GET /placement => generated 136 bytes in 1 msecs (HTTP/1.1 200) 6 headers in 224 bytes (1 switches on core 0)
Jun 25 09:07:48.413952 n-d-798054-2 devstack@placement-api.service[94437]: DEBUG placement.requestlog [req-01fd8a11-e44a-4554-a72d-36d6019d0c02 req-67654333-d75d-4d90-bfd6-f2b0c3b24807 None None] Starting request: 10.222.0.66 "GET /placement/resource_providers?in_tree=44ba15ab-e919-4f80-af8b-134de439fbf8" {{(pid=94437) __call__ /opt/stack/placement/placement/requestlog.py:55}}
Jun 25 09:07:48.479766 n-d-798054-2 devstack@placement-api.service[94437]: INFO placement.requestlog [req-01fd8a11-e44a-4554-a72d-36d6019d0c02 req-67654333-d75d-4d90-bfd6-f2b0c3b24807 service placement] 10.222.0.66 "GET /placement/resource_providers?in_tree=44ba15ab-e919-4f80-af8b-134de439fbf8" status: 200 len: 26 microversion: 1.14
Jun 25 09:07:48.479966 n-d-798054-2 devstack@placement-api.service[94437]: [pid: 94437|app: 0|req: 8/14] 10.222.0.66 () {60 vars in 1377 bytes} [Fri Jun 25 09:07:48 2021] GET /placement/resource_providers?in_tree=44ba15ab-e919-4f80-af8b-134de439fbf8 => generated 26 bytes in 66 msecs (HTTP/1.1 200) 6 headers in 224 bytes (1 switches on core 0)
Jun 25 09:07:48.490612 n-d-798054-2 devstack@placement-api.service[94436]: DEBUG placement.requestlog [req-01fd8a11-e44a-4554-a72d-36d6019d0c02 req-8307ef14-43e5-4b66-b2f9-87a701d7237a None None] Starting request: 10.222.0.66 "POST /placement/resource_providers" {{(pid=94436) __call__ /opt/stack/placement/placement/requestlog.py:55}}
Jun 25 09:07:48.508317 n-d-798054-2 devstack@placement-api.service[94436]: INFO placement.requestlog [req-01fd8a11-e44a-4554-a72d-36d6019d0c02 req-8307ef14-43e5-4b66-b2f9-87a701d7237a service placement] 10.222.0.66 "POST /placement/resource_providers" status: 200 len: 836 microversion: 1.20
Jun 25 09:07:48.508645 n-d-798054-2 devstack@placement-api.service[94436]: [pid: 94436|app: 0|req: 7/15] 10.222.0.66 () {64 vars in 1341 bytes} [Fri Jun 25 09:07:48 2021] POST /placement/resource_providers => generated 836 bytes in 18 msecs (HTTP/1.1 200) 9 headers in 392 bytes (1 switches on core 0)
Jun 25 09:07:48.755213 n-d-798054-2 devstack@placement-api.service[94437]: DEBUG placement.requestlog [req-01fd8a11-e44a-4554-a72d-36d6019d0c02 req-983600c9-2db7-43c4-b6f8-eba9602014cf None None] Starting request: 10.222.0.66 "PUT /placement/resource_providers/44ba15ab-e919-4f80-af8b-134de439fbf8/inventories" {{(pid=94437) __call__ /opt/stack/placement/placement/requestlog.py:55}}
Jun 25 09:07:48.783481 n-d-798054-2 devstack@placement-api.service[94437]: INFO placement.requestlog [req-01fd8a11-e44a-4554-a72d-36d6019d0c02 req-983600c9-2db7-43c4-b6f8-eba9602014cf service placement] 10.222.0.66 "PUT /placement/resource_providers/44ba15ab-e919-4f80-af8b-134de439fbf8/inventories" status: 200 len: 397 microversion: 1.26
Jun 25 09:07:48.783866 n-d-798054-2 devstack@placement-api.service[94437]: [pid: 94437|app: 0|req: 9/16] 10.222.0.66 () {64 vars in 1488 bytes} [Fri Jun 25 09:07:48 2021] PUT /placement/resource_providers/44ba15ab-e919-4f80-af8b-134de439fbf8/inventories => generated 397 bytes in 29 msecs (HTTP/1.1 200) 8 headers in 296 bytes (1 switches on core 0)
Jun 25 09:07:48.811250 n-d-798054-2 devstack@placement-api.service[94436]: DEBUG placement.requestlog [req-01fd8a11-e44a-4554-a72d-36d6019d0c02 req-f9bd9e22-3ea4-4d20-84d2-7ef9f6574950 None None] Starting request: 10.222.0.66 "GET /placement/traits?name=in:COMPUTE_IMAGE_TYPE_VHDX,COMPUTE_NET_ATTACH_INTERFACE,COMPUTE_NODE,COMPUTE_SECURITY_UEFI_SECURE_BOOT,COMPUTE_DEVICE_TAGGING,COMPUTE_IMAGE_TYPE_VHD" {{(pid=94436) __call__ /opt/stack/placement/placement/requestlog.py:55}}
Jun 25 09:07:48.824096 n-d-798054-2 devstack@placement-api.service[94436]: INFO placement.requestlog [req-01fd8a11-e44a-4554-a72d-36d6019d0c02 req-f9bd9e22-3ea4-4d20-84d2-7ef9f6574950 service placement] 10.222.0.66 "GET /placement/traits?name=in:COMPUTE_IMAGE_TYPE_VHDX,COMPUTE_NET_ATTACH_INTERFACE,COMPUTE_NODE,COMPUTE_SECURITY_UEFI_SECURE_BOOT,COMPUTE_DEVICE_TAGGING,COMPUTE_IMAGE_TYPE_VHD" status: 200 len: 176 microversion: 1.6
Jun 25 09:07:48.824274 n-d-798054-2 devstack@placement-api.service[94436]: [pid: 94436|app: 0|req: 8/17] 10.222.0.66 () {60 vars in 1558 bytes} [Fri Jun 25 09:07:48 2021] GET /placement/traits?name=in:COMPUTE_IMAGE_TYPE_VHDX,COMPUTE_NET_ATTACH_INTERFACE,COMPUTE_NODE,COMPUTE_SECURITY_UEFI_SECURE_BOOT,COMPUTE_DEVICE_TAGGING,COMPUTE_IMAGE_TYPE_VHD => generated 176 bytes in 14 msecs (HTTP/1.1 200) 6 headers in 224 bytes (1 switches on core 0)
Jun 25 09:07:48.831825 n-d-798054-2 devstack@placement-api.service[94437]: DEBUG placement.requestlog [req-01fd8a11-e44a-4554-a72d-36d6019d0c02 req-eb9d2884-2522-478d-a8a6-8155a132d825 None None] Starting request: 10.222.0.66 "PUT /placement/resource_providers/44ba15ab-e919-4f80-af8b-134de439fbf8/traits" {{(pid=94437) __call__ /opt/stack/placement/placement/requestlog.py:55}}
Jun 25 09:07:48.868836 n-d-798054-2 devstack@placement-api.service[94437]: INFO placement.requestlog [req-01fd8a11-e44a-4554-a72d-36d6019d0c02 req-eb9d2884-2522-478d-a8a6-8155a132d825 service placement] 10.222.0.66 "PUT /placement/resource_providers/44ba15ab-e919-4f80-af8b-134de439fbf8/traits" status: 200 len: 211 microversion: 1.6
Jun 25 09:07:48.869072 n-d-798054-2 devstack@placement-api.service[94437]: [pid: 94437|app: 0|req: 10/18] 10.222.0.66 () {64 vars in 1472 bytes} [Fri Jun 25 09:07:48 2021] PUT /placement/resource_providers/44ba15ab-e919-4f80-af8b-134de439fbf8/traits => generated 211 bytes in 38 msecs (HTTP/1.1 200) 6 headers in 224 bytes (1 switches on core 0)
Jun 25 09:08:22.253153 n-d-798054-2 devstack@placement-api.service[94436]: DEBUG placement.requestlog [req-ca277a5d-7cdd-459c-b5dc-c7c08e7b1c5a req-fab204c2-0cde-4d4c-813d-5813ec951b47 None None] Starting request: 10.222.0.89 "GET /placement/resource_providers/ab7e2617-7652-4827-8564-802ae96785cd/allocations" {{(pid=94436) __call__ /opt/stack/placement/placement/requestlog.py:55}}
Jun 25 09:08:22.283918 n-d-798054-2 devstack@placement-api.service[94436]: INFO placement.requestlog [req-ca277a5d-7cdd-459c-b5dc-c7c08e7b1c5a req-fab204c2-0cde-4d4c-813d-5813ec951b47 service placement] 10.222.0.89 "GET /placement/resource_providers/ab7e2617-7652-4827-8564-802ae96785cd/allocations" status: 200 len: 54 microversion: 1.0
Jun 25 09:08:22.284402 n-d-798054-2 devstack@placement-api.service[94436]: [pid: 94436|app: 0|req: 9/19] 10.222.0.89 () {58 vars in 1391 bytes} [Fri Jun 25 09:08:22 2021] GET /placement/resource_providers/ab7e2617-7652-4827-8564-802ae96785cd/allocations => generated 54 bytes in 32 msecs (HTTP/1.1 200) 6 headers in 223 bytes (1 switches on core 0)
Jun 25 09:08:43.549224 n-d-798054-2 devstack@placement-api.service[94437]: DEBUG placement.requestlog [req-776a9835-6fa3-473a-b6b5-c6093977056f req-f57f672b-87e7-4e36-af74-01410d9e911e None None] Starting request: 10.222.0.66 "GET /placement/resource_providers/44ba15ab-e919-4f80-af8b-134de439fbf8/allocations" {{(pid=94437) __call__ /opt/stack/placement/placement/requestlog.py:55}}
Jun 25 09:08:43.570189 n-d-798054-2 devstack@placement-api.service[94437]: INFO placement.requestlog [req-776a9835-6fa3-473a-b6b5-c6093977056f req-f57f672b-87e7-4e36-af74-01410d9e911e service placement] 10.222.0.66 "GET /placement/resource_providers/44ba15ab-e919-4f80-af8b-134de439fbf8/allocations" status: 200 len: 54 microversion: 1.0
Jun 25 09:08:43.570389 n-d-798054-2 devstack@placement-api.service[94437]: [pid: 94437|app: 0|req: 11/20] 10.222.0.66 () {58 vars in 1391 bytes} [Fri Jun 25 09:08:43 2021] GET /placement/resource_providers/44ba15ab-e919-4f80-af8b-134de439fbf8/allocations => generated 54 bytes in 21 msecs (HTTP/1.1 200) 6 headers in 223 bytes (1 switches on core 0)
Jun 25 09:09:07.128723 n-d-798054-2 devstack@placement-api.service[94436]: DEBUG placement.requestlog [None req-b7be34d7-b9bd-4848-9126-bc0637f4e88f None None] Starting request: 10.222.0.83 "GET /placement/" {{(pid=94436) __call__ /opt/stack/placement/placement/requestlog.py:55}}
Jun 25 09:09:07.129811 n-d-798054-2 devstack@placement-api.service[94436]: INFO placement.requestlog [None req-b7be34d7-b9bd-4848-9126-bc0637f4e88f None None] 10.222.0.83 "GET /placement/" status: 200 len: 136 microversion: 1.0
Jun 25 09:09:07.129986 n-d-798054-2 devstack@placement-api.service[94436]: [pid: 94436|app: 0|req: 10/21] 10.222.0.83 () {54 vars in 915 bytes} [Fri Jun 25 09:09:07 2021] GET /placement => generated 136 bytes in 2 msecs (HTTP/1.1 200) 6 headers in 224 bytes (1 switches on core 0)
Jun 25 09:09:22.923328 n-d-798054-2 devstack@placement-api.service[94437]: DEBUG placement.requestlog [req-5bbd2243-e755-44a7-9df6-20fae805130e req-e35b3ab9-742c-4f4b-8e81-bda7b8f190a3 None None] Starting request: 10.222.0.89 "GET /placement/resource_providers/ab7e2617-7652-4827-8564-802ae96785cd/allocations" {{(pid=94437) __call__ /opt/stack/placement/placement/requestlog.py:55}}
Jun 25 09:09:22.942055 n-d-798054-2 devstack@placement-api.service[94437]: INFO placement.requestlog [req-5bbd2243-e755-44a7-9df6-20fae805130e req-e35b3ab9-742c-4f4b-8e81-bda7b8f190a3 service placement] 10.222.0.89 "GET /placement/resource_providers/ab7e2617-7652-4827-8564-802ae96785cd/allocations" status: 200 len: 54 microversion: 1.0
Jun 25 09:09:22.942572 n-d-798054-2 devstack@placement-api.service[94437]: [pid: 94437|app: 0|req: 12/22] 10.222.0.89 () {58 vars in 1391 bytes} [Fri Jun 25 09:09:22 2021] GET /placement/resource_providers/ab7e2617-7652-4827-8564-802ae96785cd/allocations => generated 54 bytes in 20 msecs (HTTP/1.1 200) 6 headers in 223 bytes (1 switches on core 0)
Jun 25 09:09:41.156602 n-d-798054-2 devstack@placement-api.service[94436]: DEBUG placement.requestlog [req-18f39f1f-9089-49ba-8a36-9115af06bb0a req-6944cb4e-6e3b-4e24-99fe-aa6b18115cd4 None None] Starting request: 10.222.0.66 "GET /placement/resource_providers/44ba15ab-e919-4f80-af8b-134de439fbf8/allocations" {{(pid=94436) __call__ /opt/stack/placement/placement/requestlog.py:55}}
Jun 25 09:09:41.184266 n-d-798054-2 devstack@placement-api.service[94436]: INFO placement.requestlog [req-18f39f1f-9089-49ba-8a36-9115af06bb0a req-6944cb4e-6e3b-4e24-99fe-aa6b18115cd4 service placement] 10.222.0.66 "GET /placement/resource_providers/44ba15ab-e919-4f80-af8b-134de439fbf8/allocations" status: 200 len: 54 microversion: 1.0
Jun 25 09:09:41.185534 n-d-798054-2 devstack@placement-api.service[94436]: [pid: 94436|app: 0|req: 11/23] 10.222.0.66 () {58 vars in 1391 bytes} [Fri Jun 25 09:09:41 2021] GET /placement/resource_providers/44ba15ab-e919-4f80-af8b-134de439fbf8/allocations => generated 54 bytes in 28 msecs (HTTP/1.1 200) 6 headers in 223 bytes (1 switches on core 0)
Jun 25 09:09:42.789268 n-d-798054-2 devstack@placement-api.service[94437]: DEBUG placement.requestlog [None req-7934ee6e-ec71-4b7b-b19c-b4e7837afe5a None None] Starting request: 10.222.0.83 "GET /placement/" {{(pid=94437) __call__ /opt/stack/placement/placement/requestlog.py:55}}
Jun 25 09:09:42.791213 n-d-798054-2 devstack@placement-api.service[94437]: INFO placement.requestlog [None req-7934ee6e-ec71-4b7b-b19c-b4e7837afe5a None None] 10.222.0.83 "GET /placement/" status: 200 len: 136 microversion: 1.0
Jun 25 09:09:42.792079 n-d-798054-2 devstack@placement-api.service[94437]: [pid: 94437|app: 0|req: 13/24] 10.222.0.83 () {54 vars in 906 bytes} [Fri Jun 25 09:09:42 2021] GET /placement => generated 136 bytes in 3 msecs (HTTP/1.1 200) 6 headers in 224 bytes (1 switches on core 0)
Jun 25 09:09:42.805956 n-d-798054-2 devstack@placement-api.service[94436]: DEBUG placement.requestlog [req-5ddae5e8-7eda-4c8d-a55a-52bc1c513812 req-4f60ec5c-7aa2-4ec1-8e16-158afc466caf None None] Starting request: 10.222.0.83 "GET /placement/resource_providers?name=n-h2-798054-2" {{(pid=94436) __call__ /opt/stack/placement/placement/requestlog.py:55}}
Jun 25 09:09:43.781458 n-d-798054-2 devstack@placement-api.service[94436]: INFO placement.requestlog [req-5ddae5e8-7eda-4c8d-a55a-52bc1c513812 req-4f60ec5c-7aa2-4ec1-8e16-158afc466caf service placement] 10.222.0.83 "GET /placement/resource_providers?name=n-h2-798054-2" status: 200 len: 440 microversion: 1.0
Jun 25 09:09:43.782590 n-d-798054-2 devstack@placement-api.service[94436]: [pid: 94436|app: 0|req: 12/25] 10.222.0.83 () {58 vars in 1274 bytes} [Fri Jun 25 09:09:42 2021] GET /placement/resource_providers?name=n-h2-798054-2 => generated 440 bytes in 976 msecs (HTTP/1.1 200) 6 headers in 224 bytes (1 switches on core 0)
Jun 25 09:09:43.789005 n-d-798054-2 devstack@placement-api.service[94437]: DEBUG placement.requestlog [req-5ddae5e8-7eda-4c8d-a55a-52bc1c513812 req-c4dc1fb5-d3b6-426f-b238-8e3f0204e082 None None] Starting request: 10.222.0.83 "GET /placement/resource_providers/ab7e2617-7652-4827-8564-802ae96785cd/aggregates" {{(pid=94437) __call__ /opt/stack/placement/placement/requestlog.py:55}}
Jun 25 09:09:43.825573 n-d-798054-2 devstack@placement-api.service[94437]: INFO placement.requestlog [req-5ddae5e8-7eda-4c8d-a55a-52bc1c513812 req-c4dc1fb5-d3b6-426f-b238-8e3f0204e082 service placement] 10.222.0.83 "GET /placement/resource_providers/ab7e2617-7652-4827-8564-802ae96785cd/aggregates" status: 200 len: 53 microversion: 1.19
Jun 25 09:09:43.826131 n-d-798054-2 devstack@placement-api.service[94437]: [pid: 94437|app: 0|req: 14/26] 10.222.0.83 () {60 vars in 1425 bytes} [Fri Jun 25 09:09:43 2021] GET /placement/resource_providers/ab7e2617-7652-4827-8564-802ae96785cd/aggregates => generated 53 bytes in 37 msecs (HTTP/1.1 200) 8 headers in 295 bytes (1 switches on core 0)
Jun 25 09:09:43.839843 n-d-798054-2 devstack@placement-api.service[94436]: DEBUG placement.requestlog [req-5ddae5e8-7eda-4c8d-a55a-52bc1c513812 req-68b35bce-88c8-41df-844b-df4741106b80 None None] Starting request: 10.222.0.83 "PUT /placement/resource_providers/ab7e2617-7652-4827-8564-802ae96785cd/aggregates" {{(pid=94436) __call__ /opt/stack/placement/placement/requestlog.py:55}}
Jun 25 09:09:43.871909 n-d-798054-2 devstack@placement-api.service[94436]: DEBUG placement.objects.resource_provider [req-5ddae5e8-7eda-4c8d-a55a-52bc1c513812 req-68b35bce-88c8-41df-844b-df4741106b80 service placement] _ensure_aggregate() did not find aggregate 9d7b8467-aff8-44d0-93e8-c388103c590b. Attempting to create it. {{(pid=94436) _ensure_aggregate /opt/stack/placement/placement/objects/resource_provider.py:319}}
Jun 25 09:09:43.873870 n-d-798054-2 devstack@placement-api.service[94436]: DEBUG placement.objects.resource_provider [req-5ddae5e8-7eda-4c8d-a55a-52bc1c513812 req-68b35bce-88c8-41df-844b-df4741106b80 service placement] _ensure_aggregate() created new aggregate 9d7b8467-aff8-44d0-93e8-c388103c590b (id=1). {{(pid=94436) _ensure_aggregate /opt/stack/placement/placement/objects/resource_provider.py:325}}
Jun 25 09:09:43.882904 n-d-798054-2 devstack@placement-api.service[94436]: DEBUG placement.objects.resource_provider [req-5ddae5e8-7eda-4c8d-a55a-52bc1c513812 req-68b35bce-88c8-41df-844b-df4741106b80 service placement] Setting aggregates for provider ab7e2617-7652-4827-8564-802ae96785cd. Successfully associated aggregate 9d7b8467-aff8-44d0-93e8-c388103c590b. {{(pid=94436) _set_aggregates /opt/stack/placement/placement/objects/resource_provider.py:387}}
Jun 25 09:09:43.905352 n-d-798054-2 devstack@placement-api.service[94436]: INFO placement.requestlog [req-5ddae5e8-7eda-4c8d-a55a-52bc1c513812 req-68b35bce-88c8-41df-844b-df4741106b80 service placement] 10.222.0.83 "PUT /placement/resource_providers/ab7e2617-7652-4827-8564-802ae96785cd/aggregates" status: 200 len: 91 microversion: 1.19
Jun 25 09:09:43.906189 n-d-798054-2 devstack@placement-api.service[94436]: [pid: 94436|app: 0|req: 13/27] 10.222.0.83 () {64 vars in 1477 bytes} [Fri Jun 25 09:09:43 2021] PUT /placement/resource_providers/ab7e2617-7652-4827-8564-802ae96785cd/aggregates => generated 91 bytes in 66 msecs (HTTP/1.1 200) 8 headers in 295 bytes (1 switches on core 0)
Jun 25 09:09:44.035122 n-d-798054-2 devstack@placement-api.service[94437]: DEBUG placement.requestlog [req-b1bbe569-e091-4bb6-a2ce-424205939894 req-76257040-ebdb-4e1d-a325-fe040e432a01 None None] Starting request: 10.222.0.83 "GET /placement/resource_providers?name=n-h2-798054-2" {{(pid=94437) __call__ /opt/stack/placement/placement/requestlog.py:55}}
Jun 25 09:09:44.070772 n-d-798054-2 devstack@placement-api.service[94437]: INFO placement.requestlog [req-b1bbe569-e091-4bb6-a2ce-424205939894 req-76257040-ebdb-4e1d-a325-fe040e432a01 service placement] 10.222.0.83 "GET /placement/resource_providers?name=n-h2-798054-2" status: 200 len: 440 microversion: 1.0
Jun 25 09:09:44.074454 n-d-798054-2 devstack@placement-api.service[94437]: [pid: 94437|app: 0|req: 15/28] 10.222.0.83 () {58 vars in 1274 bytes} [Fri Jun 25 09:09:44 2021] GET /placement/resource_providers?name=n-h2-798054-2 => generated 440 bytes in 40 msecs (HTTP/1.1 200) 6 headers in 224 bytes (1 switches on core 0)
Jun 25 09:09:44.078192 n-d-798054-2 devstack@placement-api.service[94436]: DEBUG placement.requestlog [req-b1bbe569-e091-4bb6-a2ce-424205939894 req-7caf70a2-72e5-4e10-ba2e-d27179fde565 None None] Starting request: 10.222.0.83 "GET /placement/resource_providers/ab7e2617-7652-4827-8564-802ae96785cd/aggregates" {{(pid=94436) __call__ /opt/stack/placement/placement/requestlog.py:55}}
Jun 25 09:09:44.100465 n-d-798054-2 devstack@placement-api.service[94436]: INFO placement.requestlog [req-b1bbe569-e091-4bb6-a2ce-424205939894 req-7caf70a2-72e5-4e10-ba2e-d27179fde565 service placement] 10.222.0.83 "GET /placement/resource_providers/ab7e2617-7652-4827-8564-802ae96785cd/aggregates" status: 200 len: 91 microversion: 1.19
Jun 25 09:09:44.101399 n-d-798054-2 devstack@placement-api.service[94436]: [pid: 94436|app: 0|req: 14/29] 10.222.0.83 () {60 vars in 1425 bytes} [Fri Jun 25 09:09:44 2021] GET /placement/resource_providers/ab7e2617-7652-4827-8564-802ae96785cd/aggregates => generated 91 bytes in 23 msecs (HTTP/1.1 200) 8 headers in 295 bytes (1 switches on core 0)
Jun 25 09:09:44.110017 n-d-798054-2 devstack@placement-api.service[94437]: DEBUG placement.requestlog [req-b1bbe569-e091-4bb6-a2ce-424205939894 req-5801f45b-1fd2-46b4-ac4d-e1abb05bbd22 None None] Starting request: 10.222.0.83 "PUT /placement/resource_providers/ab7e2617-7652-4827-8564-802ae96785cd/aggregates" {{(pid=94437) __call__ /opt/stack/placement/placement/requestlog.py:55}}
Jun 25 09:09:44.137633 n-d-798054-2 devstack@placement-api.service[94437]: DEBUG placement.objects.resource_provider [req-b1bbe569-e091-4bb6-a2ce-424205939894 req-5801f45b-1fd2-46b4-ac4d-e1abb05bbd22 service placement] Setting aggregates for provider ab7e2617-7652-4827-8564-802ae96785cd. Successfully disassociated aggregate 9d7b8467-aff8-44d0-93e8-c388103c590b. {{(pid=94437) _set_aggregates /opt/stack/placement/placement/objects/resource_provider.py:402}}
Jun 25 09:09:44.148480 n-d-798054-2 devstack@placement-api.service[94437]: INFO placement.requestlog [req-b1bbe569-e091-4bb6-a2ce-424205939894 req-5801f45b-1fd2-46b4-ac4d-e1abb05bbd22 service placement] 10.222.0.83 "PUT /placement/resource_providers/ab7e2617-7652-4827-8564-802ae96785cd/aggregates" status: 200 len: 53 microversion: 1.19
Jun 25 09:09:44.149301 n-d-798054-2 devstack@placement-api.service[94437]: [pid: 94437|app: 0|req: 16/30] 10.222.0.83 () {64 vars in 1477 bytes} [Fri Jun 25 09:09:44 2021] PUT /placement/resource_providers/ab7e2617-7652-4827-8564-802ae96785cd/aggregates => generated 53 bytes in 40 msecs (HTTP/1.1 200) 8 headers in 295 bytes (1 switches on core 0)
Jun 25 09:09:45.381491 n-d-798054-2 devstack@placement-api.service[94436]: DEBUG placement.requestlog [None req-2b1d495e-5c93-4cb8-9c45-bc50a9089c22 None None] Starting request: 10.222.0.83 "GET /placement/" {{(pid=94436) __call__ /opt/stack/placement/placement/requestlog.py:55}}
Jun 25 09:09:45.382591 n-d-798054-2 devstack@placement-api.service[94436]: INFO placement.requestlog [None req-2b1d495e-5c93-4cb8-9c45-bc50a9089c22 None None] 10.222.0.83 "GET /placement/" status: 200 len: 136 microversion: 1.0
Jun 25 09:09:45.382779 n-d-798054-2 devstack@placement-api.service[94436]: [pid: 94436|app: 0|req: 15/31] 10.222.0.83 () {54 vars in 906 bytes} [Fri Jun 25 09:09:45 2021] GET /placement => generated 136 bytes in 2 msecs (HTTP/1.1 200) 6 headers in 224 bytes (1 switches on core 0)
Jun 25 09:09:45.399361 n-d-798054-2 devstack@placement-api.service[94437]: DEBUG placement.requestlog [req-2de43b65-c51f-4fb4-a223-fcc57bf232ac req-1707da25-4b9f-4509-ab63-6f0501873ddb None None] Starting request: 10.222.0.83 "GET /placement/resource_providers?name=n-h2-798054-2" {{(pid=94437) __call__ /opt/stack/placement/placement/requestlog.py:55}}
Jun 25 09:09:45.913001 n-d-798054-2 devstack@placement-api.service[94437]: INFO placement.requestlog [req-2de43b65-c51f-4fb4-a223-fcc57bf232ac req-1707da25-4b9f-4509-ab63-6f0501873ddb service placement] 10.222.0.83 "GET /placement/resource_providers?name=n-h2-798054-2" status: 200 len: 440 microversion: 1.0
Jun 25 09:09:45.913001 n-d-798054-2 devstack@placement-api.service[94437]: [pid: 94437|app: 0|req: 17/32] 10.222.0.83 () {58 vars in 1274 bytes} [Fri Jun 25 09:09:45 2021] GET /placement/resource_providers?name=n-h2-798054-2 => generated 440 bytes in 513 msecs (HTTP/1.1 200) 6 headers in 224 bytes (1 switches on core 0)
Jun 25 09:09:45.920464 n-d-798054-2 devstack@placement-api.service[94436]: DEBUG placement.requestlog [req-2de43b65-c51f-4fb4-a223-fcc57bf232ac req-70a83ae1-08b1-4927-8b30-9700286e8e52 None None] Starting request: 10.222.0.83 "GET /placement/resource_providers/ab7e2617-7652-4827-8564-802ae96785cd/aggregates" {{(pid=94436) __call__ /opt/stack/placement/placement/requestlog.py:55}}
Jun 25 09:09:45.956077 n-d-798054-2 devstack@placement-api.service[94436]: INFO placement.requestlog [req-2de43b65-c51f-4fb4-a223-fcc57bf232ac req-70a83ae1-08b1-4927-8b30-9700286e8e52 service placement] 10.222.0.83 "GET /placement/resource_providers/ab7e2617-7652-4827-8564-802ae96785cd/aggregates" status: 200 len: 53 microversion: 1.19
Jun 25 09:09:45.965044 n-d-798054-2 devstack@placement-api.service[94437]: DEBUG placement.requestlog [req-2de43b65-c51f-4fb4-a223-fcc57bf232ac req-3329c12a-dc27-45cb-bdb1-415244b0ad66 None None] Starting request: 10.222.0.83 "PUT /placement/resource_providers/ab7e2617-7652-4827-8564-802ae96785cd/aggregates" {{(pid=94437) __call__ /opt/stack/placement/placement/requestlog.py:55}}
Jun 25 09:09:45.965599 n-d-798054-2 devstack@placement-api.service[94436]: [pid: 94436|app: 0|req: 16/33] 10.222.0.83 () {60 vars in 1425 bytes} [Fri Jun 25 09:09:45 2021] GET /placement/resource_providers/ab7e2617-7652-4827-8564-802ae96785cd/aggregates => generated 53 bytes in 44 msecs (HTTP/1.1 200) 8 headers in 295 bytes (1 switches on core 0)
Jun 25 09:09:45.984619 n-d-798054-2 devstack@placement-api.service[94437]: DEBUG placement.objects.resource_provider [req-2de43b65-c51f-4fb4-a223-fcc57bf232ac req-3329c12a-dc27-45cb-bdb1-415244b0ad66 service placement] _ensure_aggregate() did not find aggregate 958114c5-7b2a-4b96-8f25-459acc82e3e2. Attempting to create it. {{(pid=94437) _ensure_aggregate /opt/stack/placement/placement/objects/resource_provider.py:319}}
Jun 25 09:09:45.987107 n-d-798054-2 devstack@placement-api.service[94437]: DEBUG placement.objects.resource_provider [req-2de43b65-c51f-4fb4-a223-fcc57bf232ac req-3329c12a-dc27-45cb-bdb1-415244b0ad66 service placement] _ensure_aggregate() created new aggregate 958114c5-7b2a-4b96-8f25-459acc82e3e2 (id=2). {{(pid=94437) _ensure_aggregate /opt/stack/placement/placement/objects/resource_provider.py:325}}
Jun 25 09:09:45.992032 n-d-798054-2 devstack@placement-api.service[94437]: DEBUG placement.objects.resource_provider [req-2de43b65-c51f-4fb4-a223-fcc57bf232ac req-3329c12a-dc27-45cb-bdb1-415244b0ad66 service placement] Setting aggregates for provider ab7e2617-7652-4827-8564-802ae96785cd. Successfully associated aggregate 958114c5-7b2a-4b96-8f25-459acc82e3e2. {{(pid=94437) _set_aggregates /opt/stack/placement/placement/objects/resource_provider.py:387}}
Jun 25 09:09:46.004883 n-d-798054-2 devstack@placement-api.service[94437]: INFO placement.requestlog [req-2de43b65-c51f-4fb4-a223-fcc57bf232ac req-3329c12a-dc27-45cb-bdb1-415244b0ad66 service placement] 10.222.0.83 "PUT /placement/resource_providers/ab7e2617-7652-4827-8564-802ae96785cd/aggregates" status: 200 len: 91 microversion: 1.19
Jun 25 09:09:46.005355 n-d-798054-2 devstack@placement-api.service[94437]: [pid: 94437|app: 0|req: 18/34] 10.222.0.83 () {64 vars in 1477 bytes} [Fri Jun 25 09:09:45 2021] PUT /placement/resource_providers/ab7e2617-7652-4827-8564-802ae96785cd/aggregates => generated 91 bytes in 40 msecs (HTTP/1.1 200) 8 headers in 295 bytes (1 switches on core 0)
