Aug 12 14:56:24.304480 n-d-797725-5 devstack@n-api.service[109555]: DEBUG nova.api.openstack.wsgi [None req-f4b2f348-73ee-4277-bb8e-814053f29730 tempest-LiveMigrationTest-1808840238 tempest-LiveMigrationTest-1808840238-project] Calling method '>' {{(pid=109555) _process_stack /opt/stack/nova/nova/api/openstack/wsgi.py:513}}
Aug 12 14:56:24.308110 n-d-797725-5 devstack@n-api.service[109555]: DEBUG nova.compute.api [None req-f4b2f348-73ee-4277-bb8e-814053f29730 tempest-LiveMigrationTest-1808840238 tempest-LiveMigrationTest-1808840238-project] [instance: 22972100-26b6-4165-be93-302e693d87a3] Fetching instance by UUID {{(pid=109555) get /opt/stack/nova/nova/compute/api.py:2791}}
Aug 12 14:56:24.317834 n-d-797725-5 devstack@n-api.service[109555]: DEBUG oslo_concurrency.lockutils [None req-f4b2f348-73ee-4277-bb8e-814053f29730 tempest-LiveMigrationTest-1808840238 tempest-LiveMigrationTest-1808840238-project] Lock "49387052-e223-42b9-9651-7fe36f6963eb" acquired by "nova.context.set_target_cell..get_or_set_cached_cell_and_set_connections" :: waited 0.000s {{(pid=109555) inner /usr/local/lib/python3.8/dist-packages/oslo_concurrency/lockutils.py:355}}
Aug 12 14:56:24.318741 n-d-797725-5 devstack@n-api.service[109555]: DEBUG oslo_concurrency.lockutils [None req-f4b2f348-73ee-4277-bb8e-814053f29730 tempest-LiveMigrationTest-1808840238 tempest-LiveMigrationTest-1808840238-project] Lock "49387052-e223-42b9-9651-7fe36f6963eb" released by "nova.context.set_target_cell..get_or_set_cached_cell_and_set_connections" :: held 0.001s {{(pid=109555) inner /usr/local/lib/python3.8/dist-packages/oslo_concurrency/lockutils.py:367}}
Aug 12 14:56:24.319866 n-d-797725-5 devstack@n-api.service[109555]: DEBUG oslo_concurrency.lockutils [None req-f4b2f348-73ee-4277-bb8e-814053f29730 tempest-LiveMigrationTest-1808840238 tempest-LiveMigrationTest-1808840238-project] Lock "49387052-e223-42b9-9651-7fe36f6963eb" acquired by "nova.context.set_target_cell..get_or_set_cached_cell_and_set_connections" :: waited 0.000s {{(pid=109555) inner /usr/local/lib/python3.8/dist-packages/oslo_concurrency/lockutils.py:355}}
Aug 12 14:56:24.320436 n-d-797725-5 devstack@n-api.service[109555]: DEBUG oslo_concurrency.lockutils [None req-f4b2f348-73ee-4277-bb8e-814053f29730 tempest-LiveMigrationTest-1808840238 tempest-LiveMigrationTest-1808840238-project] Lock "49387052-e223-42b9-9651-7fe36f6963eb" released by "nova.context.set_target_cell..get_or_set_cached_cell_and_set_connections" :: held 0.001s {{(pid=109555) inner /usr/local/lib/python3.8/dist-packages/oslo_concurrency/lockutils.py:367}}
Aug 12 14:56:24.321623 n-d-797725-5 devstack@n-api.service[109554]: INFO nova.api.openstack.requestlog [None req-9a78a803-c9b2-4778-8113-f553b540591c tempest-AggregatesAdminTestJSON-1117036124 tempest-AggregatesAdminTestJSON-1117036124-project-admin] 10.222.0.78 "POST /compute/v2.1/os-aggregates/1/action" status: 200 len: 300 microversion: 2.1 time: 0.543606
Aug 12 14:56:24.324456 n-d-797725-5 devstack@n-api.service[109554]: [pid: 109554|app: 0|req: 82/163] 10.222.0.78 () {60 vars in 1191 bytes} [Thu Aug 12 14:56:23 2021] POST /compute/v2.1/os-aggregates/1/action => generated 300 bytes in 547 msecs (HTTP/1.1 200) 9 headers in 357 bytes (1 switches on core 0)
Aug 12 14:56:24.345237 n-d-797725-5 devstack@n-api.service[109554]: DEBUG nova.api.openstack.wsgi [None req-f8864ae1-fefe-4c38-843e-cfbb5832fb90 tempest-AggregatesAdminTestJSON-1117036124 tempest-AggregatesAdminTestJSON-1117036124-project-admin] Calling method '>' {{(pid=109554) _process_stack /opt/stack/nova/nova/api/openstack/wsgi.py:513}}
Aug 12 14:56:24.350295 n-d-797725-5 devstack@n-api.service[109554]: /usr/local/lib/python3.8/dist-packages/oslo_policy/policy.py:1064: UserWarning: Policy os_compute_api:os-aggregates:delete failed scope check. The token used to make the request was project scoped but the policy requires ['system'] scope. This behavior may change in the future where using the intended scope is required
Aug 12 14:56:24.350295 n-d-797725-5 devstack@n-api.service[109554]: warnings.warn(msg)
Aug 12 14:56:24.400201 n-d-797725-5 devstack@n-api.service[109554]: INFO nova.api.openstack.requestlog [None req-f8864ae1-fefe-4c38-843e-cfbb5832fb90 tempest-AggregatesAdminTestJSON-1117036124 tempest-AggregatesAdminTestJSON-1117036124-project-admin] 10.222.0.78 "DELETE /compute/v2.1/os-aggregates/1" status: 200 len: 0 microversion: 2.1 time: 0.069014
Aug 12 14:56:24.410349 n-d-797725-5 devstack@n-api.service[109554]: [pid: 109554|app: 0|req: 83/164] 10.222.0.78 () {58 vars in 1152 bytes} [Thu Aug 12 14:56:24 2021] DELETE /compute/v2.1/os-aggregates/1 => generated 0 bytes in 80 msecs (HTTP/1.1 200) 9 headers in 355 bytes (1 switches on core 0)
Aug 12 14:56:24.423564 n-d-797725-5 devstack@n-api.service[109554]: DEBUG nova.api.openstack.wsgi [None req-4b6a722b-e9e5-4ab2-bf95-6f5bdb4d3e25 tempest-AggregatesAdminTestJSON-1117036124 tempest-AggregatesAdminTestJSON-1117036124-project-admin] Action: 'create', calling method: >, body: {"aggregate": {"name": "tempest-test_aggregate-788827655"}} {{(pid=109554) _process_stack /opt/stack/nova/nova/api/openstack/wsgi.py:511}}
Aug 12 14:56:24.425128 n-d-797725-5 devstack@n-api.service[109554]: /usr/local/lib/python3.8/dist-packages/oslo_policy/policy.py:1064: UserWarning: Policy os_compute_api:os-aggregates:create failed scope check. The token used to make the request was project scoped but the policy requires ['system'] scope. This behavior may change in the future where using the intended scope is required
Aug 12 14:56:24.425128 n-d-797725-5 devstack@n-api.service[109554]: warnings.warn(msg)
Aug 12 14:56:24.426527 n-d-797725-5 devstack@n-api.service[109554]: DEBUG nova.objects.aggregate [None req-4b6a722b-e9e5-4ab2-bf95-6f5bdb4d3e25 tempest-AggregatesAdminTestJSON-1117036124 tempest-AggregatesAdminTestJSON-1117036124-project-admin] Generated uuid e1d74528-a019-4b19-8d65-125721301a50 for aggregate {{(pid=109554) create /opt/stack/nova/nova/objects/aggregate.py:298}}
Aug 12 14:56:24.494721 n-d-797725-5 devstack@n-api.service[109554]: INFO nova.api.openstack.requestlog [None req-4b6a722b-e9e5-4ab2-bf95-6f5bdb4d3e25 tempest-AggregatesAdminTestJSON-1117036124 tempest-AggregatesAdminTestJSON-1117036124-project-admin] 10.222.0.78 "POST /compute/v2.1/os-aggregates" status: 200 len: 197 microversion: 2.1 time: 0.074527
Aug 12 14:56:24.498274 n-d-797725-5 devstack@n-api.service[109554]: [pid: 109554|app: 0|req: 84/165] 10.222.0.78 () {60 vars in 1164 bytes} [Thu Aug 12 14:56:24 2021] POST /compute/v2.1/os-aggregates => generated 197 bytes in 80 msecs (HTTP/1.1 200) 9 headers in 357 bytes (2 switches on core 0)
Aug 12 14:56:24.506802 n-d-797725-5 devstack@n-api.service[109554]: DEBUG nova.api.openstack.wsgi [None req-a6818b03-ea19-432c-86e2-f31a815270fb tempest-AggregatesAdminTestJSON-1117036124 tempest-AggregatesAdminTestJSON-1117036124-project-admin] Action: 'action', calling method: >, body: {"add_host": {"host": "n-h2-797725-5"}} {{(pid=109554) _process_stack /opt/stack/nova/nova/api/openstack/wsgi.py:511}}
Aug 12 14:56:24.509566 n-d-797725-5 devstack@n-api.service[109554]: /usr/local/lib/python3.8/dist-packages/oslo_policy/policy.py:1064: UserWarning: Policy os_compute_api:os-aggregates:add_host failed scope check. The token used to make the request was project scoped but the policy requires ['system'] scope. This behavior may change in the future where using the intended scope is required
Aug 12 14:56:24.509566 n-d-797725-5 devstack@n-api.service[109554]: warnings.warn(msg)
Aug 12 14:56:24.527226 n-d-797725-5 devstack@n-api.service[109554]: DEBUG oslo_concurrency.lockutils [None req-a6818b03-ea19-432c-86e2-f31a815270fb tempest-AggregatesAdminTestJSON-1117036124 tempest-AggregatesAdminTestJSON-1117036124-project-admin] Lock "49387052-e223-42b9-9651-7fe36f6963eb" acquired by "nova.context.set_target_cell..get_or_set_cached_cell_and_set_connections" :: waited 0.000s {{(pid=109554) inner /usr/local/lib/python3.8/dist-packages/oslo_concurrency/lockutils.py:355}}
Aug 12 14:56:24.531320 n-d-797725-5 devstack@n-api.service[109554]: DEBUG oslo_concurrency.lockutils [None req-a6818b03-ea19-432c-86e2-f31a815270fb tempest-AggregatesAdminTestJSON-1117036124 tempest-AggregatesAdminTestJSON-1117036124-project-admin] Lock "49387052-e223-42b9-9651-7fe36f6963eb" released by "nova.context.set_target_cell..get_or_set_cached_cell_and_set_connections" :: held 0.002s {{(pid=109554) inner /usr/local/lib/python3.8/dist-packages/oslo_concurrency/lockutils.py:367}}
Aug 12 14:56:24.554592 n-d-797725-5 devstack@n-api.service[109555]: DEBUG nova.policy [None req-f4b2f348-73ee-4277-bb8e-814053f29730 tempest-LiveMigrationTest-1808840238 tempest-LiveMigrationTest-1808840238-project] Policy check for os_compute_api:os-extended-server-attributes failed with credentials {'is_admin': False, 'user_id': 'a58d167a34f6416397a139474cf2317d', 'user_domain_id': 'default', 'system_scope': None, 'domain_id': None, 'project_id': 'fa911c2be5224cd69510cdfec6e62491', 'project_domain_id': 'default', 'roles': ['member', 'reader'], 'is_admin_project': True, 'service_user_id': None, 'service_user_domain_id': None, 'service_project_id': None, 'service_project_domain_id': None, 'service_roles': []} {{(pid=109555) authorize /opt/stack/nova/nova/policy.py:199}}
Aug 12 14:56:24.565518 n-d-797725-5 devstack@n-api.service[109555]: INFO nova.api.openstack.requestlog [None req-f4b2f348-73ee-4277-bb8e-814053f29730 tempest-LiveMigrationTest-1808840238 tempest-LiveMigrationTest-1808840238-project] 10.222.0.78 "GET /compute/v2.1/servers/22972100-26b6-4165-be93-302e693d87a3" status: 200 len: 1311 microversion: 2.1 time: 0.264534
Aug 12 14:56:24.577605 n-d-797725-5 devstack@n-api.service[109555]: [pid: 109555|app: 0|req: 82/166] 10.222.0.78 () {58 vars in 1236 bytes} [Thu Aug 12 14:56:24 2021] GET /compute/v2.1/servers/22972100-26b6-4165-be93-302e693d87a3 => generated 1311 bytes in 278 msecs (HTTP/1.1 200) 9 headers in 358 bytes (2 switches on core 0)
Aug 12 14:56:24.719630 n-d-797725-5 devstack@n-api.service[109554]: INFO nova.api.openstack.requestlog [None req-a6818b03-ea19-432c-86e2-f31a815270fb tempest-AggregatesAdminTestJSON-1117036124 tempest-AggregatesAdminTestJSON-1117036124-project-admin] 10.222.0.78 "POST /compute/v2.1/os-aggregates/2/action" status: 200 len: 241 microversion: 2.1 time: 0.216464
Aug 12 14:56:24.721318 n-d-797725-5 devstack@n-api.service[109554]: [pid: 109554|app: 0|req: 85/167] 10.222.0.78 () {60 vars in 1191 bytes} [Thu Aug 12 14:56:24 2021] POST /compute/v2.1/os-aggregates/2/action => generated 241 bytes in 219 msecs (HTTP/1.1 200) 9 headers in 357 bytes (1 switches on core 0)
Aug 12 14:56:24.733850 n-d-797725-5 devstack@n-api.service[109555]: DEBUG nova.api.openstack.wsgi [None req-fe5f15ee-8632-4a58-8cb7-9504a639a8d3 tempest-AggregatesAdminTestJSON-1117036124 tempest-AggregatesAdminTestJSON-1117036124-project-admin] Calling method '>' {{(pid=109555) _process_stack /opt/stack/nova/nova/api/openstack/wsgi.py:513}}
Aug 12 14:56:24.735042 n-d-797725-5 devstack@n-api.service[109555]: /usr/local/lib/python3.8/dist-packages/oslo_policy/policy.py:1064: UserWarning: Policy os_compute_api:os-aggregates:show failed scope check. The token used to make the request was project scoped but the policy requires ['system'] scope. This behavior may change in the future where using the intended scope is required
Aug 12 14:56:24.735042 n-d-797725-5 devstack@n-api.service[109555]: warnings.warn(msg)
Aug 12 14:56:24.752171 n-d-797725-5 devstack@n-api.service[109555]: INFO nova.api.openstack.requestlog [None req-fe5f15ee-8632-4a58-8cb7-9504a639a8d3 tempest-AggregatesAdminTestJSON-1117036124 tempest-AggregatesAdminTestJSON-1117036124-project-admin] 10.222.0.78 "GET /compute/v2.1/os-aggregates/2" status: 200 len: 241 microversion: 2.1 time: 0.024840
Aug 12 14:56:24.766883 n-d-797725-5 devstack@n-api.service[109554]: DEBUG nova.api.openstack.wsgi [None req-7ebeab5f-c0f7-461f-94d9-ff9442bae8c6 tempest-AggregatesAdminTestJSON-1117036124 tempest-AggregatesAdminTestJSON-1117036124-project-admin] Action: 'action', calling method: >, body: {"remove_host": {"host": "n-h2-797725-5"}} {{(pid=109554) _process_stack /opt/stack/nova/nova/api/openstack/wsgi.py:511}}
Aug 12 14:56:24.766883 n-d-797725-5 devstack@n-api.service[109554]: /usr/local/lib/python3.8/dist-packages/oslo_policy/policy.py:1064: UserWarning: Policy os_compute_api:os-aggregates:remove_host failed scope check. The token used to make the request was project scoped but the policy requires ['system'] scope. This behavior may change in the future where using the intended scope is required
Aug 12 14:56:24.766883 n-d-797725-5 devstack@n-api.service[109554]: warnings.warn(msg)
Aug 12 14:56:24.770639 n-d-797725-5 devstack@n-api.service[109555]: [pid: 109555|app: 0|req: 83/168] 10.222.0.78 () {58 vars in 1149 bytes} [Thu Aug 12 14:56:24 2021] GET /compute/v2.1/os-aggregates/2 => generated 241 bytes in 27 msecs (HTTP/1.1 200) 9 headers in 357 bytes (1 switches on core 0)
Aug 12 14:56:24.774659 n-d-797725-5 devstack@n-api.service[109554]: DEBUG oslo_concurrency.lockutils [None req-7ebeab5f-c0f7-461f-94d9-ff9442bae8c6 tempest-AggregatesAdminTestJSON-1117036124 tempest-AggregatesAdminTestJSON-1117036124-project-admin] Lock "49387052-e223-42b9-9651-7fe36f6963eb" acquired by "nova.context.set_target_cell..get_or_set_cached_cell_and_set_connections" :: waited 0.000s {{(pid=109554) inner /usr/local/lib/python3.8/dist-packages/oslo_concurrency/lockutils.py:355}}
Aug 12 14:56:24.775273 n-d-797725-5 devstack@n-api.service[109554]: DEBUG oslo_concurrency.lockutils [None req-7ebeab5f-c0f7-461f-94d9-ff9442bae8c6 tempest-AggregatesAdminTestJSON-1117036124 tempest-AggregatesAdminTestJSON-1117036124-project-admin] Lock "49387052-e223-42b9-9651-7fe36f6963eb" released by "nova.context.set_target_cell..get_or_set_cached_cell_and_set_connections" :: held 0.001s {{(pid=109554) inner /usr/local/lib/python3.8/dist-packages/oslo_concurrency/lockutils.py:367}}
Aug 12 14:56:24.912399 n-d-797725-5 devstack@n-api.service[109554]: INFO nova.api.openstack.requestlog [None req-7ebeab5f-c0f7-461f-94d9-ff9442bae8c6 tempest-AggregatesAdminTestJSON-1117036124 tempest-AggregatesAdminTestJSON-1117036124-project-admin] 10.222.0.78 "POST /compute/v2.1/os-aggregates/2/action" status: 200 len: 226 microversion: 2.1 time: 0.152050
Aug 12 14:56:24.914161 n-d-797725-5 devstack@n-api.service[109555]: DEBUG nova.api.openstack.wsgi [None req-dc043270-5b39-4f3d-a20f-2654bf522e9f tempest-LiveAutoBlockMigrationV225Test-1216441469 tempest-LiveAutoBlockMigrationV225Test-1216441469-project] Calling method '>' {{(pid=109555) _process_stack /opt/stack/nova/nova/api/openstack/wsgi.py:513}}
Aug 12 14:56:24.914848 n-d-797725-5 devstack@n-api.service[109555]: DEBUG nova.compute.api [None req-dc043270-5b39-4f3d-a20f-2654bf522e9f tempest-LiveAutoBlockMigrationV225Test-1216441469 tempest-LiveAutoBlockMigrationV225Test-1216441469-project] [instance: c6b204ec-a489-447b-bb38-319a0c9533d5] Fetching instance by UUID {{(pid=109555) get /opt/stack/nova/nova/compute/api.py:2791}}
Aug 12 14:56:24.923729 n-d-797725-5 devstack@n-api.service[109555]: DEBUG oslo_concurrency.lockutils [None req-dc043270-5b39-4f3d-a20f-2654bf522e9f tempest-LiveAutoBlockMigrationV225Test-1216441469 tempest-LiveAutoBlockMigrationV225Test-1216441469-project] Lock "49387052-e223-42b9-9651-7fe36f6963eb" acquired by "nova.context.set_target_cell..get_or_set_cached_cell_and_set_connections" :: waited 0.000s {{(pid=109555) inner /usr/local/lib/python3.8/dist-packages/oslo_concurrency/lockutils.py:355}}
Aug 12 14:56:24.924799 n-d-797725-5 devstack@n-api.service[109554]: [pid: 109554|app: 0|req: 86/169] 10.222.0.78 () {60 vars in 1191 bytes} [Thu Aug 12 14:56:24 2021] POST /compute/v2.1/os-aggregates/2/action => generated 226 bytes in 165 msecs (HTTP/1.1 200) 9 headers in 357 bytes (1 switches on core 0)
Aug 12 14:56:24.925226 n-d-797725-5 devstack@n-api.service[109555]: DEBUG oslo_concurrency.lockutils [None req-dc043270-5b39-4f3d-a20f-2654bf522e9f tempest-LiveAutoBlockMigrationV225Test-1216441469 tempest-LiveAutoBlockMigrationV225Test-1216441469-project] Lock "49387052-e223-42b9-9651-7fe36f6963eb" released by "nova.context.set_target_cell..get_or_set_cached_cell_and_set_connections" :: held 0.002s {{(pid=109555) inner /usr/local/lib/python3.8/dist-packages/oslo_concurrency/lockutils.py:367}}
Aug 12 14:56:24.926253 n-d-797725-5 devstack@n-api.service[109555]: DEBUG oslo_concurrency.lockutils [None req-dc043270-5b39-4f3d-a20f-2654bf522e9f tempest-LiveAutoBlockMigrationV225Test-1216441469 tempest-LiveAutoBlockMigrationV225Test-1216441469-project] Lock "49387052-e223-42b9-9651-7fe36f6963eb" acquired by "nova.context.set_target_cell..get_or_set_cached_cell_and_set_connections" :: waited 0.000s {{(pid=109555) inner /usr/local/lib/python3.8/dist-packages/oslo_concurrency/lockutils.py:355}}
Aug 12 14:56:24.926896 n-d-797725-5 devstack@n-api.service[109555]: DEBUG oslo_concurrency.lockutils [None req-dc043270-5b39-4f3d-a20f-2654bf522e9f tempest-LiveAutoBlockMigrationV225Test-1216441469 tempest-LiveAutoBlockMigrationV225Test-1216441469-project] Lock "49387052-e223-42b9-9651-7fe36f6963eb" released by "nova.context.set_target_cell..get_or_set_cached_cell_and_set_connections" :: held 0.001s {{(pid=109555) inner /usr/local/lib/python3.8/dist-packages/oslo_concurrency/lockutils.py:367}}
Aug 12 14:56:24.936595 n-d-797725-5 devstack@n-api.service[109554]: DEBUG nova.api.openstack.wsgi [None req-29b21cf4-a2f7-4533-ba7a-6d2ae9c60926 tempest-AggregatesAdminTestJSON-1117036124 tempest-AggregatesAdminTestJSON-1117036124-project-admin] Calling method '>' {{(pid=109554) _process_stack /opt/stack/nova/nova/api/openstack/wsgi.py:513}}
Aug 12 14:56:24.937339 n-d-797725-5 devstack@n-api.service[109554]: /usr/local/lib/python3.8/dist-packages/oslo_policy/policy.py:1064: UserWarning: Policy os_compute_api:os-aggregates:delete failed scope check. The token used to make the request was project scoped but the policy requires ['system'] scope. This behavior may change in the future where using the intended scope is required
Aug 12 14:56:24.937339 n-d-797725-5 devstack@n-api.service[109554]: warnings.warn(msg)
Aug 12 14:56:24.980794 n-d-797725-5 devstack@n-api.service[109554]: INFO nova.api.openstack.requestlog [None req-29b21cf4-a2f7-4533-ba7a-6d2ae9c60926 tempest-AggregatesAdminTestJSON-1117036124 tempest-AggregatesAdminTestJSON-1117036124-project-admin] 10.222.0.78 "DELETE /compute/v2.1/os-aggregates/2" status: 200 len: 0 microversion: 2.1 time: 0.045092
Aug 12 14:56:24.982155 n-d-797725-5 devstack@n-api.service[109554]: [pid: 109554|app: 0|req: 87/170] 10.222.0.78 () {58 vars in 1152 bytes} [Thu Aug 12 14:56:24 2021] DELETE /compute/v2.1/os-aggregates/2 => generated 0 bytes in 50 msecs (HTTP/1.1 200) 9 headers in 355 bytes (2 switches on core 0)
Aug 12 14:56:24.993960 n-d-797725-5 devstack@n-api.service[109554]: DEBUG nova.api.openstack.wsgi [None req-f9edaaa1-db20-444c-8644-193212a157b1 tempest-AggregatesAdminTestJSON-1117036124 tempest-AggregatesAdminTestJSON-1117036124-project-admin] Action: 'create', calling method: >, body: {"aggregate": {"name": "tempest-test_aggregate-1801770977"}} {{(pid=109554) _process_stack /opt/stack/nova/nova/api/openstack/wsgi.py:511}}
Aug 12 14:56:24.996914 n-d-797725-5 devstack@n-api.service[109554]: /usr/local/lib/python3.8/dist-packages/oslo_policy/policy.py:1064: UserWarning: Policy os_compute_api:os-aggregates:create failed scope check. The token used to make the request was project scoped but the policy requires ['system'] scope. This behavior may change in the future where using the intended scope is required
Aug 12 14:56:24.996914 n-d-797725-5 devstack@n-api.service[109554]: warnings.warn(msg)
Aug 12 14:56:24.998611 n-d-797725-5 devstack@n-api.service[109554]: DEBUG nova.objects.aggregate [None req-f9edaaa1-db20-444c-8644-193212a157b1 tempest-AggregatesAdminTestJSON-1117036124 tempest-AggregatesAdminTestJSON-1117036124-project-admin] Generated uuid feaff4d0-a435-4e84-ab94-e75bd0b7c0f7 for aggregate {{(pid=109554) create /opt/stack/nova/nova/objects/aggregate.py:298}}
Aug 12 14:56:25.031374 n-d-797725-5 devstack@n-api.service[109554]: INFO nova.api.openstack.requestlog [None req-f9edaaa1-db20-444c-8644-193212a157b1 tempest-AggregatesAdminTestJSON-1117036124 tempest-AggregatesAdminTestJSON-1117036124-project-admin] 10.222.0.78 "POST /compute/v2.1/os-aggregates" status: 200 len: 198 microversion: 2.1 time: 0.041190
Aug 12 14:56:25.032386 n-d-797725-5 devstack@n-api.service[109554]: [pid: 109554|app: 0|req: 88/171] 10.222.0.78 () {60 vars in 1164 bytes} [Thu Aug 12 14:56:24 2021] POST /compute/v2.1/os-aggregates => generated 198 bytes in 43 msecs (HTTP/1.1 200) 9 headers in 357 bytes (1 switches on core 0)
Aug 12 14:56:25.049863 n-d-797725-5 devstack@n-api.service[109554]: DEBUG nova.api.openstack.wsgi [None req-c6e257c9-a676-4cc4-8976-276af1460dda tempest-AggregatesAdminTestJSON-1117036124 tempest-AggregatesAdminTestJSON-1117036124-project-admin] Action: 'action', calling method: >, body: {"add_host": {"host": "n-h2-797725-5"}} {{(pid=109554) _process_stack /opt/stack/nova/nova/api/openstack/wsgi.py:511}}
Aug 12 14:56:25.051976 n-d-797725-5 devstack@n-api.service[109554]: /usr/local/lib/python3.8/dist-packages/oslo_policy/policy.py:1064: UserWarning: Policy os_compute_api:os-aggregates:add_host failed scope check. The token used to make the request was project scoped but the policy requires ['system'] scope. This behavior may change in the future where using the intended scope is required
Aug 12 14:56:25.051976 n-d-797725-5 devstack@n-api.service[109554]: warnings.warn(msg)
Aug 12 14:56:25.064843 n-d-797725-5 devstack@n-api.service[109554]: DEBUG oslo_concurrency.lockutils [None req-c6e257c9-a676-4cc4-8976-276af1460dda tempest-AggregatesAdminTestJSON-1117036124 tempest-AggregatesAdminTestJSON-1117036124-project-admin] Lock "49387052-e223-42b9-9651-7fe36f6963eb" acquired by "nova.context.set_target_cell..get_or_set_cached_cell_and_set_connections" :: waited 0.000s {{(pid=109554) inner /usr/local/lib/python3.8/dist-packages/oslo_concurrency/lockutils.py:355}}
Aug 12 14:56:25.065293 n-d-797725-5 devstack@n-api.service[109554]: DEBUG oslo_concurrency.lockutils [None req-c6e257c9-a676-4cc4-8976-276af1460dda tempest-AggregatesAdminTestJSON-1117036124 tempest-AggregatesAdminTestJSON-1117036124-project-admin] Lock "49387052-e223-42b9-9651-7fe36f6963eb" released by "nova.context.set_target_cell..get_or_set_cached_cell_and_set_connections" :: held 0.001s {{(pid=109554) inner /usr/local/lib/python3.8/dist-packages/oslo_concurrency/lockutils.py:367}}
Aug 12 14:56:25.127773 n-d-797725-5 devstack@n-api.service[109555]: DEBUG nova.policy [None req-dc043270-5b39-4f3d-a20f-2654bf522e9f tempest-LiveAutoBlockMigrationV225Test-1216441469 tempest-LiveAutoBlockMigrationV225Test-1216441469-project] Policy check for os_compute_api:os-extended-server-attributes failed with credentials {'is_admin': False, 'user_id': '9465b864046d406ca3153b338090c98e', 'user_domain_id': 'default', 'system_scope': None, 'domain_id': None, 'project_id': '32ecd9d89002426980c335010651eaf9', 'project_domain_id': 'default', 'roles': ['member', 'reader'], 'is_admin_project': True, 'service_user_id': None, 'service_user_domain_id': None, 'service_project_id': None, 'service_project_domain_id': None, 'service_roles': []} {{(pid=109555) authorize /opt/stack/nova/nova/policy.py:199}}
Aug 12 14:56:25.141375 n-d-797725-5 devstack@n-api.service[109555]: DEBUG nova.policy [None req-dc043270-5b39-4f3d-a20f-2654bf522e9f tempest-LiveAutoBlockMigrationV225Test-1216441469 tempest-LiveAutoBlockMigrationV225Test-1216441469-project] Policy check for os_compute_api:servers:show:host_status failed with credentials {'is_admin': False, 'user_id': '9465b864046d406ca3153b338090c98e', 'user_domain_id': 'default', 'system_scope': None, 'domain_id': None, 'project_id': '32ecd9d89002426980c335010651eaf9', 'project_domain_id': 'default', 'roles': ['member', 'reader'], 'is_admin_project': True, 'service_user_id': None, 'service_user_domain_id': None, 'service_project_id': None, 'service_project_domain_id': None, 'service_roles': []} {{(pid=109555) authorize /opt/stack/nova/nova/policy.py:199}}
Aug 12 14:56:25.143559 n-d-797725-5 devstack@n-api.service[109555]: DEBUG nova.policy [None req-dc043270-5b39-4f3d-a20f-2654bf522e9f tempest-LiveAutoBlockMigrationV225Test-1216441469 tempest-LiveAutoBlockMigrationV225Test-1216441469-project] Policy check for os_compute_api:servers:show:host_status:unknown-only failed with credentials {'is_admin': False, 'user_id': '9465b864046d406ca3153b338090c98e', 'user_domain_id': 'default', 'system_scope': None, 'domain_id': None, 'project_id': '32ecd9d89002426980c335010651eaf9', 'project_domain_id': 'default', 'roles': ['member', 'reader'], 'is_admin_project': True, 'service_user_id': None, 'service_user_domain_id': None, 'service_project_id': None, 'service_project_domain_id': None, 'service_roles': []} {{(pid=109555) authorize /opt/stack/nova/nova/policy.py:199}}
Aug 12 14:56:25.144650 n-d-797725-5 devstack@n-api.service[109555]: INFO nova.api.openstack.requestlog [None req-dc043270-5b39-4f3d-a20f-2654bf522e9f tempest-LiveAutoBlockMigrationV225Test-1216441469 tempest-LiveAutoBlockMigrationV225Test-1216441469-project] 10.222.0.78 "GET /compute/v2.1/servers/c6b204ec-a489-447b-bb38-319a0c9533d5" status: 200 len: 1361 microversion: 2.25 time: 0.234308
Aug 12 14:56:25.145355 n-d-797725-5 devstack@n-api.service[109555]: [pid: 109555|app: 0|req: 84/172] 10.222.0.78 () {60 vars in 1277 bytes} [Thu Aug 12 14:56:24 2021] GET /compute/v2.1/servers/c6b204ec-a489-447b-bb38-319a0c9533d5 => generated 1361 bytes in 236 msecs (HTTP/1.1 200) 9 headers in 360 bytes (2 switches on core 0)
Aug 12 14:56:25.226395 n-d-797725-5 devstack@n-api.service[109554]: INFO nova.api.openstack.requestlog [None req-c6e257c9-a676-4cc4-8976-276af1460dda tempest-AggregatesAdminTestJSON-1117036124 tempest-AggregatesAdminTestJSON-1117036124-project-admin] 10.222.0.78 "POST /compute/v2.1/os-aggregates/3/action" status: 200 len: 242 microversion: 2.1 time: 0.187199
Aug 12 14:56:25.227489 n-d-797725-5 devstack@n-api.service[109554]: [pid: 109554|app: 0|req: 89/173] 10.222.0.78 () {60 vars in 1191 bytes} [Thu Aug 12 14:56:25 2021] POST /compute/v2.1/os-aggregates/3/action => generated 242 bytes in 190 msecs (HTTP/1.1 200) 9 headers in 357 bytes (2 switches on core 0)
Aug 12 14:56:25.237819 n-d-797725-5 devstack@n-api.service[109555]: DEBUG nova.api.openstack.wsgi [None req-0833fb90-9da3-4a61-997c-1e411297158a tempest-AggregatesAdminTestJSON-1117036124 tempest-AggregatesAdminTestJSON-1117036124-project-admin] Calling method '>' {{(pid=109555) _process_stack /opt/stack/nova/nova/api/openstack/wsgi.py:513}}
Aug 12 14:56:25.238566 n-d-797725-5 devstack@n-api.service[109555]: /usr/local/lib/python3.8/dist-packages/oslo_policy/policy.py:1064: UserWarning: Policy os_compute_api:os-aggregates:index failed scope check. The token used to make the request was project scoped but the policy requires ['system'] scope. This behavior may change in the future where using the intended scope is required
Aug 12 14:56:25.238566 n-d-797725-5 devstack@n-api.service[109555]: warnings.warn(msg)
Aug 12 14:56:25.254848 n-d-797725-5 devstack@n-api.service[109555]: INFO nova.api.openstack.requestlog [None req-0833fb90-9da3-4a61-997c-1e411297158a tempest-AggregatesAdminTestJSON-1117036124 tempest-AggregatesAdminTestJSON-1117036124-project-admin] 10.222.0.78 "GET /compute/v2.1/os-aggregates" status: 200 len: 245 microversion: 2.1 time: 0.020507
Aug 12 14:56:25.255492 n-d-797725-5 devstack@n-api.service[109555]: [pid: 109555|app: 0|req: 85/174] 10.222.0.78 () {58 vars in 1143 bytes} [Thu Aug 12 14:56:25 2021] GET /compute/v2.1/os-aggregates => generated 245 bytes in 22 msecs (HTTP/1.1 200) 9 headers in 357 bytes (1 switches on core 0)
Aug 12 14:56:25.266802 n-d-797725-5 devstack@n-api.service[109554]: DEBUG nova.api.openstack.wsgi [None req-b67ad015-0c6c-4c57-901c-6b5f4b6e52cb tempest-AggregatesAdminTestJSON-1117036124 tempest-AggregatesAdminTestJSON-1117036124-project-admin] Action: 'action', calling method: >, body: {"remove_host": {"host": "n-h2-797725-5"}} {{(pid=109554) _process_stack /opt/stack/nova/nova/api/openstack/wsgi.py:511}}
Aug 12 14:56:25.268343 n-d-797725-5 devstack@n-api.service[109554]: /usr/local/lib/python3.8/dist-packages/oslo_policy/policy.py:1064: UserWarning: Policy os_compute_api:os-aggregates:remove_host failed scope check. The token used to make the request was project scoped but the policy requires ['system'] scope. This behavior may change in the future where using the intended scope is required
Aug 12 14:56:25.268343 n-d-797725-5 devstack@n-api.service[109554]: warnings.warn(msg)
Aug 12 14:56:25.447985 n-d-797725-5 devstack@n-api.service[109554]: DEBUG oslo_concurrency.lockutils [None req-b67ad015-0c6c-4c57-901c-6b5f4b6e52cb tempest-AggregatesAdminTestJSON-1117036124 tempest-AggregatesAdminTestJSON-1117036124-project-admin] Lock "49387052-e223-42b9-9651-7fe36f6963eb" acquired by "nova.context.set_target_cell..get_or_set_cached_cell_and_set_connections" :: waited 0.000s {{(pid=109554) inner /usr/local/lib/python3.8/dist-packages/oslo_concurrency/lockutils.py:355}}
Aug 12 14:56:25.448702 n-d-797725-5 devstack@n-api.service[109554]: DEBUG oslo_concurrency.lockutils [None req-b67ad015-0c6c-4c57-901c-6b5f4b6e52cb tempest-AggregatesAdminTestJSON-1117036124 tempest-AggregatesAdminTestJSON-1117036124-project-admin] Lock "49387052-e223-42b9-9651-7fe36f6963eb" released by "nova.context.set_target_cell..get_or_set_cached_cell_and_set_connections" :: held 0.001s {{(pid=109554) inner /usr/local/lib/python3.8/dist-packages/oslo_concurrency/lockutils.py:367}}
Aug 12 14:56:25.583802 n-d-797725-5 devstack@n-api.service[109555]: DEBUG nova.api.openstack.wsgi [None req-e34eeb90-6f2b-4844-a3e2-742d85418729 tempest-LiveMigrationTest-1808840238 tempest-LiveMigrationTest-1808840238-project] Calling method '>' {{(pid=109555) _process_stack /opt/stack/nova/nova/api/openstack/wsgi.py:513}}
Aug 12 14:56:25.585016 n-d-797725-5 devstack@n-api.service[109555]: DEBUG nova.compute.api [None req-e34eeb90-6f2b-4844-a3e2-742d85418729 tempest-LiveMigrationTest-1808840238 tempest-LiveMigrationTest-1808840238-project] [instance: 22972100-26b6-4165-be93-302e693d87a3] Fetching instance by UUID {{(pid=109555) get /opt/stack/nova/nova/compute/api.py:2791}}
Aug 12 14:56:25.589949 n-d-797725-5 devstack@n-api.service[109554]: INFO nova.api.openstack.requestlog [None req-b67ad015-0c6c-4c57-901c-6b5f4b6e52cb tempest-AggregatesAdminTestJSON-1117036124 tempest-AggregatesAdminTestJSON-1117036124-project-admin] 10.222.0.78 "POST /compute/v2.1/os-aggregates/3/action" status: 200 len: 227 microversion: 2.1 time: 0.325772
Aug 12 14:56:25.595511 n-d-797725-5 devstack@n-api.service[109554]: [pid: 109554|app: 0|req: 90/175] 10.222.0.78 () {60 vars in 1191 bytes} [Thu Aug 12 14:56:25 2021] POST /compute/v2.1/os-aggregates/3/action => generated 227 bytes in 328 msecs (HTTP/1.1 200) 9 headers in 357 bytes (1 switches on core 0)
Aug 12 14:56:25.599002 n-d-797725-5 devstack@n-api.service[109555]: DEBUG oslo_concurrency.lockutils [None req-e34eeb90-6f2b-4844-a3e2-742d85418729 tempest-LiveMigrationTest-1808840238 tempest-LiveMigrationTest-1808840238-project] Lock "49387052-e223-42b9-9651-7fe36f6963eb" acquired by "nova.context.set_target_cell..get_or_set_cached_cell_and_set_connections" :: waited 0.000s {{(pid=109555) inner /usr/local/lib/python3.8/dist-packages/oslo_concurrency/lockutils.py:355}}
Aug 12 14:56:25.601191 n-d-797725-5 devstack@n-api.service[109555]: DEBUG oslo_concurrency.lockutils [None req-e34eeb90-6f2b-4844-a3e2-742d85418729 tempest-LiveMigrationTest-1808840238 tempest-LiveMigrationTest-1808840238-project] Lock "49387052-e223-42b9-9651-7fe36f6963eb" released by "nova.context.set_target_cell..get_or_set_cached_cell_and_set_connections" :: held 0.003s {{(pid=109555) inner /usr/local/lib/python3.8/dist-packages/oslo_concurrency/lockutils.py:367}}
Aug 12 14:56:25.604091 n-d-797725-5 devstack@n-api.service[109555]: DEBUG oslo_concurrency.lockutils [None req-e34eeb90-6f2b-4844-a3e2-742d85418729 tempest-LiveMigrationTest-1808840238 tempest-LiveMigrationTest-1808840238-project] Lock "49387052-e223-42b9-9651-7fe36f6963eb" acquired by "nova.context.set_target_cell..get_or_set_cached_cell_and_set_connections" :: waited 0.000s {{(pid=109555) inner /usr/local/lib/python3.8/dist-packages/oslo_concurrency/lockutils.py:355}}
Aug 12 14:56:25.605846 n-d-797725-5 devstack@n-api.service[109554]: DEBUG nova.api.openstack.wsgi [None req-2c13e2a6-621c-49b5-a3e6-ffacb7e93761 tempest-AggregatesAdminTestJSON-1117036124 tempest-AggregatesAdminTestJSON-1117036124-project-admin] Calling method '>' {{(pid=109554) _process_stack /opt/stack/nova/nova/api/openstack/wsgi.py:513}}
Aug 12 14:56:25.606602 n-d-797725-5 devstack@n-api.service[109555]: DEBUG oslo_concurrency.lockutils [None req-e34eeb90-6f2b-4844-a3e2-742d85418729 tempest-LiveMigrationTest-1808840238 tempest-LiveMigrationTest-1808840238-project] Lock "49387052-e223-42b9-9651-7fe36f6963eb" released by "nova.context.set_target_cell..get_or_set_cached_cell_and_set_connections" :: held 0.003s {{(pid=109555) inner /usr/local/lib/python3.8/dist-packages/oslo_concurrency/lockutils.py:367}}
Aug 12 14:56:25.606717 n-d-797725-5 devstack@n-api.service[109554]: /usr/local/lib/python3.8/dist-packages/oslo_policy/policy.py:1064: UserWarning: Policy os_compute_api:os-aggregates:delete failed scope check. The token used to make the request was project scoped but the policy requires ['system'] scope. This behavior may change in the future where using the intended scope is required
Aug 12 14:56:25.606717 n-d-797725-5 devstack@n-api.service[109554]: warnings.warn(msg)
Aug 12 14:56:25.639685 n-d-797725-5 devstack@n-api.service[109554]: INFO nova.api.openstack.requestlog [None req-2c13e2a6-621c-49b5-a3e6-ffacb7e93761 tempest-AggregatesAdminTestJSON-1117036124 tempest-AggregatesAdminTestJSON-1117036124-project-admin] 10.222.0.78 "DELETE /compute/v2.1/os-aggregates/3" status: 200 len: 0 microversion: 2.1 time: 0.042323
Aug 12 14:56:25.641481 n-d-797725-5 devstack@n-api.service[109554]: [pid: 109554|app: 0|req: 91/176] 10.222.0.78 () {58 vars in 1152 bytes} [Thu Aug 12 14:56:25 2021] DELETE /compute/v2.1/os-aggregates/3 => generated 0 bytes in 44 msecs (HTTP/1.1 200) 9 headers in 355 bytes (1 switches on core 0)
Aug 12 14:56:25.657980 n-d-797725-5 devstack@n-api.service[109554]: DEBUG nova.api.openstack.wsgi [None req-3142804e-82bc-4f4d-bb7e-b45c7f58aa48 tempest-AggregatesAdminTestJSON-1117036124 tempest-AggregatesAdminTestJSON-1117036124-project-admin] Action: 'create', calling method: >, body: {"aggregate": {"name": "tempest-test_aggregate-1560086228"}} {{(pid=109554) _process_stack /opt/stack/nova/nova/api/openstack/wsgi.py:511}}
Aug 12 14:56:25.659860 n-d-797725-5 devstack@n-api.service[109554]: /usr/local/lib/python3.8/dist-packages/oslo_policy/policy.py:1064: UserWarning: Policy os_compute_api:os-aggregates:create failed scope check. The token used to make the request was project scoped but the policy requires ['system'] scope. This behavior may change in the future where using the intended scope is required
Aug 12 14:56:25.659860 n-d-797725-5 devstack@n-api.service[109554]: warnings.warn(msg)
Aug 12 14:56:25.661348 n-d-797725-5 devstack@n-api.service[109554]: DEBUG nova.objects.aggregate [None req-3142804e-82bc-4f4d-bb7e-b45c7f58aa48 tempest-AggregatesAdminTestJSON-1117036124 tempest-AggregatesAdminTestJSON-1117036124-project-admin] Generated uuid ecf9c367-f5d2-4085-93ed-6ab7932e66d3 for aggregate {{(pid=109554) create /opt/stack/nova/nova/objects/aggregate.py:298}}
Aug 12 14:56:25.685900 n-d-797725-5 devstack@n-api.service[109554]: INFO nova.api.openstack.requestlog [None req-3142804e-82bc-4f4d-bb7e-b45c7f58aa48 tempest-AggregatesAdminTestJSON-1117036124 tempest-AggregatesAdminTestJSON-1117036124-project-admin] 10.222.0.78 "POST /compute/v2.1/os-aggregates" status: 200 len: 198 microversion: 2.1 time: 0.038884
Aug 12 14:56:25.691889 n-d-797725-5 devstack@n-api.service[109554]: [pid: 109554|app: 0|req: 92/177] 10.222.0.78 () {60 vars in 1164 bytes} [Thu Aug 12 14:56:25 2021] POST /compute/v2.1/os-aggregates => generated 198 bytes in 41 msecs (HTTP/1.1 200) 9 headers in 357 bytes (1 switches on core 0)
Aug 12 14:56:25.697398 n-d-797725-5 devstack@n-api.service[109554]: DEBUG nova.api.openstack.wsgi [None req-b48e272d-12cc-40f0-8d6a-761ae0f1eb0b tempest-AggregatesAdminTestJSON-1117036124 tempest-AggregatesAdminTestJSON-1117036124-project-admin] Action: 'action', calling method: >, body: {"add_host": {"host": "n-h2-797725-5"}} {{(pid=109554) _process_stack /opt/stack/nova/nova/api/openstack/wsgi.py:511}}
Aug 12 14:56:25.699152 n-d-797725-5 devstack@n-api.service[109554]: /usr/local/lib/python3.8/dist-packages/oslo_policy/policy.py:1064: UserWarning: Policy os_compute_api:os-aggregates:add_host failed scope check. The token used to make the request was project scoped but the policy requires ['system'] scope. This behavior may change in the future where using the intended scope is required
Aug 12 14:56:25.699152 n-d-797725-5 devstack@n-api.service[109554]: warnings.warn(msg)
Aug 12 14:56:25.707591 n-d-797725-5 devstack@n-api.service[109554]: DEBUG oslo_concurrency.lockutils [None req-b48e272d-12cc-40f0-8d6a-761ae0f1eb0b tempest-AggregatesAdminTestJSON-1117036124 tempest-AggregatesAdminTestJSON-1117036124-project-admin] Lock "49387052-e223-42b9-9651-7fe36f6963eb" acquired by "nova.context.set_target_cell..get_or_set_cached_cell_and_set_connections" :: waited 0.000s {{(pid=109554) inner /usr/local/lib/python3.8/dist-packages/oslo_concurrency/lockutils.py:355}}
Aug 12 14:56:25.708315 n-d-797725-5 devstack@n-api.service[109554]: DEBUG oslo_concurrency.lockutils [None req-b48e272d-12cc-40f0-8d6a-761ae0f1eb0b tempest-AggregatesAdminTestJSON-1117036124 tempest-AggregatesAdminTestJSON-1117036124-project-admin] Lock "49387052-e223-42b9-9651-7fe36f6963eb" released by "nova.context.set_target_cell..get_or_set_cached_cell_and_set_connections" :: held 0.001s {{(pid=109554) inner /usr/local/lib/python3.8/dist-packages/oslo_concurrency/lockutils.py:367}}
Aug 12 14:56:25.849749 n-d-797725-5 devstack@n-api.service[109554]: INFO nova.api.openstack.requestlog [None req-b48e272d-12cc-40f0-8d6a-761ae0f1eb0b tempest-AggregatesAdminTestJSON-1117036124 tempest-AggregatesAdminTestJSON-1117036124-project-admin] 10.222.0.78 "POST /compute/v2.1/os-aggregates/4/action" status: 200 len: 242 microversion: 2.1 time: 0.156346
Aug 12 14:56:25.850472 n-d-797725-5 devstack@n-api.service[109554]: [pid: 109554|app: 0|req: 93/178] 10.222.0.78 () {60 vars in 1191 bytes} [Thu Aug 12 14:56:25 2021] POST /compute/v2.1/os-aggregates/4/action => generated 242 bytes in 158 msecs (HTTP/1.1 200) 9 headers in 357 bytes (1 switches on core 0)
Aug 12 14:56:25.864094 n-d-797725-5 devstack@n-api.service[109554]: DEBUG nova.api.openstack.wsgi [None req-b9c009b9-3456-4079-9cf8-0ff8bd76a2ff tempest-AggregatesAdminTestJSON-1117036124 tempest-AggregatesAdminTestJSON-1117036124-project-admin] Action: 'action', calling method: >, body: {"remove_host": {"host": "n-h2-797725-5"}} {{(pid=109554) _process_stack /opt/stack/nova/nova/api/openstack/wsgi.py:511}}
Aug 12 14:56:25.865819 n-d-797725-5 devstack@n-api.service[109554]: /usr/local/lib/python3.8/dist-packages/oslo_policy/policy.py:1064: UserWarning: Policy os_compute_api:os-aggregates:remove_host failed scope check. The token used to make the request was project scoped but the policy requires ['system'] scope. This behavior may change in the future where using the intended scope is required
Aug 12 14:56:25.865819 n-d-797725-5 devstack@n-api.service[109554]: warnings.warn(msg)
Aug 12 14:56:25.876212 n-d-797725-5 devstack@n-api.service[109554]: DEBUG oslo_concurrency.lockutils [None req-b9c009b9-3456-4079-9cf8-0ff8bd76a2ff tempest-AggregatesAdminTestJSON-1117036124 tempest-AggregatesAdminTestJSON-1117036124-project-admin] Lock "49387052-e223-42b9-9651-7fe36f6963eb" acquired by "nova.context.set_target_cell..get_or_set_cached_cell_and_set_connections" :: waited 0.000s {{(pid=109554) inner /usr/local/lib/python3.8/dist-packages/oslo_concurrency/lockutils.py:355}}
Aug 12 14:56:25.876758 n-d-797725-5 devstack@n-api.service[109554]: DEBUG oslo_concurrency.lockutils [None req-b9c009b9-3456-4079-9cf8-0ff8bd76a2ff tempest-AggregatesAdminTestJSON-1117036124 tempest-AggregatesAdminTestJSON-1117036124-project-admin] Lock "49387052-e223-42b9-9651-7fe36f6963eb" released by "nova.context.set_target_cell..get_or_set_cached_cell_and_set_connections" :: held 0.001s {{(pid=109554) inner /usr/local/lib/python3.8/dist-packages/oslo_concurrency/lockutils.py:367}}
Aug 12 14:56:25.901716 n-d-797725-5 devstack@n-api.service[109555]: DEBUG nova.policy [None req-e34eeb90-6f2b-4844-a3e2-742d85418729 tempest-LiveMigrationTest-1808840238 tempest-LiveMigrationTest-1808840238-project] Policy check for os_compute_api:os-extended-server-attributes failed with credentials {'is_admin': False, 'user_id': 'a58d167a34f6416397a139474cf2317d', 'user_domain_id': 'default', 'system_scope': None, 'domain_id': None, 'project_id': 'fa911c2be5224cd69510cdfec6e62491', 'project_domain_id': 'default', 'roles': ['member', 'reader'], 'is_admin_project': True, 'service_user_id': None, 'service_user_domain_id': None, 'service_project_id': None, 'service_project_domain_id': None, 'service_roles': []} {{(pid=109555) authorize /opt/stack/nova/nova/policy.py:199}}
Aug 12 14:56:25.909767 n-d-797725-5 devstack@n-api.service[109555]: INFO nova.api.openstack.requestlog [None req-e34eeb90-6f2b-4844-a3e2-742d85418729 tempest-LiveMigrationTest-1808840238 tempest-LiveMigrationTest-1808840238-project] 10.222.0.78 "GET /compute/v2.1/servers/22972100-26b6-4165-be93-302e693d87a3" status: 200 len: 1311 microversion: 2.1 time: 0.329624
Aug 12 14:56:25.920237 n-d-797725-5 devstack@n-api.service[109555]: [pid: 109555|app: 0|req: 86/179] 10.222.0.78 () {58 vars in 1236 bytes} [Thu Aug 12 14:56:25 2021] GET /compute/v2.1/servers/22972100-26b6-4165-be93-302e693d87a3 => generated 1311 bytes in 341 msecs (HTTP/1.1 200) 9 headers in 358 bytes (2 switches on core 0)
Aug 12 14:56:26.037550 n-d-797725-5 devstack@n-api.service[109554]: INFO nova.api.openstack.requestlog [None req-b9c009b9-3456-4079-9cf8-0ff8bd76a2ff tempest-AggregatesAdminTestJSON-1117036124 tempest-AggregatesAdminTestJSON-1117036124-project-admin] 10.222.0.78 "POST /compute/v2.1/os-aggregates/4/action" status: 200 len: 227 microversion: 2.1 time: 0.179345
Aug 12 14:56:26.038665 n-d-797725-5 devstack@n-api.service[109554]: [pid: 109554|app: 0|req: 94/180] 10.222.0.78 () {60 vars in 1191 bytes} [Thu Aug 12 14:56:25 2021] POST /compute/v2.1/os-aggregates/4/action => generated 227 bytes in 182 msecs (HTTP/1.1 200) 9 headers in 357 bytes (2 switches on core 0)
Aug 12 14:56:26.052307 n-d-797725-5 devstack@n-api.service[109555]: DEBUG nova.api.openstack.wsgi [None req-e522ff94-06a5-444d-8e82-89ba0da6e8cf tempest-AggregatesAdminTestJSON-1117036124 tempest-AggregatesAdminTestJSON-1117036124-project-admin] Calling method '>' {{(pid=109555) _process_stack /opt/stack/nova/nova/api/openstack/wsgi.py:513}}
Aug 12 14:56:26.054203 n-d-797725-5 devstack@n-api.service[109555]: /usr/local/lib/python3.8/dist-packages/oslo_policy/policy.py:1064: UserWarning: Policy os_compute_api:os-aggregates:delete failed scope check. The token used to make the request was project scoped but the policy requires ['system'] scope. This behavior may change in the future where using the intended scope is required
Aug 12 14:56:26.054203 n-d-797725-5 devstack@n-api.service[109555]: warnings.warn(msg)
Aug 12 14:56:26.088643 n-d-797725-5 devstack@n-api.service[109555]: INFO nova.api.openstack.requestlog [None req-e522ff94-06a5-444d-8e82-89ba0da6e8cf tempest-AggregatesAdminTestJSON-1117036124 tempest-AggregatesAdminTestJSON-1117036124-project-admin] 10.222.0.78 "DELETE /compute/v2.1/os-aggregates/4" status: 200 len: 0 microversion: 2.1 time: 0.042324
Aug 12 14:56:26.090974 n-d-797725-5 devstack@n-api.service[109555]: [pid: 109555|app: 0|req: 87/181] 10.222.0.78 () {58 vars in 1152 bytes} [Thu Aug 12 14:56:26 2021] DELETE /compute/v2.1/os-aggregates/4 => generated 0 bytes in 46 msecs (HTTP/1.1 200) 9 headers in 355 bytes (2 switches on core 0)
Aug 12 14:56:26.111206 n-d-797725-5 devstack@n-api.service[109554]: DEBUG nova.api.openstack.wsgi [None req-f095fca6-6079-46ce-af86-27a35321489c tempest-AggregatesAdminTestJSON-1117036124 tempest-AggregatesAdminTestJSON-1117036124-project-admin] Action: 'create', calling method: >, body: {"aggregate": {"name": "tempest-test_aggregate-1392947853"}} {{(pid=109554) _process_stack /opt/stack/nova/nova/api/openstack/wsgi.py:511}}
Aug 12 14:56:26.113713 n-d-797725-5 devstack@n-api.service[109554]: /usr/local/lib/python3.8/dist-packages/oslo_policy/policy.py:1064: UserWarning: Policy os_compute_api:os-aggregates:create failed scope check. The token used to make the request was project scoped but the policy requires ['system'] scope. This behavior may change in the future where using the intended scope is required
Aug 12 14:56:26.113713 n-d-797725-5 devstack@n-api.service[109554]: warnings.warn(msg)
Aug 12 14:56:26.123650 n-d-797725-5 devstack@n-api.service[109554]: DEBUG nova.objects.aggregate [None req-f095fca6-6079-46ce-af86-27a35321489c tempest-AggregatesAdminTestJSON-1117036124 tempest-AggregatesAdminTestJSON-1117036124-project-admin] Generated uuid c26dc5ba-db57-41c7-a14d-1686c84e52bc for aggregate {{(pid=109554) create /opt/stack/nova/nova/objects/aggregate.py:298}}
Aug 12 14:56:26.123916 n-d-797725-5 devstack@n-api.service[109555]: DEBUG nova.api.openstack.wsgi [None req-f2b05870-2f53-4348-b2b4-5f2f883bc288 tempest-AggregatesAdminTestV241-1155324914 tempest-AggregatesAdminTestV241-1155324914-project-admin] Action: 'create', calling method: >, body: {"aggregate": {"name": "tempest-test_aggregate-431170810"}} {{(pid=109555) _process_stack /opt/stack/nova/nova/api/openstack/wsgi.py:511}}
Aug 12 14:56:26.123916 n-d-797725-5 devstack@n-api.service[109555]: /usr/local/lib/python3.8/dist-packages/oslo_policy/policy.py:1064: UserWarning: Policy os_compute_api:os-aggregates:create failed scope check. The token used to make the request was project scoped but the policy requires ['system'] scope. This behavior may change in the future where using the intended scope is required
Aug 12 14:56:26.123916 n-d-797725-5 devstack@n-api.service[109555]: warnings.warn(msg)
Aug 12 14:56:26.123916 n-d-797725-5 devstack@n-api.service[109555]: DEBUG nova.objects.aggregate [None req-f2b05870-2f53-4348-b2b4-5f2f883bc288 tempest-AggregatesAdminTestV241-1155324914 tempest-AggregatesAdminTestV241-1155324914-project-admin] Generated uuid 2cbafe7a-b5f0-4cdd-b1bd-7ccb9d81c899 for aggregate {{(pid=109555) create /opt/stack/nova/nova/objects/aggregate.py:298}}
Aug 12 14:56:26.174736 n-d-797725-5 devstack@n-api.service[109554]: INFO nova.api.openstack.requestlog [None req-f095fca6-6079-46ce-af86-27a35321489c tempest-AggregatesAdminTestJSON-1117036124 tempest-AggregatesAdminTestJSON-1117036124-project-admin] 10.222.0.78 "POST /compute/v2.1/os-aggregates" status: 200 len: 198 microversion: 2.1 time: 0.074562
Aug 12 14:56:26.180583 n-d-797725-5 devstack@n-api.service[109554]: [pid: 109554|app: 0|req: 95/182] 10.222.0.78 () {60 vars in 1164 bytes} [Thu Aug 12 14:56:26 2021] POST /compute/v2.1/os-aggregates => generated 198 bytes in 82 msecs (HTTP/1.1 200) 9 headers in 357 bytes (2 switches on core 0)
Aug 12 14:56:26.193366 n-d-797725-5 devstack@n-api.service[109554]: DEBUG nova.api.openstack.wsgi [None req-71a06a80-9419-419d-84d1-9783056fc4d0 tempest-LiveAutoBlockMigrationV225Test-1216441469 tempest-LiveAutoBlockMigrationV225Test-1216441469-project] Calling method '>' {{(pid=109554) _process_stack /opt/stack/nova/nova/api/openstack/wsgi.py:513}}
Aug 12 14:56:26.193863 n-d-797725-5 devstack@n-api.service[109554]: DEBUG nova.compute.api [None req-71a06a80-9419-419d-84d1-9783056fc4d0 tempest-LiveAutoBlockMigrationV225Test-1216441469 tempest-LiveAutoBlockMigrationV225Test-1216441469-project] [instance: c6b204ec-a489-447b-bb38-319a0c9533d5] Fetching instance by UUID {{(pid=109554) get /opt/stack/nova/nova/compute/api.py:2791}}
Aug 12 14:56:26.203483 n-d-797725-5 devstack@n-api.service[109554]: DEBUG oslo_concurrency.lockutils [None req-71a06a80-9419-419d-84d1-9783056fc4d0 tempest-LiveAutoBlockMigrationV225Test-1216441469 tempest-LiveAutoBlockMigrationV225Test-1216441469-project] Lock "49387052-e223-42b9-9651-7fe36f6963eb" acquired by "nova.context.set_target_cell..get_or_set_cached_cell_and_set_connections" :: waited 0.000s {{(pid=109554) inner /usr/local/lib/python3.8/dist-packages/oslo_concurrency/lockutils.py:355}}
Aug 12 14:56:26.203948 n-d-797725-5 devstack@n-api.service[109554]: DEBUG oslo_concurrency.lockutils [None req-71a06a80-9419-419d-84d1-9783056fc4d0 tempest-LiveAutoBlockMigrationV225Test-1216441469 tempest-LiveAutoBlockMigrationV225Test-1216441469-project] Lock "49387052-e223-42b9-9651-7fe36f6963eb" released by "nova.context.set_target_cell..get_or_set_cached_cell_and_set_connections" :: held 0.001s {{(pid=109554) inner /usr/local/lib/python3.8/dist-packages/oslo_concurrency/lockutils.py:367}}
Aug 12 14:56:26.204734 n-d-797725-5 devstack@n-api.service[109554]: DEBUG oslo_concurrency.lockutils [None req-71a06a80-9419-419d-84d1-9783056fc4d0 tempest-LiveAutoBlockMigrationV225Test-1216441469 tempest-LiveAutoBlockMigrationV225Test-1216441469-project] Lock "49387052-e223-42b9-9651-7fe36f6963eb" acquired by "nova.context.set_target_cell..get_or_set_cached_cell_and_set_connections" :: waited 0.000s {{(pid=109554) inner /usr/local/lib/python3.8/dist-packages/oslo_concurrency/lockutils.py:355}}
