Sep 16 14:41:09.643324 n-d-796909-5 devstack@placement-api.service[76455]: DEBUG placement.objects.trait [-] Synced traits from os_traits into API DB: {'COMPUTE_IMAGE_TYPE_RAW', 'COMPUTE_STORAGE_BUS_XEN', 'HW_CPU_X86_AVX512IFMA', 'HW_NIC_OFFLOAD_UCS', 'HW_NIC_OFFLOAD_FDF', 'HW_NUMA_ROOT', 'HW_GPU_RESOLUTION_W3840H2160', 'COMPUTE_STORAGE_BUS_IDE', 'HW_NIC_ACCEL_ECC', 'HW_GPU_CUDA_COMPUTE_CAPABILITY_V5_0', 'HW_NIC_SRIOV_QOS_RX', 'HW_CPU_X86_SSE4A', 'STORAGE_DISK_SSD', 'COMPUTE_NODE', 'HW_NIC_ACCEL_DEFLATE', 'HW_CPU_X86_SSE3', 'COMPUTE_GRAPHICS_MODEL_VGA', 'HW_GPU_API_DIRECT3D_V8_1', 'COMPUTE_MIGRATE_POST_COPY', 'HW_CPU_AARCH64_SHA512', 'HW_GPU_CUDA_COMPUTE_CAPABILITY_V1_3', 'HW_NIC_OFFLOAD_RXHASH', 'COMPUTE_TRUSTED_CERTS', 'HW_GPU_RESOLUTION_W1920H1200', 'HW_GPU_RESOLUTION_W800H600', 'COMPUTE_VOLUME_ATTACH', 'COMPUTE_MIGRATE_AUTO_CONVERGE', 'COMPUTE_RESCUE_BFV', 'HW_CPU_X86_AVX512PF', 'HW_GPU_API_OPENCL_V2_0', 'COMPUTE_NET_VIF_MODEL_VIRTIO', 'HW_GPU_API_DIRECT3D_V11_2', 'HW_NIC_OFFLOAD_GRO', 'HW_CPU_X86_AVX512VAES', 'HW_CPU_X86_AMD_SVM', 'HW_NIC_PROGRAMMABLE_PIPELINE', 'HW_NIC_OFFLOAD_QINQ', 'HW_CPU_X86_FMA3', 'COMPUTE_NET_VIF_MODEL_SRIOV', 'COMPUTE_STATUS_DISABLED', 'HW_NIC_DCB_ETS', 'HW_NIC_OFFLOAD_TX', 'HW_GPU_RESOLUTION_W1600H900', 'HW_CPU_X86_INTEL_VMX', 'COMPUTE_ACCELERATORS', 'HW_GPU_API_DIRECT3D_V8_0', 'HW_GPU_RESOLUTION_W1024H768', 'HW_NIC_OFFLOAD_SG', 'HW_GPU_CUDA_COMPUTE_CAPABILITY_V5_2', 'HW_GPU_CUDA_COMPUTE_CAPABILITY_V1_2', 'HW_GPU_API_OPENGL_V3_0', 'HW_NIC_ACCEL_LZS', 'COMPUTE_NET_VIF_MODEL_NETFRONT', 'HW_GPU_API_DIRECTX_V11', 'HW_NIC_DCB_PFC', 'COMPUTE_VOLUME_EXTEND', 'HW_GPU_API_VULKAN', 'COMPUTE_STORAGE_BUS_FDC', 'COMPUTE_STORAGE_BUS_VIRTIO', 'HW_GPU_API_OPENGL_V2_0', 'HW_CPU_X86_SSE', 'HW_GPU_CUDA_COMPUTE_CAPABILITY_V1_1', 'COMPUTE_IMAGE_TYPE_ISO', 'HW_CPU_X86_INTEL_MD_CLEAR', 'HW_GPU_API_DIRECT3D_V11_3', 'HW_GPU_API_OPENCL_V2_2', 'HW_GPU_API_OPENCL_V1_0', 'HW_CPU_AARCH64_FPHP', 'HW_CPU_AARCH64_PMULL', 'HW_CPU_X86_AVX2', 'HW_NIC_OFFLOAD_SCS', 'HW_CPU_X86_AMD_SSBD', 'HW_CPU_X86_SSE2', 'HW_GPU_API_DIRECT2D', 'HW_CPU_X86_AVX512VBMI', 'COMPUTE_STORAGE_BUS_SATA', 'HW_CPU_X86_INTEL_SSBD', 'HW_NIC_OFFLOAD_SWITCHDEV', 'HW_CPU_X86_AVX', 'HW_NIC_SRIOV_TRUSTED', 'COMPUTE_NET_VIF_MODEL_E1000', 'COMPUTE_IMAGE_TYPE_QCOW2', 'COMPUTE_IMAGE_TYPE_PLOOP', 'COMPUTE_VOLUME_ATTACH_WITH_TAG', 'HW_CPU_X86_SSE41', 'HW_GPU_API_OPENCL_V1_1', 'COMPUTE_STORAGE_BUS_USB', 'HW_GPU_MAX_DISPLAY_HEADS_6', 'HW_NIC_OFFLOAD_UFO', 'HW_CPU_PPC64LE_POWER8', 'HW_GPU_RESOLUTION_W1280H720', 'HW_CPU_X86_AVX512BW', 'HW_CPU_X86_PDPE1GB', 'HW_NIC_OFFLOAD_RXVLAN', 'HW_NIC_OFFLOAD_GRE', 'HW_GPU_API_DIRECT3D_V9_0L', 'HW_GPU_RESOLUTION_W640H480', 'HW_GPU_CUDA_SDK_V9_2', 'HW_CPU_AARCH64_AES', 'HW_GPU_CUDA_COMPUTE_CAPABILITY_V2_0', 'HW_CPU_X86_F16C', 'HW_CPU_X86_SSSE3', 'HW_GPU_CUDA_COMPUTE_CAPABILITY_V3_0', 'HW_GPU_CUDA_COMPUTE_CAPABILITY_V7_1', 'HW_GPU_CUDA_SDK_V9_0', 'HW_GPU_RESOLUTION_W1366H768', 'HW_GPU_API_DIRECT3D_V9_0C', 'HW_GPU_API_OPENGL_V4_0', 'HW_CPU_AARCH64_ASIMDHP', 'HW_GPU_API_OPENGL_V1_5', 'HW_CPU_X86_AVX512VBMI2', 'HW_NIC_ACCEL_IPSEC', 'HW_GPU_API_OPENGL_V3_3', 'COMPUTE_SAME_HOST_COLD_MIGRATE', 'HW_GPU_CUDA_COMPUTE_CAPABILITY_V2_1', 'COMPUTE_VOLUME_MULTI_ATTACH', 'COMPUTE_SECURITY_TPM_2_0', 'HW_CPU_AARCH64_CPUID', 'COMPUTE_NET_VIF_MODEL_VMXNET3', 'COMPUTE_SECURITY_TPM_1_2', 'HW_CPU_AARCH64_SVE', 'HW_CPU_AARCH64_SHA2', 'COMPUTE_GRAPHICS_MODEL_NONE', 'HW_GPU_RESOLUTION_W1360H768', 'HW_CPU_PPC64LE_POWER9', 'HW_GPU_RESOLUTION_W2560H1440', 'HW_GPU_API_OPENGL_V4_3', 'HW_NIC_OFFLOAD_RDMA', 'COMPUTE_NET_VIF_MODEL_E1000E', 'COMPUTE_STORAGE_BUS_LXC', 'HW_CPU_X86_VMX', 'HW_GPU_API_DIRECT3D_V12_0', 'HW_CPU_X86_INTEL_SPEC_CTRL', 'HW_GPU_CUDA_COMPUTE_CAPABILITY_V6_0', 'HW_NIC_SRIOV_QOS_TX', 'HW_GPU_MAX_DISPLAY_HEADS_4', 'HW_CPU_X86_XOP', 'HW_CPU_X86_AVX512CD', 'HW_CPU_X86_AVX512GFNI', 'HW_CPU_X86_AVX512BITALG', 'HW_CPU_AARCH64_CRC32', 'HW_GPU_CUDA_COMPUTE_CAPABILITY_V3_2', 'HW_GPU_CUDA_SDK_V7_5', 'HW_GPU_API_DIRECT3D_V9_0B', 'COMPUTE_IMAGE_TYPE_AKI', 'HW_NIC_OFFLOAD_LSO', 'HW_GPU_API_OPENGL_V4_5', 'HW_GPU_CUDA_SDK_V9_1', 'HW_CPU_AARCH64_SM3', 'HW_GPU_API_DIRECTX_V10', 'HW_CPU_X86_AVX512DQ', 'HW_CPU_X86_TBM', 'HW_CPU_X86_AMD_SEV', 'HW_CPU_AARCH64_SHA3', 'HW_GPU_API_DIRECT3D_V6_0', 'HW_CPU_X86_AVX512VPCLMULQDQ', 'HW_CPU_X86_SHA', 'HW_GPU_CUDA_COMPUTE_CAPABILITY_V6_2', 'COMPUTE_IMAGE_TYPE_VMDK', 'HW_GPU_CUDA_COMPUTE_CAPABILITY_V3_7', 'HW_CPU_X86_SVM', 'HW_CPU_AARCH64_JSCVT', 'HW_CPU_X86_AVX512VL', 'HW_GPU_RESOLUTION_W1280H1024', 'COMPUTE_NET_VIF_MODEL_RTL8139', 'HW_CPU_AARCH64_EVTSTRM', 'HW_GPU_RESOLUTION_W1920H1080', 'HW_GPU_RESOLUTION_W7680H4320', 'HW_CPU_AARCH64_SHA1', 'HW_CPU_X86_BMI', 'COMPUTE_NET_VIF_MODEL_NE2K_PCI', 'HW_GPU_API_DIRECT3D_V10_0', 'HW_GPU_API_OPENGL_V1_3', 'HW_GPU_API_OPENGL_V1_4', 'HW_CPU_X86_FMA4', 'HW_CPU_X86_AVX512F', 'HW_GPU_API_OPENGL_V4_4', 'HW_GPU_API_OPENGL_V3_2', 'HW_NIC_ACCEL_DIFFIEH', 'HW_GPU_CUDA_SDK_V6_5', 'HW_CPU_AARCH64_ASIMDDP', 'COMPUTE_GRAPHICS_MODEL_VMVGA', 'HW_CPU_X86_3DNOW', 'HW_CPU_AARCH64_ASIMD', 'HW_CPU_X86_SGX', 'HW_GPU_API_OPENGL_V4_2', 'HW_NIC_VMDQ', 'HW_GPU_RESOLUTION_W1440H900', 'HW_NIC_OFFLOAD_TXUDP', 'COMPUTE_IMAGE_TYPE_ARI', 'HW_GPU_RESOLUTION_W320H240', 'HW_GPU_RESOLUTION_W2560H1600', 'COMPUTE_STORAGE_BUS_SCSI', 'HW_CPU_X86_AESNI', 'HW_GPU_API_DIRECT3D_V9_0', 'HW_GPU_API_DIRECT3D_V11_0', 'HW_GPU_API_OPENGL_V3_1', 'HW_GPU_API_OPENGL_V4_1', 'COMPUTE_IMAGE_TYPE_AMI', 'COMPUTE_NET_VIF_MODEL_PCNET', 'HW_GPU_CUDA_COMPUTE_CAPABILITY_V1_0', 'HW_GPU_CUDA_COMPUTE_CAPABILITY_V7_0', 'HW_CPU_X86_TSX', 'HW_GPU_API_OPENGL_V2_1', 'HW_CPU_X86_AMD_IBPB', 'HW_GPU_API_DIRECTX_V12', 'COMPUTE_NET_VIF_MODEL_VMXNET', 'HW_GPU_RESOLUTION_W1600H1200', 'HW_CPU_AARCH64_DCPOP', 'HW_GPU_API_OPENCL_V1_2', 'HW_NIC_ACCEL_TLS', 'HW_NIC_ACCEL_RSA', 'HW_NIC_DCB_QCN', 'HW_CPU_X86_AVX512ER', 'HW_CPU_AARCH64_FCMA', 'HW_NIC_OFFLOAD_GSO', 'HW_NIC_MULTIQUEUE', 'HW_GPU_API_DIRECT3D_V10_1', 'HW_NIC_ACCEL_SSL', 'HW_NIC_OFFLOAD_VXLAN', 'COMPUTE_GRAPHICS_MODEL_XEN', 'HW_NIC_OFFLOAD_LRO', 'COMPUTE_NET_ATTACH_INTERFACE_WITH_TAG', 'HW_CPU_X86_AMD_NO_SSB', 'COMPUTE_DEVICE_TAGGING', 'HW_GPU_API_DIRECT3D_V11_1', 'HW_CPU_AMD_SEV', 'HW_CPU_X86_INTEL_PCID', 'HW_CPU_X86_AVX512VNNI', 'MISC_SHARES_VIA_AGGREGATE', 'HW_GPU_CUDA_COMPUTE_CAPABILITY_V6_1', 'HW_CPU_X86_MPX', 'COMPUTE_NET_VIF_MODEL_LAN9118', 'HW_GPU_API_OPENGL_V1_1', 'HW_CPU_X86_MMX', 'COMPUTE_STORAGE_BUS_UML', 'HW_CPU_X86_BMI2', 'HW_CPU_X86_AMD_VIRT_SSBD', 'HW_NIC_OFFLOAD_TSO', 'HW_GPU_MAX_DISPLAY_HEADS_1', 'COMPUTE_GRAPHICS_MODEL_VIRTIO', 'HW_CPU_AARCH64_FP', 'COMPUTE_GRAPHICS_MODEL_CIRRUS', 'COMPUTE_IMAGE_TYPE_VHD', 'HW_GPU_RESOLUTION_W1024H600', 'HW_GPU_CUDA_COMPUTE_CAPABILITY_V5_3', 'HW_CPU_X86_ABM', 'HW_GPU_MAX_DISPLAY_HEADS_2', 'STORAGE_DISK_HDD', 'HW_CPU_X86_STIBP', 'HW_CPU_AARCH64_SM4', 'HW_NIC_OFFLOAD_TCS', 'HW_CPU_AARCH64_LRCPC', 'HW_GPU_RESOLUTION_W1280H800', 'HW_CPU_AARCH64_ATOMICS', 'HW_GPU_CUDA_COMPUTE_CAPABILITY_V3_5', 'HW_GPU_RESOLUTION_W1680H1050', 'HW_CPU_HYPERTHREADING', 'HW_CPU_X86_SSE42', 'HW_CPU_X86_CLMUL', 'HW_GPU_MAX_DISPLAY_HEADS_8', 'HW_GPU_API_OPENGL_V1_2', 'HW_GPU_CUDA_SDK_V10_0', 'HW_CPU_X86_ASF', 'HW_GPU_CUDA_SDK_V8_0', 'COMPUTE_NET_VIF_MODEL_SPAPR_VLAN', 'HW_GPU_CUDA_COMPUTE_CAPABILITY_V7_2', 'HW_NIC_SRIOV', 'HW_GPU_API_DXVA', 'HW_CPU_AARCH64_ASIMDRDM', 'HW_NIC_OFFLOAD_RX', 'HW_GPU_API_DIRECT3D_V7_0', 'HW_NIC_SRIOV_MULTIQUEUE', 'HW_GPU_RESOLUTION_W1152H864', 'HW_CPU_X86_AVX512VPOPCNTDQ', 'HW_NIC_OFFLOAD_GENEVE', 'HW_GPU_RESOLUTION_W1280H768', 'HW_NIC_OFFLOAD_L2CRC', 'COMPUTE_IMAGE_TYPE_VDI', 'COMPUTE_GRAPHICS_MODEL_GOP', 'COMPUTE_IMAGE_TYPE_VHDX', 'HW_GPU_API_OPENCL_V2_1', 'HW_NIC_OFFLOAD_TXVLAN', 'COMPUTE_NET_ATTACH_INTERFACE', 'COMPUTE_GRAPHICS_MODEL_QXL'} {{(pid=76455) _trait_sync /opt/stack/placement/placement/objects/trait.py:286}}
Sep 16 14:41:09.647172 n-d-796909-5 devstack@placement-api.service[76455]: DEBUG oslo_concurrency.lockutils [-] Releasing lock "trait_sync" {{(pid=76455) lock /usr/local/lib/python3.8/dist-packages/oslo_concurrency/lockutils.py:282}}
Sep 16 14:41:09.647604 n-d-796909-5 devstack@placement-api.service[76455]: DEBUG oslo_concurrency.lockutils [-] Acquired lock "resource_classes_sync" {{(pid=76455) lock /usr/local/lib/python3.8/dist-packages/oslo_concurrency/lockutils.py:266}}
Sep 16 14:41:09.648302 n-d-796909-5 devstack@placement-api.service[76454]: DEBUG oslo_concurrency.lockutils [-] Releasing lock "trait_sync" {{(pid=76454) lock /usr/local/lib/python3.8/dist-packages/oslo_concurrency/lockutils.py:282}}
Sep 16 14:41:09.648586 n-d-796909-5 devstack@placement-api.service[76454]: DEBUG oslo_concurrency.lockutils [-] Acquired lock "resource_classes_sync" {{(pid=76454) lock /usr/local/lib/python3.8/dist-packages/oslo_concurrency/lockutils.py:266}}
Sep 16 14:41:09.651339 n-d-796909-5 devstack@placement-api.service[76454]: DEBUG placement.objects.resource_class [-] Found existing resource classes in db: [] {{(pid=76454) _resource_classes_sync /opt/stack/placement/placement/objects/resource_class.py:228}}
Sep 16 14:41:09.651482 n-d-796909-5 devstack@placement-api.service[76455]: DEBUG placement.objects.resource_class [-] Found existing resource classes in db: [] {{(pid=76455) _resource_classes_sync /opt/stack/placement/placement/objects/resource_class.py:228}}
Sep 16 14:41:09.654497 n-d-796909-5 devstack@placement-api.service[76454]: DEBUG placement.objects.resource_class [-] Synced resource_classes from os_resource_classes: [{'name': 'VCPU', 'id': 0}, {'name': 'MEMORY_MB', 'id': 1}, {'name': 'DISK_GB', 'id': 2}, {'name': 'PCI_DEVICE', 'id': 3}, {'name': 'SRIOV_NET_VF', 'id': 4}, {'name': 'NUMA_SOCKET', 'id': 5}, {'name': 'NUMA_CORE', 'id': 6}, {'name': 'NUMA_THREAD', 'id': 7}, {'name': 'NUMA_MEMORY_MB', 'id': 8}, {'name': 'IPV4_ADDRESS', 'id': 9}, {'name': 'VGPU', 'id': 10}, {'name': 'VGPU_DISPLAY_HEAD', 'id': 11}, {'name': 'NET_BW_EGR_KILOBIT_PER_SEC', 'id': 12}, {'name': 'NET_BW_IGR_KILOBIT_PER_SEC', 'id': 13}, {'name': 'PCPU', 'id': 14}, {'name': 'MEM_ENCRYPTION_CONTEXT', 'id': 15}, {'name': 'FPGA', 'id': 16}, {'name': 'PGPU', 'id': 17}] {{(pid=76454) _resource_classes_sync /opt/stack/placement/placement/objects/resource_class.py:245}}
Sep 16 14:41:09.658393 n-d-796909-5 devstack@placement-api.service[76454]: DEBUG oslo_concurrency.lockutils [-] Releasing lock "resource_classes_sync" {{(pid=76454) lock /usr/local/lib/python3.8/dist-packages/oslo_concurrency/lockutils.py:282}}
Sep 16 14:41:09.658552 n-d-796909-5 devstack@placement-api.service[76454]: WSGI app 0 (mountpoint='') ready in 2 seconds on interpreter 0x5586df5c29c0 pid: 76454 (default app)
Sep 16 14:41:09.659007 n-d-796909-5 devstack@placement-api.service[76455]: DEBUG oslo_concurrency.lockutils [-] Releasing lock "resource_classes_sync" {{(pid=76455) lock /usr/local/lib/python3.8/dist-packages/oslo_concurrency/lockutils.py:282}}
Sep 16 14:41:09.659230 n-d-796909-5 devstack@placement-api.service[76455]: WSGI app 0 (mountpoint='') ready in 2 seconds on interpreter 0x5586df5c29c0 pid: 76455 (default app)
Sep 16 14:41:09.660326 n-d-796909-5 devstack@placement-api.service[76454]: DEBUG placement.requestlog [None req-a752ef9a-bf68-4656-99f5-7e45064bf80c None None] Starting request: 10.222.0.20 "GET /placement/" {{(pid=76454) __call__ /opt/stack/placement/placement/requestlog.py:55}}
Sep 16 14:41:09.675327 n-d-796909-5 devstack@placement-api.service[76454]: INFO placement.requestlog [None req-a752ef9a-bf68-4656-99f5-7e45064bf80c None None] 10.222.0.20 "GET /placement/" status: 200 len: 136 microversion: 1.0
Sep 16 14:41:09.675525 n-d-796909-5 devstack@placement-api.service[76454]: [pid: 76454|app: 0|req: 1/1] 10.222.0.20 () {50 vars in 776 bytes} [Thu Sep 16 14:41:09 2021] GET /placement => generated 136 bytes in 16 msecs (HTTP/1.1 200) 6 headers in 224 bytes (1 switches on core 0)
Sep 16 14:42:08.783200 n-d-796909-5 devstack@placement-api.service[76455]: DEBUG placement.requestlog [None req-8d552171-b110-43df-ad54-441cbc71dcbf None None] Starting request: 10.222.0.20 "GET /placement/" {{(pid=76455) __call__ /opt/stack/placement/placement/requestlog.py:55}}
Sep 16 14:42:08.804498 n-d-796909-5 devstack@placement-api.service[76455]: INFO placement.requestlog [None req-8d552171-b110-43df-ad54-441cbc71dcbf None None] 10.222.0.20 "GET /placement/" status: 200 len: 136 microversion: 1.0
Sep 16 14:42:08.805445 n-d-796909-5 devstack@placement-api.service[76455]: [pid: 76455|app: 0|req: 1/2] 10.222.0.20 () {54 vars in 916 bytes} [Thu Sep 16 14:42:08 2021] GET /placement => generated 136 bytes in 23 msecs (HTTP/1.1 200) 6 headers in 224 bytes (1 switches on core 0)
Sep 16 14:42:09.277342 n-d-796909-5 devstack@placement-api.service[76454]: DEBUG placement.requestlog [None req-ee759fc0-ce5f-491e-bad4-928446cb6bcd None None] Starting request: 10.222.0.20 "GET /placement/" {{(pid=76454) __call__ /opt/stack/placement/placement/requestlog.py:55}}
Sep 16 14:42:09.278840 n-d-796909-5 devstack@placement-api.service[76454]: INFO placement.requestlog [None req-ee759fc0-ce5f-491e-bad4-928446cb6bcd None None] 10.222.0.20 "GET /placement/" status: 200 len: 136 microversion: 1.0
Sep 16 14:42:09.279423 n-d-796909-5 devstack@placement-api.service[76454]: [pid: 76454|app: 0|req: 2/3] 10.222.0.20 () {54 vars in 916 bytes} [Thu Sep 16 14:42:09 2021] GET /placement => generated 136 bytes in 2 msecs (HTTP/1.1 200) 6 headers in 224 bytes (1 switches on core 0)
Sep 16 14:42:13.265428 n-d-796909-5 devstack@placement-api.service[76455]: DEBUG placement.requestlog [None req-d7cbff5b-ff42-4604-89d6-37ad3af615c8 None None] Starting request: 10.222.0.20 "GET /placement/" {{(pid=76455) __call__ /opt/stack/placement/placement/requestlog.py:55}}
Sep 16 14:42:13.266796 n-d-796909-5 devstack@placement-api.service[76455]: INFO placement.requestlog [None req-d7cbff5b-ff42-4604-89d6-37ad3af615c8 None None] 10.222.0.20 "GET /placement/" status: 200 len: 136 microversion: 1.0
Sep 16 14:42:13.267198 n-d-796909-5 devstack@placement-api.service[76455]: [pid: 76455|app: 0|req: 2/4] 10.222.0.20 () {54 vars in 916 bytes} [Thu Sep 16 14:42:13 2021] GET /placement => generated 136 bytes in 2 msecs (HTTP/1.1 200) 6 headers in 224 bytes (2 switches on core 0)
Sep 16 14:42:14.896861 n-d-796909-5 devstack@placement-api.service[76454]: DEBUG placement.requestlog [None req-c33d5a14-6943-40e4-a655-a42c716ef943 None None] Starting request: 10.222.0.20 "GET /placement/" {{(pid=76454) __call__ /opt/stack/placement/placement/requestlog.py:55}}
Sep 16 14:42:14.897841 n-d-796909-5 devstack@placement-api.service[76454]: INFO placement.requestlog [None req-c33d5a14-6943-40e4-a655-a42c716ef943 None None] 10.222.0.20 "GET /placement/" status: 200 len: 136 microversion: 1.0
Sep 16 14:42:14.898033 n-d-796909-5 devstack@placement-api.service[76454]: [pid: 76454|app: 0|req: 3/5] 10.222.0.20 () {54 vars in 916 bytes} [Thu Sep 16 14:42:14 2021] GET /placement => generated 136 bytes in 1 msecs (HTTP/1.1 200) 6 headers in 224 bytes (1 switches on core 0)
Sep 16 14:43:55.172564 n-d-796909-5 devstack@placement-api.service[76455]: DEBUG placement.requestlog [None req-5166cc1e-0ec1-41fb-8160-e50944893601 None None] Starting request: 10.222.0.20 "GET /placement//" {{(pid=76455) __call__ /opt/stack/placement/placement/requestlog.py:55}}
Sep 16 14:43:55.173537 n-d-796909-5 devstack@placement-api.service[76455]: INFO placement.requestlog [None req-5166cc1e-0ec1-41fb-8160-e50944893601 None None] 10.222.0.20 "GET /placement//" status: 200 len: 136 microversion: 1.0
Sep 16 14:43:55.174008 n-d-796909-5 devstack@placement-api.service[76455]: [pid: 76455|app: 0|req: 3/6] 10.222.0.20 () {56 vars in 1107 bytes} [Thu Sep 16 14:43:55 2021] GET /placement/ => generated 136 bytes in 1 msecs (HTTP/1.1 200) 6 headers in 224 bytes (1 switches on core 0)
Sep 16 14:49:17.109095 n-d-796909-5 devstack@placement-api.service[76454]: DEBUG placement.requestlog [None req-73a8781b-80c4-4453-8895-634504e51d01 None None] Starting request: 10.222.0.24 "GET /placement/" {{(pid=76454) __call__ /opt/stack/placement/placement/requestlog.py:55}}
Sep 16 14:49:17.110112 n-d-796909-5 devstack@placement-api.service[76454]: INFO placement.requestlog [None req-73a8781b-80c4-4453-8895-634504e51d01 None None] 10.222.0.24 "GET /placement/" status: 200 len: 136 microversion: 1.0
Sep 16 14:49:17.110286 n-d-796909-5 devstack@placement-api.service[76454]: [pid: 76454|app: 0|req: 4/7] 10.222.0.24 () {54 vars in 913 bytes} [Thu Sep 16 14:49:17 2021] GET /placement => generated 136 bytes in 1 msecs (HTTP/1.1 200) 6 headers in 224 bytes (1 switches on core 0)
Sep 16 14:49:19.903536 n-d-796909-5 devstack@placement-api.service[76455]: DEBUG placement.requestlog [None req-5f4009f7-57c8-4b90-9c82-9b6699e70c20 None None] Starting request: 10.222.0.15 "GET /placement/" {{(pid=76455) __call__ /opt/stack/placement/placement/requestlog.py:55}}
Sep 16 14:49:19.904470 n-d-796909-5 devstack@placement-api.service[76455]: INFO placement.requestlog [None req-5f4009f7-57c8-4b90-9c82-9b6699e70c20 None None] 10.222.0.15 "GET /placement/" status: 200 len: 136 microversion: 1.0
Sep 16 14:49:19.904644 n-d-796909-5 devstack@placement-api.service[76455]: [pid: 76455|app: 0|req: 4/8] 10.222.0.15 () {54 vars in 913 bytes} [Thu Sep 16 14:49:19 2021] GET /placement => generated 136 bytes in 1 msecs (HTTP/1.1 200) 6 headers in 224 bytes (1 switches on core 0)
Sep 16 14:49:20.684586 n-d-796909-5 devstack@placement-api.service[76454]: DEBUG placement.requestlog [req-6f8c0138-6527-4031-9a29-1a2557daf6c6 req-5765c16b-6aff-414b-95c0-462780b42904 None None] Starting request: 10.222.0.24 "GET /placement/resource_providers?in_tree=c499d7db-e456-4833-9146-fad60f3dca6b" {{(pid=76454) __call__ /opt/stack/placement/placement/requestlog.py:55}}
Sep 16 14:49:20.821754 n-d-796909-5 devstack@placement-api.service[76454]: INFO placement.requestlog [req-6f8c0138-6527-4031-9a29-1a2557daf6c6 req-5765c16b-6aff-414b-95c0-462780b42904 service placement] 10.222.0.24 "GET /placement/resource_providers?in_tree=c499d7db-e456-4833-9146-fad60f3dca6b" status: 200 len: 26 microversion: 1.14
Sep 16 14:49:20.821937 n-d-796909-5 devstack@placement-api.service[76454]: [pid: 76454|app: 0|req: 5/9] 10.222.0.24 () {60 vars in 1377 bytes} [Thu Sep 16 14:49:20 2021] GET /placement/resource_providers?in_tree=c499d7db-e456-4833-9146-fad60f3dca6b => generated 26 bytes in 138 msecs (HTTP/1.1 200) 6 headers in 224 bytes (1 switches on core 0)
Sep 16 14:49:20.828431 n-d-796909-5 devstack@placement-api.service[76455]: DEBUG placement.requestlog [req-6f8c0138-6527-4031-9a29-1a2557daf6c6 req-fe45a6bb-b9aa-41e0-abd5-32c9141565a4 None None] Starting request: 10.222.0.24 "POST /placement/resource_providers" {{(pid=76455) __call__ /opt/stack/placement/placement/requestlog.py:55}}
Sep 16 14:49:20.859559 n-d-796909-5 devstack@placement-api.service[76455]: INFO placement.requestlog [req-6f8c0138-6527-4031-9a29-1a2557daf6c6 req-fe45a6bb-b9aa-41e0-abd5-32c9141565a4 service placement] 10.222.0.24 "POST /placement/resource_providers" status: 200 len: 836 microversion: 1.20
Sep 16 14:49:20.859908 n-d-796909-5 devstack@placement-api.service[76455]: [pid: 76455|app: 0|req: 5/10] 10.222.0.24 () {64 vars in 1341 bytes} [Thu Sep 16 14:49:20 2021] POST /placement/resource_providers => generated 836 bytes in 32 msecs (HTTP/1.1 200) 9 headers in 392 bytes (1 switches on core 0)
Sep 16 14:49:21.069834 n-d-796909-5 devstack@placement-api.service[76454]: DEBUG placement.requestlog [req-6f8c0138-6527-4031-9a29-1a2557daf6c6 req-dfe6e460-9294-48b4-b476-52db608c3d3a None None] Starting request: 10.222.0.24 "PUT /placement/resource_providers/c499d7db-e456-4833-9146-fad60f3dca6b/inventories" {{(pid=76454) __call__ /opt/stack/placement/placement/requestlog.py:55}}
Sep 16 14:49:21.096073 n-d-796909-5 devstack@placement-api.service[76454]: INFO placement.requestlog [req-6f8c0138-6527-4031-9a29-1a2557daf6c6 req-dfe6e460-9294-48b4-b476-52db608c3d3a service placement] 10.222.0.24 "PUT /placement/resource_providers/c499d7db-e456-4833-9146-fad60f3dca6b/inventories" status: 200 len: 397 microversion: 1.26
Sep 16 14:49:21.096328 n-d-796909-5 devstack@placement-api.service[76454]: [pid: 76454|app: 0|req: 6/11] 10.222.0.24 () {64 vars in 1488 bytes} [Thu Sep 16 14:49:21 2021] PUT /placement/resource_providers/c499d7db-e456-4833-9146-fad60f3dca6b/inventories => generated 397 bytes in 27 msecs (HTTP/1.1 200) 8 headers in 296 bytes (1 switches on core 0)
Sep 16 14:49:21.106437 n-d-796909-5 devstack@placement-api.service[76455]: DEBUG placement.requestlog [req-6f8c0138-6527-4031-9a29-1a2557daf6c6 req-c4d31a66-bdcc-415c-959e-12d3104694c8 None None] Starting request: 10.222.0.24 "GET /placement/traits?name=in:COMPUTE_NET_ATTACH_INTERFACE,COMPUTE_IMAGE_TYPE_VHDX,COMPUTE_DEVICE_TAGGING,COMPUTE_NODE,COMPUTE_IMAGE_TYPE_VHD" {{(pid=76455) __call__ /opt/stack/placement/placement/requestlog.py:55}}
Sep 16 14:49:21.116248 n-d-796909-5 devstack@placement-api.service[76455]: INFO placement.requestlog [req-6f8c0138-6527-4031-9a29-1a2557daf6c6 req-c4d31a66-bdcc-415c-959e-12d3104694c8 service placement] 10.222.0.24 "GET /placement/traits?name=in:COMPUTE_NET_ATTACH_INTERFACE,COMPUTE_IMAGE_TYPE_VHDX,COMPUTE_DEVICE_TAGGING,COMPUTE_NODE,COMPUTE_IMAGE_TYPE_VHD" status: 200 len: 139 microversion: 1.6
Sep 16 14:49:21.116443 n-d-796909-5 devstack@placement-api.service[76455]: [pid: 76455|app: 0|req: 6/12] 10.222.0.24 () {60 vars in 1490 bytes} [Thu Sep 16 14:49:21 2021] GET /placement/traits?name=in:COMPUTE_NET_ATTACH_INTERFACE,COMPUTE_IMAGE_TYPE_VHDX,COMPUTE_DEVICE_TAGGING,COMPUTE_NODE,COMPUTE_IMAGE_TYPE_VHD => generated 139 bytes in 11 msecs (HTTP/1.1 200) 6 headers in 224 bytes (1 switches on core 0)
Sep 16 14:49:21.123568 n-d-796909-5 devstack@placement-api.service[76454]: DEBUG placement.requestlog [req-6f8c0138-6527-4031-9a29-1a2557daf6c6 req-0790cf4c-bcfa-4185-875b-85dc6453000d None None] Starting request: 10.222.0.24 "PUT /placement/resource_providers/c499d7db-e456-4833-9146-fad60f3dca6b/traits" {{(pid=76454) __call__ /opt/stack/placement/placement/requestlog.py:55}}
Sep 16 14:49:21.163194 n-d-796909-5 devstack@placement-api.service[76454]: INFO placement.requestlog [req-6f8c0138-6527-4031-9a29-1a2557daf6c6 req-0790cf4c-bcfa-4185-875b-85dc6453000d service placement] 10.222.0.24 "PUT /placement/resource_providers/c499d7db-e456-4833-9146-fad60f3dca6b/traits" status: 200 len: 174 microversion: 1.6
Sep 16 14:49:21.163553 n-d-796909-5 devstack@placement-api.service[76454]: [pid: 76454|app: 0|req: 7/13] 10.222.0.24 () {64 vars in 1472 bytes} [Thu Sep 16 14:49:21 2021] PUT /placement/resource_providers/c499d7db-e456-4833-9146-fad60f3dca6b/traits => generated 174 bytes in 40 msecs (HTTP/1.1 200) 6 headers in 224 bytes (2 switches on core 0)
Sep 16 14:49:23.466275 n-d-796909-5 devstack@placement-api.service[76455]: DEBUG placement.requestlog [req-3c5e16c3-06bd-4c3f-848c-1d3d5752de2d req-99370c2a-7f3a-412f-af23-5406b7162508 None None] Starting request: 10.222.0.15 "GET /placement/resource_providers?in_tree=a5d39947-0f9e-447e-80f6-6f2fb0f73c25" {{(pid=76455) __call__ /opt/stack/placement/placement/requestlog.py:55}}
Sep 16 14:49:23.598515 n-d-796909-5 devstack@placement-api.service[76455]: INFO placement.requestlog [req-3c5e16c3-06bd-4c3f-848c-1d3d5752de2d req-99370c2a-7f3a-412f-af23-5406b7162508 service placement] 10.222.0.15 "GET /placement/resource_providers?in_tree=a5d39947-0f9e-447e-80f6-6f2fb0f73c25" status: 200 len: 26 microversion: 1.14
Sep 16 14:49:23.598707 n-d-796909-5 devstack@placement-api.service[76455]: [pid: 76455|app: 0|req: 7/14] 10.222.0.15 () {60 vars in 1377 bytes} [Thu Sep 16 14:49:23 2021] GET /placement/resource_providers?in_tree=a5d39947-0f9e-447e-80f6-6f2fb0f73c25 => generated 26 bytes in 133 msecs (HTTP/1.1 200) 6 headers in 224 bytes (1 switches on core 0)
Sep 16 14:49:23.605953 n-d-796909-5 devstack@placement-api.service[76454]: DEBUG placement.requestlog [req-3c5e16c3-06bd-4c3f-848c-1d3d5752de2d req-89609079-a37d-4a41-b645-4e9d7f158853 None None] Starting request: 10.222.0.15 "POST /placement/resource_providers" {{(pid=76454) __call__ /opt/stack/placement/placement/requestlog.py:55}}
Sep 16 14:49:23.621169 n-d-796909-5 devstack@placement-api.service[76454]: INFO placement.requestlog [req-3c5e16c3-06bd-4c3f-848c-1d3d5752de2d req-89609079-a37d-4a41-b645-4e9d7f158853 service placement] 10.222.0.15 "POST /placement/resource_providers" status: 200 len: 836 microversion: 1.20
Sep 16 14:49:23.621824 n-d-796909-5 devstack@placement-api.service[76454]: [pid: 76454|app: 0|req: 8/15] 10.222.0.15 () {64 vars in 1341 bytes} [Thu Sep 16 14:49:23 2021] POST /placement/resource_providers => generated 836 bytes in 16 msecs (HTTP/1.1 200) 9 headers in 392 bytes (2 switches on core 0)
Sep 16 14:49:23.833783 n-d-796909-5 devstack@placement-api.service[76455]: DEBUG placement.requestlog [req-3c5e16c3-06bd-4c3f-848c-1d3d5752de2d req-22efa18f-4219-40b1-a7ff-1c7390782be1 None None] Starting request: 10.222.0.15 "PUT /placement/resource_providers/a5d39947-0f9e-447e-80f6-6f2fb0f73c25/inventories" {{(pid=76455) __call__ /opt/stack/placement/placement/requestlog.py:55}}
Sep 16 14:49:23.860265 n-d-796909-5 devstack@placement-api.service[76455]: INFO placement.requestlog [req-3c5e16c3-06bd-4c3f-848c-1d3d5752de2d req-22efa18f-4219-40b1-a7ff-1c7390782be1 service placement] 10.222.0.15 "PUT /placement/resource_providers/a5d39947-0f9e-447e-80f6-6f2fb0f73c25/inventories" status: 200 len: 397 microversion: 1.26
Sep 16 14:49:23.860667 n-d-796909-5 devstack@placement-api.service[76455]: [pid: 76455|app: 0|req: 8/16] 10.222.0.15 () {64 vars in 1488 bytes} [Thu Sep 16 14:49:23 2021] PUT /placement/resource_providers/a5d39947-0f9e-447e-80f6-6f2fb0f73c25/inventories => generated 397 bytes in 27 msecs (HTTP/1.1 200) 8 headers in 296 bytes (2 switches on core 0)
Sep 16 14:49:23.871585 n-d-796909-5 devstack@placement-api.service[76454]: DEBUG placement.requestlog [req-3c5e16c3-06bd-4c3f-848c-1d3d5752de2d req-0936fb96-3673-47ec-8197-8e77326d5444 None None] Starting request: 10.222.0.15 "GET /placement/traits?name=in:COMPUTE_DEVICE_TAGGING,COMPUTE_NET_ATTACH_INTERFACE,COMPUTE_IMAGE_TYPE_VHDX,COMPUTE_IMAGE_TYPE_VHD,COMPUTE_NODE" {{(pid=76454) __call__ /opt/stack/placement/placement/requestlog.py:55}}
Sep 16 14:49:23.880024 n-d-796909-5 devstack@placement-api.service[76454]: INFO placement.requestlog [req-3c5e16c3-06bd-4c3f-848c-1d3d5752de2d req-0936fb96-3673-47ec-8197-8e77326d5444 service placement] 10.222.0.15 "GET /placement/traits?name=in:COMPUTE_DEVICE_TAGGING,COMPUTE_NET_ATTACH_INTERFACE,COMPUTE_IMAGE_TYPE_VHDX,COMPUTE_IMAGE_TYPE_VHD,COMPUTE_NODE" status: 200 len: 139 microversion: 1.6
Sep 16 14:49:23.880200 n-d-796909-5 devstack@placement-api.service[76454]: [pid: 76454|app: 0|req: 9/17] 10.222.0.15 () {60 vars in 1490 bytes} [Thu Sep 16 14:49:23 2021] GET /placement/traits?name=in:COMPUTE_DEVICE_TAGGING,COMPUTE_NET_ATTACH_INTERFACE,COMPUTE_IMAGE_TYPE_VHDX,COMPUTE_IMAGE_TYPE_VHD,COMPUTE_NODE => generated 139 bytes in 9 msecs (HTTP/1.1 200) 6 headers in 224 bytes (1 switches on core 0)
Sep 16 14:49:23.888680 n-d-796909-5 devstack@placement-api.service[76455]: DEBUG placement.requestlog [req-3c5e16c3-06bd-4c3f-848c-1d3d5752de2d req-f7b9e82e-c164-4f3d-a626-f63529503896 None None] Starting request: 10.222.0.15 "PUT /placement/resource_providers/a5d39947-0f9e-447e-80f6-6f2fb0f73c25/traits" {{(pid=76455) __call__ /opt/stack/placement/placement/requestlog.py:55}}
Sep 16 14:49:23.916789 n-d-796909-5 devstack@placement-api.service[76455]: INFO placement.requestlog [req-3c5e16c3-06bd-4c3f-848c-1d3d5752de2d req-f7b9e82e-c164-4f3d-a626-f63529503896 service placement] 10.222.0.15 "PUT /placement/resource_providers/a5d39947-0f9e-447e-80f6-6f2fb0f73c25/traits" status: 200 len: 174 microversion: 1.6
Sep 16 14:49:23.917213 n-d-796909-5 devstack@placement-api.service[76455]: [pid: 76455|app: 0|req: 9/18] 10.222.0.15 () {64 vars in 1472 bytes} [Thu Sep 16 14:49:23 2021] PUT /placement/resource_providers/a5d39947-0f9e-447e-80f6-6f2fb0f73c25/traits => generated 174 bytes in 29 msecs (HTTP/1.1 200) 6 headers in 224 bytes (2 switches on core 0)
Sep 16 14:50:17.205833 n-d-796909-5 devstack@placement-api.service[76454]: DEBUG placement.requestlog [req-b2aa6f89-2572-4c66-9b76-cadf3a65f7b9 req-b6dbfa5d-0460-435b-bbac-c640b9b33261 None None] Starting request: 10.222.0.24 "GET /placement/resource_providers/c499d7db-e456-4833-9146-fad60f3dca6b/allocations" {{(pid=76454) __call__ /opt/stack/placement/placement/requestlog.py:55}}
Sep 16 14:50:17.224438 n-d-796909-5 devstack@placement-api.service[76454]: INFO placement.requestlog [req-b2aa6f89-2572-4c66-9b76-cadf3a65f7b9 req-b6dbfa5d-0460-435b-bbac-c640b9b33261 service placement] 10.222.0.24 "GET /placement/resource_providers/c499d7db-e456-4833-9146-fad60f3dca6b/allocations" status: 200 len: 54 microversion: 1.0
Sep 16 14:50:17.225546 n-d-796909-5 devstack@placement-api.service[76454]: [pid: 76454|app: 0|req: 10/19] 10.222.0.24 () {58 vars in 1391 bytes} [Thu Sep 16 14:50:17 2021] GET /placement/resource_providers/c499d7db-e456-4833-9146-fad60f3dca6b/allocations => generated 54 bytes in 20 msecs (HTTP/1.1 200) 6 headers in 223 bytes (1 switches on core 0)
Sep 16 14:50:20.058608 n-d-796909-5 devstack@placement-api.service[76455]: DEBUG placement.requestlog [req-d66e29a4-76fb-422a-9016-d220eb2ab478 req-36c19676-8377-4467-bd4d-baf1a5cc3798 None None] Starting request: 10.222.0.15 "GET /placement/resource_providers/a5d39947-0f9e-447e-80f6-6f2fb0f73c25/allocations" {{(pid=76455) __call__ /opt/stack/placement/placement/requestlog.py:55}}
Sep 16 14:50:20.075186 n-d-796909-5 devstack@placement-api.service[76455]: INFO placement.requestlog [req-d66e29a4-76fb-422a-9016-d220eb2ab478 req-36c19676-8377-4467-bd4d-baf1a5cc3798 service placement] 10.222.0.15 "GET /placement/resource_providers/a5d39947-0f9e-447e-80f6-6f2fb0f73c25/allocations" status: 200 len: 54 microversion: 1.0
Sep 16 14:50:20.075388 n-d-796909-5 devstack@placement-api.service[76455]: [pid: 76455|app: 0|req: 10/20] 10.222.0.15 () {58 vars in 1391 bytes} [Thu Sep 16 14:50:20 2021] GET /placement/resource_providers/a5d39947-0f9e-447e-80f6-6f2fb0f73c25/allocations => generated 54 bytes in 17 msecs (HTTP/1.1 200) 6 headers in 223 bytes (1 switches on core 0)
Sep 16 14:50:52.148158 n-d-796909-5 devstack@placement-api.service[76454]: DEBUG placement.requestlog [None req-69fcb240-e28c-446e-b421-b71d7161239f None None] Starting request: 10.222.0.20 "GET /placement/" {{(pid=76454) __call__ /opt/stack/placement/placement/requestlog.py:55}}
Sep 16 14:50:52.149198 n-d-796909-5 devstack@placement-api.service[76454]: INFO placement.requestlog [None req-69fcb240-e28c-446e-b421-b71d7161239f None None] 10.222.0.20 "GET /placement/" status: 200 len: 136 microversion: 1.0
Sep 16 14:50:52.149444 n-d-796909-5 devstack@placement-api.service[76454]: [pid: 76454|app: 0|req: 11/21] 10.222.0.20 () {54 vars in 916 bytes} [Thu Sep 16 14:50:52 2021] GET /placement => generated 136 bytes in 1 msecs (HTTP/1.1 200) 6 headers in 224 bytes (1 switches on core 0)
Sep 16 14:51:19.216739 n-d-796909-5 devstack@placement-api.service[76455]: DEBUG placement.requestlog [req-5babc2a4-e636-4439-9343-76719127b923 req-30fc93ca-2b76-484e-ab11-f3b75392022e None None] Starting request: 10.222.0.24 "GET /placement/resource_providers/c499d7db-e456-4833-9146-fad60f3dca6b/allocations" {{(pid=76455) __call__ /opt/stack/placement/placement/requestlog.py:55}}
Sep 16 14:51:19.232027 n-d-796909-5 devstack@placement-api.service[76455]: INFO placement.requestlog [req-5babc2a4-e636-4439-9343-76719127b923 req-30fc93ca-2b76-484e-ab11-f3b75392022e service placement] 10.222.0.24 "GET /placement/resource_providers/c499d7db-e456-4833-9146-fad60f3dca6b/allocations" status: 200 len: 54 microversion: 1.0
Sep 16 14:51:19.232362 n-d-796909-5 devstack@placement-api.service[76455]: [pid: 76455|app: 0|req: 11/22] 10.222.0.24 () {58 vars in 1391 bytes} [Thu Sep 16 14:51:19 2021] GET /placement/resource_providers/c499d7db-e456-4833-9146-fad60f3dca6b/allocations => generated 54 bytes in 16 msecs (HTTP/1.1 200) 6 headers in 223 bytes (1 switches on core 0)
Sep 16 14:51:22.021247 n-d-796909-5 devstack@placement-api.service[76454]: DEBUG placement.requestlog [req-21240afe-c219-4a06-92bb-f52d46fdd4c2 req-3d39d532-d68d-48a8-8d93-f44f6cfdd885 None None] Starting request: 10.222.0.15 "GET /placement/resource_providers/a5d39947-0f9e-447e-80f6-6f2fb0f73c25/allocations" {{(pid=76454) __call__ /opt/stack/placement/placement/requestlog.py:55}}
Sep 16 14:51:22.038328 n-d-796909-5 devstack@placement-api.service[76454]: INFO placement.requestlog [req-21240afe-c219-4a06-92bb-f52d46fdd4c2 req-3d39d532-d68d-48a8-8d93-f44f6cfdd885 service placement] 10.222.0.15 "GET /placement/resource_providers/a5d39947-0f9e-447e-80f6-6f2fb0f73c25/allocations" status: 200 len: 54 microversion: 1.0
Sep 16 14:51:22.038686 n-d-796909-5 devstack@placement-api.service[76454]: [pid: 76454|app: 0|req: 12/23] 10.222.0.15 () {58 vars in 1391 bytes} [Thu Sep 16 14:51:22 2021] GET /placement/resource_providers/a5d39947-0f9e-447e-80f6-6f2fb0f73c25/allocations => generated 54 bytes in 18 msecs (HTTP/1.1 200) 6 headers in 223 bytes (2 switches on core 0)
Sep 16 14:51:36.800128 n-d-796909-5 devstack@placement-api.service[76455]: DEBUG placement.requestlog [req-9c5ba800-2488-473c-9f0a-6dc4fac8e00b req-4f4c0dce-ab3e-4be2-be8a-4863443dfe75 None None] Starting request: 10.222.0.20 "GET /placement/allocation_candidates?limit=1000&resources=DISK_GB%3A1%2CMEMORY_MB%3A1024%2CVCPU%3A1&root_required=%21COMPUTE_STATUS_DISABLED" {{(pid=76455) __call__ /opt/stack/placement/placement/requestlog.py:55}}
Sep 16 14:51:37.235499 n-d-796909-5 devstack@placement-api.service[76455]: DEBUG placement.objects.research_context [req-9c5ba800-2488-473c-9f0a-6dc4fac8e00b req-4f4c0dce-ab3e-4be2-be8a-4863443dfe75 service placement] getting providers with 1 DISK_GB {{(pid=76455) __init__ /opt/stack/placement/placement/objects/research_context.py:126}}
Sep 16 14:51:37.235499 n-d-796909-5 devstack@placement-api.service[76455]: DEBUG placement.objects.research_context [req-9c5ba800-2488-473c-9f0a-6dc4fac8e00b req-4f4c0dce-ab3e-4be2-be8a-4863443dfe75 service placement] getting providers with 1024 MEMORY_MB {{(pid=76455) __init__ /opt/stack/placement/placement/objects/research_context.py:126}}
Sep 16 14:51:37.254103 n-d-796909-5 devstack@placement-api.service[76455]: DEBUG placement.objects.research_context [req-9c5ba800-2488-473c-9f0a-6dc4fac8e00b req-4f4c0dce-ab3e-4be2-be8a-4863443dfe75 service placement] getting providers with 1 VCPU {{(pid=76455) __init__ /opt/stack/placement/placement/objects/research_context.py:126}}
Sep 16 14:51:37.261368 n-d-796909-5 devstack@placement-api.service[76455]: DEBUG placement.objects.research_context [req-9c5ba800-2488-473c-9f0a-6dc4fac8e00b req-4f4c0dce-ab3e-4be2-be8a-4863443dfe75 service placement] found 2 providers with available 1 DISK_GB {{(pid=76455) get_provider_ids_matching /opt/stack/placement/placement/objects/research_context.py:549}}
Sep 16 14:51:37.261652 n-d-796909-5 devstack@placement-api.service[76455]: DEBUG placement.objects.research_context [req-9c5ba800-2488-473c-9f0a-6dc4fac8e00b req-4f4c0dce-ab3e-4be2-be8a-4863443dfe75 service placement] found 2 providers with available 1024 MEMORY_MB {{(pid=76455) get_provider_ids_matching /opt/stack/placement/placement/objects/research_context.py:549}}
Sep 16 14:51:37.262063 n-d-796909-5 devstack@placement-api.service[76455]: DEBUG placement.objects.research_context [req-9c5ba800-2488-473c-9f0a-6dc4fac8e00b req-4f4c0dce-ab3e-4be2-be8a-4863443dfe75 service placement] found 2 providers after filtering by previous result {{(pid=76455) get_provider_ids_matching /opt/stack/placement/placement/objects/research_context.py:580}}
Sep 16 14:51:37.262363 n-d-796909-5 devstack@placement-api.service[76455]: DEBUG placement.objects.research_context [req-9c5ba800-2488-473c-9f0a-6dc4fac8e00b req-4f4c0dce-ab3e-4be2-be8a-4863443dfe75 service placement] found 2 providers with available 1 VCPU {{(pid=76455) get_provider_ids_matching /opt/stack/placement/placement/objects/research_context.py:549}}
Sep 16 14:51:37.262671 n-d-796909-5 devstack@placement-api.service[76455]: DEBUG placement.objects.research_context [req-9c5ba800-2488-473c-9f0a-6dc4fac8e00b req-4f4c0dce-ab3e-4be2-be8a-4863443dfe75 service placement] found 2 providers after filtering by previous result {{(pid=76455) get_provider_ids_matching /opt/stack/placement/placement/objects/research_context.py:580}}
Sep 16 14:51:37.292838 n-d-796909-5 devstack@placement-api.service[76455]: DEBUG placement.objects.allocation_candidate [req-9c5ba800-2488-473c-9f0a-6dc4fac8e00b req-4f4c0dce-ab3e-4be2-be8a-4863443dfe75 service placement] RequestGroup(use_same_provider=False, resources={DISK_GB:1, MEMORY_MB:1024, VCPU:1}, traits=[], aggregates=[]) (suffix '') returned 2 matches {{(pid=76455) _get_by_requests /opt/stack/placement/placement/objects/allocation_candidate.py:145}}
Sep 16 14:51:37.293605 n-d-796909-5 devstack@placement-api.service[76455]: DEBUG placement.objects.allocation_candidate [req-9c5ba800-2488-473c-9f0a-6dc4fac8e00b req-4f4c0dce-ab3e-4be2-be8a-4863443dfe75 service placement] Merging candidates yields 2 allocation requests and 2 provider summaries {{(pid=76455) _merge_candidates /opt/stack/placement/placement/objects/allocation_candidate.py:783}}
Sep 16 14:51:37.296059 n-d-796909-5 devstack@placement-api.service[76455]: INFO placement.requestlog [req-9c5ba800-2488-473c-9f0a-6dc4fac8e00b req-4f4c0dce-ab3e-4be2-be8a-4863443dfe75 service placement] 10.222.0.20 "GET /placement/allocation_candidates?limit=1000&resources=DISK_GB%3A1%2CMEMORY_MB%3A1024%2CVCPU%3A1&root_required=%21COMPUTE_STATUS_DISABLED" status: 200 len: 1229 microversion: 1.35
Sep 16 14:51:37.296787 n-d-796909-5 devstack@placement-api.service[76455]: [pid: 76455|app: 0|req: 12/24] 10.222.0.20 () {60 vars in 1507 bytes} [Thu Sep 16 14:51:36 2021] GET /placement/allocation_candidates?limit=1000&resources=DISK_GB%3A1%2CMEMORY_MB%3A1024%2CVCPU%3A1&root_required=%21COMPUTE_STATUS_DISABLED => generated 1229 bytes in 497 msecs (HTTP/1.1 200) 8 headers in 297 bytes (2 switches on core 0)
Sep 16 14:51:37.500179 n-d-796909-5 devstack@placement-api.service[76454]: DEBUG placement.requestlog [req-9c5ba800-2488-473c-9f0a-6dc4fac8e00b req-e9729aac-e988-4c4d-ae10-00bcdda4825f None None] Starting request: 10.222.0.20 "GET /placement/allocations/f9f42de3-b7fc-436e-af6f-f48740bd919a" {{(pid=76454) __call__ /opt/stack/placement/placement/requestlog.py:55}}
Sep 16 14:51:37.764213 n-d-796909-5 devstack@placement-api.service[76454]: INFO placement.requestlog [req-9c5ba800-2488-473c-9f0a-6dc4fac8e00b req-e9729aac-e988-4c4d-ae10-00bcdda4825f service placement] 10.222.0.20 "GET /placement/allocations/f9f42de3-b7fc-436e-af6f-f48740bd919a" status: 200 len: 19 microversion: 1.28
Sep 16 14:51:37.764703 n-d-796909-5 devstack@placement-api.service[76454]: [pid: 76454|app: 0|req: 13/25] 10.222.0.20 () {60 vars in 1381 bytes} [Thu Sep 16 14:51:37 2021] GET /placement/allocations/f9f42de3-b7fc-436e-af6f-f48740bd919a => generated 19 bytes in 265 msecs (HTTP/1.1 200) 8 headers in 295 bytes (1 switches on core 0)
Sep 16 14:51:37.770034 n-d-796909-5 devstack@placement-api.service[76455]: DEBUG placement.requestlog [req-9c5ba800-2488-473c-9f0a-6dc4fac8e00b req-033d1262-8c4a-447d-9934-9f2664f8c327 None None] Starting request: 10.222.0.20 "PUT /placement/allocations/f9f42de3-b7fc-436e-af6f-f48740bd919a" {{(pid=76455) __call__ /opt/stack/placement/placement/requestlog.py:55}}
Sep 16 14:51:37.842595 n-d-796909-5 devstack@placement-api.service[76455]: DEBUG placement.handlers.allocation [req-9c5ba800-2488-473c-9f0a-6dc4fac8e00b req-033d1262-8c4a-447d-9934-9f2664f8c327 service placement] Successfully wrote allocations [, , ] {{(pid=76455) _create_allocations /opt/stack/placement/placement/handlers/allocation.py:435}}
Sep 16 14:51:37.844302 n-d-796909-5 devstack@placement-api.service[76455]: INFO placement.requestlog [req-9c5ba800-2488-473c-9f0a-6dc4fac8e00b req-033d1262-8c4a-447d-9934-9f2664f8c327 service placement] 10.222.0.20 "PUT /placement/allocations/f9f42de3-b7fc-436e-af6f-f48740bd919a" status: 204 len: 0 microversion: 1.35
Sep 16 14:51:37.844721 n-d-796909-5 devstack@placement-api.service[76455]: [pid: 76455|app: 0|req: 13/26] 10.222.0.20 () {64 vars in 1434 bytes} [Thu Sep 16 14:51:37 2021] PUT /placement/allocations/f9f42de3-b7fc-436e-af6f-f48740bd919a => generated 0 bytes in 75 msecs (HTTP/1.1 204) 5 headers in 199 bytes (1 switches on core 0)
Sep 16 14:51:38.181891 n-d-796909-5 devstack@placement-api.service[76454]: DEBUG placement.requestlog [None req-bccd45e2-baca-4b52-b842-524ab99c2f24 None None] Starting request: 10.222.0.20 "GET /placement/" {{(pid=76454) __call__ /opt/stack/placement/placement/requestlog.py:55}}
Sep 16 14:51:38.183177 n-d-796909-5 devstack@placement-api.service[76454]: INFO placement.requestlog [None req-bccd45e2-baca-4b52-b842-524ab99c2f24 None None] 10.222.0.20 "GET /placement/" status: 200 len: 136 microversion: 1.0
Sep 16 14:51:38.183625 n-d-796909-5 devstack@placement-api.service[76454]: [pid: 76454|app: 0|req: 14/27] 10.222.0.20 () {54 vars in 907 bytes} [Thu Sep 16 14:51:38 2021] GET /placement => generated 136 bytes in 3 msecs (HTTP/1.1 200) 6 headers in 224 bytes (1 switches on core 0)
Sep 16 14:51:38.191098 n-d-796909-5 devstack@placement-api.service[76455]: DEBUG placement.requestlog [req-a7912db6-642c-408e-b151-3dd87e3cb923 req-d4730bcd-96f2-4e91-843f-c5ff8fb2089b None None] Starting request: 10.222.0.20 "GET /placement/resource_providers?name=n-h1-796909-5" {{(pid=76455) __call__ /opt/stack/placement/placement/requestlog.py:55}}
Sep 16 14:51:38.371986 n-d-796909-5 devstack@placement-api.service[76455]: INFO placement.requestlog [req-a7912db6-642c-408e-b151-3dd87e3cb923 req-d4730bcd-96f2-4e91-843f-c5ff8fb2089b service placement] 10.222.0.20 "GET /placement/resource_providers?name=n-h1-796909-5" status: 200 len: 440 microversion: 1.0
Sep 16 14:51:38.372357 n-d-796909-5 devstack@placement-api.service[76455]: [pid: 76455|app: 0|req: 14/28] 10.222.0.20 () {58 vars in 1275 bytes} [Thu Sep 16 14:51:38 2021] GET /placement/resource_providers?name=n-h1-796909-5 => generated 440 bytes in 181 msecs (HTTP/1.1 200) 6 headers in 224 bytes (1 switches on core 0)
Sep 16 14:51:38.380492 n-d-796909-5 devstack@placement-api.service[76454]: DEBUG placement.requestlog [req-a7912db6-642c-408e-b151-3dd87e3cb923 req-fc9c848d-e5a9-4f76-839d-d3230844e60f None None] Starting request: 10.222.0.20 "GET /placement/resource_providers/c499d7db-e456-4833-9146-fad60f3dca6b/aggregates" {{(pid=76454) __call__ /opt/stack/placement/placement/requestlog.py:55}}
Sep 16 14:51:38.400885 n-d-796909-5 devstack@placement-api.service[76454]: INFO placement.requestlog [req-a7912db6-642c-408e-b151-3dd87e3cb923 req-fc9c848d-e5a9-4f76-839d-d3230844e60f service placement] 10.222.0.20 "GET /placement/resource_providers/c499d7db-e456-4833-9146-fad60f3dca6b/aggregates" status: 200 len: 53 microversion: 1.19
Sep 16 14:51:38.403684 n-d-796909-5 devstack@placement-api.service[76454]: [pid: 76454|app: 0|req: 15/29] 10.222.0.20 () {60 vars in 1426 bytes} [Thu Sep 16 14:51:38 2021] GET /placement/resource_providers/c499d7db-e456-4833-9146-fad60f3dca6b/aggregates => generated 53 bytes in 23 msecs (HTTP/1.1 200) 8 headers in 295 bytes (1 switches on core 0)
Sep 16 14:51:38.411274 n-d-796909-5 devstack@placement-api.service[76455]: DEBUG placement.requestlog [req-a7912db6-642c-408e-b151-3dd87e3cb923 req-054aa079-073d-44b5-b0ab-5d6730f68351 None None] Starting request: 10.222.0.20 "PUT /placement/resource_providers/c499d7db-e456-4833-9146-fad60f3dca6b/aggregates" {{(pid=76455) __call__ /opt/stack/placement/placement/requestlog.py:55}}
Sep 16 14:51:38.454948 n-d-796909-5 devstack@placement-api.service[76455]: DEBUG placement.objects.resource_provider [req-a7912db6-642c-408e-b151-3dd87e3cb923 req-054aa079-073d-44b5-b0ab-5d6730f68351 service placement] _ensure_aggregate() did not find aggregate a4cb20a2-97cf-4bad-b9a3-e257694d08e3. Attempting to create it. {{(pid=76455) _ensure_aggregate /opt/stack/placement/placement/objects/resource_provider.py:319}}
Sep 16 14:51:38.473013 n-d-796909-5 devstack@placement-api.service[76455]: DEBUG placement.objects.resource_provider [req-a7912db6-642c-408e-b151-3dd87e3cb923 req-054aa079-073d-44b5-b0ab-5d6730f68351 service placement] _ensure_aggregate() created new aggregate a4cb20a2-97cf-4bad-b9a3-e257694d08e3 (id=1). {{(pid=76455) _ensure_aggregate /opt/stack/placement/placement/objects/resource_provider.py:325}}
Sep 16 14:51:38.475440 n-d-796909-5 devstack@placement-api.service[76455]: DEBUG placement.objects.resource_provider [req-a7912db6-642c-408e-b151-3dd87e3cb923 req-054aa079-073d-44b5-b0ab-5d6730f68351 service placement] Setting aggregates for provider c499d7db-e456-4833-9146-fad60f3dca6b. Successfully associated aggregate a4cb20a2-97cf-4bad-b9a3-e257694d08e3. {{(pid=76455) _set_aggregates /opt/stack/placement/placement/objects/resource_provider.py:387}}
Sep 16 14:51:38.505616 n-d-796909-5 devstack@placement-api.service[76455]: INFO placement.requestlog [req-a7912db6-642c-408e-b151-3dd87e3cb923 req-054aa079-073d-44b5-b0ab-5d6730f68351 service placement] 10.222.0.20 "PUT /placement/resource_providers/c499d7db-e456-4833-9146-fad60f3dca6b/aggregates" status: 200 len: 91 microversion: 1.19
Sep 16 14:51:38.506427 n-d-796909-5 devstack@placement-api.service[76455]: [pid: 76455|app: 0|req: 15/30] 10.222.0.20 () {64 vars in 1478 bytes} [Thu Sep 16 14:51:38 2021] PUT /placement/resource_providers/c499d7db-e456-4833-9146-fad60f3dca6b/aggregates => generated 91 bytes in 95 msecs (HTTP/1.1 200) 8 headers in 295 bytes (1 switches on core 0)
Sep 16 14:51:38.552529 n-d-796909-5 devstack@placement-api.service[76454]: DEBUG placement.requestlog [req-9c5ba800-2488-473c-9f0a-6dc4fac8e00b req-f3b3efac-1b33-4343-bdde-67bae3282461 None None] Starting request: 10.222.0.24 "GET /placement/allocations/f9f42de3-b7fc-436e-af6f-f48740bd919a" {{(pid=76454) __call__ /opt/stack/placement/placement/requestlog.py:55}}
Sep 16 14:51:38.583704 n-d-796909-5 devstack@placement-api.service[76454]: INFO placement.requestlog [req-9c5ba800-2488-473c-9f0a-6dc4fac8e00b req-f3b3efac-1b33-4343-bdde-67bae3282461 service placement] 10.222.0.24 "GET /placement/allocations/f9f42de3-b7fc-436e-af6f-f48740bd919a" status: 200 len: 258 microversion: 1.28
Sep 16 14:51:38.584242 n-d-796909-5 devstack@placement-api.service[76454]: [pid: 76454|app: 0|req: 16/31] 10.222.0.24 () {60 vars in 1378 bytes} [Thu Sep 16 14:51:38 2021] GET /placement/allocations/f9f42de3-b7fc-436e-af6f-f48740bd919a => generated 258 bytes in 32 msecs (HTTP/1.1 200) 8 headers in 296 bytes (1 switches on core 0)
Sep 16 14:51:38.863950 n-d-796909-5 devstack@placement-api.service[76455]: DEBUG placement.requestlog [req-95e22982-084d-48b3-bbad-290414d14e1e req-9b3d1886-c57f-46c2-b933-8ad80587b48f None None] Starting request: 10.222.0.20 "GET /placement/resource_providers?name=n-h1-796909-5" {{(pid=76455) __call__ /opt/stack/placement/placement/requestlog.py:55}}
Sep 16 14:51:38.882716 n-d-796909-5 devstack@placement-api.service[76455]: INFO placement.requestlog [req-95e22982-084d-48b3-bbad-290414d14e1e req-9b3d1886-c57f-46c2-b933-8ad80587b48f service placement] 10.222.0.20 "GET /placement/resource_providers?name=n-h1-796909-5" status: 200 len: 440 microversion: 1.0
Sep 16 14:51:38.883239 n-d-796909-5 devstack@placement-api.service[76455]: [pid: 76455|app: 0|req: 16/32] 10.222.0.20 () {58 vars in 1275 bytes} [Thu Sep 16 14:51:38 2021] GET /placement/resource_providers?name=n-h1-796909-5 => generated 440 bytes in 19 msecs (HTTP/1.1 200) 6 headers in 224 bytes (1 switches on core 0)
Sep 16 14:51:38.890822 n-d-796909-5 devstack@placement-api.service[76454]: DEBUG placement.requestlog [req-95e22982-084d-48b3-bbad-290414d14e1e req-dbc92db8-8912-481f-bbd9-327c18ee4a9b None None] Starting request: 10.222.0.20 "GET /placement/resource_providers/c499d7db-e456-4833-9146-fad60f3dca6b/aggregates" {{(pid=76454) __call__ /opt/stack/placement/placement/requestlog.py:55}}
Sep 16 14:51:38.908224 n-d-796909-5 devstack@placement-api.service[76454]: INFO placement.requestlog [req-95e22982-084d-48b3-bbad-290414d14e1e req-dbc92db8-8912-481f-bbd9-327c18ee4a9b service placement] 10.222.0.20 "GET /placement/resource_providers/c499d7db-e456-4833-9146-fad60f3dca6b/aggregates" status: 200 len: 91 microversion: 1.19
Sep 16 14:51:38.908778 n-d-796909-5 devstack@placement-api.service[76454]: [pid: 76454|app: 0|req: 17/33] 10.222.0.20 () {60 vars in 1426 bytes} [Thu Sep 16 14:51:38 2021] GET /placement/resource_providers/c499d7db-e456-4833-9146-fad60f3dca6b/aggregates => generated 91 bytes in 18 msecs (HTTP/1.1 200) 8 headers in 295 bytes (1 switches on core 0)
Sep 16 14:51:38.915763 n-d-796909-5 devstack@placement-api.service[76455]: DEBUG placement.requestlog [req-95e22982-084d-48b3-bbad-290414d14e1e req-757de9ed-6078-4424-96f2-1a443b6edb01 None None] Starting request: 10.222.0.20 "PUT /placement/resource_providers/c499d7db-e456-4833-9146-fad60f3dca6b/aggregates" {{(pid=76455) __call__ /opt/stack/placement/placement/requestlog.py:55}}
Sep 16 14:51:38.936747 n-d-796909-5 devstack@placement-api.service[76455]: DEBUG placement.objects.resource_provider [req-95e22982-084d-48b3-bbad-290414d14e1e req-757de9ed-6078-4424-96f2-1a443b6edb01 service placement] Setting aggregates for provider c499d7db-e456-4833-9146-fad60f3dca6b. Successfully disassociated aggregate a4cb20a2-97cf-4bad-b9a3-e257694d08e3. {{(pid=76455) _set_aggregates /opt/stack/placement/placement/objects/resource_provider.py:402}}
Sep 16 14:51:38.944554 n-d-796909-5 devstack@placement-api.service[76455]: INFO placement.requestlog [req-95e22982-084d-48b3-bbad-290414d14e1e req-757de9ed-6078-4424-96f2-1a443b6edb01 service placement] 10.222.0.20 "PUT /placement/resource_providers/c499d7db-e456-4833-9146-fad60f3dca6b/aggregates" status: 200 len: 53 microversion: 1.19
