Jun 14 11:06:55.600156 n-d-796209-6 devstack@placement-api.service[92964]: [pid: 92964|app: 0|req: 225/447] 10.222.0.23 () {60 vars in 1380 bytes} [Mon Jun 14 11:06:55 2021] GET /placement/allocations/1d15a898-8fa9-4049-abe6-d06545f19a55 => generated 19 bytes in 12 msecs (HTTP/1.1 200) 8 headers in 295 bytes (1 switches on core 0)
Jun 14 11:06:55.606473 n-d-796209-6 devstack@placement-api.service[92963]: DEBUG placement.requestlog [req-edb38f4a-ecaa-4d09-93f5-9d0497af8a2e req-f494c36e-2f15-4329-b5c7-8d957405a02c None None] Starting request: 10.222.0.23 "PUT /placement/allocations/1d15a898-8fa9-4049-abe6-d06545f19a55" {{(pid=92963) __call__ /opt/stack/placement/placement/requestlog.py:55}}
Jun 14 11:06:55.673747 n-d-796209-6 devstack@placement-api.service[92963]: DEBUG placement.handlers.allocation [req-edb38f4a-ecaa-4d09-93f5-9d0497af8a2e req-f494c36e-2f15-4329-b5c7-8d957405a02c service placement] Successfully wrote allocations [, , ] {{(pid=92963) _create_allocations /opt/stack/placement/placement/handlers/allocation.py:435}}
Jun 14 11:06:55.674563 n-d-796209-6 devstack@placement-api.service[92963]: INFO placement.requestlog [req-edb38f4a-ecaa-4d09-93f5-9d0497af8a2e req-f494c36e-2f15-4329-b5c7-8d957405a02c service placement] 10.222.0.23 "PUT /placement/allocations/1d15a898-8fa9-4049-abe6-d06545f19a55" status: 204 len: 0 microversion: 1.35
Jun 14 11:06:55.688144 n-d-796209-6 devstack@placement-api.service[92963]: [pid: 92963|app: 0|req: 223/448] 10.222.0.23 () {64 vars in 1433 bytes} [Mon Jun 14 11:06:55 2021] PUT /placement/allocations/1d15a898-8fa9-4049-abe6-d06545f19a55 => generated 0 bytes in 69 msecs (HTTP/1.1 204) 5 headers in 199 bytes (1 switches on core 0)
Jun 14 11:06:55.690066 n-d-796209-6 devstack@placement-api.service[92964]: DEBUG placement.requestlog [req-edb38f4a-ecaa-4d09-93f5-9d0497af8a2e req-3f06080d-698b-4429-93b1-c85b8f3ad389 None None] Starting request: 10.222.0.23 "GET /placement/allocations/1e5450ee-7aaa-4e70-a0a2-a9ca3100e7d0" {{(pid=92964) __call__ /opt/stack/placement/placement/requestlog.py:55}}
Jun 14 11:06:55.702057 n-d-796209-6 devstack@placement-api.service[92964]: INFO placement.requestlog [req-edb38f4a-ecaa-4d09-93f5-9d0497af8a2e req-3f06080d-698b-4429-93b1-c85b8f3ad389 service placement] 10.222.0.23 "GET /placement/allocations/1e5450ee-7aaa-4e70-a0a2-a9ca3100e7d0" status: 200 len: 19 microversion: 1.28
Jun 14 11:06:55.706177 n-d-796209-6 devstack@placement-api.service[92964]: [pid: 92964|app: 0|req: 226/449] 10.222.0.23 () {60 vars in 1380 bytes} [Mon Jun 14 11:06:55 2021] GET /placement/allocations/1e5450ee-7aaa-4e70-a0a2-a9ca3100e7d0 => generated 19 bytes in 16 msecs (HTTP/1.1 200) 8 headers in 295 bytes (1 switches on core 0)
Jun 14 11:06:55.709106 n-d-796209-6 devstack@placement-api.service[92963]: DEBUG placement.requestlog [req-edb38f4a-ecaa-4d09-93f5-9d0497af8a2e req-22e62fba-de8b-488a-a38d-1c4db17e20d6 None None] Starting request: 10.222.0.23 "PUT /placement/allocations/1e5450ee-7aaa-4e70-a0a2-a9ca3100e7d0" {{(pid=92963) __call__ /opt/stack/placement/placement/requestlog.py:55}}
Jun 14 11:06:55.770441 n-d-796209-6 devstack@placement-api.service[92963]: DEBUG placement.handlers.allocation [req-edb38f4a-ecaa-4d09-93f5-9d0497af8a2e req-22e62fba-de8b-488a-a38d-1c4db17e20d6 service placement] Successfully wrote allocations [, , ] {{(pid=92963) _create_allocations /opt/stack/placement/placement/handlers/allocation.py:435}}
Jun 14 11:06:55.771021 n-d-796209-6 devstack@placement-api.service[92963]: INFO placement.requestlog [req-edb38f4a-ecaa-4d09-93f5-9d0497af8a2e req-22e62fba-de8b-488a-a38d-1c4db17e20d6 service placement] 10.222.0.23 "PUT /placement/allocations/1e5450ee-7aaa-4e70-a0a2-a9ca3100e7d0" status: 204 len: 0 microversion: 1.35
Jun 14 11:06:55.771327 n-d-796209-6 devstack@placement-api.service[92963]: [pid: 92963|app: 0|req: 224/450] 10.222.0.23 () {64 vars in 1433 bytes} [Mon Jun 14 11:06:55 2021] PUT /placement/allocations/1e5450ee-7aaa-4e70-a0a2-a9ca3100e7d0 => generated 0 bytes in 63 msecs (HTTP/1.1 204) 5 headers in 199 bytes (1 switches on core 0)
Jun 14 11:06:56.545646 n-d-796209-6 devstack@placement-api.service[92964]: DEBUG placement.requestlog [req-edb38f4a-ecaa-4d09-93f5-9d0497af8a2e req-eb46e457-2515-499f-bc82-2e51448e90dc None None] Starting request: 10.222.0.45 "GET /placement/allocations/bc93dd17-4f38-49a0-a98b-e9a28989e49e" {{(pid=92964) __call__ /opt/stack/placement/placement/requestlog.py:55}}
Jun 14 11:06:56.580601 n-d-796209-6 devstack@placement-api.service[92964]: INFO placement.requestlog [req-edb38f4a-ecaa-4d09-93f5-9d0497af8a2e req-eb46e457-2515-499f-bc82-2e51448e90dc service placement] 10.222.0.45 "GET /placement/allocations/bc93dd17-4f38-49a0-a98b-e9a28989e49e" status: 200 len: 259 microversion: 1.28
Jun 14 11:06:56.581695 n-d-796209-6 devstack@placement-api.service[92964]: [pid: 92964|app: 0|req: 227/451] 10.222.0.45 () {60 vars in 1378 bytes} [Mon Jun 14 11:06:56 2021] GET /placement/allocations/bc93dd17-4f38-49a0-a98b-e9a28989e49e => generated 259 bytes in 36 msecs (HTTP/1.1 200) 8 headers in 296 bytes (1 switches on core 0)
Jun 14 11:06:56.728243 n-d-796209-6 devstack@placement-api.service[92963]: DEBUG placement.requestlog [req-edb38f4a-ecaa-4d09-93f5-9d0497af8a2e req-69911b3d-d62d-4f4a-985c-972af9501a53 None None] Starting request: 10.222.0.45 "GET /placement/allocations/1e5450ee-7aaa-4e70-a0a2-a9ca3100e7d0" {{(pid=92963) __call__ /opt/stack/placement/placement/requestlog.py:55}}
Jun 14 11:06:56.728840 n-d-796209-6 devstack@placement-api.service[92964]: DEBUG placement.requestlog [req-edb38f4a-ecaa-4d09-93f5-9d0497af8a2e req-6fbb60cd-70a7-410f-9c44-5da90f40c5c9 None None] Starting request: 10.222.0.52 "GET /placement/allocations/1d15a898-8fa9-4049-abe6-d06545f19a55" {{(pid=92964) __call__ /opt/stack/placement/placement/requestlog.py:55}}
Jun 14 11:06:56.751676 n-d-796209-6 devstack@placement-api.service[92963]: INFO placement.requestlog [req-edb38f4a-ecaa-4d09-93f5-9d0497af8a2e req-69911b3d-d62d-4f4a-985c-972af9501a53 service placement] 10.222.0.45 "GET /placement/allocations/1e5450ee-7aaa-4e70-a0a2-a9ca3100e7d0" status: 200 len: 259 microversion: 1.28
Jun 14 11:06:56.753636 n-d-796209-6 devstack@placement-api.service[92963]: [pid: 92963|app: 0|req: 225/452] 10.222.0.45 () {60 vars in 1378 bytes} [Mon Jun 14 11:06:56 2021] GET /placement/allocations/1e5450ee-7aaa-4e70-a0a2-a9ca3100e7d0 => generated 259 bytes in 26 msecs (HTTP/1.1 200) 8 headers in 296 bytes (1 switches on core 0)
Jun 14 11:06:56.758364 n-d-796209-6 devstack@placement-api.service[92964]: INFO placement.requestlog [req-edb38f4a-ecaa-4d09-93f5-9d0497af8a2e req-6fbb60cd-70a7-410f-9c44-5da90f40c5c9 service placement] 10.222.0.52 "GET /placement/allocations/1d15a898-8fa9-4049-abe6-d06545f19a55" status: 200 len: 259 microversion: 1.28
Jun 14 11:06:56.760437 n-d-796209-6 devstack@placement-api.service[92964]: [pid: 92964|app: 0|req: 228/453] 10.222.0.52 () {60 vars in 1378 bytes} [Mon Jun 14 11:06:56 2021] GET /placement/allocations/1d15a898-8fa9-4049-abe6-d06545f19a55 => generated 259 bytes in 32 msecs (HTTP/1.1 200) 8 headers in 296 bytes (1 switches on core 0)
Jun 14 11:06:57.420033 n-d-796209-6 devstack@placement-api.service[92963]: DEBUG placement.requestlog [req-56de77eb-a17c-44e3-aa69-9b827f012b1f req-f17fdef3-9bf5-469e-867d-ae352e839a1d None None] Starting request: 10.222.0.45 "GET /placement/allocations/d0a27912-3fe4-4d7b-b53b-7991211dde98" {{(pid=92963) __call__ /opt/stack/placement/placement/requestlog.py:55}}
Jun 14 11:06:57.436777 n-d-796209-6 devstack@placement-api.service[92963]: INFO placement.requestlog [req-56de77eb-a17c-44e3-aa69-9b827f012b1f req-f17fdef3-9bf5-469e-867d-ae352e839a1d service placement] 10.222.0.45 "GET /placement/allocations/d0a27912-3fe4-4d7b-b53b-7991211dde98" status: 200 len: 259 microversion: 1.28
Jun 14 11:06:57.437649 n-d-796209-6 devstack@placement-api.service[92963]: [pid: 92963|app: 0|req: 226/454] 10.222.0.45 () {60 vars in 1378 bytes} [Mon Jun 14 11:06:57 2021] GET /placement/allocations/d0a27912-3fe4-4d7b-b53b-7991211dde98 => generated 259 bytes in 18 msecs (HTTP/1.1 200) 8 headers in 296 bytes (1 switches on core 0)
Jun 14 11:06:57.445332 n-d-796209-6 devstack@placement-api.service[92964]: DEBUG placement.requestlog [req-56de77eb-a17c-44e3-aa69-9b827f012b1f req-09543bbc-20d0-4dac-81dc-09ed70354a11 None None] Starting request: 10.222.0.45 "PUT /placement/allocations/d0a27912-3fe4-4d7b-b53b-7991211dde98" {{(pid=92964) __call__ /opt/stack/placement/placement/requestlog.py:55}}
Jun 14 11:06:57.559538 n-d-796209-6 devstack@placement-api.service[92964]: DEBUG placement.handlers.allocation [req-56de77eb-a17c-44e3-aa69-9b827f012b1f req-09543bbc-20d0-4dac-81dc-09ed70354a11 service placement] Successfully wrote allocations [, , ] {{(pid=92964) _create_allocations /opt/stack/placement/placement/handlers/allocation.py:435}}
Jun 14 11:06:57.562657 n-d-796209-6 devstack@placement-api.service[92964]: INFO placement.requestlog [req-56de77eb-a17c-44e3-aa69-9b827f012b1f req-09543bbc-20d0-4dac-81dc-09ed70354a11 service placement] 10.222.0.45 "PUT /placement/allocations/d0a27912-3fe4-4d7b-b53b-7991211dde98" status: 204 len: 0 microversion: 1.28
Jun 14 11:06:57.565590 n-d-796209-6 devstack@placement-api.service[92964]: [pid: 92964|app: 0|req: 229/455] 10.222.0.45 () {64 vars in 1431 bytes} [Mon Jun 14 11:06:57 2021] PUT /placement/allocations/d0a27912-3fe4-4d7b-b53b-7991211dde98 => generated 0 bytes in 119 msecs (HTTP/1.1 204) 5 headers in 199 bytes (1 switches on core 0)
Jun 14 11:07:02.572617 n-d-796209-6 devstack@placement-api.service[92963]: DEBUG placement.requestlog [None req-fd0ef430-8a06-420c-97d8-15bd8d6c4048 None None] Starting request: 10.222.0.23 "GET /placement/" {{(pid=92963) __call__ /opt/stack/placement/placement/requestlog.py:55}}
Jun 14 11:07:02.573693 n-d-796209-6 devstack@placement-api.service[92963]: INFO placement.requestlog [None req-fd0ef430-8a06-420c-97d8-15bd8d6c4048 None None] 10.222.0.23 "GET /placement/" status: 200 len: 136 microversion: 1.0
Jun 14 11:07:02.573880 n-d-796209-6 devstack@placement-api.service[92963]: [pid: 92963|app: 0|req: 227/456] 10.222.0.23 () {54 vars in 906 bytes} [Mon Jun 14 11:07:02 2021] GET /placement => generated 136 bytes in 1 msecs (HTTP/1.1 200) 6 headers in 224 bytes (1 switches on core 0)
Jun 14 11:07:02.584508 n-d-796209-6 devstack@placement-api.service[92964]: DEBUG placement.requestlog [req-afa96ab5-2102-4055-997f-2d46f29c06a5 req-e2bf6261-bbd7-4f37-a68c-c2e774f6146b None None] Starting request: 10.222.0.23 "GET /placement/allocations/d0a27912-3fe4-4d7b-b53b-7991211dde98" {{(pid=92964) __call__ /opt/stack/placement/placement/requestlog.py:55}}
Jun 14 11:07:02.648510 n-d-796209-6 devstack@placement-api.service[92964]: INFO placement.requestlog [req-afa96ab5-2102-4055-997f-2d46f29c06a5 req-e2bf6261-bbd7-4f37-a68c-c2e774f6146b service placement] 10.222.0.23 "GET /placement/allocations/d0a27912-3fe4-4d7b-b53b-7991211dde98" status: 200 len: 19 microversion: 1.28
Jun 14 11:07:02.649407 n-d-796209-6 devstack@placement-api.service[92964]: [pid: 92964|app: 0|req: 230/457] 10.222.0.23 () {60 vars in 1371 bytes} [Mon Jun 14 11:07:02 2021] GET /placement/allocations/d0a27912-3fe4-4d7b-b53b-7991211dde98 => generated 19 bytes in 65 msecs (HTTP/1.1 200) 8 headers in 295 bytes (1 switches on core 0)
Jun 14 11:07:04.214309 n-d-796209-6 devstack@placement-api.service[92963]: DEBUG placement.requestlog [req-f5a5d75c-e0fc-4ab7-927f-1782754cb706 req-688097fc-a6fc-4ec2-b721-54f15a985509 None None] Starting request: 10.222.0.23 "GET /placement/allocation_candidates?limit=1000&resources=DISK_GB%3A1%2CMEMORY_MB%3A1024%2CVCPU%3A1&root_required=%21COMPUTE_STATUS_DISABLED" {{(pid=92963) __call__ /opt/stack/placement/placement/requestlog.py:55}}
Jun 14 11:07:04.246666 n-d-796209-6 devstack@placement-api.service[92963]: DEBUG placement.objects.research_context [req-f5a5d75c-e0fc-4ab7-927f-1782754cb706 req-688097fc-a6fc-4ec2-b721-54f15a985509 service placement] getting providers with 1 DISK_GB {{(pid=92963) __init__ /opt/stack/placement/placement/objects/research_context.py:126}}
Jun 14 11:07:04.252476 n-d-796209-6 devstack@placement-api.service[92963]: DEBUG placement.objects.research_context [req-f5a5d75c-e0fc-4ab7-927f-1782754cb706 req-688097fc-a6fc-4ec2-b721-54f15a985509 service placement] getting providers with 1024 MEMORY_MB {{(pid=92963) __init__ /opt/stack/placement/placement/objects/research_context.py:126}}
Jun 14 11:07:04.259950 n-d-796209-6 devstack@placement-api.service[92963]: DEBUG placement.objects.research_context [req-f5a5d75c-e0fc-4ab7-927f-1782754cb706 req-688097fc-a6fc-4ec2-b721-54f15a985509 service placement] getting providers with 1 VCPU {{(pid=92963) __init__ /opt/stack/placement/placement/objects/research_context.py:126}}
Jun 14 11:07:04.266728 n-d-796209-6 devstack@placement-api.service[92963]: DEBUG placement.objects.research_context [req-f5a5d75c-e0fc-4ab7-927f-1782754cb706 req-688097fc-a6fc-4ec2-b721-54f15a985509 service placement] found 2 providers with available 1 DISK_GB {{(pid=92963) get_provider_ids_matching /opt/stack/placement/placement/objects/research_context.py:549}}
Jun 14 11:07:04.267659 n-d-796209-6 devstack@placement-api.service[92963]: DEBUG placement.objects.research_context [req-f5a5d75c-e0fc-4ab7-927f-1782754cb706 req-688097fc-a6fc-4ec2-b721-54f15a985509 service placement] found 2 providers with available 1024 MEMORY_MB {{(pid=92963) get_provider_ids_matching /opt/stack/placement/placement/objects/research_context.py:549}}
Jun 14 11:07:04.268413 n-d-796209-6 devstack@placement-api.service[92963]: DEBUG placement.objects.research_context [req-f5a5d75c-e0fc-4ab7-927f-1782754cb706 req-688097fc-a6fc-4ec2-b721-54f15a985509 service placement] found 2 providers after filtering by previous result {{(pid=92963) get_provider_ids_matching /opt/stack/placement/placement/objects/research_context.py:580}}
Jun 14 11:07:04.268846 n-d-796209-6 devstack@placement-api.service[92963]: DEBUG placement.objects.research_context [req-f5a5d75c-e0fc-4ab7-927f-1782754cb706 req-688097fc-a6fc-4ec2-b721-54f15a985509 service placement] found 2 providers with available 1 VCPU {{(pid=92963) get_provider_ids_matching /opt/stack/placement/placement/objects/research_context.py:549}}
Jun 14 11:07:04.269360 n-d-796209-6 devstack@placement-api.service[92963]: DEBUG placement.objects.research_context [req-f5a5d75c-e0fc-4ab7-927f-1782754cb706 req-688097fc-a6fc-4ec2-b721-54f15a985509 service placement] found 2 providers after filtering by previous result {{(pid=92963) get_provider_ids_matching /opt/stack/placement/placement/objects/research_context.py:580}}
Jun 14 11:07:04.282498 n-d-796209-6 devstack@placement-api.service[92963]: DEBUG placement.objects.allocation_candidate [req-f5a5d75c-e0fc-4ab7-927f-1782754cb706 req-688097fc-a6fc-4ec2-b721-54f15a985509 service placement] RequestGroup(use_same_provider=False, resources={DISK_GB:1, MEMORY_MB:1024, VCPU:1}, traits=[], aggregates=[]) (suffix '') returned 2 matches {{(pid=92963) _get_by_requests /opt/stack/placement/placement/objects/allocation_candidate.py:145}}
Jun 14 11:07:04.284164 n-d-796209-6 devstack@placement-api.service[92963]: DEBUG placement.objects.allocation_candidate [req-f5a5d75c-e0fc-4ab7-927f-1782754cb706 req-688097fc-a6fc-4ec2-b721-54f15a985509 service placement] Merging candidates yields 2 allocation requests and 2 provider summaries {{(pid=92963) _merge_candidates /opt/stack/placement/placement/objects/allocation_candidate.py:783}}
Jun 14 11:07:04.287351 n-d-796209-6 devstack@placement-api.service[92963]: INFO placement.requestlog [req-f5a5d75c-e0fc-4ab7-927f-1782754cb706 req-688097fc-a6fc-4ec2-b721-54f15a985509 service placement] 10.222.0.23 "GET /placement/allocation_candidates?limit=1000&resources=DISK_GB%3A1%2CMEMORY_MB%3A1024%2CVCPU%3A1&root_required=%21COMPUTE_STATUS_DISABLED" status: 200 len: 1309 microversion: 1.35
Jun 14 11:07:04.288612 n-d-796209-6 devstack@placement-api.service[92963]: [pid: 92963|app: 0|req: 228/458] 10.222.0.23 () {60 vars in 1506 bytes} [Mon Jun 14 11:07:04 2021] GET /placement/allocation_candidates?limit=1000&resources=DISK_GB%3A1%2CMEMORY_MB%3A1024%2CVCPU%3A1&root_required=%21COMPUTE_STATUS_DISABLED => generated 1309 bytes in 74 msecs (HTTP/1.1 200) 8 headers in 297 bytes (1 switches on core 0)
Jun 14 11:07:04.384261 n-d-796209-6 devstack@placement-api.service[92964]: DEBUG placement.requestlog [req-f5a5d75c-e0fc-4ab7-927f-1782754cb706 req-24cf1a08-4cc9-45a1-ba3f-109a4553710a None None] Starting request: 10.222.0.23 "GET /placement/allocations/fde8a7d2-f775-4931-ac8f-8e077457d0af" {{(pid=92964) __call__ /opt/stack/placement/placement/requestlog.py:55}}
Jun 14 11:07:04.399766 n-d-796209-6 devstack@placement-api.service[92964]: INFO placement.requestlog [req-f5a5d75c-e0fc-4ab7-927f-1782754cb706 req-24cf1a08-4cc9-45a1-ba3f-109a4553710a service placement] 10.222.0.23 "GET /placement/allocations/fde8a7d2-f775-4931-ac8f-8e077457d0af" status: 200 len: 19 microversion: 1.28
Jun 14 11:07:04.400803 n-d-796209-6 devstack@placement-api.service[92964]: [pid: 92964|app: 0|req: 231/459] 10.222.0.23 () {60 vars in 1380 bytes} [Mon Jun 14 11:07:04 2021] GET /placement/allocations/fde8a7d2-f775-4931-ac8f-8e077457d0af => generated 19 bytes in 17 msecs (HTTP/1.1 200) 8 headers in 295 bytes (1 switches on core 0)
Jun 14 11:07:04.406706 n-d-796209-6 devstack@placement-api.service[92963]: DEBUG placement.requestlog [req-f5a5d75c-e0fc-4ab7-927f-1782754cb706 req-22f6945f-5782-4fa2-86da-05d841222e52 None None] Starting request: 10.222.0.23 "PUT /placement/allocations/fde8a7d2-f775-4931-ac8f-8e077457d0af" {{(pid=92963) __call__ /opt/stack/placement/placement/requestlog.py:55}}
Jun 14 11:07:04.518699 n-d-796209-6 devstack@placement-api.service[92963]: DEBUG placement.handlers.allocation [req-f5a5d75c-e0fc-4ab7-927f-1782754cb706 req-22f6945f-5782-4fa2-86da-05d841222e52 service placement] Successfully wrote allocations [, , ] {{(pid=92963) _create_allocations /opt/stack/placement/placement/handlers/allocation.py:435}}
Jun 14 11:07:04.519375 n-d-796209-6 devstack@placement-api.service[92963]: INFO placement.requestlog [req-f5a5d75c-e0fc-4ab7-927f-1782754cb706 req-22f6945f-5782-4fa2-86da-05d841222e52 service placement] 10.222.0.23 "PUT /placement/allocations/fde8a7d2-f775-4931-ac8f-8e077457d0af" status: 204 len: 0 microversion: 1.35
Jun 14 11:07:04.519952 n-d-796209-6 devstack@placement-api.service[92963]: [pid: 92963|app: 0|req: 229/460] 10.222.0.23 () {64 vars in 1433 bytes} [Mon Jun 14 11:07:04 2021] PUT /placement/allocations/fde8a7d2-f775-4931-ac8f-8e077457d0af => generated 0 bytes in 114 msecs (HTTP/1.1 204) 5 headers in 199 bytes (1 switches on core 0)
Jun 14 11:07:05.143663 n-d-796209-6 devstack@placement-api.service[92964]: DEBUG placement.requestlog [req-f5a5d75c-e0fc-4ab7-927f-1782754cb706 req-af955d8f-54f2-47f3-a204-595960844147 None None] Starting request: 10.222.0.52 "GET /placement/allocations/fde8a7d2-f775-4931-ac8f-8e077457d0af" {{(pid=92964) __call__ /opt/stack/placement/placement/requestlog.py:55}}
Jun 14 11:07:05.177137 n-d-796209-6 devstack@placement-api.service[92964]: INFO placement.requestlog [req-f5a5d75c-e0fc-4ab7-927f-1782754cb706 req-af955d8f-54f2-47f3-a204-595960844147 service placement] 10.222.0.52 "GET /placement/allocations/fde8a7d2-f775-4931-ac8f-8e077457d0af" status: 200 len: 259 microversion: 1.28
Jun 14 11:07:05.179325 n-d-796209-6 devstack@placement-api.service[92964]: [pid: 92964|app: 0|req: 232/461] 10.222.0.52 () {60 vars in 1378 bytes} [Mon Jun 14 11:07:05 2021] GET /placement/allocations/fde8a7d2-f775-4931-ac8f-8e077457d0af => generated 259 bytes in 36 msecs (HTTP/1.1 200) 8 headers in 296 bytes (1 switches on core 0)
Jun 14 11:07:06.235586 n-d-796209-6 devstack@placement-api.service[92963]: DEBUG placement.requestlog [req-1ae265b4-a24a-48c6-b24b-2776fe24ed59 req-6e3f5fd3-8e5e-4af8-9cc3-95ca3e78f443 None None] Starting request: 10.222.0.23 "GET /placement/allocation_candidates?limit=1000&resources=DISK_GB%3A1%2CMEMORY_MB%3A1024%2CVCPU%3A1&root_required=%21COMPUTE_STATUS_DISABLED" {{(pid=92963) __call__ /opt/stack/placement/placement/requestlog.py:55}}
Jun 14 11:07:06.278516 n-d-796209-6 devstack@placement-api.service[92963]: DEBUG placement.objects.research_context [req-1ae265b4-a24a-48c6-b24b-2776fe24ed59 req-6e3f5fd3-8e5e-4af8-9cc3-95ca3e78f443 service placement] getting providers with 1 DISK_GB {{(pid=92963) __init__ /opt/stack/placement/placement/objects/research_context.py:126}}
Jun 14 11:07:06.286361 n-d-796209-6 devstack@placement-api.service[92963]: DEBUG placement.objects.research_context [req-1ae265b4-a24a-48c6-b24b-2776fe24ed59 req-6e3f5fd3-8e5e-4af8-9cc3-95ca3e78f443 service placement] getting providers with 1024 MEMORY_MB {{(pid=92963) __init__ /opt/stack/placement/placement/objects/research_context.py:126}}
Jun 14 11:07:06.293486 n-d-796209-6 devstack@placement-api.service[92963]: DEBUG placement.objects.research_context [req-1ae265b4-a24a-48c6-b24b-2776fe24ed59 req-6e3f5fd3-8e5e-4af8-9cc3-95ca3e78f443 service placement] getting providers with 1 VCPU {{(pid=92963) __init__ /opt/stack/placement/placement/objects/research_context.py:126}}
Jun 14 11:07:06.299385 n-d-796209-6 devstack@placement-api.service[92963]: DEBUG placement.objects.research_context [req-1ae265b4-a24a-48c6-b24b-2776fe24ed59 req-6e3f5fd3-8e5e-4af8-9cc3-95ca3e78f443 service placement] found 2 providers with available 1 DISK_GB {{(pid=92963) get_provider_ids_matching /opt/stack/placement/placement/objects/research_context.py:549}}
Jun 14 11:07:06.299961 n-d-796209-6 devstack@placement-api.service[92963]: DEBUG placement.objects.research_context [req-1ae265b4-a24a-48c6-b24b-2776fe24ed59 req-6e3f5fd3-8e5e-4af8-9cc3-95ca3e78f443 service placement] found 2 providers with available 1024 MEMORY_MB {{(pid=92963) get_provider_ids_matching /opt/stack/placement/placement/objects/research_context.py:549}}
Jun 14 11:07:06.300493 n-d-796209-6 devstack@placement-api.service[92963]: DEBUG placement.objects.research_context [req-1ae265b4-a24a-48c6-b24b-2776fe24ed59 req-6e3f5fd3-8e5e-4af8-9cc3-95ca3e78f443 service placement] found 2 providers after filtering by previous result {{(pid=92963) get_provider_ids_matching /opt/stack/placement/placement/objects/research_context.py:580}}
Jun 14 11:07:06.301085 n-d-796209-6 devstack@placement-api.service[92963]: DEBUG placement.objects.research_context [req-1ae265b4-a24a-48c6-b24b-2776fe24ed59 req-6e3f5fd3-8e5e-4af8-9cc3-95ca3e78f443 service placement] found 2 providers with available 1 VCPU {{(pid=92963) get_provider_ids_matching /opt/stack/placement/placement/objects/research_context.py:549}}
Jun 14 11:07:06.301589 n-d-796209-6 devstack@placement-api.service[92963]: DEBUG placement.objects.research_context [req-1ae265b4-a24a-48c6-b24b-2776fe24ed59 req-6e3f5fd3-8e5e-4af8-9cc3-95ca3e78f443 service placement] found 2 providers after filtering by previous result {{(pid=92963) get_provider_ids_matching /opt/stack/placement/placement/objects/research_context.py:580}}
Jun 14 11:07:06.319378 n-d-796209-6 devstack@placement-api.service[92963]: DEBUG placement.objects.allocation_candidate [req-1ae265b4-a24a-48c6-b24b-2776fe24ed59 req-6e3f5fd3-8e5e-4af8-9cc3-95ca3e78f443 service placement] RequestGroup(use_same_provider=False, resources={DISK_GB:1, MEMORY_MB:1024, VCPU:1}, traits=[], aggregates=[]) (suffix '') returned 2 matches {{(pid=92963) _get_by_requests /opt/stack/placement/placement/objects/allocation_candidate.py:145}}
Jun 14 11:07:06.320224 n-d-796209-6 devstack@placement-api.service[92963]: DEBUG placement.objects.allocation_candidate [req-1ae265b4-a24a-48c6-b24b-2776fe24ed59 req-6e3f5fd3-8e5e-4af8-9cc3-95ca3e78f443 service placement] Merging candidates yields 2 allocation requests and 2 provider summaries {{(pid=92963) _merge_candidates /opt/stack/placement/placement/objects/allocation_candidate.py:783}}
Jun 14 11:07:06.322311 n-d-796209-6 devstack@placement-api.service[92963]: INFO placement.requestlog [req-1ae265b4-a24a-48c6-b24b-2776fe24ed59 req-6e3f5fd3-8e5e-4af8-9cc3-95ca3e78f443 service placement] 10.222.0.23 "GET /placement/allocation_candidates?limit=1000&resources=DISK_GB%3A1%2CMEMORY_MB%3A1024%2CVCPU%3A1&root_required=%21COMPUTE_STATUS_DISABLED" status: 200 len: 1309 microversion: 1.35
Jun 14 11:07:06.323134 n-d-796209-6 devstack@placement-api.service[92963]: [pid: 92963|app: 0|req: 230/462] 10.222.0.23 () {60 vars in 1506 bytes} [Mon Jun 14 11:07:06 2021] GET /placement/allocation_candidates?limit=1000&resources=DISK_GB%3A1%2CMEMORY_MB%3A1024%2CVCPU%3A1&root_required=%21COMPUTE_STATUS_DISABLED => generated 1309 bytes in 88 msecs (HTTP/1.1 200) 8 headers in 297 bytes (1 switches on core 0)
Jun 14 11:07:06.470383 n-d-796209-6 devstack@placement-api.service[92964]: DEBUG placement.requestlog [req-1ae265b4-a24a-48c6-b24b-2776fe24ed59 req-62543e7e-9205-4b38-9044-3ea3b27dc23b None None] Starting request: 10.222.0.23 "GET /placement/allocations/98b00de3-f844-4ce1-a3ea-871dd8b5aff8" {{(pid=92964) __call__ /opt/stack/placement/placement/requestlog.py:55}}
Jun 14 11:07:06.489956 n-d-796209-6 devstack@placement-api.service[92964]: INFO placement.requestlog [req-1ae265b4-a24a-48c6-b24b-2776fe24ed59 req-62543e7e-9205-4b38-9044-3ea3b27dc23b service placement] 10.222.0.23 "GET /placement/allocations/98b00de3-f844-4ce1-a3ea-871dd8b5aff8" status: 200 len: 19 microversion: 1.28
Jun 14 11:07:06.492574 n-d-796209-6 devstack@placement-api.service[92964]: [pid: 92964|app: 0|req: 233/463] 10.222.0.23 () {60 vars in 1380 bytes} [Mon Jun 14 11:07:06 2021] GET /placement/allocations/98b00de3-f844-4ce1-a3ea-871dd8b5aff8 => generated 19 bytes in 22 msecs (HTTP/1.1 200) 8 headers in 295 bytes (1 switches on core 0)
Jun 14 11:07:06.513551 n-d-796209-6 devstack@placement-api.service[92963]: DEBUG placement.requestlog [req-1ae265b4-a24a-48c6-b24b-2776fe24ed59 req-ce264ae6-ceb7-4a27-92d9-3e494c7f639d None None] Starting request: 10.222.0.23 "PUT /placement/allocations/98b00de3-f844-4ce1-a3ea-871dd8b5aff8" {{(pid=92963) __call__ /opt/stack/placement/placement/requestlog.py:55}}
Jun 14 11:07:06.603251 n-d-796209-6 devstack@placement-api.service[92963]: DEBUG placement.handlers.allocation [req-1ae265b4-a24a-48c6-b24b-2776fe24ed59 req-ce264ae6-ceb7-4a27-92d9-3e494c7f639d service placement] Successfully wrote allocations [, , ] {{(pid=92963) _create_allocations /opt/stack/placement/placement/handlers/allocation.py:435}}
Jun 14 11:07:06.604199 n-d-796209-6 devstack@placement-api.service[92963]: INFO placement.requestlog [req-1ae265b4-a24a-48c6-b24b-2776fe24ed59 req-ce264ae6-ceb7-4a27-92d9-3e494c7f639d service placement] 10.222.0.23 "PUT /placement/allocations/98b00de3-f844-4ce1-a3ea-871dd8b5aff8" status: 204 len: 0 microversion: 1.35
Jun 14 11:07:06.605414 n-d-796209-6 devstack@placement-api.service[92963]: [pid: 92963|app: 0|req: 231/464] 10.222.0.23 () {64 vars in 1433 bytes} [Mon Jun 14 11:07:06 2021] PUT /placement/allocations/98b00de3-f844-4ce1-a3ea-871dd8b5aff8 => generated 0 bytes in 92 msecs (HTTP/1.1 204) 5 headers in 199 bytes (2 switches on core 0)
Jun 14 11:07:07.202159 n-d-796209-6 devstack@placement-api.service[92964]: DEBUG placement.requestlog [req-1ae265b4-a24a-48c6-b24b-2776fe24ed59 req-a094b6fc-f851-4751-9a9e-8182694798d5 None None] Starting request: 10.222.0.45 "GET /placement/allocations/98b00de3-f844-4ce1-a3ea-871dd8b5aff8" {{(pid=92964) __call__ /opt/stack/placement/placement/requestlog.py:55}}
Jun 14 11:07:07.232195 n-d-796209-6 devstack@placement-api.service[92964]: INFO placement.requestlog [req-1ae265b4-a24a-48c6-b24b-2776fe24ed59 req-a094b6fc-f851-4751-9a9e-8182694798d5 service placement] 10.222.0.45 "GET /placement/allocations/98b00de3-f844-4ce1-a3ea-871dd8b5aff8" status: 200 len: 259 microversion: 1.28
Jun 14 11:07:07.232953 n-d-796209-6 devstack@placement-api.service[92964]: [pid: 92964|app: 0|req: 234/465] 10.222.0.45 () {60 vars in 1378 bytes} [Mon Jun 14 11:07:07 2021] GET /placement/allocations/98b00de3-f844-4ce1-a3ea-871dd8b5aff8 => generated 259 bytes in 31 msecs (HTTP/1.1 200) 8 headers in 296 bytes (1 switches on core 0)
Jun 14 11:07:15.576251 n-d-796209-6 devstack@placement-api.service[92963]: DEBUG placement.requestlog [req-23f04575-943b-4aba-bfbf-570c57298da9 req-b5e4a68d-bb53-4ee9-9c4a-93de890b3a50 None None] Starting request: 10.222.0.45 "GET /placement/allocations/c6de9c01-d264-4937-b228-f959b33f450a" {{(pid=92963) __call__ /opt/stack/placement/placement/requestlog.py:55}}
Jun 14 11:07:15.620301 n-d-796209-6 devstack@placement-api.service[92963]: INFO placement.requestlog [req-23f04575-943b-4aba-bfbf-570c57298da9 req-b5e4a68d-bb53-4ee9-9c4a-93de890b3a50 service placement] 10.222.0.45 "GET /placement/allocations/c6de9c01-d264-4937-b228-f959b33f450a" status: 200 len: 259 microversion: 1.28
Jun 14 11:07:15.621066 n-d-796209-6 devstack@placement-api.service[92963]: [pid: 92963|app: 0|req: 232/466] 10.222.0.45 () {60 vars in 1378 bytes} [Mon Jun 14 11:07:15 2021] GET /placement/allocations/c6de9c01-d264-4937-b228-f959b33f450a => generated 259 bytes in 45 msecs (HTTP/1.1 200) 8 headers in 296 bytes (1 switches on core 0)
Jun 14 11:07:15.630006 n-d-796209-6 devstack@placement-api.service[92964]: DEBUG placement.requestlog [req-23f04575-943b-4aba-bfbf-570c57298da9 req-e93bcdba-9894-4c5c-b1c9-0a411a131ebf None None] Starting request: 10.222.0.45 "PUT /placement/allocations/c6de9c01-d264-4937-b228-f959b33f450a" {{(pid=92964) __call__ /opt/stack/placement/placement/requestlog.py:55}}
Jun 14 11:07:15.700439 n-d-796209-6 devstack@placement-api.service[92964]: DEBUG placement.handlers.allocation [req-23f04575-943b-4aba-bfbf-570c57298da9 req-e93bcdba-9894-4c5c-b1c9-0a411a131ebf service placement] Successfully wrote allocations [, , ] {{(pid=92964) _create_allocations /opt/stack/placement/placement/handlers/allocation.py:435}}
Jun 14 11:07:15.703266 n-d-796209-6 devstack@placement-api.service[92964]: INFO placement.requestlog [req-23f04575-943b-4aba-bfbf-570c57298da9 req-e93bcdba-9894-4c5c-b1c9-0a411a131ebf service placement] 10.222.0.45 "PUT /placement/allocations/c6de9c01-d264-4937-b228-f959b33f450a" status: 204 len: 0 microversion: 1.28
Jun 14 11:07:15.704057 n-d-796209-6 devstack@placement-api.service[92964]: [pid: 92964|app: 0|req: 235/467] 10.222.0.45 () {64 vars in 1431 bytes} [Mon Jun 14 11:07:15 2021] PUT /placement/allocations/c6de9c01-d264-4937-b228-f959b33f450a => generated 0 bytes in 74 msecs (HTTP/1.1 204) 5 headers in 199 bytes (2 switches on core 0)
Jun 14 11:07:19.363206 n-d-796209-6 devstack@placement-api.service[92963]: DEBUG placement.requestlog [req-2b4158a5-8005-402d-9747-749bc60f9cbc req-57a6b1f3-5e5e-4841-af5c-b00282387ed0 None None] Starting request: 10.222.0.52 "GET /placement/allocations/5f9186df-c04b-4f7a-b4d4-731c68316875" {{(pid=92963) __call__ /opt/stack/placement/placement/requestlog.py:55}}
Jun 14 11:07:19.380419 n-d-796209-6 devstack@placement-api.service[92963]: INFO placement.requestlog [req-2b4158a5-8005-402d-9747-749bc60f9cbc req-57a6b1f3-5e5e-4841-af5c-b00282387ed0 service placement] 10.222.0.52 "GET /placement/allocations/5f9186df-c04b-4f7a-b4d4-731c68316875" status: 200 len: 259 microversion: 1.28
Jun 14 11:07:19.380949 n-d-796209-6 devstack@placement-api.service[92963]: [pid: 92963|app: 0|req: 233/468] 10.222.0.52 () {60 vars in 1378 bytes} [Mon Jun 14 11:07:19 2021] GET /placement/allocations/5f9186df-c04b-4f7a-b4d4-731c68316875 => generated 259 bytes in 18 msecs (HTTP/1.1 200) 8 headers in 296 bytes (1 switches on core 0)
Jun 14 11:07:29.425488 n-d-796209-6 devstack@placement-api.service[92964]: DEBUG placement.requestlog [None req-91774866-b39a-421f-bda8-521caf1df467 None None] Starting request: 10.222.0.23 "GET /placement/" {{(pid=92964) __call__ /opt/stack/placement/placement/requestlog.py:55}}
Jun 14 11:07:29.426479 n-d-796209-6 devstack@placement-api.service[92964]: INFO placement.requestlog [None req-91774866-b39a-421f-bda8-521caf1df467 None None] 10.222.0.23 "GET /placement/" status: 200 len: 136 microversion: 1.0
Jun 14 11:07:29.426920 n-d-796209-6 devstack@placement-api.service[92964]: [pid: 92964|app: 0|req: 236/469] 10.222.0.23 () {54 vars in 906 bytes} [Mon Jun 14 11:07:29 2021] GET /placement => generated 136 bytes in 2 msecs (HTTP/1.1 200) 6 headers in 224 bytes (1 switches on core 0)
Jun 14 11:07:29.444772 n-d-796209-6 devstack@placement-api.service[92963]: DEBUG placement.requestlog [req-cece4085-c7b5-4c91-bddb-04b36bfaa466 req-57d4f36b-e001-4556-ac9c-90246b539ad8 None None] Starting request: 10.222.0.23 "GET /placement/resource_providers/94a8dfce-2321-496e-b201-55079ed471f1/traits" {{(pid=92963) __call__ /opt/stack/placement/placement/requestlog.py:55}}
Jun 14 11:07:29.542338 n-d-796209-6 devstack@placement-api.service[92964]: DEBUG placement.requestlog [req-50aee068-48c7-4b93-b1ff-74d1cef10843 req-9447e10f-a03e-4f04-8690-c76dd9614c8a None None] Starting request: 10.222.0.52 "GET /placement/allocations/4dadba6d-0e83-4a3b-bdc7-f62a75432e45" {{(pid=92964) __call__ /opt/stack/placement/placement/requestlog.py:55}}
Jun 14 11:07:29.569323 n-d-796209-6 devstack@placement-api.service[92964]: INFO placement.requestlog [req-50aee068-48c7-4b93-b1ff-74d1cef10843 req-9447e10f-a03e-4f04-8690-c76dd9614c8a service placement] 10.222.0.52 "GET /placement/allocations/4dadba6d-0e83-4a3b-bdc7-f62a75432e45" status: 200 len: 259 microversion: 1.28
Jun 14 11:07:29.569570 n-d-796209-6 devstack@placement-api.service[92964]: [pid: 92964|app: 0|req: 237/470] 10.222.0.52 () {60 vars in 1378 bytes} [Mon Jun 14 11:07:29 2021] GET /placement/allocations/4dadba6d-0e83-4a3b-bdc7-f62a75432e45 => generated 259 bytes in 27 msecs (HTTP/1.1 200) 8 headers in 296 bytes (2 switches on core 0)
Jun 14 11:07:29.578127 n-d-796209-6 devstack@placement-api.service[92964]: DEBUG placement.requestlog [req-50aee068-48c7-4b93-b1ff-74d1cef10843 req-5634dc09-f6c7-4fb5-816b-57dea51adaf1 None None] Starting request: 10.222.0.52 "PUT /placement/allocations/4dadba6d-0e83-4a3b-bdc7-f62a75432e45" {{(pid=92964) __call__ /opt/stack/placement/placement/requestlog.py:55}}
Jun 14 11:07:29.604045 n-d-796209-6 devstack@placement-api.service[92963]: INFO placement.requestlog [req-cece4085-c7b5-4c91-bddb-04b36bfaa466 req-57d4f36b-e001-4556-ac9c-90246b539ad8 service placement] 10.222.0.23 "GET /placement/resource_providers/94a8dfce-2321-496e-b201-55079ed471f1/traits" status: 200 len: 212 microversion: 1.6
Jun 14 11:07:29.608718 n-d-796209-6 devstack@placement-api.service[92963]: [pid: 92963|app: 0|req: 234/471] 10.222.0.23 () {60 vars in 1412 bytes} [Mon Jun 14 11:07:29 2021] GET /placement/resource_providers/94a8dfce-2321-496e-b201-55079ed471f1/traits => generated 212 bytes in 164 msecs (HTTP/1.1 200) 6 headers in 224 bytes (1 switches on core 0)
Jun 14 11:07:29.658959 n-d-796209-6 devstack@placement-api.service[92963]: DEBUG placement.requestlog [req-2445c53f-8af3-4e96-a673-89fc28b15116 req-fa67f9f4-7768-47de-8e96-a26b19f1daaa None None] Starting request: 10.222.0.45 "GET /placement/allocations/bc93dd17-4f38-49a0-a98b-e9a28989e49e" {{(pid=92963) __call__ /opt/stack/placement/placement/requestlog.py:55}}
Jun 14 11:07:29.671895 n-d-796209-6 devstack@placement-api.service[92964]: DEBUG placement.handlers.allocation [req-50aee068-48c7-4b93-b1ff-74d1cef10843 req-5634dc09-f6c7-4fb5-816b-57dea51adaf1 service placement] Successfully wrote allocations [, , ] {{(pid=92964) _create_allocations /opt/stack/placement/placement/handlers/allocation.py:435}}
Jun 14 11:07:29.673356 n-d-796209-6 devstack@placement-api.service[92964]: INFO placement.requestlog [req-50aee068-48c7-4b93-b1ff-74d1cef10843 req-5634dc09-f6c7-4fb5-816b-57dea51adaf1 service placement] 10.222.0.52 "PUT /placement/allocations/4dadba6d-0e83-4a3b-bdc7-f62a75432e45" status: 204 len: 0 microversion: 1.28
Jun 14 11:07:29.674459 n-d-796209-6 devstack@placement-api.service[92964]: [pid: 92964|app: 0|req: 238/472] 10.222.0.52 () {64 vars in 1431 bytes} [Mon Jun 14 11:07:29 2021] PUT /placement/allocations/4dadba6d-0e83-4a3b-bdc7-f62a75432e45 => generated 0 bytes in 96 msecs (HTTP/1.1 204) 5 headers in 199 bytes (1 switches on core 0)
Jun 14 11:07:29.682753 n-d-796209-6 devstack@placement-api.service[92963]: INFO placement.requestlog [req-2445c53f-8af3-4e96-a673-89fc28b15116 req-fa67f9f4-7768-47de-8e96-a26b19f1daaa service placement] 10.222.0.45 "GET /placement/allocations/bc93dd17-4f38-49a0-a98b-e9a28989e49e" status: 200 len: 259 microversion: 1.28
Jun 14 11:07:29.683713 n-d-796209-6 devstack@placement-api.service[92963]: [pid: 92963|app: 0|req: 235/473] 10.222.0.45 () {60 vars in 1378 bytes} [Mon Jun 14 11:07:29 2021] GET /placement/allocations/bc93dd17-4f38-49a0-a98b-e9a28989e49e => generated 259 bytes in 25 msecs (HTTP/1.1 200) 8 headers in 296 bytes (2 switches on core 0)
Jun 14 11:07:29.692543 n-d-796209-6 devstack@placement-api.service[92964]: DEBUG placement.requestlog [req-2445c53f-8af3-4e96-a673-89fc28b15116 req-3b0981e9-87b2-4eb0-94da-a413196d4e74 None None] Starting request: 10.222.0.45 "PUT /placement/allocations/bc93dd17-4f38-49a0-a98b-e9a28989e49e" {{(pid=92964) __call__ /opt/stack/placement/placement/requestlog.py:55}}
Jun 14 11:07:29.868651 n-d-796209-6 devstack@placement-api.service[92964]: DEBUG placement.handlers.allocation [req-2445c53f-8af3-4e96-a673-89fc28b15116 req-3b0981e9-87b2-4eb0-94da-a413196d4e74 service placement] Successfully wrote allocations [, , ] {{(pid=92964) _create_allocations /opt/stack/placement/placement/handlers/allocation.py:435}}
Jun 14 11:07:29.869394 n-d-796209-6 devstack@placement-api.service[92964]: INFO placement.requestlog [req-2445c53f-8af3-4e96-a673-89fc28b15116 req-3b0981e9-87b2-4eb0-94da-a413196d4e74 service placement] 10.222.0.45 "PUT /placement/allocations/bc93dd17-4f38-49a0-a98b-e9a28989e49e" status: 204 len: 0 microversion: 1.28
Jun 14 11:07:29.869794 n-d-796209-6 devstack@placement-api.service[92964]: [pid: 92964|app: 0|req: 239/474] 10.222.0.45 () {64 vars in 1431 bytes} [Mon Jun 14 11:07:29 2021] PUT /placement/allocations/bc93dd17-4f38-49a0-a98b-e9a28989e49e => generated 0 bytes in 178 msecs (HTTP/1.1 204) 5 headers in 199 bytes (1 switches on core 0)
Jun 14 11:07:30.077114 n-d-796209-6 devstack@placement-api.service[92963]: DEBUG placement.requestlog [req-6f68977f-4f4e-4fb0-a94a-e9ccfc48deab req-ed69741c-63fb-4105-9eba-1af9502efead None None] Starting request: 10.222.0.52 "GET /placement/resource_providers/94a8dfce-2321-496e-b201-55079ed471f1/allocations" {{(pid=92963) __call__ /opt/stack/placement/placement/requestlog.py:55}}
Jun 14 11:07:30.123103 n-d-796209-6 devstack@placement-api.service[92963]: INFO placement.requestlog [req-6f68977f-4f4e-4fb0-a94a-e9ccfc48deab req-ed69741c-63fb-4105-9eba-1af9502efead service placement] 10.222.0.52 "GET /placement/resource_providers/94a8dfce-2321-496e-b201-55079ed471f1/allocations" status: 200 len: 457 microversion: 1.0
Jun 14 11:07:30.125546 n-d-796209-6 devstack@placement-api.service[92963]: [pid: 92963|app: 0|req: 236/475] 10.222.0.52 () {58 vars in 1391 bytes} [Mon Jun 14 11:07:30 2021] GET /placement/resource_providers/94a8dfce-2321-496e-b201-55079ed471f1/allocations => generated 457 bytes in 49 msecs (HTTP/1.1 200) 6 headers in 224 bytes (1 switches on core 0)
Jun 14 11:07:30.813322 n-d-796209-6 devstack@placement-api.service[92964]: DEBUG placement.requestlog [None req-e8491185-7c23-4e46-ae70-ed30e0d525e4 None None] Starting request: 10.222.0.23 "GET /placement/" {{(pid=92964) __call__ /opt/stack/placement/placement/requestlog.py:55}}
Jun 14 11:07:30.814559 n-d-796209-6 devstack@placement-api.service[92964]: INFO placement.requestlog [None req-e8491185-7c23-4e46-ae70-ed30e0d525e4 None None] 10.222.0.23 "GET /placement/" status: 200 len: 136 microversion: 1.0
Jun 14 11:07:30.815935 n-d-796209-6 devstack@placement-api.service[92964]: [pid: 92964|app: 0|req: 240/476] 10.222.0.23 () {54 vars in 915 bytes} [Mon Jun 14 11:07:30 2021] GET /placement => generated 136 bytes in 2 msecs (HTTP/1.1 200) 6 headers in 224 bytes (1 switches on core 0)
Jun 14 11:07:30.828790 n-d-796209-6 devstack@placement-api.service[92963]: DEBUG placement.requestlog [req-cece4085-c7b5-4c91-bddb-04b36bfaa466 req-e87bc87e-31ff-4300-a5c2-ac4fdb7d13e4 None None] Starting request: 10.222.0.23 "GET /placement/allocations/fde8a7d2-f775-4931-ac8f-8e077457d0af" {{(pid=92963) __call__ /opt/stack/placement/placement/requestlog.py:55}}
Jun 14 11:07:31.032458 n-d-796209-6 devstack@placement-api.service[92963]: INFO placement.requestlog [req-cece4085-c7b5-4c91-bddb-04b36bfaa466 req-e87bc87e-31ff-4300-a5c2-ac4fdb7d13e4 service placement] 10.222.0.23 "GET /placement/allocations/fde8a7d2-f775-4931-ac8f-8e077457d0af" status: 200 len: 259 microversion: 1.28
Jun 14 11:07:31.033227 n-d-796209-6 devstack@placement-api.service[92963]: [pid: 92963|app: 0|req: 237/477] 10.222.0.23 () {60 vars in 1380 bytes} [Mon Jun 14 11:07:30 2021] GET /placement/allocations/fde8a7d2-f775-4931-ac8f-8e077457d0af => generated 259 bytes in 206 msecs (HTTP/1.1 200) 8 headers in 296 bytes (1 switches on core 0)
Jun 14 11:07:31.040173 n-d-796209-6 devstack@placement-api.service[92964]: DEBUG placement.requestlog [req-cece4085-c7b5-4c91-bddb-04b36bfaa466 req-de700802-0de3-49a9-82f2-b715eca87803 None None] Starting request: 10.222.0.23 "GET /placement/allocations/fde8a7d2-f775-4931-ac8f-8e077457d0af" {{(pid=92964) __call__ /opt/stack/placement/placement/requestlog.py:55}}
Jun 14 11:07:31.081498 n-d-796209-6 devstack@placement-api.service[92964]: INFO placement.requestlog [req-cece4085-c7b5-4c91-bddb-04b36bfaa466 req-de700802-0de3-49a9-82f2-b715eca87803 service placement] 10.222.0.23 "GET /placement/allocations/fde8a7d2-f775-4931-ac8f-8e077457d0af" status: 200 len: 259 microversion: 1.28
Jun 14 11:07:31.082118 n-d-796209-6 devstack@placement-api.service[92964]: [pid: 92964|app: 0|req: 241/478] 10.222.0.23 () {60 vars in 1380 bytes} [Mon Jun 14 11:07:31 2021] GET /placement/allocations/fde8a7d2-f775-4931-ac8f-8e077457d0af => generated 259 bytes in 43 msecs (HTTP/1.1 200) 8 headers in 296 bytes (2 switches on core 0)
Jun 14 11:07:31.089009 n-d-796209-6 devstack@placement-api.service[92963]: DEBUG placement.requestlog [req-cece4085-c7b5-4c91-bddb-04b36bfaa466 req-1dc8edf6-eebe-4617-980d-4ff87abc5619 None None] Starting request: 10.222.0.23 "GET /placement/allocations/46ec8683-b999-4f1f-ac0d-471f66ca4c9c" {{(pid=92963) __call__ /opt/stack/placement/placement/requestlog.py:55}}
Jun 14 11:07:31.115137 n-d-796209-6 devstack@placement-api.service[92963]: INFO placement.requestlog [req-cece4085-c7b5-4c91-bddb-04b36bfaa466 req-1dc8edf6-eebe-4617-980d-4ff87abc5619 service placement] 10.222.0.23 "GET /placement/allocations/46ec8683-b999-4f1f-ac0d-471f66ca4c9c" status: 200 len: 19 microversion: 1.28
Jun 14 11:07:31.115995 n-d-796209-6 devstack@placement-api.service[92963]: [pid: 92963|app: 0|req: 238/479] 10.222.0.23 () {60 vars in 1380 bytes} [Mon Jun 14 11:07:31 2021] GET /placement/allocations/46ec8683-b999-4f1f-ac0d-471f66ca4c9c => generated 19 bytes in 28 msecs (HTTP/1.1 200) 8 headers in 295 bytes (1 switches on core 0)
Jun 14 11:07:31.122110 n-d-796209-6 devstack@placement-api.service[92964]: DEBUG placement.requestlog [req-cece4085-c7b5-4c91-bddb-04b36bfaa466 req-b272757a-713f-498c-925b-31775c0b8ee9 None None] Starting request: 10.222.0.23 "POST /placement/allocations" {{(pid=92964) __call__ /opt/stack/placement/placement/requestlog.py:55}}
Jun 14 11:07:31.259474 n-d-796209-6 devstack@placement-api.service[92964]: DEBUG placement.handlers.allocation [req-cece4085-c7b5-4c91-bddb-04b36bfaa466 req-b272757a-713f-498c-925b-31775c0b8ee9 service placement] Successfully wrote allocations [, , , , , ] {{(pid=92964) _create_allocations /opt/stack/placement/placement/handlers/allocation.py:524}}
Jun 14 11:07:31.260594 n-d-796209-6 devstack@placement-api.service[92964]: INFO placement.requestlog [req-cece4085-c7b5-4c91-bddb-04b36bfaa466 req-b272757a-713f-498c-925b-31775c0b8ee9 service placement] 10.222.0.23 "POST /placement/allocations" status: 204 len: 0 microversion: 1.28
Jun 14 11:07:31.261703 n-d-796209-6 devstack@placement-api.service[92964]: [pid: 92964|app: 0|req: 242/480] 10.222.0.23 () {64 vars in 1323 bytes} [Mon Jun 14 11:07:31 2021] POST /placement/allocations => generated 0 bytes in 140 msecs (HTTP/1.1 204) 5 headers in 199 bytes (1 switches on core 0)
Jun 14 11:07:31.288276 n-d-796209-6 devstack@placement-api.service[92963]: DEBUG placement.requestlog [req-cece4085-c7b5-4c91-bddb-04b36bfaa466 req-474c208f-3aba-4c3e-88da-f78d895aafec None None] Starting request: 10.222.0.23 "GET /placement/allocation_candidates?limit=1000&resources=DISK_GB%3A1%2CMEMORY_MB%3A1024%2CVCPU%3A1&root_required=%21COMPUTE_STATUS_DISABLED" {{(pid=92963) __call__ /opt/stack/placement/placement/requestlog.py:55}}
Jun 14 11:07:31.327782 n-d-796209-6 devstack@placement-api.service[92963]: DEBUG placement.objects.research_context [req-cece4085-c7b5-4c91-bddb-04b36bfaa466 req-474c208f-3aba-4c3e-88da-f78d895aafec service placement] getting providers with 1 DISK_GB {{(pid=92963) __init__ /opt/stack/placement/placement/objects/research_context.py:126}}
Jun 14 11:07:31.337077 n-d-796209-6 devstack@placement-api.service[92963]: DEBUG placement.objects.research_context [req-cece4085-c7b5-4c91-bddb-04b36bfaa466 req-474c208f-3aba-4c3e-88da-f78d895aafec service placement] getting providers with 1024 MEMORY_MB {{(pid=92963) __init__ /opt/stack/placement/placement/objects/research_context.py:126}}
Jun 14 11:07:31.349099 n-d-796209-6 devstack@placement-api.service[92963]: DEBUG placement.objects.research_context [req-cece4085-c7b5-4c91-bddb-04b36bfaa466 req-474c208f-3aba-4c3e-88da-f78d895aafec service placement] getting providers with 1 VCPU {{(pid=92963) __init__ /opt/stack/placement/placement/objects/research_context.py:126}}
Jun 14 11:07:31.355621 n-d-796209-6 devstack@placement-api.service[92963]: DEBUG placement.objects.research_context [req-cece4085-c7b5-4c91-bddb-04b36bfaa466 req-474c208f-3aba-4c3e-88da-f78d895aafec service placement] found 2 providers with available 1 DISK_GB {{(pid=92963) get_provider_ids_matching /opt/stack/placement/placement/objects/research_context.py:549}}
Jun 14 11:07:31.356116 n-d-796209-6 devstack@placement-api.service[92963]: DEBUG placement.objects.research_context [req-cece4085-c7b5-4c91-bddb-04b36bfaa466 req-474c208f-3aba-4c3e-88da-f78d895aafec service placement] found 2 providers with available 1024 MEMORY_MB {{(pid=92963) get_provider_ids_matching /opt/stack/placement/placement/objects/research_context.py:549}}
Jun 14 11:07:31.356491 n-d-796209-6 devstack@placement-api.service[92963]: DEBUG placement.objects.research_context [req-cece4085-c7b5-4c91-bddb-04b36bfaa466 req-474c208f-3aba-4c3e-88da-f78d895aafec service placement] found 2 providers after filtering by previous result {{(pid=92963) get_provider_ids_matching /opt/stack/placement/placement/objects/research_context.py:580}}
Jun 14 11:07:31.357052 n-d-796209-6 devstack@placement-api.service[92963]: DEBUG placement.objects.research_context [req-cece4085-c7b5-4c91-bddb-04b36bfaa466 req-474c208f-3aba-4c3e-88da-f78d895aafec service placement] found 2 providers with available 1 VCPU {{(pid=92963) get_provider_ids_matching /opt/stack/placement/placement/objects/research_context.py:549}}
Jun 14 11:07:31.357542 n-d-796209-6 devstack@placement-api.service[92963]: DEBUG placement.objects.research_context [req-cece4085-c7b5-4c91-bddb-04b36bfaa466 req-474c208f-3aba-4c3e-88da-f78d895aafec service placement] found 2 providers after filtering by previous result {{(pid=92963) get_provider_ids_matching /opt/stack/placement/placement/objects/research_context.py:580}}
Jun 14 11:07:31.387925 n-d-796209-6 devstack@placement-api.service[92963]: DEBUG placement.objects.allocation_candidate [req-cece4085-c7b5-4c91-bddb-04b36bfaa466 req-474c208f-3aba-4c3e-88da-f78d895aafec service placement] RequestGroup(use_same_provider=False, resources={DISK_GB:1, MEMORY_MB:1024, VCPU:1}, traits=[], aggregates=[]) (suffix '') returned 2 matches {{(pid=92963) _get_by_requests /opt/stack/placement/placement/objects/allocation_candidate.py:145}}
Jun 14 11:07:31.389319 n-d-796209-6 devstack@placement-api.service[92963]: DEBUG placement.objects.allocation_candidate [req-cece4085-c7b5-4c91-bddb-04b36bfaa466 req-474c208f-3aba-4c3e-88da-f78d895aafec service placement] Merging candidates yields 2 allocation requests and 2 provider summaries {{(pid=92963) _merge_candidates /opt/stack/placement/placement/objects/allocation_candidate.py:783}}
Jun 14 11:07:31.392145 n-d-796209-6 devstack@placement-api.service[92963]: INFO placement.requestlog [req-cece4085-c7b5-4c91-bddb-04b36bfaa466 req-474c208f-3aba-4c3e-88da-f78d895aafec service placement] 10.222.0.23 "GET /placement/allocation_candidates?limit=1000&resources=DISK_GB%3A1%2CMEMORY_MB%3A1024%2CVCPU%3A1&root_required=%21COMPUTE_STATUS_DISABLED" status: 200 len: 1309 microversion: 1.35
Jun 14 11:07:31.393708 n-d-796209-6 devstack@placement-api.service[92963]: [pid: 92963|app: 0|req: 239/481] 10.222.0.23 () {60 vars in 1506 bytes} [Mon Jun 14 11:07:31 2021] GET /placement/allocation_candidates?limit=1000&resources=DISK_GB%3A1%2CMEMORY_MB%3A1024%2CVCPU%3A1&root_required=%21COMPUTE_STATUS_DISABLED => generated 1309 bytes in 106 msecs (HTTP/1.1 200) 8 headers in 297 bytes (1 switches on core 0)
Jun 14 11:07:31.481010 n-d-796209-6 devstack@placement-api.service[92964]: DEBUG placement.requestlog [req-cece4085-c7b5-4c91-bddb-04b36bfaa466 req-ff62fcb3-747d-402d-bc71-77344c9654e4 None None] Starting request: 10.222.0.23 "GET /placement/allocations/fde8a7d2-f775-4931-ac8f-8e077457d0af" {{(pid=92964) __call__ /opt/stack/placement/placement/requestlog.py:55}}
Jun 14 11:07:31.495168 n-d-796209-6 devstack@placement-api.service[92964]: INFO placement.requestlog [req-cece4085-c7b5-4c91-bddb-04b36bfaa466 req-ff62fcb3-747d-402d-bc71-77344c9654e4 service placement] 10.222.0.23 "GET /placement/allocations/fde8a7d2-f775-4931-ac8f-8e077457d0af" status: 200 len: 19 microversion: 1.28
