Dec 21 07:18:45.606210 n-d-796209-18 devstack@placement-api.service[103811]: [pid: 103811|app: 0|req: 153/307] 10.222.0.16 () {64 vars in 1323 bytes} [Tue Dec 21 07:18:45 2021] POST /placement/allocations => generated 0 bytes in 175 msecs (HTTP/1.1 204) 5 headers in 199 bytes (1 switches on core 0)
Dec 21 07:18:45.654495 n-d-796209-18 devstack@placement-api.service[103810]: DEBUG placement.requestlog [req-663b7485-0e43-45d9-aa56-71806881bc6c req-7e128873-f46e-4ca9-855d-05f9b1e4b1a2 None None] Starting request: 10.222.0.16 "GET /placement/allocations/827af7ae-95c8-4c23-90e5-7e2d32ab4fd4" {{(pid=103810) __call__ /opt/stack/placement/placement/requestlog.py:55}}
Dec 21 07:18:45.668989 n-d-796209-18 devstack@placement-api.service[103810]: INFO placement.requestlog [req-663b7485-0e43-45d9-aa56-71806881bc6c req-7e128873-f46e-4ca9-855d-05f9b1e4b1a2 service placement] 10.222.0.16 "GET /placement/allocations/827af7ae-95c8-4c23-90e5-7e2d32ab4fd4" status: 200 len: 19 microversion: 1.28
Dec 21 07:18:45.669831 n-d-796209-18 devstack@placement-api.service[103810]: [pid: 103810|app: 0|req: 155/308] 10.222.0.16 () {60 vars in 1380 bytes} [Tue Dec 21 07:18:45 2021] GET /placement/allocations/827af7ae-95c8-4c23-90e5-7e2d32ab4fd4 => generated 19 bytes in 15 msecs (HTTP/1.1 200) 8 headers in 295 bytes (1 switches on core 0)
Dec 21 07:18:45.677834 n-d-796209-18 devstack@placement-api.service[103811]: DEBUG placement.requestlog [req-663b7485-0e43-45d9-aa56-71806881bc6c req-ec4c257b-7add-489b-9075-78cfc5b88594 None None] Starting request: 10.222.0.16 "PUT /placement/allocations/827af7ae-95c8-4c23-90e5-7e2d32ab4fd4" {{(pid=103811) __call__ /opt/stack/placement/placement/requestlog.py:55}}
Dec 21 07:18:45.765699 n-d-796209-18 devstack@placement-api.service[103811]: DEBUG placement.handlers.allocation [req-663b7485-0e43-45d9-aa56-71806881bc6c req-ec4c257b-7add-489b-9075-78cfc5b88594 service placement] Successfully wrote allocations [, ] {{(pid=103811) _update_consumers_and_create_allocations /opt/stack/placement/placement/handlers/allocation.py:462}}
Dec 21 07:18:45.772951 n-d-796209-18 devstack@placement-api.service[103811]: INFO placement.requestlog [req-663b7485-0e43-45d9-aa56-71806881bc6c req-ec4c257b-7add-489b-9075-78cfc5b88594 service placement] 10.222.0.16 "PUT /placement/allocations/827af7ae-95c8-4c23-90e5-7e2d32ab4fd4" status: 204 len: 0 microversion: 1.28
Dec 21 07:18:45.774033 n-d-796209-18 devstack@placement-api.service[103811]: [pid: 103811|app: 0|req: 154/309] 10.222.0.16 () {64 vars in 1433 bytes} [Tue Dec 21 07:18:45 2021] PUT /placement/allocations/827af7ae-95c8-4c23-90e5-7e2d32ab4fd4 => generated 0 bytes in 96 msecs (HTTP/1.1 204) 5 headers in 199 bytes (1 switches on core 0)
Dec 21 07:18:45.943190 n-d-796209-18 devstack@placement-api.service[103810]: DEBUG placement.requestlog [req-663b7485-0e43-45d9-aa56-71806881bc6c req-0441aca4-8dc1-419a-aaca-16bbdbd449fc None None] Starting request: 10.222.0.24 "GET /placement/allocations/827af7ae-95c8-4c23-90e5-7e2d32ab4fd4" {{(pid=103810) __call__ /opt/stack/placement/placement/requestlog.py:55}}
Dec 21 07:18:45.963498 n-d-796209-18 devstack@placement-api.service[103810]: INFO placement.requestlog [req-663b7485-0e43-45d9-aa56-71806881bc6c req-0441aca4-8dc1-419a-aaca-16bbdbd449fc service placement] 10.222.0.24 "GET /placement/allocations/827af7ae-95c8-4c23-90e5-7e2d32ab4fd4" status: 200 len: 245 microversion: 1.28
Dec 21 07:18:45.965004 n-d-796209-18 devstack@placement-api.service[103810]: [pid: 103810|app: 0|req: 156/310] 10.222.0.24 () {60 vars in 1377 bytes} [Tue Dec 21 07:18:45 2021] GET /placement/allocations/827af7ae-95c8-4c23-90e5-7e2d32ab4fd4 => generated 245 bytes in 22 msecs (HTTP/1.1 200) 8 headers in 296 bytes (2 switches on core 0)
Dec 21 07:18:50.588177 n-d-796209-18 devstack@placement-api.service[103811]: DEBUG placement.requestlog [req-a8bb1de3-59ef-456d-b1f9-53ee467c1c09 req-4164582d-4128-4af3-92e4-75771d0bff37 None None] Starting request: 10.222.0.16 "GET /placement/allocation_candidates?limit=1000&resources=DISK_GB%3A1%2CMEMORY_MB%3A1024%2CVCPU%3A1&root_required=%21COMPUTE_STATUS_DISABLED" {{(pid=103811) __call__ /opt/stack/placement/placement/requestlog.py:55}}
Dec 21 07:18:50.650620 n-d-796209-18 devstack@placement-api.service[103811]: DEBUG placement.objects.research_context [req-a8bb1de3-59ef-456d-b1f9-53ee467c1c09 req-4164582d-4128-4af3-92e4-75771d0bff37 service placement] getting providers with 1 DISK_GB {{(pid=103811) __init__ /opt/stack/placement/placement/objects/research_context.py:126}}
Dec 21 07:18:50.659640 n-d-796209-18 devstack@placement-api.service[103811]: DEBUG placement.objects.research_context [req-a8bb1de3-59ef-456d-b1f9-53ee467c1c09 req-4164582d-4128-4af3-92e4-75771d0bff37 service placement] getting providers with 1024 MEMORY_MB {{(pid=103811) __init__ /opt/stack/placement/placement/objects/research_context.py:126}}
Dec 21 07:18:50.665806 n-d-796209-18 devstack@placement-api.service[103811]: DEBUG placement.objects.research_context [req-a8bb1de3-59ef-456d-b1f9-53ee467c1c09 req-4164582d-4128-4af3-92e4-75771d0bff37 service placement] getting providers with 1 VCPU {{(pid=103811) __init__ /opt/stack/placement/placement/objects/research_context.py:126}}
Dec 21 07:18:50.672131 n-d-796209-18 devstack@placement-api.service[103811]: DEBUG placement.objects.research_context [req-a8bb1de3-59ef-456d-b1f9-53ee467c1c09 req-4164582d-4128-4af3-92e4-75771d0bff37 service placement] found 2 providers with available 1 DISK_GB {{(pid=103811) get_provider_ids_matching /opt/stack/placement/placement/objects/research_context.py:549}}
Dec 21 07:18:50.672406 n-d-796209-18 devstack@placement-api.service[103811]: DEBUG placement.objects.research_context [req-a8bb1de3-59ef-456d-b1f9-53ee467c1c09 req-4164582d-4128-4af3-92e4-75771d0bff37 service placement] found 2 providers with available 1024 MEMORY_MB {{(pid=103811) get_provider_ids_matching /opt/stack/placement/placement/objects/research_context.py:549}}
Dec 21 07:18:50.672692 n-d-796209-18 devstack@placement-api.service[103811]: DEBUG placement.objects.research_context [req-a8bb1de3-59ef-456d-b1f9-53ee467c1c09 req-4164582d-4128-4af3-92e4-75771d0bff37 service placement] found 2 providers after filtering by previous result {{(pid=103811) get_provider_ids_matching /opt/stack/placement/placement/objects/research_context.py:580}}
Dec 21 07:18:50.672936 n-d-796209-18 devstack@placement-api.service[103811]: DEBUG placement.objects.research_context [req-a8bb1de3-59ef-456d-b1f9-53ee467c1c09 req-4164582d-4128-4af3-92e4-75771d0bff37 service placement] found 2 providers with available 1 VCPU {{(pid=103811) get_provider_ids_matching /opt/stack/placement/placement/objects/research_context.py:549}}
Dec 21 07:18:50.673193 n-d-796209-18 devstack@placement-api.service[103811]: DEBUG placement.objects.research_context [req-a8bb1de3-59ef-456d-b1f9-53ee467c1c09 req-4164582d-4128-4af3-92e4-75771d0bff37 service placement] found 2 providers after filtering by previous result {{(pid=103811) get_provider_ids_matching /opt/stack/placement/placement/objects/research_context.py:580}}
Dec 21 07:18:50.685784 n-d-796209-18 devstack@placement-api.service[103811]: DEBUG placement.objects.allocation_candidate [req-a8bb1de3-59ef-456d-b1f9-53ee467c1c09 req-4164582d-4128-4af3-92e4-75771d0bff37 service placement] RequestGroup(use_same_provider=False, resources={DISK_GB:1, MEMORY_MB:1024, VCPU:1}, traits=[], aggregates=[]) (suffix '') returned 2 matches {{(pid=103811) _get_by_requests /opt/stack/placement/placement/objects/allocation_candidate.py:145}}
Dec 21 07:18:50.686220 n-d-796209-18 devstack@placement-api.service[103811]: DEBUG placement.objects.allocation_candidate [req-a8bb1de3-59ef-456d-b1f9-53ee467c1c09 req-4164582d-4128-4af3-92e4-75771d0bff37 service placement] Merging candidates yields 2 allocation requests and 2 provider summaries {{(pid=103811) _merge_candidates /opt/stack/placement/placement/objects/allocation_candidate.py:783}}
Dec 21 07:18:50.687979 n-d-796209-18 devstack@placement-api.service[103811]: INFO placement.requestlog [req-a8bb1de3-59ef-456d-b1f9-53ee467c1c09 req-4164582d-4128-4af3-92e4-75771d0bff37 service placement] 10.222.0.16 "GET /placement/allocation_candidates?limit=1000&resources=DISK_GB%3A1%2CMEMORY_MB%3A1024%2CVCPU%3A1&root_required=%21COMPUTE_STATUS_DISABLED" status: 200 len: 1309 microversion: 1.36
Dec 21 07:18:50.688670 n-d-796209-18 devstack@placement-api.service[103811]: [pid: 103811|app: 0|req: 155/311] 10.222.0.16 () {60 vars in 1506 bytes} [Tue Dec 21 07:18:50 2021] GET /placement/allocation_candidates?limit=1000&resources=DISK_GB%3A1%2CMEMORY_MB%3A1024%2CVCPU%3A1&root_required=%21COMPUTE_STATUS_DISABLED => generated 1309 bytes in 101 msecs (HTTP/1.1 200) 8 headers in 297 bytes (1 switches on core 0)
Dec 21 07:18:50.762574 n-d-796209-18 devstack@placement-api.service[103810]: DEBUG placement.requestlog [req-a8bb1de3-59ef-456d-b1f9-53ee467c1c09 req-976c6cf5-9e67-4d11-8ccb-e5652492b8b1 None None] Starting request: 10.222.0.16 "GET /placement/allocations/e6fa3bb4-e70d-43e0-b68d-deaba0863e3c" {{(pid=103810) __call__ /opt/stack/placement/placement/requestlog.py:55}}
Dec 21 07:18:50.775147 n-d-796209-18 devstack@placement-api.service[103810]: INFO placement.requestlog [req-a8bb1de3-59ef-456d-b1f9-53ee467c1c09 req-976c6cf5-9e67-4d11-8ccb-e5652492b8b1 service placement] 10.222.0.16 "GET /placement/allocations/e6fa3bb4-e70d-43e0-b68d-deaba0863e3c" status: 200 len: 19 microversion: 1.28
Dec 21 07:18:50.782179 n-d-796209-18 devstack@placement-api.service[103811]: DEBUG placement.requestlog [req-a8bb1de3-59ef-456d-b1f9-53ee467c1c09 req-204d1122-9805-44ae-be42-f0460f10d2b6 None None] Starting request: 10.222.0.16 "PUT /placement/allocations/e6fa3bb4-e70d-43e0-b68d-deaba0863e3c" {{(pid=103811) __call__ /opt/stack/placement/placement/requestlog.py:55}}
Dec 21 07:18:50.787102 n-d-796209-18 devstack@placement-api.service[103810]: [pid: 103810|app: 0|req: 157/312] 10.222.0.16 () {60 vars in 1380 bytes} [Tue Dec 21 07:18:50 2021] GET /placement/allocations/e6fa3bb4-e70d-43e0-b68d-deaba0863e3c => generated 19 bytes in 25 msecs (HTTP/1.1 200) 8 headers in 295 bytes (1 switches on core 0)
Dec 21 07:18:50.879050 n-d-796209-18 devstack@placement-api.service[103811]: DEBUG placement.handlers.allocation [req-a8bb1de3-59ef-456d-b1f9-53ee467c1c09 req-204d1122-9805-44ae-be42-f0460f10d2b6 service placement] Successfully wrote allocations [, , ] {{(pid=103811) _update_consumers_and_create_allocations /opt/stack/placement/placement/handlers/allocation.py:462}}
Dec 21 07:18:50.887046 n-d-796209-18 devstack@placement-api.service[103811]: INFO placement.requestlog [req-a8bb1de3-59ef-456d-b1f9-53ee467c1c09 req-204d1122-9805-44ae-be42-f0460f10d2b6 service placement] 10.222.0.16 "PUT /placement/allocations/e6fa3bb4-e70d-43e0-b68d-deaba0863e3c" status: 204 len: 0 microversion: 1.36
Dec 21 07:18:50.889823 n-d-796209-18 devstack@placement-api.service[103811]: [pid: 103811|app: 0|req: 156/313] 10.222.0.16 () {64 vars in 1433 bytes} [Tue Dec 21 07:18:50 2021] PUT /placement/allocations/e6fa3bb4-e70d-43e0-b68d-deaba0863e3c => generated 0 bytes in 106 msecs (HTTP/1.1 204) 5 headers in 199 bytes (2 switches on core 0)
Dec 21 07:18:51.356000 n-d-796209-18 devstack@placement-api.service[103810]: DEBUG placement.requestlog [req-a8bb1de3-59ef-456d-b1f9-53ee467c1c09 req-465da81f-2c84-4aa0-bf0e-a384d7f2a2d3 None None] Starting request: 10.222.0.24 "GET /placement/allocations/e6fa3bb4-e70d-43e0-b68d-deaba0863e3c" {{(pid=103810) __call__ /opt/stack/placement/placement/requestlog.py:55}}
Dec 21 07:18:51.383108 n-d-796209-18 devstack@placement-api.service[103810]: INFO placement.requestlog [req-a8bb1de3-59ef-456d-b1f9-53ee467c1c09 req-465da81f-2c84-4aa0-bf0e-a384d7f2a2d3 service placement] 10.222.0.24 "GET /placement/allocations/e6fa3bb4-e70d-43e0-b68d-deaba0863e3c" status: 200 len: 259 microversion: 1.28
Dec 21 07:18:51.384004 n-d-796209-18 devstack@placement-api.service[103810]: [pid: 103810|app: 0|req: 158/314] 10.222.0.24 () {60 vars in 1377 bytes} [Tue Dec 21 07:18:51 2021] GET /placement/allocations/e6fa3bb4-e70d-43e0-b68d-deaba0863e3c => generated 259 bytes in 28 msecs (HTTP/1.1 200) 8 headers in 296 bytes (1 switches on core 0)
Dec 21 07:18:52.683033 n-d-796209-18 devstack@placement-api.service[103811]: DEBUG placement.requestlog [None req-a6ca4ea2-a203-41c6-9215-f0c8e1c7053f None None] Starting request: 10.222.0.16 "GET /placement/" {{(pid=103811) __call__ /opt/stack/placement/placement/requestlog.py:55}}
Dec 21 07:18:52.684756 n-d-796209-18 devstack@placement-api.service[103811]: INFO placement.requestlog [None req-a6ca4ea2-a203-41c6-9215-f0c8e1c7053f None None] 10.222.0.16 "GET /placement/" status: 200 len: 136 microversion: 1.0
Dec 21 07:18:52.685611 n-d-796209-18 devstack@placement-api.service[103811]: [pid: 103811|app: 0|req: 157/315] 10.222.0.16 () {54 vars in 916 bytes} [Tue Dec 21 07:18:52 2021] GET /placement => generated 136 bytes in 3 msecs (HTTP/1.1 200) 6 headers in 224 bytes (1 switches on core 0)
Dec 21 07:18:52.705579 n-d-796209-18 devstack@placement-api.service[103810]: DEBUG placement.requestlog [req-3ec06738-e4a0-4d5f-b841-ac6e0198c29c req-7704f33d-ae66-4e4e-b68c-f76f7deabab1 None None] Starting request: 10.222.0.16 "GET /placement/allocations/a1fa39c8-40fe-4c30-826c-9d661ac69131" {{(pid=103810) __call__ /opt/stack/placement/placement/requestlog.py:55}}
Dec 21 07:18:52.875596 n-d-796209-18 devstack@placement-api.service[103810]: INFO placement.requestlog [req-3ec06738-e4a0-4d5f-b841-ac6e0198c29c req-7704f33d-ae66-4e4e-b68c-f76f7deabab1 service placement] 10.222.0.16 "GET /placement/allocations/a1fa39c8-40fe-4c30-826c-9d661ac69131" status: 200 len: 245 microversion: 1.28
Dec 21 07:18:52.877965 n-d-796209-18 devstack@placement-api.service[103810]: [pid: 103810|app: 0|req: 159/316] 10.222.0.16 () {60 vars in 1380 bytes} [Tue Dec 21 07:18:52 2021] GET /placement/allocations/a1fa39c8-40fe-4c30-826c-9d661ac69131 => generated 245 bytes in 175 msecs (HTTP/1.1 200) 8 headers in 296 bytes (1 switches on core 0)
Dec 21 07:18:52.887071 n-d-796209-18 devstack@placement-api.service[103811]: DEBUG placement.requestlog [req-3ec06738-e4a0-4d5f-b841-ac6e0198c29c req-b1c3ceb9-54b7-4571-9e32-0a6589c2079b None None] Starting request: 10.222.0.16 "GET /placement/allocations/a1fa39c8-40fe-4c30-826c-9d661ac69131" {{(pid=103811) __call__ /opt/stack/placement/placement/requestlog.py:55}}
Dec 21 07:18:52.913834 n-d-796209-18 devstack@placement-api.service[103811]: INFO placement.requestlog [req-3ec06738-e4a0-4d5f-b841-ac6e0198c29c req-b1c3ceb9-54b7-4571-9e32-0a6589c2079b service placement] 10.222.0.16 "GET /placement/allocations/a1fa39c8-40fe-4c30-826c-9d661ac69131" status: 200 len: 245 microversion: 1.28
Dec 21 07:18:52.915883 n-d-796209-18 devstack@placement-api.service[103811]: [pid: 103811|app: 0|req: 158/317] 10.222.0.16 () {60 vars in 1380 bytes} [Tue Dec 21 07:18:52 2021] GET /placement/allocations/a1fa39c8-40fe-4c30-826c-9d661ac69131 => generated 245 bytes in 29 msecs (HTTP/1.1 200) 8 headers in 296 bytes (1 switches on core 0)
Dec 21 07:18:52.924882 n-d-796209-18 devstack@placement-api.service[103810]: DEBUG placement.requestlog [req-3ec06738-e4a0-4d5f-b841-ac6e0198c29c req-da723287-b51a-421a-8c3a-393df8a0e59d None None] Starting request: 10.222.0.16 "GET /placement/allocations/6f3b2d59-b305-48b2-a432-6cf9769a2774" {{(pid=103810) __call__ /opt/stack/placement/placement/requestlog.py:55}}
Dec 21 07:18:52.943000 n-d-796209-18 devstack@placement-api.service[103810]: INFO placement.requestlog [req-3ec06738-e4a0-4d5f-b841-ac6e0198c29c req-da723287-b51a-421a-8c3a-393df8a0e59d service placement] 10.222.0.16 "GET /placement/allocations/6f3b2d59-b305-48b2-a432-6cf9769a2774" status: 200 len: 19 microversion: 1.28
Dec 21 07:18:52.944179 n-d-796209-18 devstack@placement-api.service[103810]: [pid: 103810|app: 0|req: 160/318] 10.222.0.16 () {60 vars in 1380 bytes} [Tue Dec 21 07:18:52 2021] GET /placement/allocations/6f3b2d59-b305-48b2-a432-6cf9769a2774 => generated 19 bytes in 20 msecs (HTTP/1.1 200) 8 headers in 295 bytes (1 switches on core 0)
Dec 21 07:18:52.951560 n-d-796209-18 devstack@placement-api.service[103811]: DEBUG placement.requestlog [req-3ec06738-e4a0-4d5f-b841-ac6e0198c29c req-8ee482c2-b8dd-4fc4-a850-e12df5a4cafd None None] Starting request: 10.222.0.16 "POST /placement/allocations" {{(pid=103811) __call__ /opt/stack/placement/placement/requestlog.py:55}}
Dec 21 07:18:53.096469 n-d-796209-18 devstack@placement-api.service[103811]: DEBUG placement.handlers.allocation [req-3ec06738-e4a0-4d5f-b841-ac6e0198c29c req-8ee482c2-b8dd-4fc4-a850-e12df5a4cafd service placement] Successfully wrote allocations [, , , ] {{(pid=103811) _update_consumers_and_create_allocations /opt/stack/placement/placement/handlers/allocation.py:572}}
Dec 21 07:18:53.101186 n-d-796209-18 devstack@placement-api.service[103811]: INFO placement.requestlog [req-3ec06738-e4a0-4d5f-b841-ac6e0198c29c req-8ee482c2-b8dd-4fc4-a850-e12df5a4cafd service placement] 10.222.0.16 "POST /placement/allocations" status: 204 len: 0 microversion: 1.28
Dec 21 07:18:53.101632 n-d-796209-18 devstack@placement-api.service[103811]: [pid: 103811|app: 0|req: 159/319] 10.222.0.16 () {64 vars in 1323 bytes} [Tue Dec 21 07:18:52 2021] POST /placement/allocations => generated 0 bytes in 150 msecs (HTTP/1.1 204) 5 headers in 199 bytes (1 switches on core 0)
Dec 21 07:18:53.156564 n-d-796209-18 devstack@placement-api.service[103810]: DEBUG placement.requestlog [req-3ec06738-e4a0-4d5f-b841-ac6e0198c29c req-b8cddbd1-bbf5-458c-bf53-21cafd2a5c68 None None] Starting request: 10.222.0.16 "GET /placement/allocations/a1fa39c8-40fe-4c30-826c-9d661ac69131" {{(pid=103810) __call__ /opt/stack/placement/placement/requestlog.py:55}}
Dec 21 07:18:53.178654 n-d-796209-18 devstack@placement-api.service[103810]: INFO placement.requestlog [req-3ec06738-e4a0-4d5f-b841-ac6e0198c29c req-b8cddbd1-bbf5-458c-bf53-21cafd2a5c68 service placement] 10.222.0.16 "GET /placement/allocations/a1fa39c8-40fe-4c30-826c-9d661ac69131" status: 200 len: 19 microversion: 1.28
Dec 21 07:18:53.179690 n-d-796209-18 devstack@placement-api.service[103810]: [pid: 103810|app: 0|req: 161/320] 10.222.0.16 () {60 vars in 1380 bytes} [Tue Dec 21 07:18:53 2021] GET /placement/allocations/a1fa39c8-40fe-4c30-826c-9d661ac69131 => generated 19 bytes in 23 msecs (HTTP/1.1 200) 8 headers in 295 bytes (1 switches on core 0)
Dec 21 07:18:53.185775 n-d-796209-18 devstack@placement-api.service[103811]: DEBUG placement.requestlog [req-3ec06738-e4a0-4d5f-b841-ac6e0198c29c req-5bcab6d6-ba9f-4a1c-aa19-b3a4113a80b9 None None] Starting request: 10.222.0.16 "PUT /placement/allocations/a1fa39c8-40fe-4c30-826c-9d661ac69131" {{(pid=103811) __call__ /opt/stack/placement/placement/requestlog.py:55}}
Dec 21 07:18:53.271002 n-d-796209-18 devstack@placement-api.service[103811]: DEBUG placement.handlers.allocation [req-3ec06738-e4a0-4d5f-b841-ac6e0198c29c req-5bcab6d6-ba9f-4a1c-aa19-b3a4113a80b9 service placement] Successfully wrote allocations [, ] {{(pid=103811) _update_consumers_and_create_allocations /opt/stack/placement/placement/handlers/allocation.py:462}}
Dec 21 07:18:53.277778 n-d-796209-18 devstack@placement-api.service[103811]: INFO placement.requestlog [req-3ec06738-e4a0-4d5f-b841-ac6e0198c29c req-5bcab6d6-ba9f-4a1c-aa19-b3a4113a80b9 service placement] 10.222.0.16 "PUT /placement/allocations/a1fa39c8-40fe-4c30-826c-9d661ac69131" status: 204 len: 0 microversion: 1.28
Dec 21 07:18:53.278451 n-d-796209-18 devstack@placement-api.service[103811]: [pid: 103811|app: 0|req: 160/321] 10.222.0.16 () {64 vars in 1433 bytes} [Tue Dec 21 07:18:53 2021] PUT /placement/allocations/a1fa39c8-40fe-4c30-826c-9d661ac69131 => generated 0 bytes in 93 msecs (HTTP/1.1 204) 5 headers in 199 bytes (1 switches on core 0)
Dec 21 07:18:53.469010 n-d-796209-18 devstack@placement-api.service[103810]: DEBUG placement.requestlog [req-3ec06738-e4a0-4d5f-b841-ac6e0198c29c req-a9ee7a22-f221-4161-b360-a34207507ced None None] Starting request: 10.222.0.41 "GET /placement/allocations/a1fa39c8-40fe-4c30-826c-9d661ac69131" {{(pid=103810) __call__ /opt/stack/placement/placement/requestlog.py:55}}
Dec 21 07:18:53.501573 n-d-796209-18 devstack@placement-api.service[103810]: INFO placement.requestlog [req-3ec06738-e4a0-4d5f-b841-ac6e0198c29c req-a9ee7a22-f221-4161-b360-a34207507ced service placement] 10.222.0.41 "GET /placement/allocations/a1fa39c8-40fe-4c30-826c-9d661ac69131" status: 200 len: 245 microversion: 1.28
Dec 21 07:18:53.504809 n-d-796209-18 devstack@placement-api.service[103810]: [pid: 103810|app: 0|req: 162/322] 10.222.0.41 () {60 vars in 1377 bytes} [Tue Dec 21 07:18:53 2021] GET /placement/allocations/a1fa39c8-40fe-4c30-826c-9d661ac69131 => generated 245 bytes in 37 msecs (HTTP/1.1 200) 8 headers in 296 bytes (1 switches on core 0)
Dec 21 07:19:04.483462 n-d-796209-18 devstack@placement-api.service[103811]: DEBUG placement.requestlog [req-ba81433d-1a73-451c-8182-c3e547b40dbc req-e02f35a5-9d3b-4f33-ae08-d7181746eaa6 None None] Starting request: 10.222.0.16 "GET /placement/allocation_candidates?limit=1000&resources=DISK_GB%3A1%2CMEMORY_MB%3A1024%2CVCPU%3A1&root_required=%21COMPUTE_STATUS_DISABLED" {{(pid=103811) __call__ /opt/stack/placement/placement/requestlog.py:55}}
Dec 21 07:19:04.537470 n-d-796209-18 devstack@placement-api.service[103811]: DEBUG placement.objects.research_context [req-ba81433d-1a73-451c-8182-c3e547b40dbc req-e02f35a5-9d3b-4f33-ae08-d7181746eaa6 service placement] getting providers with 1 DISK_GB {{(pid=103811) __init__ /opt/stack/placement/placement/objects/research_context.py:126}}
Dec 21 07:19:04.547608 n-d-796209-18 devstack@placement-api.service[103811]: DEBUG placement.objects.research_context [req-ba81433d-1a73-451c-8182-c3e547b40dbc req-e02f35a5-9d3b-4f33-ae08-d7181746eaa6 service placement] getting providers with 1024 MEMORY_MB {{(pid=103811) __init__ /opt/stack/placement/placement/objects/research_context.py:126}}
Dec 21 07:19:04.556304 n-d-796209-18 devstack@placement-api.service[103811]: DEBUG placement.objects.research_context [req-ba81433d-1a73-451c-8182-c3e547b40dbc req-e02f35a5-9d3b-4f33-ae08-d7181746eaa6 service placement] getting providers with 1 VCPU {{(pid=103811) __init__ /opt/stack/placement/placement/objects/research_context.py:126}}
Dec 21 07:19:04.566935 n-d-796209-18 devstack@placement-api.service[103811]: DEBUG placement.objects.research_context [req-ba81433d-1a73-451c-8182-c3e547b40dbc req-e02f35a5-9d3b-4f33-ae08-d7181746eaa6 service placement] found 2 providers with available 1 DISK_GB {{(pid=103811) get_provider_ids_matching /opt/stack/placement/placement/objects/research_context.py:549}}
Dec 21 07:19:04.567561 n-d-796209-18 devstack@placement-api.service[103811]: DEBUG placement.objects.research_context [req-ba81433d-1a73-451c-8182-c3e547b40dbc req-e02f35a5-9d3b-4f33-ae08-d7181746eaa6 service placement] found 2 providers with available 1024 MEMORY_MB {{(pid=103811) get_provider_ids_matching /opt/stack/placement/placement/objects/research_context.py:549}}
Dec 21 07:19:04.567940 n-d-796209-18 devstack@placement-api.service[103811]: DEBUG placement.objects.research_context [req-ba81433d-1a73-451c-8182-c3e547b40dbc req-e02f35a5-9d3b-4f33-ae08-d7181746eaa6 service placement] found 2 providers after filtering by previous result {{(pid=103811) get_provider_ids_matching /opt/stack/placement/placement/objects/research_context.py:580}}
Dec 21 07:19:04.568296 n-d-796209-18 devstack@placement-api.service[103811]: DEBUG placement.objects.research_context [req-ba81433d-1a73-451c-8182-c3e547b40dbc req-e02f35a5-9d3b-4f33-ae08-d7181746eaa6 service placement] found 2 providers with available 1 VCPU {{(pid=103811) get_provider_ids_matching /opt/stack/placement/placement/objects/research_context.py:549}}
Dec 21 07:19:04.568799 n-d-796209-18 devstack@placement-api.service[103811]: DEBUG placement.objects.research_context [req-ba81433d-1a73-451c-8182-c3e547b40dbc req-e02f35a5-9d3b-4f33-ae08-d7181746eaa6 service placement] found 2 providers after filtering by previous result {{(pid=103811) get_provider_ids_matching /opt/stack/placement/placement/objects/research_context.py:580}}
Dec 21 07:19:04.587221 n-d-796209-18 devstack@placement-api.service[103811]: DEBUG placement.objects.allocation_candidate [req-ba81433d-1a73-451c-8182-c3e547b40dbc req-e02f35a5-9d3b-4f33-ae08-d7181746eaa6 service placement] RequestGroup(use_same_provider=False, resources={DISK_GB:1, MEMORY_MB:1024, VCPU:1}, traits=[], aggregates=[]) (suffix '') returned 2 matches {{(pid=103811) _get_by_requests /opt/stack/placement/placement/objects/allocation_candidate.py:145}}
Dec 21 07:19:04.587979 n-d-796209-18 devstack@placement-api.service[103811]: DEBUG placement.objects.allocation_candidate [req-ba81433d-1a73-451c-8182-c3e547b40dbc req-e02f35a5-9d3b-4f33-ae08-d7181746eaa6 service placement] Merging candidates yields 2 allocation requests and 2 provider summaries {{(pid=103811) _merge_candidates /opt/stack/placement/placement/objects/allocation_candidate.py:783}}
Dec 21 07:19:04.590369 n-d-796209-18 devstack@placement-api.service[103811]: INFO placement.requestlog [req-ba81433d-1a73-451c-8182-c3e547b40dbc req-e02f35a5-9d3b-4f33-ae08-d7181746eaa6 service placement] 10.222.0.16 "GET /placement/allocation_candidates?limit=1000&resources=DISK_GB%3A1%2CMEMORY_MB%3A1024%2CVCPU%3A1&root_required=%21COMPUTE_STATUS_DISABLED" status: 200 len: 1309 microversion: 1.36
Dec 21 07:19:04.595732 n-d-796209-18 devstack@placement-api.service[103811]: [pid: 103811|app: 0|req: 161/323] 10.222.0.16 () {60 vars in 1506 bytes} [Tue Dec 21 07:19:04 2021] GET /placement/allocation_candidates?limit=1000&resources=DISK_GB%3A1%2CMEMORY_MB%3A1024%2CVCPU%3A1&root_required=%21COMPUTE_STATUS_DISABLED => generated 1309 bytes in 112 msecs (HTTP/1.1 200) 8 headers in 297 bytes (1 switches on core 0)
Dec 21 07:19:04.685380 n-d-796209-18 devstack@placement-api.service[103810]: DEBUG placement.requestlog [req-ba81433d-1a73-451c-8182-c3e547b40dbc req-17c42c8f-ec75-4002-87d6-55e6d27689fb None None] Starting request: 10.222.0.16 "GET /placement/allocations/8684c475-ab65-4b75-9bc2-73e00dbd3d97" {{(pid=103810) __call__ /opt/stack/placement/placement/requestlog.py:55}}
Dec 21 07:19:04.706004 n-d-796209-18 devstack@placement-api.service[103810]: INFO placement.requestlog [req-ba81433d-1a73-451c-8182-c3e547b40dbc req-17c42c8f-ec75-4002-87d6-55e6d27689fb service placement] 10.222.0.16 "GET /placement/allocations/8684c475-ab65-4b75-9bc2-73e00dbd3d97" status: 200 len: 19 microversion: 1.28
Dec 21 07:19:04.712784 n-d-796209-18 devstack@placement-api.service[103810]: [pid: 103810|app: 0|req: 163/324] 10.222.0.16 () {60 vars in 1380 bytes} [Tue Dec 21 07:19:04 2021] GET /placement/allocations/8684c475-ab65-4b75-9bc2-73e00dbd3d97 => generated 19 bytes in 28 msecs (HTTP/1.1 200) 8 headers in 295 bytes (1 switches on core 0)
Dec 21 07:19:04.715671 n-d-796209-18 devstack@placement-api.service[103811]: DEBUG placement.requestlog [req-ba81433d-1a73-451c-8182-c3e547b40dbc req-11b767dc-4595-465a-90b7-71555581b264 None None] Starting request: 10.222.0.16 "PUT /placement/allocations/8684c475-ab65-4b75-9bc2-73e00dbd3d97" {{(pid=103811) __call__ /opt/stack/placement/placement/requestlog.py:55}}
Dec 21 07:19:04.862012 n-d-796209-18 devstack@placement-api.service[103811]: DEBUG placement.handlers.allocation [req-ba81433d-1a73-451c-8182-c3e547b40dbc req-11b767dc-4595-465a-90b7-71555581b264 service placement] Successfully wrote allocations [, , ] {{(pid=103811) _update_consumers_and_create_allocations /opt/stack/placement/placement/handlers/allocation.py:462}}
Dec 21 07:19:04.868191 n-d-796209-18 devstack@placement-api.service[103811]: INFO placement.requestlog [req-ba81433d-1a73-451c-8182-c3e547b40dbc req-11b767dc-4595-465a-90b7-71555581b264 service placement] 10.222.0.16 "PUT /placement/allocations/8684c475-ab65-4b75-9bc2-73e00dbd3d97" status: 204 len: 0 microversion: 1.36
Dec 21 07:19:04.869317 n-d-796209-18 devstack@placement-api.service[103811]: [pid: 103811|app: 0|req: 162/325] 10.222.0.16 () {64 vars in 1433 bytes} [Tue Dec 21 07:19:04 2021] PUT /placement/allocations/8684c475-ab65-4b75-9bc2-73e00dbd3d97 => generated 0 bytes in 154 msecs (HTTP/1.1 204) 5 headers in 199 bytes (1 switches on core 0)
Dec 21 07:19:05.422176 n-d-796209-18 devstack@placement-api.service[103810]: DEBUG placement.requestlog [req-ba81433d-1a73-451c-8182-c3e547b40dbc req-3eca5418-b976-4889-a77d-4a6c8e1e028c None None] Starting request: 10.222.0.41 "GET /placement/allocations/8684c475-ab65-4b75-9bc2-73e00dbd3d97" {{(pid=103810) __call__ /opt/stack/placement/placement/requestlog.py:55}}
Dec 21 07:19:05.471076 n-d-796209-18 devstack@placement-api.service[103810]: INFO placement.requestlog [req-ba81433d-1a73-451c-8182-c3e547b40dbc req-3eca5418-b976-4889-a77d-4a6c8e1e028c service placement] 10.222.0.41 "GET /placement/allocations/8684c475-ab65-4b75-9bc2-73e00dbd3d97" status: 200 len: 259 microversion: 1.28
Dec 21 07:19:05.472076 n-d-796209-18 devstack@placement-api.service[103810]: [pid: 103810|app: 0|req: 164/326] 10.222.0.41 () {60 vars in 1377 bytes} [Tue Dec 21 07:19:05 2021] GET /placement/allocations/8684c475-ab65-4b75-9bc2-73e00dbd3d97 => generated 259 bytes in 51 msecs (HTTP/1.1 200) 8 headers in 296 bytes (2 switches on core 0)
Dec 21 07:19:13.387089 n-d-796209-18 devstack@placement-api.service[103811]: DEBUG placement.requestlog [req-5773ec57-afc3-4cb1-a7e0-ccaeaa8d17fe req-82fd96e3-ea15-49b1-848b-b40d035df5ad None None] Starting request: 10.222.0.41 "DELETE /placement/allocations/01b0d2c8-a32c-46d0-8791-34db358e8164" {{(pid=103811) __call__ /opt/stack/placement/placement/requestlog.py:55}}
Dec 21 07:19:13.437708 n-d-796209-18 devstack@placement-api.service[103811]: DEBUG placement.handlers.allocation [req-5773ec57-afc3-4cb1-a7e0-ccaeaa8d17fe req-82fd96e3-ea15-49b1-848b-b40d035df5ad service placement] Successfully deleted allocations [, , ] {{(pid=103811) delete_allocations /opt/stack/placement/placement/handlers/allocation.py:627}}
Dec 21 07:19:13.438227 n-d-796209-18 devstack@placement-api.service[103811]: INFO placement.requestlog [req-5773ec57-afc3-4cb1-a7e0-ccaeaa8d17fe req-82fd96e3-ea15-49b1-848b-b40d035df5ad service placement] 10.222.0.41 "DELETE /placement/allocations/01b0d2c8-a32c-46d0-8791-34db358e8164" status: 204 len: 0 microversion: 1.0
Dec 21 07:19:13.439071 n-d-796209-18 devstack@placement-api.service[103811]: [pid: 103811|app: 0|req: 163/327] 10.222.0.41 () {60 vars in 1355 bytes} [Tue Dec 21 07:19:13 2021] DELETE /placement/allocations/01b0d2c8-a32c-46d0-8791-34db358e8164 => generated 0 bytes in 52 msecs (HTTP/1.1 204) 5 headers in 198 bytes (2 switches on core 0)
Dec 21 07:19:18.666461 n-d-796209-18 devstack@placement-api.service[103810]: DEBUG placement.requestlog [req-c9b82545-c34d-41e0-8000-5dbffa7042d7 req-7e318576-648a-4e61-86e1-24b6bfaeab2c None None] Starting request: 10.222.0.24 "DELETE /placement/allocations/d26e0a6b-5bbd-494f-ad0e-731b78167e2f" {{(pid=103810) __call__ /opt/stack/placement/placement/requestlog.py:55}}
Dec 21 07:19:18.705011 n-d-796209-18 devstack@placement-api.service[103810]: DEBUG placement.handlers.allocation [req-c9b82545-c34d-41e0-8000-5dbffa7042d7 req-7e318576-648a-4e61-86e1-24b6bfaeab2c service placement] Successfully deleted allocations [, , ] {{(pid=103810) delete_allocations /opt/stack/placement/placement/handlers/allocation.py:627}}
Dec 21 07:19:18.705506 n-d-796209-18 devstack@placement-api.service[103810]: INFO placement.requestlog [req-c9b82545-c34d-41e0-8000-5dbffa7042d7 req-7e318576-648a-4e61-86e1-24b6bfaeab2c service placement] 10.222.0.24 "DELETE /placement/allocations/d26e0a6b-5bbd-494f-ad0e-731b78167e2f" status: 204 len: 0 microversion: 1.0
Dec 21 07:19:18.706168 n-d-796209-18 devstack@placement-api.service[103810]: [pid: 103810|app: 0|req: 165/328] 10.222.0.24 () {60 vars in 1355 bytes} [Tue Dec 21 07:19:18 2021] DELETE /placement/allocations/d26e0a6b-5bbd-494f-ad0e-731b78167e2f => generated 0 bytes in 40 msecs (HTTP/1.1 204) 5 headers in 198 bytes (1 switches on core 0)
Dec 21 07:19:23.092382 n-d-796209-18 devstack@placement-api.service[103811]: DEBUG placement.requestlog [req-bc51cff8-91ef-48e7-ae06-f5180c76c6dc req-62dc9f9b-f8eb-4fbd-bf07-fc0426e12309 None None] Starting request: 10.222.0.41 "DELETE /placement/allocations/06b98c09-6245-4b45-961e-94a29444acc6" {{(pid=103811) __call__ /opt/stack/placement/placement/requestlog.py:55}}
Dec 21 07:19:23.138174 n-d-796209-18 devstack@placement-api.service[103811]: DEBUG placement.handlers.allocation [req-bc51cff8-91ef-48e7-ae06-f5180c76c6dc req-62dc9f9b-f8eb-4fbd-bf07-fc0426e12309 service placement] Successfully deleted allocations [, , ] {{(pid=103811) delete_allocations /opt/stack/placement/placement/handlers/allocation.py:627}}
Dec 21 07:19:23.139882 n-d-796209-18 devstack@placement-api.service[103811]: INFO placement.requestlog [req-bc51cff8-91ef-48e7-ae06-f5180c76c6dc req-62dc9f9b-f8eb-4fbd-bf07-fc0426e12309 service placement] 10.222.0.41 "DELETE /placement/allocations/06b98c09-6245-4b45-961e-94a29444acc6" status: 204 len: 0 microversion: 1.0
Dec 21 07:19:23.141954 n-d-796209-18 devstack@placement-api.service[103811]: [pid: 103811|app: 0|req: 164/329] 10.222.0.41 () {60 vars in 1355 bytes} [Tue Dec 21 07:19:23 2021] DELETE /placement/allocations/06b98c09-6245-4b45-961e-94a29444acc6 => generated 0 bytes in 49 msecs (HTTP/1.1 204) 5 headers in 198 bytes (1 switches on core 0)
Dec 21 07:19:26.473864 n-d-796209-18 devstack@placement-api.service[103810]: DEBUG placement.requestlog [req-a2ce6245-71eb-40dd-b18d-3c7194daa514 req-6b1c317a-9898-46a2-9196-6fedbb8159b9 None None] Starting request: 10.222.0.24 "DELETE /placement/allocations/e6fa3bb4-e70d-43e0-b68d-deaba0863e3c" {{(pid=103810) __call__ /opt/stack/placement/placement/requestlog.py:55}}
Dec 21 07:19:26.529209 n-d-796209-18 devstack@placement-api.service[103810]: DEBUG placement.handlers.allocation [req-a2ce6245-71eb-40dd-b18d-3c7194daa514 req-6b1c317a-9898-46a2-9196-6fedbb8159b9 service placement] Successfully deleted allocations [, , ] {{(pid=103810) delete_allocations /opt/stack/placement/placement/handlers/allocation.py:627}}
Dec 21 07:19:26.529705 n-d-796209-18 devstack@placement-api.service[103810]: INFO placement.requestlog [req-a2ce6245-71eb-40dd-b18d-3c7194daa514 req-6b1c317a-9898-46a2-9196-6fedbb8159b9 service placement] 10.222.0.24 "DELETE /placement/allocations/e6fa3bb4-e70d-43e0-b68d-deaba0863e3c" status: 204 len: 0 microversion: 1.0
Dec 21 07:19:26.530320 n-d-796209-18 devstack@placement-api.service[103810]: [pid: 103810|app: 0|req: 166/330] 10.222.0.24 () {60 vars in 1355 bytes} [Tue Dec 21 07:19:26 2021] DELETE /placement/allocations/e6fa3bb4-e70d-43e0-b68d-deaba0863e3c => generated 0 bytes in 57 msecs (HTTP/1.1 204) 5 headers in 198 bytes (1 switches on core 0)
Dec 21 07:19:27.769480 n-d-796209-18 devstack@placement-api.service[103811]: DEBUG placement.requestlog [req-663b7485-0e43-45d9-aa56-71806881bc6c req-b4a128f2-45af-49b8-b941-602f88647d3d None None] Starting request: 10.222.0.41 "GET /placement/resource_providers/a0ff3ff8-b337-4d91-8976-8d0b3855a25e/allocations" {{(pid=103811) __call__ /opt/stack/placement/placement/requestlog.py:55}}
Dec 21 07:19:27.809596 n-d-796209-18 devstack@placement-api.service[103811]: INFO placement.requestlog [req-663b7485-0e43-45d9-aa56-71806881bc6c req-b4a128f2-45af-49b8-b941-602f88647d3d service placement] 10.222.0.41 "GET /placement/resource_providers/a0ff3ff8-b337-4d91-8976-8d0b3855a25e/allocations" status: 200 len: 819 microversion: 1.0
Dec 21 07:19:27.813638 n-d-796209-18 devstack@placement-api.service[103811]: [pid: 103811|app: 0|req: 165/331] 10.222.0.41 () {58 vars in 1390 bytes} [Tue Dec 21 07:19:27 2021] GET /placement/resource_providers/a0ff3ff8-b337-4d91-8976-8d0b3855a25e/allocations => generated 819 bytes in 44 msecs (HTTP/1.1 200) 6 headers in 224 bytes (1 switches on core 0)
Dec 21 07:19:28.322518 n-d-796209-18 devstack@placement-api.service[103810]: DEBUG placement.requestlog [req-663b7485-0e43-45d9-aa56-71806881bc6c req-e8ab8faf-b431-43af-a66d-3bb767614a4e None None] Starting request: 10.222.0.41 "GET /placement/allocations/aaf830f3-d294-4408-b03e-cc92148ffbed" {{(pid=103810) __call__ /opt/stack/placement/placement/requestlog.py:55}}
Dec 21 07:19:28.347367 n-d-796209-18 devstack@placement-api.service[103810]: INFO placement.requestlog [req-663b7485-0e43-45d9-aa56-71806881bc6c req-e8ab8faf-b431-43af-a66d-3bb767614a4e service placement] 10.222.0.41 "GET /placement/allocations/aaf830f3-d294-4408-b03e-cc92148ffbed" status: 200 len: 245 microversion: 1.28
Dec 21 07:19:28.348897 n-d-796209-18 devstack@placement-api.service[103810]: [pid: 103810|app: 0|req: 167/332] 10.222.0.41 () {60 vars in 1377 bytes} [Tue Dec 21 07:19:28 2021] GET /placement/allocations/aaf830f3-d294-4408-b03e-cc92148ffbed => generated 245 bytes in 27 msecs (HTTP/1.1 200) 8 headers in 296 bytes (1 switches on core 0)
Dec 21 07:19:28.357026 n-d-796209-18 devstack@placement-api.service[103811]: DEBUG placement.requestlog [req-663b7485-0e43-45d9-aa56-71806881bc6c req-974bf487-620d-4b7a-8d4d-30b873d491ce None None] Starting request: 10.222.0.41 "PUT /placement/allocations/aaf830f3-d294-4408-b03e-cc92148ffbed" {{(pid=103811) __call__ /opt/stack/placement/placement/requestlog.py:55}}
Dec 21 07:19:28.419577 n-d-796209-18 devstack@placement-api.service[103811]: DEBUG placement.handlers.allocation [req-663b7485-0e43-45d9-aa56-71806881bc6c req-974bf487-620d-4b7a-8d4d-30b873d491ce service placement] Successfully wrote allocations [, ] {{(pid=103811) _update_consumers_and_create_allocations /opt/stack/placement/placement/handlers/allocation.py:462}}
Dec 21 07:19:28.426344 n-d-796209-18 devstack@placement-api.service[103811]: INFO placement.requestlog [req-663b7485-0e43-45d9-aa56-71806881bc6c req-974bf487-620d-4b7a-8d4d-30b873d491ce service placement] 10.222.0.41 "PUT /placement/allocations/aaf830f3-d294-4408-b03e-cc92148ffbed" status: 204 len: 0 microversion: 1.28
Dec 21 07:19:28.427704 n-d-796209-18 devstack@placement-api.service[103811]: [pid: 103811|app: 0|req: 166/333] 10.222.0.41 () {64 vars in 1430 bytes} [Tue Dec 21 07:19:28 2021] PUT /placement/allocations/aaf830f3-d294-4408-b03e-cc92148ffbed => generated 0 bytes in 71 msecs (HTTP/1.1 204) 5 headers in 199 bytes (1 switches on core 0)
Dec 21 07:19:32.409791 n-d-796209-18 devstack@placement-api.service[103810]: DEBUG placement.requestlog [req-bee89feb-e307-46f0-a5f7-7338562588fd req-3865c7f8-bc25-4534-a9fd-94afedaa6b52 None None] Starting request: 10.222.0.16 "GET /placement/allocation_candidates?limit=1000&resources=DISK_GB%3A1%2CMEMORY_MB%3A1024%2CVCPU%3A1&root_required=%21COMPUTE_STATUS_DISABLED" {{(pid=103810) __call__ /opt/stack/placement/placement/requestlog.py:55}}
Dec 21 07:19:32.496953 n-d-796209-18 devstack@placement-api.service[103810]: DEBUG placement.objects.research_context [req-bee89feb-e307-46f0-a5f7-7338562588fd req-3865c7f8-bc25-4534-a9fd-94afedaa6b52 service placement] getting providers with 1 DISK_GB {{(pid=103810) __init__ /opt/stack/placement/placement/objects/research_context.py:126}}
Dec 21 07:19:32.511543 n-d-796209-18 devstack@placement-api.service[103810]: DEBUG placement.objects.research_context [req-bee89feb-e307-46f0-a5f7-7338562588fd req-3865c7f8-bc25-4534-a9fd-94afedaa6b52 service placement] getting providers with 1024 MEMORY_MB {{(pid=103810) __init__ /opt/stack/placement/placement/objects/research_context.py:126}}
Dec 21 07:19:32.520165 n-d-796209-18 devstack@placement-api.service[103810]: DEBUG placement.objects.research_context [req-bee89feb-e307-46f0-a5f7-7338562588fd req-3865c7f8-bc25-4534-a9fd-94afedaa6b52 service placement] getting providers with 1 VCPU {{(pid=103810) __init__ /opt/stack/placement/placement/objects/research_context.py:126}}
Dec 21 07:19:32.530063 n-d-796209-18 devstack@placement-api.service[103810]: DEBUG placement.objects.research_context [req-bee89feb-e307-46f0-a5f7-7338562588fd req-3865c7f8-bc25-4534-a9fd-94afedaa6b52 service placement] found 2 providers with available 1 DISK_GB {{(pid=103810) get_provider_ids_matching /opt/stack/placement/placement/objects/research_context.py:549}}
Dec 21 07:19:32.530632 n-d-796209-18 devstack@placement-api.service[103810]: DEBUG placement.objects.research_context [req-bee89feb-e307-46f0-a5f7-7338562588fd req-3865c7f8-bc25-4534-a9fd-94afedaa6b52 service placement] found 2 providers with available 1024 MEMORY_MB {{(pid=103810) get_provider_ids_matching /opt/stack/placement/placement/objects/research_context.py:549}}
Dec 21 07:19:32.531210 n-d-796209-18 devstack@placement-api.service[103810]: DEBUG placement.objects.research_context [req-bee89feb-e307-46f0-a5f7-7338562588fd req-3865c7f8-bc25-4534-a9fd-94afedaa6b52 service placement] found 2 providers after filtering by previous result {{(pid=103810) get_provider_ids_matching /opt/stack/placement/placement/objects/research_context.py:580}}
Dec 21 07:19:32.532251 n-d-796209-18 devstack@placement-api.service[103810]: DEBUG placement.objects.research_context [req-bee89feb-e307-46f0-a5f7-7338562588fd req-3865c7f8-bc25-4534-a9fd-94afedaa6b52 service placement] found 2 providers with available 1 VCPU {{(pid=103810) get_provider_ids_matching /opt/stack/placement/placement/objects/research_context.py:549}}
Dec 21 07:19:32.532929 n-d-796209-18 devstack@placement-api.service[103810]: DEBUG placement.objects.research_context [req-bee89feb-e307-46f0-a5f7-7338562588fd req-3865c7f8-bc25-4534-a9fd-94afedaa6b52 service placement] found 2 providers after filtering by previous result {{(pid=103810) get_provider_ids_matching /opt/stack/placement/placement/objects/research_context.py:580}}
Dec 21 07:19:32.561208 n-d-796209-18 devstack@placement-api.service[103810]: DEBUG placement.objects.allocation_candidate [req-bee89feb-e307-46f0-a5f7-7338562588fd req-3865c7f8-bc25-4534-a9fd-94afedaa6b52 service placement] RequestGroup(use_same_provider=False, resources={DISK_GB:1, MEMORY_MB:1024, VCPU:1}, traits=[], aggregates=[]) (suffix '') returned 2 matches {{(pid=103810) _get_by_requests /opt/stack/placement/placement/objects/allocation_candidate.py:145}}
Dec 21 07:19:32.564275 n-d-796209-18 devstack@placement-api.service[103810]: DEBUG placement.objects.allocation_candidate [req-bee89feb-e307-46f0-a5f7-7338562588fd req-3865c7f8-bc25-4534-a9fd-94afedaa6b52 service placement] Merging candidates yields 2 allocation requests and 2 provider summaries {{(pid=103810) _merge_candidates /opt/stack/placement/placement/objects/allocation_candidate.py:783}}
Dec 21 07:19:32.566413 n-d-796209-18 devstack@placement-api.service[103810]: INFO placement.requestlog [req-bee89feb-e307-46f0-a5f7-7338562588fd req-3865c7f8-bc25-4534-a9fd-94afedaa6b52 service placement] 10.222.0.16 "GET /placement/allocation_candidates?limit=1000&resources=DISK_GB%3A1%2CMEMORY_MB%3A1024%2CVCPU%3A1&root_required=%21COMPUTE_STATUS_DISABLED" status: 200 len: 1309 microversion: 1.36
Dec 21 07:19:32.567393 n-d-796209-18 devstack@placement-api.service[103810]: [pid: 103810|app: 0|req: 168/334] 10.222.0.16 () {60 vars in 1506 bytes} [Tue Dec 21 07:19:32 2021] GET /placement/allocation_candidates?limit=1000&resources=DISK_GB%3A1%2CMEMORY_MB%3A1024%2CVCPU%3A1&root_required=%21COMPUTE_STATUS_DISABLED => generated 1309 bytes in 158 msecs (HTTP/1.1 200) 8 headers in 297 bytes (1 switches on core 0)
Dec 21 07:19:32.633138 n-d-796209-18 devstack@placement-api.service[103811]: DEBUG placement.requestlog [req-bee89feb-e307-46f0-a5f7-7338562588fd req-0b1e1776-dffb-4611-9af8-b3e74ec53e1d None None] Starting request: 10.222.0.16 "GET /placement/allocations/f3b30a0a-cb89-4529-9629-35fab1bb3316" {{(pid=103811) __call__ /opt/stack/placement/placement/requestlog.py:55}}
Dec 21 07:19:32.648700 n-d-796209-18 devstack@placement-api.service[103811]: INFO placement.requestlog [req-bee89feb-e307-46f0-a5f7-7338562588fd req-0b1e1776-dffb-4611-9af8-b3e74ec53e1d service placement] 10.222.0.16 "GET /placement/allocations/f3b30a0a-cb89-4529-9629-35fab1bb3316" status: 200 len: 19 microversion: 1.28
Dec 21 07:19:32.654475 n-d-796209-18 devstack@placement-api.service[103811]: [pid: 103811|app: 0|req: 167/335] 10.222.0.16 () {60 vars in 1380 bytes} [Tue Dec 21 07:19:32 2021] GET /placement/allocations/f3b30a0a-cb89-4529-9629-35fab1bb3316 => generated 19 bytes in 22 msecs (HTTP/1.1 200) 8 headers in 295 bytes (1 switches on core 0)
Dec 21 07:19:32.657384 n-d-796209-18 devstack@placement-api.service[103810]: DEBUG placement.requestlog [req-bee89feb-e307-46f0-a5f7-7338562588fd req-5c39696a-2eb1-4fd0-8c48-ffd89a79ac65 None None] Starting request: 10.222.0.16 "PUT /placement/allocations/f3b30a0a-cb89-4529-9629-35fab1bb3316" {{(pid=103810) __call__ /opt/stack/placement/placement/requestlog.py:55}}
Dec 21 07:19:32.744969 n-d-796209-18 devstack@placement-api.service[103810]: DEBUG placement.handlers.allocation [req-bee89feb-e307-46f0-a5f7-7338562588fd req-5c39696a-2eb1-4fd0-8c48-ffd89a79ac65 service placement] Successfully wrote allocations [, , ] {{(pid=103810) _update_consumers_and_create_allocations /opt/stack/placement/placement/handlers/allocation.py:462}}
Dec 21 07:19:32.752495 n-d-796209-18 devstack@placement-api.service[103810]: INFO placement.requestlog [req-bee89feb-e307-46f0-a5f7-7338562588fd req-5c39696a-2eb1-4fd0-8c48-ffd89a79ac65 service placement] 10.222.0.16 "PUT /placement/allocations/f3b30a0a-cb89-4529-9629-35fab1bb3316" status: 204 len: 0 microversion: 1.36
Dec 21 07:19:32.757677 n-d-796209-18 devstack@placement-api.service[103810]: [pid: 103810|app: 0|req: 169/336] 10.222.0.16 () {64 vars in 1433 bytes} [Tue Dec 21 07:19:32 2021] PUT /placement/allocations/f3b30a0a-cb89-4529-9629-35fab1bb3316 => generated 0 bytes in 101 msecs (HTTP/1.1 204) 5 headers in 199 bytes (1 switches on core 0)
Dec 21 07:19:33.307094 n-d-796209-18 devstack@placement-api.service[103811]: DEBUG placement.requestlog [req-bee89feb-e307-46f0-a5f7-7338562588fd req-fc92782e-0b45-4e46-b552-14d0f2a41a86 None None] Starting request: 10.222.0.41 "GET /placement/allocations/f3b30a0a-cb89-4529-9629-35fab1bb3316" {{(pid=103811) __call__ /opt/stack/placement/placement/requestlog.py:55}}
Dec 21 07:19:33.336201 n-d-796209-18 devstack@placement-api.service[103811]: INFO placement.requestlog [req-bee89feb-e307-46f0-a5f7-7338562588fd req-fc92782e-0b45-4e46-b552-14d0f2a41a86 service placement] 10.222.0.41 "GET /placement/allocations/f3b30a0a-cb89-4529-9629-35fab1bb3316" status: 200 len: 259 microversion: 1.28
Dec 21 07:19:33.337272 n-d-796209-18 devstack@placement-api.service[103811]: [pid: 103811|app: 0|req: 168/337] 10.222.0.41 () {60 vars in 1377 bytes} [Tue Dec 21 07:19:33 2021] GET /placement/allocations/f3b30a0a-cb89-4529-9629-35fab1bb3316 => generated 259 bytes in 30 msecs (HTTP/1.1 200) 8 headers in 296 bytes (1 switches on core 0)
Dec 21 07:19:33.416890 n-d-796209-18 devstack@placement-api.service[103810]: DEBUG placement.requestlog [req-ff369901-0339-418d-b872-9a8c54e6e7bc req-d15775a8-753d-4c58-b932-81633f0c54f8 None None] Starting request: 10.222.0.24 "GET /placement/resource_providers/22a0b3a2-8f54-4faf-8621-c0019a70ccf7/allocations" {{(pid=103810) __call__ /opt/stack/placement/placement/requestlog.py:55}}
Dec 21 07:19:33.461103 n-d-796209-18 devstack@placement-api.service[103810]: INFO placement.requestlog [req-ff369901-0339-418d-b872-9a8c54e6e7bc req-d15775a8-753d-4c58-b932-81633f0c54f8 service placement] 10.222.0.24 "GET /placement/resource_providers/22a0b3a2-8f54-4faf-8621-c0019a70ccf7/allocations" status: 200 len: 732 microversion: 1.0
Dec 21 07:19:33.461853 n-d-796209-18 devstack@placement-api.service[103810]: [pid: 103810|app: 0|req: 170/338] 10.222.0.24 () {58 vars in 1390 bytes} [Tue Dec 21 07:19:33 2021] GET /placement/resource_providers/22a0b3a2-8f54-4faf-8621-c0019a70ccf7/allocations => generated 732 bytes in 46 msecs (HTTP/1.1 200) 6 headers in 224 bytes (2 switches on core 0)
Dec 21 07:19:34.074321 n-d-796209-18 devstack@placement-api.service[103811]: DEBUG placement.requestlog [req-3ec06738-e4a0-4d5f-b841-ac6e0198c29c req-cee3e3e8-0a61-4de6-9124-8a3b07c09952 None None] Starting request: 10.222.0.24 "GET /placement/resource_providers/22a0b3a2-8f54-4faf-8621-c0019a70ccf7/allocations" {{(pid=103811) __call__ /opt/stack/placement/placement/requestlog.py:55}}
Dec 21 07:19:34.136919 n-d-796209-18 devstack@placement-api.service[103811]: INFO placement.requestlog [req-3ec06738-e4a0-4d5f-b841-ac6e0198c29c req-cee3e3e8-0a61-4de6-9124-8a3b07c09952 service placement] 10.222.0.24 "GET /placement/resource_providers/22a0b3a2-8f54-4faf-8621-c0019a70ccf7/allocations" status: 200 len: 732 microversion: 1.0
Dec 21 07:19:34.137628 n-d-796209-18 devstack@placement-api.service[103811]: [pid: 103811|app: 0|req: 169/339] 10.222.0.24 () {58 vars in 1390 bytes} [Tue Dec 21 07:19:34 2021] GET /placement/resource_providers/22a0b3a2-8f54-4faf-8621-c0019a70ccf7/allocations => generated 732 bytes in 64 msecs (HTTP/1.1 200) 6 headers in 224 bytes (1 switches on core 0)
Dec 21 07:19:34.223191 n-d-796209-18 devstack@placement-api.service[103810]: DEBUG placement.requestlog [req-f4205eee-e449-45c9-90f6-e83419cf366b req-85f8e88e-fba9-48e1-ae12-3745ef7ddd2b None None] Starting request: 10.222.0.41 "GET /placement/resource_providers/a0ff3ff8-b337-4d91-8976-8d0b3855a25e/allocations" {{(pid=103810) __call__ /opt/stack/placement/placement/requestlog.py:55}}
Dec 21 07:19:34.261413 n-d-796209-18 devstack@placement-api.service[103810]: INFO placement.requestlog [req-f4205eee-e449-45c9-90f6-e83419cf366b req-85f8e88e-fba9-48e1-ae12-3745ef7ddd2b service placement] 10.222.0.41 "GET /placement/resource_providers/a0ff3ff8-b337-4d91-8976-8d0b3855a25e/allocations" status: 200 len: 833 microversion: 1.0
