Dec 21 07:25:08.216590 n-d-796209-18 devstack@placement-api.service[103811]: [pid: 103811|app: 0|req: 301/601] 10.222.0.16 () {60 vars in 1506 bytes} [Tue Dec 21 07:25:08 2021] GET /placement/allocation_candidates?limit=1000&resources=DISK_GB%3A1%2CMEMORY_MB%3A1024%2CVCPU%3A1&root_required=%21COMPUTE_STATUS_DISABLED => generated 1309 bytes in 68 msecs (HTTP/1.1 200) 8 headers in 297 bytes (1 switches on core 0)
Dec 21 07:25:08.268579 n-d-796209-18 devstack@placement-api.service[103810]: DEBUG placement.requestlog [req-f1dc640a-e966-45e8-a698-3dffb3b69b52 req-f4b1a1df-cea7-4012-83fa-fc347cd579a1 None None] Starting request: 10.222.0.16 "GET /placement/allocations/8233e27b-1eba-4301-b529-bd2729327983" {{(pid=103810) __call__ /opt/stack/placement/placement/requestlog.py:55}}
Dec 21 07:25:08.281088 n-d-796209-18 devstack@placement-api.service[103810]: INFO placement.requestlog [req-f1dc640a-e966-45e8-a698-3dffb3b69b52 req-f4b1a1df-cea7-4012-83fa-fc347cd579a1 service placement] 10.222.0.16 "GET /placement/allocations/8233e27b-1eba-4301-b529-bd2729327983" status: 200 len: 19 microversion: 1.28
Dec 21 07:25:08.281529 n-d-796209-18 devstack@placement-api.service[103810]: [pid: 103810|app: 0|req: 301/602] 10.222.0.16 () {60 vars in 1380 bytes} [Tue Dec 21 07:25:08 2021] GET /placement/allocations/8233e27b-1eba-4301-b529-bd2729327983 => generated 19 bytes in 13 msecs (HTTP/1.1 200) 8 headers in 295 bytes (1 switches on core 0)
Dec 21 07:25:08.288601 n-d-796209-18 devstack@placement-api.service[103811]: DEBUG placement.requestlog [req-f1dc640a-e966-45e8-a698-3dffb3b69b52 req-b273f0ef-45d7-498a-aee0-4e5e14838a83 None None] Starting request: 10.222.0.16 "PUT /placement/allocations/8233e27b-1eba-4301-b529-bd2729327983" {{(pid=103811) __call__ /opt/stack/placement/placement/requestlog.py:55}}
Dec 21 07:25:08.359910 n-d-796209-18 devstack@placement-api.service[103811]: DEBUG placement.handlers.allocation [req-f1dc640a-e966-45e8-a698-3dffb3b69b52 req-b273f0ef-45d7-498a-aee0-4e5e14838a83 service placement] Successfully wrote allocations [, , ] {{(pid=103811) _update_consumers_and_create_allocations /opt/stack/placement/placement/handlers/allocation.py:462}}
Dec 21 07:25:08.364819 n-d-796209-18 devstack@placement-api.service[103811]: INFO placement.requestlog [req-f1dc640a-e966-45e8-a698-3dffb3b69b52 req-b273f0ef-45d7-498a-aee0-4e5e14838a83 service placement] 10.222.0.16 "PUT /placement/allocations/8233e27b-1eba-4301-b529-bd2729327983" status: 204 len: 0 microversion: 1.36
Dec 21 07:25:08.365794 n-d-796209-18 devstack@placement-api.service[103811]: [pid: 103811|app: 0|req: 302/603] 10.222.0.16 () {64 vars in 1433 bytes} [Tue Dec 21 07:25:08 2021] PUT /placement/allocations/8233e27b-1eba-4301-b529-bd2729327983 => generated 0 bytes in 77 msecs (HTTP/1.1 204) 5 headers in 199 bytes (1 switches on core 0)
Dec 21 07:25:08.750027 n-d-796209-18 devstack@placement-api.service[103810]: DEBUG placement.requestlog [req-f1dc640a-e966-45e8-a698-3dffb3b69b52 req-b63d6247-e83b-44b4-8320-88c1d52c80cf None None] Starting request: 10.222.0.24 "GET /placement/allocations/8233e27b-1eba-4301-b529-bd2729327983" {{(pid=103810) __call__ /opt/stack/placement/placement/requestlog.py:55}}
Dec 21 07:25:08.766114 n-d-796209-18 devstack@placement-api.service[103810]: INFO placement.requestlog [req-f1dc640a-e966-45e8-a698-3dffb3b69b52 req-b63d6247-e83b-44b4-8320-88c1d52c80cf service placement] 10.222.0.24 "GET /placement/allocations/8233e27b-1eba-4301-b529-bd2729327983" status: 200 len: 259 microversion: 1.28
Dec 21 07:25:08.766483 n-d-796209-18 devstack@placement-api.service[103810]: [pid: 103810|app: 0|req: 302/604] 10.222.0.24 () {60 vars in 1377 bytes} [Tue Dec 21 07:25:08 2021] GET /placement/allocations/8233e27b-1eba-4301-b529-bd2729327983 => generated 259 bytes in 17 msecs (HTTP/1.1 200) 8 headers in 296 bytes (1 switches on core 0)
Dec 21 07:25:09.947477 n-d-796209-18 devstack@placement-api.service[103811]: DEBUG placement.requestlog [req-85c42634-9f12-4bd1-a0fe-c30222b5fc8b req-b9cf8c4f-7523-498e-9b1e-e62c1c5b93a9 None None] Starting request: 10.222.0.24 "DELETE /placement/allocations/b695fe2e-b271-4ee5-ae45-a906833a816e" {{(pid=103811) __call__ /opt/stack/placement/placement/requestlog.py:55}}
Dec 21 07:25:10.029490 n-d-796209-18 devstack@placement-api.service[103811]: DEBUG placement.handlers.allocation [req-85c42634-9f12-4bd1-a0fe-c30222b5fc8b req-b9cf8c4f-7523-498e-9b1e-e62c1c5b93a9 service placement] Successfully deleted allocations [, , ] {{(pid=103811) delete_allocations /opt/stack/placement/placement/handlers/allocation.py:627}}
Dec 21 07:25:10.029978 n-d-796209-18 devstack@placement-api.service[103811]: INFO placement.requestlog [req-85c42634-9f12-4bd1-a0fe-c30222b5fc8b req-b9cf8c4f-7523-498e-9b1e-e62c1c5b93a9 service placement] 10.222.0.24 "DELETE /placement/allocations/b695fe2e-b271-4ee5-ae45-a906833a816e" status: 204 len: 0 microversion: 1.0
Dec 21 07:25:10.030445 n-d-796209-18 devstack@placement-api.service[103811]: [pid: 103811|app: 0|req: 303/605] 10.222.0.24 () {60 vars in 1355 bytes} [Tue Dec 21 07:25:09 2021] DELETE /placement/allocations/b695fe2e-b271-4ee5-ae45-a906833a816e => generated 0 bytes in 83 msecs (HTTP/1.1 204) 5 headers in 198 bytes (2 switches on core 0)
Dec 21 07:25:13.906486 n-d-796209-18 devstack@placement-api.service[103810]: DEBUG placement.requestlog [req-f95c7e88-56ee-4661-ba41-f9cdc98fca0d req-f7699635-2976-490a-931a-f82df31c132d None None] Starting request: 10.222.0.24 "DELETE /placement/allocations/60a44fa6-ca49-4346-a40e-44ee74af9ace" {{(pid=103810) __call__ /opt/stack/placement/placement/requestlog.py:55}}
Dec 21 07:25:13.947495 n-d-796209-18 devstack@placement-api.service[103810]: DEBUG placement.handlers.allocation [req-f95c7e88-56ee-4661-ba41-f9cdc98fca0d req-f7699635-2976-490a-931a-f82df31c132d service placement] Successfully deleted allocations [, , ] {{(pid=103810) delete_allocations /opt/stack/placement/placement/handlers/allocation.py:627}}
Dec 21 07:25:13.948317 n-d-796209-18 devstack@placement-api.service[103810]: INFO placement.requestlog [req-f95c7e88-56ee-4661-ba41-f9cdc98fca0d req-f7699635-2976-490a-931a-f82df31c132d service placement] 10.222.0.24 "DELETE /placement/allocations/60a44fa6-ca49-4346-a40e-44ee74af9ace" status: 204 len: 0 microversion: 1.0
Dec 21 07:25:13.948683 n-d-796209-18 devstack@placement-api.service[103810]: [pid: 103810|app: 0|req: 303/606] 10.222.0.24 () {60 vars in 1355 bytes} [Tue Dec 21 07:25:13 2021] DELETE /placement/allocations/60a44fa6-ca49-4346-a40e-44ee74af9ace => generated 0 bytes in 42 msecs (HTTP/1.1 204) 5 headers in 198 bytes (1 switches on core 0)
Dec 21 07:25:15.736033 n-d-796209-18 devstack@placement-api.service[103811]: DEBUG placement.requestlog [req-851e3f6f-35fc-4343-a816-5dc7985b7ee4 req-2a88212d-4879-4e2e-b21d-fd28f253bf41 None None] Starting request: 10.222.0.41 "DELETE /placement/allocations/b2910f81-2cbd-4c41-b678-febf316f159a" {{(pid=103811) __call__ /opt/stack/placement/placement/requestlog.py:55}}
Dec 21 07:25:15.766906 n-d-796209-18 devstack@placement-api.service[103811]: DEBUG placement.handlers.allocation [req-851e3f6f-35fc-4343-a816-5dc7985b7ee4 req-2a88212d-4879-4e2e-b21d-fd28f253bf41 service placement] Successfully deleted allocations [, , ] {{(pid=103811) delete_allocations /opt/stack/placement/placement/handlers/allocation.py:627}}
Dec 21 07:25:15.767782 n-d-796209-18 devstack@placement-api.service[103811]: INFO placement.requestlog [req-851e3f6f-35fc-4343-a816-5dc7985b7ee4 req-2a88212d-4879-4e2e-b21d-fd28f253bf41 service placement] 10.222.0.41 "DELETE /placement/allocations/b2910f81-2cbd-4c41-b678-febf316f159a" status: 204 len: 0 microversion: 1.0
Dec 21 07:25:15.768407 n-d-796209-18 devstack@placement-api.service[103811]: [pid: 103811|app: 0|req: 304/607] 10.222.0.41 () {60 vars in 1355 bytes} [Tue Dec 21 07:25:15 2021] DELETE /placement/allocations/b2910f81-2cbd-4c41-b678-febf316f159a => generated 0 bytes in 33 msecs (HTTP/1.1 204) 5 headers in 198 bytes (2 switches on core 0)
Dec 21 07:25:19.480169 n-d-796209-18 devstack@placement-api.service[103810]: DEBUG placement.requestlog [req-a93d0865-6988-4a31-a122-f3d6d5c36fe0 req-c8c0be34-263a-41b9-9a3d-f366b42656da None None] Starting request: 10.222.0.16 "GET /placement/allocation_candidates?limit=1000&resources=DISK_GB%3A1%2CMEMORY_MB%3A1024%2CVCPU%3A1&root_required=%21COMPUTE_STATUS_DISABLED" {{(pid=103810) __call__ /opt/stack/placement/placement/requestlog.py:55}}
Dec 21 07:25:19.561709 n-d-796209-18 devstack@placement-api.service[103810]: DEBUG placement.objects.research_context [req-a93d0865-6988-4a31-a122-f3d6d5c36fe0 req-c8c0be34-263a-41b9-9a3d-f366b42656da service placement] getting providers with 1 DISK_GB {{(pid=103810) __init__ /opt/stack/placement/placement/objects/research_context.py:126}}
Dec 21 07:25:19.567683 n-d-796209-18 devstack@placement-api.service[103810]: DEBUG placement.objects.research_context [req-a93d0865-6988-4a31-a122-f3d6d5c36fe0 req-c8c0be34-263a-41b9-9a3d-f366b42656da service placement] getting providers with 1024 MEMORY_MB {{(pid=103810) __init__ /opt/stack/placement/placement/objects/research_context.py:126}}
Dec 21 07:25:19.574087 n-d-796209-18 devstack@placement-api.service[103810]: DEBUG placement.objects.research_context [req-a93d0865-6988-4a31-a122-f3d6d5c36fe0 req-c8c0be34-263a-41b9-9a3d-f366b42656da service placement] getting providers with 1 VCPU {{(pid=103810) __init__ /opt/stack/placement/placement/objects/research_context.py:126}}
Dec 21 07:25:19.580720 n-d-796209-18 devstack@placement-api.service[103810]: DEBUG placement.objects.research_context [req-a93d0865-6988-4a31-a122-f3d6d5c36fe0 req-c8c0be34-263a-41b9-9a3d-f366b42656da service placement] found 2 providers with available 1 DISK_GB {{(pid=103810) get_provider_ids_matching /opt/stack/placement/placement/objects/research_context.py:549}}
Dec 21 07:25:19.581556 n-d-796209-18 devstack@placement-api.service[103810]: DEBUG placement.objects.research_context [req-a93d0865-6988-4a31-a122-f3d6d5c36fe0 req-c8c0be34-263a-41b9-9a3d-f366b42656da service placement] found 2 providers with available 1024 MEMORY_MB {{(pid=103810) get_provider_ids_matching /opt/stack/placement/placement/objects/research_context.py:549}}
Dec 21 07:25:19.582186 n-d-796209-18 devstack@placement-api.service[103810]: DEBUG placement.objects.research_context [req-a93d0865-6988-4a31-a122-f3d6d5c36fe0 req-c8c0be34-263a-41b9-9a3d-f366b42656da service placement] found 2 providers after filtering by previous result {{(pid=103810) get_provider_ids_matching /opt/stack/placement/placement/objects/research_context.py:580}}
Dec 21 07:25:19.582684 n-d-796209-18 devstack@placement-api.service[103810]: DEBUG placement.objects.research_context [req-a93d0865-6988-4a31-a122-f3d6d5c36fe0 req-c8c0be34-263a-41b9-9a3d-f366b42656da service placement] found 2 providers with available 1 VCPU {{(pid=103810) get_provider_ids_matching /opt/stack/placement/placement/objects/research_context.py:549}}
Dec 21 07:25:19.583169 n-d-796209-18 devstack@placement-api.service[103810]: DEBUG placement.objects.research_context [req-a93d0865-6988-4a31-a122-f3d6d5c36fe0 req-c8c0be34-263a-41b9-9a3d-f366b42656da service placement] found 2 providers after filtering by previous result {{(pid=103810) get_provider_ids_matching /opt/stack/placement/placement/objects/research_context.py:580}}
Dec 21 07:25:19.618282 n-d-796209-18 devstack@placement-api.service[103810]: DEBUG placement.objects.allocation_candidate [req-a93d0865-6988-4a31-a122-f3d6d5c36fe0 req-c8c0be34-263a-41b9-9a3d-f366b42656da service placement] RequestGroup(use_same_provider=False, resources={DISK_GB:1, MEMORY_MB:1024, VCPU:1}, traits=[], aggregates=[]) (suffix '') returned 2 matches {{(pid=103810) _get_by_requests /opt/stack/placement/placement/objects/allocation_candidate.py:145}}
Dec 21 07:25:19.620077 n-d-796209-18 devstack@placement-api.service[103810]: DEBUG placement.objects.allocation_candidate [req-a93d0865-6988-4a31-a122-f3d6d5c36fe0 req-c8c0be34-263a-41b9-9a3d-f366b42656da service placement] Merging candidates yields 2 allocation requests and 2 provider summaries {{(pid=103810) _merge_candidates /opt/stack/placement/placement/objects/allocation_candidate.py:783}}
Dec 21 07:25:19.625130 n-d-796209-18 devstack@placement-api.service[103810]: INFO placement.requestlog [req-a93d0865-6988-4a31-a122-f3d6d5c36fe0 req-c8c0be34-263a-41b9-9a3d-f366b42656da service placement] 10.222.0.16 "GET /placement/allocation_candidates?limit=1000&resources=DISK_GB%3A1%2CMEMORY_MB%3A1024%2CVCPU%3A1&root_required=%21COMPUTE_STATUS_DISABLED" status: 200 len: 1309 microversion: 1.36
Dec 21 07:25:19.625130 n-d-796209-18 devstack@placement-api.service[103810]: [pid: 103810|app: 0|req: 304/608] 10.222.0.16 () {60 vars in 1506 bytes} [Tue Dec 21 07:25:19 2021] GET /placement/allocation_candidates?limit=1000&resources=DISK_GB%3A1%2CMEMORY_MB%3A1024%2CVCPU%3A1&root_required=%21COMPUTE_STATUS_DISABLED => generated 1309 bytes in 145 msecs (HTTP/1.1 200) 8 headers in 297 bytes (1 switches on core 0)
Dec 21 07:25:19.757025 n-d-796209-18 devstack@placement-api.service[103811]: DEBUG placement.requestlog [req-a93d0865-6988-4a31-a122-f3d6d5c36fe0 req-dab35f9a-6017-40ab-841d-d626ef878509 None None] Starting request: 10.222.0.16 "GET /placement/allocations/545e743e-dfb1-4c7e-9bc5-259fd49b95e3" {{(pid=103811) __call__ /opt/stack/placement/placement/requestlog.py:55}}
Dec 21 07:25:19.777978 n-d-796209-18 devstack@placement-api.service[103811]: INFO placement.requestlog [req-a93d0865-6988-4a31-a122-f3d6d5c36fe0 req-dab35f9a-6017-40ab-841d-d626ef878509 service placement] 10.222.0.16 "GET /placement/allocations/545e743e-dfb1-4c7e-9bc5-259fd49b95e3" status: 200 len: 19 microversion: 1.28
Dec 21 07:25:19.778860 n-d-796209-18 devstack@placement-api.service[103811]: [pid: 103811|app: 0|req: 305/609] 10.222.0.16 () {60 vars in 1380 bytes} [Tue Dec 21 07:25:19 2021] GET /placement/allocations/545e743e-dfb1-4c7e-9bc5-259fd49b95e3 => generated 19 bytes in 22 msecs (HTTP/1.1 200) 8 headers in 295 bytes (1 switches on core 0)
Dec 21 07:25:19.791979 n-d-796209-18 devstack@placement-api.service[103810]: DEBUG placement.requestlog [req-a93d0865-6988-4a31-a122-f3d6d5c36fe0 req-1b2da190-fbb9-438e-976c-cc5e7aac4915 None None] Starting request: 10.222.0.16 "PUT /placement/allocations/545e743e-dfb1-4c7e-9bc5-259fd49b95e3" {{(pid=103810) __call__ /opt/stack/placement/placement/requestlog.py:55}}
Dec 21 07:25:19.871742 n-d-796209-18 devstack@placement-api.service[103810]: DEBUG placement.handlers.allocation [req-a93d0865-6988-4a31-a122-f3d6d5c36fe0 req-1b2da190-fbb9-438e-976c-cc5e7aac4915 service placement] Successfully wrote allocations [, , ] {{(pid=103810) _update_consumers_and_create_allocations /opt/stack/placement/placement/handlers/allocation.py:462}}
Dec 21 07:25:19.876551 n-d-796209-18 devstack@placement-api.service[103810]: INFO placement.requestlog [req-a93d0865-6988-4a31-a122-f3d6d5c36fe0 req-1b2da190-fbb9-438e-976c-cc5e7aac4915 service placement] 10.222.0.16 "PUT /placement/allocations/545e743e-dfb1-4c7e-9bc5-259fd49b95e3" status: 204 len: 0 microversion: 1.36
Dec 21 07:25:19.877216 n-d-796209-18 devstack@placement-api.service[103810]: [pid: 103810|app: 0|req: 305/610] 10.222.0.16 () {64 vars in 1433 bytes} [Tue Dec 21 07:25:19 2021] PUT /placement/allocations/545e743e-dfb1-4c7e-9bc5-259fd49b95e3 => generated 0 bytes in 85 msecs (HTTP/1.1 204) 5 headers in 199 bytes (2 switches on core 0)
Dec 21 07:25:20.043780 n-d-796209-18 devstack@placement-api.service[103811]: DEBUG placement.requestlog [req-c8332b9a-70c7-4999-9ea3-4f9c8024470b req-b5017f15-ec36-4fa8-8f31-45c85514b042 None None] Starting request: 10.222.0.16 "GET /placement/allocation_candidates?limit=1000&resources=DISK_GB%3A1%2CMEMORY_MB%3A1024%2CVCPU%3A1&root_required=%21COMPUTE_STATUS_DISABLED" {{(pid=103811) __call__ /opt/stack/placement/placement/requestlog.py:55}}
Dec 21 07:25:20.090353 n-d-796209-18 devstack@placement-api.service[103811]: DEBUG placement.objects.research_context [req-c8332b9a-70c7-4999-9ea3-4f9c8024470b req-b5017f15-ec36-4fa8-8f31-45c85514b042 service placement] getting providers with 1 DISK_GB {{(pid=103811) __init__ /opt/stack/placement/placement/objects/research_context.py:126}}
Dec 21 07:25:20.113988 n-d-796209-18 devstack@placement-api.service[103811]: DEBUG placement.objects.research_context [req-c8332b9a-70c7-4999-9ea3-4f9c8024470b req-b5017f15-ec36-4fa8-8f31-45c85514b042 service placement] getting providers with 1024 MEMORY_MB {{(pid=103811) __init__ /opt/stack/placement/placement/objects/research_context.py:126}}
Dec 21 07:25:20.128526 n-d-796209-18 devstack@placement-api.service[103811]: DEBUG placement.objects.research_context [req-c8332b9a-70c7-4999-9ea3-4f9c8024470b req-b5017f15-ec36-4fa8-8f31-45c85514b042 service placement] getting providers with 1 VCPU {{(pid=103811) __init__ /opt/stack/placement/placement/objects/research_context.py:126}}
Dec 21 07:25:20.165121 n-d-796209-18 devstack@placement-api.service[103811]: DEBUG placement.objects.research_context [req-c8332b9a-70c7-4999-9ea3-4f9c8024470b req-b5017f15-ec36-4fa8-8f31-45c85514b042 service placement] found 2 providers with available 1 DISK_GB {{(pid=103811) get_provider_ids_matching /opt/stack/placement/placement/objects/research_context.py:549}}
Dec 21 07:25:20.165792 n-d-796209-18 devstack@placement-api.service[103811]: DEBUG placement.objects.research_context [req-c8332b9a-70c7-4999-9ea3-4f9c8024470b req-b5017f15-ec36-4fa8-8f31-45c85514b042 service placement] found 2 providers with available 1024 MEMORY_MB {{(pid=103811) get_provider_ids_matching /opt/stack/placement/placement/objects/research_context.py:549}}
Dec 21 07:25:20.166203 n-d-796209-18 devstack@placement-api.service[103811]: DEBUG placement.objects.research_context [req-c8332b9a-70c7-4999-9ea3-4f9c8024470b req-b5017f15-ec36-4fa8-8f31-45c85514b042 service placement] found 2 providers after filtering by previous result {{(pid=103811) get_provider_ids_matching /opt/stack/placement/placement/objects/research_context.py:580}}
Dec 21 07:25:20.166739 n-d-796209-18 devstack@placement-api.service[103811]: DEBUG placement.objects.research_context [req-c8332b9a-70c7-4999-9ea3-4f9c8024470b req-b5017f15-ec36-4fa8-8f31-45c85514b042 service placement] found 2 providers with available 1 VCPU {{(pid=103811) get_provider_ids_matching /opt/stack/placement/placement/objects/research_context.py:549}}
Dec 21 07:25:20.167169 n-d-796209-18 devstack@placement-api.service[103811]: DEBUG placement.objects.research_context [req-c8332b9a-70c7-4999-9ea3-4f9c8024470b req-b5017f15-ec36-4fa8-8f31-45c85514b042 service placement] found 2 providers after filtering by previous result {{(pid=103811) get_provider_ids_matching /opt/stack/placement/placement/objects/research_context.py:580}}
Dec 21 07:25:20.183473 n-d-796209-18 devstack@placement-api.service[103811]: DEBUG placement.objects.allocation_candidate [req-c8332b9a-70c7-4999-9ea3-4f9c8024470b req-b5017f15-ec36-4fa8-8f31-45c85514b042 service placement] RequestGroup(use_same_provider=False, resources={DISK_GB:1, MEMORY_MB:1024, VCPU:1}, traits=[], aggregates=[]) (suffix '') returned 2 matches {{(pid=103811) _get_by_requests /opt/stack/placement/placement/objects/allocation_candidate.py:145}}
Dec 21 07:25:20.184088 n-d-796209-18 devstack@placement-api.service[103811]: DEBUG placement.objects.allocation_candidate [req-c8332b9a-70c7-4999-9ea3-4f9c8024470b req-b5017f15-ec36-4fa8-8f31-45c85514b042 service placement] Merging candidates yields 2 allocation requests and 2 provider summaries {{(pid=103811) _merge_candidates /opt/stack/placement/placement/objects/allocation_candidate.py:783}}
Dec 21 07:25:20.185742 n-d-796209-18 devstack@placement-api.service[103811]: INFO placement.requestlog [req-c8332b9a-70c7-4999-9ea3-4f9c8024470b req-b5017f15-ec36-4fa8-8f31-45c85514b042 service placement] 10.222.0.16 "GET /placement/allocation_candidates?limit=1000&resources=DISK_GB%3A1%2CMEMORY_MB%3A1024%2CVCPU%3A1&root_required=%21COMPUTE_STATUS_DISABLED" status: 200 len: 1309 microversion: 1.36
Dec 21 07:25:20.190524 n-d-796209-18 devstack@placement-api.service[103811]: [pid: 103811|app: 0|req: 306/611] 10.222.0.16 () {60 vars in 1506 bytes} [Tue Dec 21 07:25:20 2021] GET /placement/allocation_candidates?limit=1000&resources=DISK_GB%3A1%2CMEMORY_MB%3A1024%2CVCPU%3A1&root_required=%21COMPUTE_STATUS_DISABLED => generated 1309 bytes in 147 msecs (HTTP/1.1 200) 8 headers in 297 bytes (1 switches on core 0)
Dec 21 07:25:20.288466 n-d-796209-18 devstack@placement-api.service[103810]: DEBUG placement.requestlog [req-c8332b9a-70c7-4999-9ea3-4f9c8024470b req-cf4b5bb9-d98d-491a-935d-a39452886d7e None None] Starting request: 10.222.0.16 "GET /placement/allocations/b2e5de11-dd7a-494b-87cb-2fe5c0d66792" {{(pid=103810) __call__ /opt/stack/placement/placement/requestlog.py:55}}
Dec 21 07:25:20.311839 n-d-796209-18 devstack@placement-api.service[103810]: INFO placement.requestlog [req-c8332b9a-70c7-4999-9ea3-4f9c8024470b req-cf4b5bb9-d98d-491a-935d-a39452886d7e service placement] 10.222.0.16 "GET /placement/allocations/b2e5de11-dd7a-494b-87cb-2fe5c0d66792" status: 200 len: 19 microversion: 1.28
Dec 21 07:25:20.312330 n-d-796209-18 devstack@placement-api.service[103810]: [pid: 103810|app: 0|req: 306/612] 10.222.0.16 () {60 vars in 1380 bytes} [Tue Dec 21 07:25:20 2021] GET /placement/allocations/b2e5de11-dd7a-494b-87cb-2fe5c0d66792 => generated 19 bytes in 26 msecs (HTTP/1.1 200) 8 headers in 295 bytes (1 switches on core 0)
Dec 21 07:25:20.320131 n-d-796209-18 devstack@placement-api.service[103811]: DEBUG placement.requestlog [req-c8332b9a-70c7-4999-9ea3-4f9c8024470b req-12ec8571-792e-4f33-a4a5-c79ac8077e71 None None] Starting request: 10.222.0.16 "PUT /placement/allocations/b2e5de11-dd7a-494b-87cb-2fe5c0d66792" {{(pid=103811) __call__ /opt/stack/placement/placement/requestlog.py:55}}
Dec 21 07:25:20.386299 n-d-796209-18 devstack@placement-api.service[103810]: DEBUG placement.requestlog [req-a93d0865-6988-4a31-a122-f3d6d5c36fe0 req-6062fe93-7ed5-4030-a2a5-9f14c4fabdd5 None None] Starting request: 10.222.0.41 "GET /placement/allocations/545e743e-dfb1-4c7e-9bc5-259fd49b95e3" {{(pid=103810) __call__ /opt/stack/placement/placement/requestlog.py:55}}
Dec 21 07:25:20.403569 n-d-796209-18 devstack@placement-api.service[103810]: INFO placement.requestlog [req-a93d0865-6988-4a31-a122-f3d6d5c36fe0 req-6062fe93-7ed5-4030-a2a5-9f14c4fabdd5 service placement] 10.222.0.41 "GET /placement/allocations/545e743e-dfb1-4c7e-9bc5-259fd49b95e3" status: 200 len: 259 microversion: 1.28
Dec 21 07:25:20.404843 n-d-796209-18 devstack@placement-api.service[103810]: [pid: 103810|app: 0|req: 307/613] 10.222.0.41 () {60 vars in 1377 bytes} [Tue Dec 21 07:25:20 2021] GET /placement/allocations/545e743e-dfb1-4c7e-9bc5-259fd49b95e3 => generated 259 bytes in 19 msecs (HTTP/1.1 200) 8 headers in 296 bytes (1 switches on core 0)
Dec 21 07:25:20.429852 n-d-796209-18 devstack@placement-api.service[103811]: DEBUG placement.handlers.allocation [req-c8332b9a-70c7-4999-9ea3-4f9c8024470b req-12ec8571-792e-4f33-a4a5-c79ac8077e71 service placement] Successfully wrote allocations [, , ] {{(pid=103811) _update_consumers_and_create_allocations /opt/stack/placement/placement/handlers/allocation.py:462}}
Dec 21 07:25:20.433677 n-d-796209-18 devstack@placement-api.service[103811]: INFO placement.requestlog [req-c8332b9a-70c7-4999-9ea3-4f9c8024470b req-12ec8571-792e-4f33-a4a5-c79ac8077e71 service placement] 10.222.0.16 "PUT /placement/allocations/b2e5de11-dd7a-494b-87cb-2fe5c0d66792" status: 204 len: 0 microversion: 1.36
Dec 21 07:25:20.434201 n-d-796209-18 devstack@placement-api.service[103811]: [pid: 103811|app: 0|req: 307/614] 10.222.0.16 () {64 vars in 1433 bytes} [Tue Dec 21 07:25:20 2021] PUT /placement/allocations/b2e5de11-dd7a-494b-87cb-2fe5c0d66792 => generated 0 bytes in 114 msecs (HTTP/1.1 204) 5 headers in 199 bytes (1 switches on core 0)
Dec 21 07:25:20.956061 n-d-796209-18 devstack@placement-api.service[103810]: DEBUG placement.requestlog [req-c8332b9a-70c7-4999-9ea3-4f9c8024470b req-e256c1e5-303b-49a9-949a-8366f4601712 None None] Starting request: 10.222.0.41 "GET /placement/allocations/b2e5de11-dd7a-494b-87cb-2fe5c0d66792" {{(pid=103810) __call__ /opt/stack/placement/placement/requestlog.py:55}}
Dec 21 07:25:20.973117 n-d-796209-18 devstack@placement-api.service[103811]: DEBUG placement.requestlog [req-7d8b53a3-6794-42f0-b002-866492150edc req-33b4014f-be3d-4d20-a5ce-265a3cb54e30 None None] Starting request: 10.222.0.16 "GET /placement/allocation_candidates?limit=1000&resources=DISK_GB%3A1%2CMEMORY_MB%3A1024%2CVCPU%3A1&root_required=%21COMPUTE_STATUS_DISABLED" {{(pid=103811) __call__ /opt/stack/placement/placement/requestlog.py:55}}
Dec 21 07:25:20.991172 n-d-796209-18 devstack@placement-api.service[103810]: INFO placement.requestlog [req-c8332b9a-70c7-4999-9ea3-4f9c8024470b req-e256c1e5-303b-49a9-949a-8366f4601712 service placement] 10.222.0.41 "GET /placement/allocations/b2e5de11-dd7a-494b-87cb-2fe5c0d66792" status: 200 len: 259 microversion: 1.28
Dec 21 07:25:20.995662 n-d-796209-18 devstack@placement-api.service[103810]: [pid: 103810|app: 0|req: 308/615] 10.222.0.41 () {60 vars in 1377 bytes} [Tue Dec 21 07:25:20 2021] GET /placement/allocations/b2e5de11-dd7a-494b-87cb-2fe5c0d66792 => generated 259 bytes in 40 msecs (HTTP/1.1 200) 8 headers in 296 bytes (1 switches on core 0)
Dec 21 07:25:21.050813 n-d-796209-18 devstack@placement-api.service[103811]: DEBUG placement.objects.research_context [req-7d8b53a3-6794-42f0-b002-866492150edc req-33b4014f-be3d-4d20-a5ce-265a3cb54e30 service placement] getting providers with 1 DISK_GB {{(pid=103811) __init__ /opt/stack/placement/placement/objects/research_context.py:126}}
Dec 21 07:25:21.080253 n-d-796209-18 devstack@placement-api.service[103811]: DEBUG placement.objects.research_context [req-7d8b53a3-6794-42f0-b002-866492150edc req-33b4014f-be3d-4d20-a5ce-265a3cb54e30 service placement] getting providers with 1024 MEMORY_MB {{(pid=103811) __init__ /opt/stack/placement/placement/objects/research_context.py:126}}
Dec 21 07:25:21.091168 n-d-796209-18 devstack@placement-api.service[103811]: DEBUG placement.objects.research_context [req-7d8b53a3-6794-42f0-b002-866492150edc req-33b4014f-be3d-4d20-a5ce-265a3cb54e30 service placement] getting providers with 1 VCPU {{(pid=103811) __init__ /opt/stack/placement/placement/objects/research_context.py:126}}
Dec 21 07:25:21.108069 n-d-796209-18 devstack@placement-api.service[103811]: DEBUG placement.objects.research_context [req-7d8b53a3-6794-42f0-b002-866492150edc req-33b4014f-be3d-4d20-a5ce-265a3cb54e30 service placement] found 2 providers with available 1 DISK_GB {{(pid=103811) get_provider_ids_matching /opt/stack/placement/placement/objects/research_context.py:549}}
Dec 21 07:25:21.108591 n-d-796209-18 devstack@placement-api.service[103811]: DEBUG placement.objects.research_context [req-7d8b53a3-6794-42f0-b002-866492150edc req-33b4014f-be3d-4d20-a5ce-265a3cb54e30 service placement] found 2 providers with available 1024 MEMORY_MB {{(pid=103811) get_provider_ids_matching /opt/stack/placement/placement/objects/research_context.py:549}}
Dec 21 07:25:21.109099 n-d-796209-18 devstack@placement-api.service[103811]: DEBUG placement.objects.research_context [req-7d8b53a3-6794-42f0-b002-866492150edc req-33b4014f-be3d-4d20-a5ce-265a3cb54e30 service placement] found 2 providers after filtering by previous result {{(pid=103811) get_provider_ids_matching /opt/stack/placement/placement/objects/research_context.py:580}}
Dec 21 07:25:21.109560 n-d-796209-18 devstack@placement-api.service[103811]: DEBUG placement.objects.research_context [req-7d8b53a3-6794-42f0-b002-866492150edc req-33b4014f-be3d-4d20-a5ce-265a3cb54e30 service placement] found 2 providers with available 1 VCPU {{(pid=103811) get_provider_ids_matching /opt/stack/placement/placement/objects/research_context.py:549}}
Dec 21 07:25:21.110768 n-d-796209-18 devstack@placement-api.service[103811]: DEBUG placement.objects.research_context [req-7d8b53a3-6794-42f0-b002-866492150edc req-33b4014f-be3d-4d20-a5ce-265a3cb54e30 service placement] found 2 providers after filtering by previous result {{(pid=103811) get_provider_ids_matching /opt/stack/placement/placement/objects/research_context.py:580}}
Dec 21 07:25:21.132702 n-d-796209-18 devstack@placement-api.service[103811]: DEBUG placement.objects.allocation_candidate [req-7d8b53a3-6794-42f0-b002-866492150edc req-33b4014f-be3d-4d20-a5ce-265a3cb54e30 service placement] RequestGroup(use_same_provider=False, resources={DISK_GB:1, MEMORY_MB:1024, VCPU:1}, traits=[], aggregates=[]) (suffix '') returned 2 matches {{(pid=103811) _get_by_requests /opt/stack/placement/placement/objects/allocation_candidate.py:145}}
Dec 21 07:25:21.133248 n-d-796209-18 devstack@placement-api.service[103811]: DEBUG placement.objects.allocation_candidate [req-7d8b53a3-6794-42f0-b002-866492150edc req-33b4014f-be3d-4d20-a5ce-265a3cb54e30 service placement] Merging candidates yields 2 allocation requests and 2 provider summaries {{(pid=103811) _merge_candidates /opt/stack/placement/placement/objects/allocation_candidate.py:783}}
Dec 21 07:25:21.135196 n-d-796209-18 devstack@placement-api.service[103811]: INFO placement.requestlog [req-7d8b53a3-6794-42f0-b002-866492150edc req-33b4014f-be3d-4d20-a5ce-265a3cb54e30 service placement] 10.222.0.16 "GET /placement/allocation_candidates?limit=1000&resources=DISK_GB%3A1%2CMEMORY_MB%3A1024%2CVCPU%3A1&root_required=%21COMPUTE_STATUS_DISABLED" status: 200 len: 1309 microversion: 1.36
Dec 21 07:25:21.137070 n-d-796209-18 devstack@placement-api.service[103811]: [pid: 103811|app: 0|req: 308/616] 10.222.0.16 () {60 vars in 1506 bytes} [Tue Dec 21 07:25:20 2021] GET /placement/allocation_candidates?limit=1000&resources=DISK_GB%3A1%2CMEMORY_MB%3A1024%2CVCPU%3A1&root_required=%21COMPUTE_STATUS_DISABLED => generated 1309 bytes in 164 msecs (HTTP/1.1 200) 8 headers in 297 bytes (2 switches on core 0)
Dec 21 07:25:21.256724 n-d-796209-18 devstack@placement-api.service[103810]: DEBUG placement.requestlog [req-7d8b53a3-6794-42f0-b002-866492150edc req-cce21f38-269a-4c43-8b8b-887b57c67ca4 None None] Starting request: 10.222.0.16 "GET /placement/allocations/09728bf5-a365-4e6a-8a0d-293f5b9f642f" {{(pid=103810) __call__ /opt/stack/placement/placement/requestlog.py:55}}
Dec 21 07:25:21.269191 n-d-796209-18 devstack@placement-api.service[103810]: INFO placement.requestlog [req-7d8b53a3-6794-42f0-b002-866492150edc req-cce21f38-269a-4c43-8b8b-887b57c67ca4 service placement] 10.222.0.16 "GET /placement/allocations/09728bf5-a365-4e6a-8a0d-293f5b9f642f" status: 200 len: 19 microversion: 1.28
Dec 21 07:25:21.269892 n-d-796209-18 devstack@placement-api.service[103810]: [pid: 103810|app: 0|req: 309/617] 10.222.0.16 () {60 vars in 1380 bytes} [Tue Dec 21 07:25:21 2021] GET /placement/allocations/09728bf5-a365-4e6a-8a0d-293f5b9f642f => generated 19 bytes in 14 msecs (HTTP/1.1 200) 8 headers in 295 bytes (1 switches on core 0)
Dec 21 07:25:21.277987 n-d-796209-18 devstack@placement-api.service[103811]: DEBUG placement.requestlog [req-7d8b53a3-6794-42f0-b002-866492150edc req-65678305-438b-4a44-97c6-9a7ecfb04f09 None None] Starting request: 10.222.0.16 "PUT /placement/allocations/09728bf5-a365-4e6a-8a0d-293f5b9f642f" {{(pid=103811) __call__ /opt/stack/placement/placement/requestlog.py:55}}
Dec 21 07:25:21.387985 n-d-796209-18 devstack@placement-api.service[103811]: DEBUG placement.handlers.allocation [req-7d8b53a3-6794-42f0-b002-866492150edc req-65678305-438b-4a44-97c6-9a7ecfb04f09 service placement] Successfully wrote allocations [, , ] {{(pid=103811) _update_consumers_and_create_allocations /opt/stack/placement/placement/handlers/allocation.py:462}}
Dec 21 07:25:21.391762 n-d-796209-18 devstack@placement-api.service[103811]: INFO placement.requestlog [req-7d8b53a3-6794-42f0-b002-866492150edc req-65678305-438b-4a44-97c6-9a7ecfb04f09 service placement] 10.222.0.16 "PUT /placement/allocations/09728bf5-a365-4e6a-8a0d-293f5b9f642f" status: 204 len: 0 microversion: 1.36
Dec 21 07:25:21.411793 n-d-796209-18 devstack@placement-api.service[103811]: [pid: 103811|app: 0|req: 309/618] 10.222.0.16 () {64 vars in 1433 bytes} [Tue Dec 21 07:25:21 2021] PUT /placement/allocations/09728bf5-a365-4e6a-8a0d-293f5b9f642f => generated 0 bytes in 115 msecs (HTTP/1.1 204) 5 headers in 199 bytes (1 switches on core 0)
Dec 21 07:25:21.779933 n-d-796209-18 devstack@placement-api.service[103810]: DEBUG placement.requestlog [req-7d8b53a3-6794-42f0-b002-866492150edc req-b697a9e6-9b1c-472e-b9b5-d5eeb421f2d7 None None] Starting request: 10.222.0.24 "GET /placement/allocations/09728bf5-a365-4e6a-8a0d-293f5b9f642f" {{(pid=103810) __call__ /opt/stack/placement/placement/requestlog.py:55}}
Dec 21 07:25:21.798110 n-d-796209-18 devstack@placement-api.service[103810]: INFO placement.requestlog [req-7d8b53a3-6794-42f0-b002-866492150edc req-b697a9e6-9b1c-472e-b9b5-d5eeb421f2d7 service placement] 10.222.0.24 "GET /placement/allocations/09728bf5-a365-4e6a-8a0d-293f5b9f642f" status: 200 len: 259 microversion: 1.28
Dec 21 07:25:21.799442 n-d-796209-18 devstack@placement-api.service[103810]: [pid: 103810|app: 0|req: 310/619] 10.222.0.24 () {60 vars in 1377 bytes} [Tue Dec 21 07:25:21 2021] GET /placement/allocations/09728bf5-a365-4e6a-8a0d-293f5b9f642f => generated 259 bytes in 20 msecs (HTTP/1.1 200) 8 headers in 296 bytes (1 switches on core 0)
Dec 21 07:25:25.032969 n-d-796209-18 devstack@placement-api.service[103811]: DEBUG placement.requestlog [req-224a4cf2-6eb9-4f6d-96bb-2fa4582ae07b req-8ad7d5e9-49cc-4d4f-af22-d85592b34f2d None None] Starting request: 10.222.0.24 "DELETE /placement/allocations/8233e27b-1eba-4301-b529-bd2729327983" {{(pid=103811) __call__ /opt/stack/placement/placement/requestlog.py:55}}
Dec 21 07:25:25.062784 n-d-796209-18 devstack@placement-api.service[103811]: DEBUG placement.handlers.allocation [req-224a4cf2-6eb9-4f6d-96bb-2fa4582ae07b req-8ad7d5e9-49cc-4d4f-af22-d85592b34f2d service placement] Successfully deleted allocations [, , ] {{(pid=103811) delete_allocations /opt/stack/placement/placement/handlers/allocation.py:627}}
Dec 21 07:25:25.063277 n-d-796209-18 devstack@placement-api.service[103811]: INFO placement.requestlog [req-224a4cf2-6eb9-4f6d-96bb-2fa4582ae07b req-8ad7d5e9-49cc-4d4f-af22-d85592b34f2d service placement] 10.222.0.24 "DELETE /placement/allocations/8233e27b-1eba-4301-b529-bd2729327983" status: 204 len: 0 microversion: 1.0
Dec 21 07:25:25.063681 n-d-796209-18 devstack@placement-api.service[103811]: [pid: 103811|app: 0|req: 310/620] 10.222.0.24 () {60 vars in 1355 bytes} [Tue Dec 21 07:25:25 2021] DELETE /placement/allocations/8233e27b-1eba-4301-b529-bd2729327983 => generated 0 bytes in 31 msecs (HTTP/1.1 204) 5 headers in 198 bytes (1 switches on core 0)
Dec 21 07:25:26.026869 n-d-796209-18 devstack@placement-api.service[103810]: DEBUG placement.requestlog [req-99cb974f-2069-49eb-8cf1-ea7c12885718 req-5854b6b6-70cc-4fd8-b975-04458518b785 None None] Starting request: 10.222.0.41 "GET /placement/allocations/b2e5de11-dd7a-494b-87cb-2fe5c0d66792" {{(pid=103810) __call__ /opt/stack/placement/placement/requestlog.py:55}}
Dec 21 07:25:26.065159 n-d-796209-18 devstack@placement-api.service[103810]: INFO placement.requestlog [req-99cb974f-2069-49eb-8cf1-ea7c12885718 req-5854b6b6-70cc-4fd8-b975-04458518b785 service placement] 10.222.0.41 "GET /placement/allocations/b2e5de11-dd7a-494b-87cb-2fe5c0d66792" status: 200 len: 259 microversion: 1.28
Dec 21 07:25:26.065590 n-d-796209-18 devstack@placement-api.service[103810]: [pid: 103810|app: 0|req: 311/621] 10.222.0.41 () {60 vars in 1377 bytes} [Tue Dec 21 07:25:26 2021] GET /placement/allocations/b2e5de11-dd7a-494b-87cb-2fe5c0d66792 => generated 259 bytes in 39 msecs (HTTP/1.1 200) 8 headers in 296 bytes (1 switches on core 0)
Dec 21 07:25:39.669086 n-d-796209-18 devstack@placement-api.service[103811]: DEBUG placement.requestlog [req-435bdcd2-81ba-469b-b4ae-f3a51521326c req-b62698b2-cd44-4851-995d-955a427b35d6 None None] Starting request: 10.222.0.41 "GET /placement/resource_providers/a0ff3ff8-b337-4d91-8976-8d0b3855a25e/allocations" {{(pid=103811) __call__ /opt/stack/placement/placement/requestlog.py:55}}
Dec 21 07:25:39.716684 n-d-796209-18 devstack@placement-api.service[103811]: INFO placement.requestlog [req-435bdcd2-81ba-469b-b4ae-f3a51521326c req-b62698b2-cd44-4851-995d-955a427b35d6 service placement] 10.222.0.41 "GET /placement/resource_providers/a0ff3ff8-b337-4d91-8976-8d0b3855a25e/allocations" status: 200 len: 544 microversion: 1.0
Dec 21 07:25:39.717641 n-d-796209-18 devstack@placement-api.service[103811]: [pid: 103811|app: 0|req: 311/622] 10.222.0.41 () {58 vars in 1390 bytes} [Tue Dec 21 07:25:39 2021] GET /placement/resource_providers/a0ff3ff8-b337-4d91-8976-8d0b3855a25e/allocations => generated 544 bytes in 49 msecs (HTTP/1.1 200) 6 headers in 224 bytes (1 switches on core 0)
Dec 21 07:25:41.153190 n-d-796209-18 devstack@placement-api.service[103810]: DEBUG placement.requestlog [req-65e6497e-1be5-4f1c-98e6-3162eeda7ad9 req-a8b7667c-5cd3-46c8-9d58-f9bf869b86db None None] Starting request: 10.222.0.24 "GET /placement/resource_providers/22a0b3a2-8f54-4faf-8621-c0019a70ccf7/allocations" {{(pid=103810) __call__ /opt/stack/placement/placement/requestlog.py:55}}
Dec 21 07:25:41.178617 n-d-796209-18 devstack@placement-api.service[103810]: INFO placement.requestlog [req-65e6497e-1be5-4f1c-98e6-3162eeda7ad9 req-a8b7667c-5cd3-46c8-9d58-f9bf869b86db service placement] 10.222.0.24 "GET /placement/resource_providers/22a0b3a2-8f54-4faf-8621-c0019a70ccf7/allocations" status: 200 len: 255 microversion: 1.0
Dec 21 07:25:41.180043 n-d-796209-18 devstack@placement-api.service[103810]: [pid: 103810|app: 0|req: 312/623] 10.222.0.24 () {58 vars in 1390 bytes} [Tue Dec 21 07:25:41 2021] GET /placement/resource_providers/22a0b3a2-8f54-4faf-8621-c0019a70ccf7/allocations => generated 255 bytes in 27 msecs (HTTP/1.1 200) 6 headers in 224 bytes (1 switches on core 0)
Dec 21 07:25:42.068667 n-d-796209-18 devstack@placement-api.service[103811]: DEBUG placement.requestlog [req-0ab1af5f-c024-4710-a061-7b0c1ce567ea req-cdff42df-c506-47af-b359-880e8a9c8ff8 None None] Starting request: 10.222.0.41 "DELETE /placement/allocations/ef2b1082-278e-4440-8184-fd32ca6117a7" {{(pid=103811) __call__ /opt/stack/placement/placement/requestlog.py:55}}
Dec 21 07:25:42.107066 n-d-796209-18 devstack@placement-api.service[103811]: DEBUG placement.handlers.allocation [req-0ab1af5f-c024-4710-a061-7b0c1ce567ea req-cdff42df-c506-47af-b359-880e8a9c8ff8 service placement] Successfully deleted allocations [, , ] {{(pid=103811) delete_allocations /opt/stack/placement/placement/handlers/allocation.py:627}}
Dec 21 07:25:42.107964 n-d-796209-18 devstack@placement-api.service[103811]: INFO placement.requestlog [req-0ab1af5f-c024-4710-a061-7b0c1ce567ea req-cdff42df-c506-47af-b359-880e8a9c8ff8 service placement] 10.222.0.41 "DELETE /placement/allocations/ef2b1082-278e-4440-8184-fd32ca6117a7" status: 204 len: 0 microversion: 1.0
Dec 21 07:25:42.108724 n-d-796209-18 devstack@placement-api.service[103811]: [pid: 103811|app: 0|req: 312/624] 10.222.0.41 () {60 vars in 1355 bytes} [Tue Dec 21 07:25:42 2021] DELETE /placement/allocations/ef2b1082-278e-4440-8184-fd32ca6117a7 => generated 0 bytes in 41 msecs (HTTP/1.1 204) 5 headers in 198 bytes (1 switches on core 0)
Dec 21 07:25:44.257715 n-d-796209-18 devstack@placement-api.service[103810]: DEBUG placement.requestlog [req-c5e7d536-abe7-457d-a699-963b8c36c2d3 req-3fac4e15-45e2-41d4-98b1-c96181a29c47 None None] Starting request: 10.222.0.16 "GET /placement/allocation_candidates?limit=1000&resources=DISK_GB%3A1%2CMEMORY_MB%3A1024%2CVCPU%3A1&root_required=%21COMPUTE_STATUS_DISABLED" {{(pid=103810) __call__ /opt/stack/placement/placement/requestlog.py:55}}
Dec 21 07:25:44.331250 n-d-796209-18 devstack@placement-api.service[103810]: DEBUG placement.objects.research_context [req-c5e7d536-abe7-457d-a699-963b8c36c2d3 req-3fac4e15-45e2-41d4-98b1-c96181a29c47 service placement] getting providers with 1 DISK_GB {{(pid=103810) __init__ /opt/stack/placement/placement/objects/research_context.py:126}}
Dec 21 07:25:44.338027 n-d-796209-18 devstack@placement-api.service[103810]: DEBUG placement.objects.research_context [req-c5e7d536-abe7-457d-a699-963b8c36c2d3 req-3fac4e15-45e2-41d4-98b1-c96181a29c47 service placement] getting providers with 1024 MEMORY_MB {{(pid=103810) __init__ /opt/stack/placement/placement/objects/research_context.py:126}}
Dec 21 07:25:44.345685 n-d-796209-18 devstack@placement-api.service[103810]: DEBUG placement.objects.research_context [req-c5e7d536-abe7-457d-a699-963b8c36c2d3 req-3fac4e15-45e2-41d4-98b1-c96181a29c47 service placement] getting providers with 1 VCPU {{(pid=103810) __init__ /opt/stack/placement/placement/objects/research_context.py:126}}
Dec 21 07:25:44.353629 n-d-796209-18 devstack@placement-api.service[103810]: DEBUG placement.objects.research_context [req-c5e7d536-abe7-457d-a699-963b8c36c2d3 req-3fac4e15-45e2-41d4-98b1-c96181a29c47 service placement] found 2 providers with available 1 DISK_GB {{(pid=103810) get_provider_ids_matching /opt/stack/placement/placement/objects/research_context.py:549}}
Dec 21 07:25:44.354252 n-d-796209-18 devstack@placement-api.service[103810]: DEBUG placement.objects.research_context [req-c5e7d536-abe7-457d-a699-963b8c36c2d3 req-3fac4e15-45e2-41d4-98b1-c96181a29c47 service placement] found 2 providers with available 1024 MEMORY_MB {{(pid=103810) get_provider_ids_matching /opt/stack/placement/placement/objects/research_context.py:549}}
Dec 21 07:25:44.354788 n-d-796209-18 devstack@placement-api.service[103810]: DEBUG placement.objects.research_context [req-c5e7d536-abe7-457d-a699-963b8c36c2d3 req-3fac4e15-45e2-41d4-98b1-c96181a29c47 service placement] found 2 providers after filtering by previous result {{(pid=103810) get_provider_ids_matching /opt/stack/placement/placement/objects/research_context.py:580}}
Dec 21 07:25:44.355265 n-d-796209-18 devstack@placement-api.service[103810]: DEBUG placement.objects.research_context [req-c5e7d536-abe7-457d-a699-963b8c36c2d3 req-3fac4e15-45e2-41d4-98b1-c96181a29c47 service placement] found 2 providers with available 1 VCPU {{(pid=103810) get_provider_ids_matching /opt/stack/placement/placement/objects/research_context.py:549}}
Dec 21 07:25:44.355790 n-d-796209-18 devstack@placement-api.service[103810]: DEBUG placement.objects.research_context [req-c5e7d536-abe7-457d-a699-963b8c36c2d3 req-3fac4e15-45e2-41d4-98b1-c96181a29c47 service placement] found 2 providers after filtering by previous result {{(pid=103810) get_provider_ids_matching /opt/stack/placement/placement/objects/research_context.py:580}}
Dec 21 07:25:44.371676 n-d-796209-18 devstack@placement-api.service[103810]: DEBUG placement.objects.allocation_candidate [req-c5e7d536-abe7-457d-a699-963b8c36c2d3 req-3fac4e15-45e2-41d4-98b1-c96181a29c47 service placement] RequestGroup(use_same_provider=False, resources={DISK_GB:1, MEMORY_MB:1024, VCPU:1}, traits=[], aggregates=[]) (suffix '') returned 2 matches {{(pid=103810) _get_by_requests /opt/stack/placement/placement/objects/allocation_candidate.py:145}}
Dec 21 07:25:44.372432 n-d-796209-18 devstack@placement-api.service[103810]: DEBUG placement.objects.allocation_candidate [req-c5e7d536-abe7-457d-a699-963b8c36c2d3 req-3fac4e15-45e2-41d4-98b1-c96181a29c47 service placement] Merging candidates yields 2 allocation requests and 2 provider summaries {{(pid=103810) _merge_candidates /opt/stack/placement/placement/objects/allocation_candidate.py:783}}
Dec 21 07:25:44.374230 n-d-796209-18 devstack@placement-api.service[103810]: INFO placement.requestlog [req-c5e7d536-abe7-457d-a699-963b8c36c2d3 req-3fac4e15-45e2-41d4-98b1-c96181a29c47 service placement] 10.222.0.16 "GET /placement/allocation_candidates?limit=1000&resources=DISK_GB%3A1%2CMEMORY_MB%3A1024%2CVCPU%3A1&root_required=%21COMPUTE_STATUS_DISABLED" status: 200 len: 1309 microversion: 1.36
Dec 21 07:25:44.375238 n-d-796209-18 devstack@placement-api.service[103810]: [pid: 103810|app: 0|req: 313/625] 10.222.0.16 () {60 vars in 1506 bytes} [Tue Dec 21 07:25:44 2021] GET /placement/allocation_candidates?limit=1000&resources=DISK_GB%3A1%2CMEMORY_MB%3A1024%2CVCPU%3A1&root_required=%21COMPUTE_STATUS_DISABLED => generated 1309 bytes in 118 msecs (HTTP/1.1 200) 8 headers in 297 bytes (1 switches on core 0)
Dec 21 07:25:44.484319 n-d-796209-18 devstack@placement-api.service[103811]: DEBUG placement.requestlog [req-c5e7d536-abe7-457d-a699-963b8c36c2d3 req-18d3f564-d0c7-410f-aa89-11e7597d6be6 None None] Starting request: 10.222.0.16 "GET /placement/allocations/8eec158b-b712-4f6d-afc1-9727b0946b66" {{(pid=103811) __call__ /opt/stack/placement/placement/requestlog.py:55}}
Dec 21 07:25:44.499661 n-d-796209-18 devstack@placement-api.service[103811]: INFO placement.requestlog [req-c5e7d536-abe7-457d-a699-963b8c36c2d3 req-18d3f564-d0c7-410f-aa89-11e7597d6be6 service placement] 10.222.0.16 "GET /placement/allocations/8eec158b-b712-4f6d-afc1-9727b0946b66" status: 200 len: 19 microversion: 1.28
Dec 21 07:25:44.500715 n-d-796209-18 devstack@placement-api.service[103811]: [pid: 103811|app: 0|req: 313/626] 10.222.0.16 () {60 vars in 1380 bytes} [Tue Dec 21 07:25:44 2021] GET /placement/allocations/8eec158b-b712-4f6d-afc1-9727b0946b66 => generated 19 bytes in 17 msecs (HTTP/1.1 200) 8 headers in 295 bytes (1 switches on core 0)
Dec 21 07:25:44.508337 n-d-796209-18 devstack@placement-api.service[103810]: DEBUG placement.requestlog [req-c5e7d536-abe7-457d-a699-963b8c36c2d3 req-923163d3-5f29-4984-bfee-f116a32a66ff None None] Starting request: 10.222.0.16 "PUT /placement/allocations/8eec158b-b712-4f6d-afc1-9727b0946b66" {{(pid=103810) __call__ /opt/stack/placement/placement/requestlog.py:55}}
Dec 21 07:25:44.607365 n-d-796209-18 devstack@placement-api.service[103810]: DEBUG placement.handlers.allocation [req-c5e7d536-abe7-457d-a699-963b8c36c2d3 req-923163d3-5f29-4984-bfee-f116a32a66ff service placement] Successfully wrote allocations [, , ] {{(pid=103810) _update_consumers_and_create_allocations /opt/stack/placement/placement/handlers/allocation.py:462}}
Dec 21 07:25:44.619315 n-d-796209-18 devstack@placement-api.service[103810]: INFO placement.requestlog [req-c5e7d536-abe7-457d-a699-963b8c36c2d3 req-923163d3-5f29-4984-bfee-f116a32a66ff service placement] 10.222.0.16 "PUT /placement/allocations/8eec158b-b712-4f6d-afc1-9727b0946b66" status: 204 len: 0 microversion: 1.36
Dec 21 07:25:44.620161 n-d-796209-18 devstack@placement-api.service[103810]: [pid: 103810|app: 0|req: 314/627] 10.222.0.16 () {64 vars in 1433 bytes} [Tue Dec 21 07:25:44 2021] PUT /placement/allocations/8eec158b-b712-4f6d-afc1-9727b0946b66 => generated 0 bytes in 112 msecs (HTTP/1.1 204) 5 headers in 199 bytes (1 switches on core 0)
Dec 21 07:25:44.670624 n-d-796209-18 devstack@placement-api.service[103811]: DEBUG placement.requestlog [req-c5e7d536-abe7-457d-a699-963b8c36c2d3 req-510ec3d4-c657-4120-8b52-1189d7a2ae5b None None] Starting request: 10.222.0.16 "DELETE /placement/allocations/8eec158b-b712-4f6d-afc1-9727b0946b66" {{(pid=103811) __call__ /opt/stack/placement/placement/requestlog.py:55}}
Dec 21 07:25:44.840588 n-d-796209-18 devstack@placement-api.service[103810]: DEBUG placement.requestlog [None req-daee711d-ea70-480e-8cd6-045677e80929 None None] Starting request: 10.222.0.16 "GET /placement/" {{(pid=103810) __call__ /opt/stack/placement/placement/requestlog.py:55}}
Dec 21 07:25:44.841880 n-d-796209-18 devstack@placement-api.service[103810]: INFO placement.requestlog [None req-daee711d-ea70-480e-8cd6-045677e80929 None None] 10.222.0.16 "GET /placement/" status: 200 len: 136 microversion: 1.0
Dec 21 07:25:44.843074 n-d-796209-18 devstack@placement-api.service[103810]: [pid: 103810|app: 0|req: 315/628] 10.222.0.16 () {54 vars in 907 bytes} [Tue Dec 21 07:25:44 2021] GET /placement => generated 136 bytes in 2 msecs (HTTP/1.1 200) 6 headers in 224 bytes (1 switches on core 0)
Dec 21 07:25:44.861025 n-d-796209-18 devstack@placement-api.service[103810]: DEBUG placement.requestlog [req-f308c0d8-3c86-48ba-8a8d-5d2971d325c0 req-5425c0d2-c223-457b-92f4-1c48e83fb6ae None None] Starting request: 10.222.0.16 "DELETE /placement/allocations/8eec158b-b712-4f6d-afc1-9727b0946b66" {{(pid=103810) __call__ /opt/stack/placement/placement/requestlog.py:55}}
Dec 21 07:25:44.910068 n-d-796209-18 devstack@placement-api.service[103811]: DEBUG placement.handlers.allocation [req-c5e7d536-abe7-457d-a699-963b8c36c2d3 req-510ec3d4-c657-4120-8b52-1189d7a2ae5b service placement] Successfully deleted allocations [, , ] {{(pid=103811) delete_allocations /opt/stack/placement/placement/handlers/allocation.py:627}}
Dec 21 07:25:44.911070 n-d-796209-18 devstack@placement-api.service[103811]: INFO placement.requestlog [req-c5e7d536-abe7-457d-a699-963b8c36c2d3 req-510ec3d4-c657-4120-8b52-1189d7a2ae5b service placement] 10.222.0.16 "DELETE /placement/allocations/8eec158b-b712-4f6d-afc1-9727b0946b66" status: 204 len: 0 microversion: 1.0
Dec 21 07:25:44.911785 n-d-796209-18 devstack@placement-api.service[103811]: [pid: 103811|app: 0|req: 314/629] 10.222.0.16 () {60 vars in 1358 bytes} [Tue Dec 21 07:25:44 2021] DELETE /placement/allocations/8eec158b-b712-4f6d-afc1-9727b0946b66 => generated 0 bytes in 241 msecs (HTTP/1.1 204) 5 headers in 198 bytes (1 switches on core 0)
Dec 21 07:25:44.957987 n-d-796209-18 devstack@placement-api.service[103810]: DEBUG placement.wsgi_wrapper [req-f308c0d8-3c86-48ba-8a8d-5d2971d325c0 req-5425c0d2-c223-457b-92f4-1c48e83fb6ae service placement] Placement API returning an error response: No allocations for consumer '8eec158b-b712-4f6d-afc1-9727b0946b66' {{(pid=103810) call_func /opt/stack/placement/placement/wsgi_wrapper.py:31}}
