Aug 26 07:37:45.688618 n-d-796209-12 devstack@placement-api.service[95277]: DEBUG placement.requestlog [req-4c55a0b4-767a-4aa4-a66c-783955ac8ba9 req-b56d5272-325f-47c3-a7a0-f15946f85879 None None] Starting request: 10.222.0.10 "GET /placement/resource_providers?name=n-h1-796209-12" {{(pid=95277) __call__ /opt/stack/placement/placement/requestlog.py:55}}
Aug 26 07:37:45.902869 n-d-796209-12 devstack@placement-api.service[95277]: INFO placement.requestlog [req-4c55a0b4-767a-4aa4-a66c-783955ac8ba9 req-b56d5272-325f-47c3-a7a0-f15946f85879 service placement] 10.222.0.10 "GET /placement/resource_providers?name=n-h1-796209-12" status: 200 len: 441 microversion: 1.0
Aug 26 07:37:45.903411 n-d-796209-12 devstack@placement-api.service[95277]: [pid: 95277|app: 0|req: 18/34] 10.222.0.10 () {58 vars in 1277 bytes} [Thu Aug 26 07:37:45 2021] GET /placement/resource_providers?name=n-h1-796209-12 => generated 441 bytes in 215 msecs (HTTP/1.1 200) 6 headers in 224 bytes (1 switches on core 0)
Aug 26 07:37:45.911269 n-d-796209-12 devstack@placement-api.service[95276]: DEBUG placement.requestlog [req-4c55a0b4-767a-4aa4-a66c-783955ac8ba9 req-60500d61-c0e7-46a2-ba3a-51731a44dd0b None None] Starting request: 10.222.0.10 "GET /placement/resource_providers/aa27cd78-d72a-4e56-b711-07eb90c796c6/aggregates" {{(pid=95276) __call__ /opt/stack/placement/placement/requestlog.py:55}}
Aug 26 07:37:45.930601 n-d-796209-12 devstack@placement-api.service[95276]: INFO placement.requestlog [req-4c55a0b4-767a-4aa4-a66c-783955ac8ba9 req-60500d61-c0e7-46a2-ba3a-51731a44dd0b service placement] 10.222.0.10 "GET /placement/resource_providers/aa27cd78-d72a-4e56-b711-07eb90c796c6/aggregates" status: 200 len: 91 microversion: 1.19
Aug 26 07:37:45.938582 n-d-796209-12 devstack@placement-api.service[95277]: DEBUG placement.requestlog [req-4c55a0b4-767a-4aa4-a66c-783955ac8ba9 req-db422eb2-02ac-4e02-a8a8-f7cbec711128 None None] Starting request: 10.222.0.10 "PUT /placement/resource_providers/aa27cd78-d72a-4e56-b711-07eb90c796c6/aggregates" {{(pid=95277) __call__ /opt/stack/placement/placement/requestlog.py:55}}
Aug 26 07:37:45.939622 n-d-796209-12 devstack@placement-api.service[95276]: [pid: 95276|app: 0|req: 17/35] 10.222.0.10 () {60 vars in 1426 bytes} [Thu Aug 26 07:37:45 2021] GET /placement/resource_providers/aa27cd78-d72a-4e56-b711-07eb90c796c6/aggregates => generated 91 bytes in 28 msecs (HTTP/1.1 200) 8 headers in 295 bytes (1 switches on core 0)
Aug 26 07:37:45.964464 n-d-796209-12 devstack@placement-api.service[95277]: DEBUG placement.objects.resource_provider [req-4c55a0b4-767a-4aa4-a66c-783955ac8ba9 req-db422eb2-02ac-4e02-a8a8-f7cbec711128 service placement] Setting aggregates for provider aa27cd78-d72a-4e56-b711-07eb90c796c6. Successfully disassociated aggregate 1de3471d-bdc9-4298-8cdc-e836a0065216. {{(pid=95277) _set_aggregates /opt/stack/placement/placement/objects/resource_provider.py:403}}
Aug 26 07:37:45.973765 n-d-796209-12 devstack@placement-api.service[95277]: INFO placement.requestlog [req-4c55a0b4-767a-4aa4-a66c-783955ac8ba9 req-db422eb2-02ac-4e02-a8a8-f7cbec711128 service placement] 10.222.0.10 "PUT /placement/resource_providers/aa27cd78-d72a-4e56-b711-07eb90c796c6/aggregates" status: 200 len: 53 microversion: 1.19
Aug 26 07:37:45.974483 n-d-796209-12 devstack@placement-api.service[95277]: [pid: 95277|app: 0|req: 19/36] 10.222.0.10 () {64 vars in 1478 bytes} [Thu Aug 26 07:37:45 2021] PUT /placement/resource_providers/aa27cd78-d72a-4e56-b711-07eb90c796c6/aggregates => generated 53 bytes in 36 msecs (HTTP/1.1 200) 8 headers in 295 bytes (2 switches on core 0)
Aug 26 07:37:46.428642 n-d-796209-12 devstack@placement-api.service[95276]: DEBUG placement.requestlog [req-16468c83-b8de-4d48-a005-0c29ea6275f9 req-090ac7ca-bd88-4c2f-ae97-00f024d3d5ac None None] Starting request: 10.222.0.10 "GET /placement/resource_providers?name=n-h1-796209-12" {{(pid=95276) __call__ /opt/stack/placement/placement/requestlog.py:55}}
Aug 26 07:37:46.449288 n-d-796209-12 devstack@placement-api.service[95276]: INFO placement.requestlog [req-16468c83-b8de-4d48-a005-0c29ea6275f9 req-090ac7ca-bd88-4c2f-ae97-00f024d3d5ac service placement] 10.222.0.10 "GET /placement/resource_providers?name=n-h1-796209-12" status: 200 len: 441 microversion: 1.0
Aug 26 07:37:46.449656 n-d-796209-12 devstack@placement-api.service[95276]: [pid: 95276|app: 0|req: 18/37] 10.222.0.10 () {58 vars in 1277 bytes} [Thu Aug 26 07:37:46 2021] GET /placement/resource_providers?name=n-h1-796209-12 => generated 441 bytes in 21 msecs (HTTP/1.1 200) 6 headers in 224 bytes (1 switches on core 0)
Aug 26 07:37:46.457566 n-d-796209-12 devstack@placement-api.service[95277]: DEBUG placement.requestlog [req-16468c83-b8de-4d48-a005-0c29ea6275f9 req-55e8097d-5d40-41cc-bba1-d381c854dbeb None None] Starting request: 10.222.0.10 "GET /placement/resource_providers/aa27cd78-d72a-4e56-b711-07eb90c796c6/aggregates" {{(pid=95277) __call__ /opt/stack/placement/placement/requestlog.py:55}}
Aug 26 07:37:46.474297 n-d-796209-12 devstack@placement-api.service[95277]: INFO placement.requestlog [req-16468c83-b8de-4d48-a005-0c29ea6275f9 req-55e8097d-5d40-41cc-bba1-d381c854dbeb service placement] 10.222.0.10 "GET /placement/resource_providers/aa27cd78-d72a-4e56-b711-07eb90c796c6/aggregates" status: 200 len: 53 microversion: 1.19
Aug 26 07:37:46.482313 n-d-796209-12 devstack@placement-api.service[95277]: [pid: 95277|app: 0|req: 20/38] 10.222.0.10 () {60 vars in 1426 bytes} [Thu Aug 26 07:37:46 2021] GET /placement/resource_providers/aa27cd78-d72a-4e56-b711-07eb90c796c6/aggregates => generated 53 bytes in 25 msecs (HTTP/1.1 200) 8 headers in 295 bytes (1 switches on core 0)
Aug 26 07:37:46.483055 n-d-796209-12 devstack@placement-api.service[95276]: DEBUG placement.requestlog [req-16468c83-b8de-4d48-a005-0c29ea6275f9 req-acf0668e-3166-45fa-9ac8-8884a3fdb0e0 None None] Starting request: 10.222.0.10 "PUT /placement/resource_providers/aa27cd78-d72a-4e56-b711-07eb90c796c6/aggregates" {{(pid=95276) __call__ /opt/stack/placement/placement/requestlog.py:55}}
Aug 26 07:37:46.505456 n-d-796209-12 devstack@placement-api.service[95276]: DEBUG placement.objects.resource_provider [req-16468c83-b8de-4d48-a005-0c29ea6275f9 req-acf0668e-3166-45fa-9ac8-8884a3fdb0e0 service placement] _ensure_aggregate() did not find aggregate 1cb7442d-376f-49ab-b5e4-8ab49fc6df7a. Attempting to create it. {{(pid=95276) _ensure_aggregate /opt/stack/placement/placement/objects/resource_provider.py:320}}
Aug 26 07:37:46.507944 n-d-796209-12 devstack@placement-api.service[95276]: DEBUG placement.objects.resource_provider [req-16468c83-b8de-4d48-a005-0c29ea6275f9 req-acf0668e-3166-45fa-9ac8-8884a3fdb0e0 service placement] _ensure_aggregate() created new aggregate 1cb7442d-376f-49ab-b5e4-8ab49fc6df7a (id=3). {{(pid=95276) _ensure_aggregate /opt/stack/placement/placement/objects/resource_provider.py:326}}
Aug 26 07:37:46.510888 n-d-796209-12 devstack@placement-api.service[95276]: DEBUG placement.objects.resource_provider [req-16468c83-b8de-4d48-a005-0c29ea6275f9 req-acf0668e-3166-45fa-9ac8-8884a3fdb0e0 service placement] Setting aggregates for provider aa27cd78-d72a-4e56-b711-07eb90c796c6. Successfully associated aggregate 1cb7442d-376f-49ab-b5e4-8ab49fc6df7a. {{(pid=95276) _set_aggregates /opt/stack/placement/placement/objects/resource_provider.py:388}}
Aug 26 07:37:46.523574 n-d-796209-12 devstack@placement-api.service[95276]: INFO placement.requestlog [req-16468c83-b8de-4d48-a005-0c29ea6275f9 req-acf0668e-3166-45fa-9ac8-8884a3fdb0e0 service placement] 10.222.0.10 "PUT /placement/resource_providers/aa27cd78-d72a-4e56-b711-07eb90c796c6/aggregates" status: 200 len: 91 microversion: 1.19
Aug 26 07:37:46.523870 n-d-796209-12 devstack@placement-api.service[95276]: [pid: 95276|app: 0|req: 19/39] 10.222.0.10 () {64 vars in 1478 bytes} [Thu Aug 26 07:37:46 2021] PUT /placement/resource_providers/aa27cd78-d72a-4e56-b711-07eb90c796c6/aggregates => generated 91 bytes in 41 msecs (HTTP/1.1 200) 8 headers in 295 bytes (1 switches on core 0)
Aug 26 07:37:49.373241 n-d-796209-12 devstack@placement-api.service[95277]: DEBUG placement.requestlog [req-bfa13efe-21b5-4131-8882-7db5ec285afc req-87328ad2-aae4-4bcf-a4e0-830a18efa2bd None None] Starting request: 10.222.0.10 "GET /placement/allocation_candidates?limit=1000&member_of=in%3A1cb7442d-376f-49ab-b5e4-8ab49fc6df7a&resources=DISK_GB%3A1%2CMEMORY_MB%3A1024%2CVCPU%3A1&root_required=%21COMPUTE_STATUS_DISABLED" {{(pid=95277) __call__ /opt/stack/placement/placement/requestlog.py:55}}
Aug 26 07:37:49.803124 n-d-796209-12 devstack@placement-api.service[95277]: DEBUG placement.objects.research_context [req-bfa13efe-21b5-4131-8882-7db5ec285afc req-87328ad2-aae4-4bcf-a4e0-830a18efa2bd service placement] getting providers with 1 DISK_GB {{(pid=95277) __init__ /opt/stack/placement/placement/objects/research_context.py:126}}
Aug 26 07:37:49.814687 n-d-796209-12 devstack@placement-api.service[95277]: DEBUG placement.objects.research_context [req-bfa13efe-21b5-4131-8882-7db5ec285afc req-87328ad2-aae4-4bcf-a4e0-830a18efa2bd service placement] getting providers with 1024 MEMORY_MB {{(pid=95277) __init__ /opt/stack/placement/placement/objects/research_context.py:126}}
Aug 26 07:37:49.822161 n-d-796209-12 devstack@placement-api.service[95277]: DEBUG placement.objects.research_context [req-bfa13efe-21b5-4131-8882-7db5ec285afc req-87328ad2-aae4-4bcf-a4e0-830a18efa2bd service placement] getting providers with 1 VCPU {{(pid=95277) __init__ /opt/stack/placement/placement/objects/research_context.py:126}}
Aug 26 07:37:49.828735 n-d-796209-12 devstack@placement-api.service[95277]: DEBUG placement.objects.research_context [req-bfa13efe-21b5-4131-8882-7db5ec285afc req-87328ad2-aae4-4bcf-a4e0-830a18efa2bd service placement] found 1 providers after applying required aggregates filter ([{'1cb7442d-376f-49ab-b5e4-8ab49fc6df7a'}]) {{(pid=95277) get_provider_ids_for_traits_and_aggs /opt/stack/placement/placement/objects/research_context.py:1070}}
Aug 26 07:37:49.829192 n-d-796209-12 devstack@placement-api.service[95277]: DEBUG placement.objects.research_context [req-bfa13efe-21b5-4131-8882-7db5ec285afc req-87328ad2-aae4-4bcf-a4e0-830a18efa2bd service placement] found 2 providers with available 1 DISK_GB {{(pid=95277) get_provider_ids_matching /opt/stack/placement/placement/objects/research_context.py:549}}
Aug 26 07:37:49.830202 n-d-796209-12 devstack@placement-api.service[95277]: DEBUG placement.objects.research_context [req-bfa13efe-21b5-4131-8882-7db5ec285afc req-87328ad2-aae4-4bcf-a4e0-830a18efa2bd service placement] found 1 providers after applying initial aggregate and trait filters {{(pid=95277) get_provider_ids_matching /opt/stack/placement/placement/objects/research_context.py:561}}
Aug 26 07:37:49.830605 n-d-796209-12 devstack@placement-api.service[95277]: DEBUG placement.objects.research_context [req-bfa13efe-21b5-4131-8882-7db5ec285afc req-87328ad2-aae4-4bcf-a4e0-830a18efa2bd service placement] found 2 providers with available 1024 MEMORY_MB {{(pid=95277) get_provider_ids_matching /opt/stack/placement/placement/objects/research_context.py:549}}
Aug 26 07:37:49.831009 n-d-796209-12 devstack@placement-api.service[95277]: DEBUG placement.objects.research_context [req-bfa13efe-21b5-4131-8882-7db5ec285afc req-87328ad2-aae4-4bcf-a4e0-830a18efa2bd service placement] found 1 providers after filtering by previous result {{(pid=95277) get_provider_ids_matching /opt/stack/placement/placement/objects/research_context.py:580}}
Aug 26 07:37:49.831392 n-d-796209-12 devstack@placement-api.service[95277]: DEBUG placement.objects.research_context [req-bfa13efe-21b5-4131-8882-7db5ec285afc req-87328ad2-aae4-4bcf-a4e0-830a18efa2bd service placement] found 2 providers with available 1 VCPU {{(pid=95277) get_provider_ids_matching /opt/stack/placement/placement/objects/research_context.py:549}}
Aug 26 07:37:49.831938 n-d-796209-12 devstack@placement-api.service[95277]: DEBUG placement.objects.research_context [req-bfa13efe-21b5-4131-8882-7db5ec285afc req-87328ad2-aae4-4bcf-a4e0-830a18efa2bd service placement] found 1 providers after filtering by previous result {{(pid=95277) get_provider_ids_matching /opt/stack/placement/placement/objects/research_context.py:580}}
Aug 26 07:37:49.848309 n-d-796209-12 devstack@placement-api.service[95277]: DEBUG placement.objects.allocation_candidate [req-bfa13efe-21b5-4131-8882-7db5ec285afc req-87328ad2-aae4-4bcf-a4e0-830a18efa2bd service placement] RequestGroup(use_same_provider=False, resources={DISK_GB:1, MEMORY_MB:1024, VCPU:1}, traits=[], aggregates=[[1cb7442d-376f-49ab-b5e4-8ab49fc6df7a]]) (suffix '') returned 1 matches {{(pid=95277) _get_by_requests /opt/stack/placement/placement/objects/allocation_candidate.py:145}}
Aug 26 07:37:49.848884 n-d-796209-12 devstack@placement-api.service[95277]: DEBUG placement.objects.allocation_candidate [req-bfa13efe-21b5-4131-8882-7db5ec285afc req-87328ad2-aae4-4bcf-a4e0-830a18efa2bd service placement] Merging candidates yields 1 allocation requests and 1 provider summaries {{(pid=95277) _merge_candidates /opt/stack/placement/placement/objects/allocation_candidate.py:783}}
Aug 26 07:37:49.850796 n-d-796209-12 devstack@placement-api.service[95277]: INFO placement.requestlog [req-bfa13efe-21b5-4131-8882-7db5ec285afc req-87328ad2-aae4-4bcf-a4e0-830a18efa2bd service placement] 10.222.0.10 "GET /placement/allocation_candidates?limit=1000&member_of=in%3A1cb7442d-376f-49ab-b5e4-8ab49fc6df7a&resources=DISK_GB%3A1%2CMEMORY_MB%3A1024%2CVCPU%3A1&root_required=%21COMPUTE_STATUS_DISABLED" status: 200 len: 676 microversion: 1.35
Aug 26 07:37:49.851311 n-d-796209-12 devstack@placement-api.service[95277]: [pid: 95277|app: 0|req: 21/40] 10.222.0.10 () {60 vars in 1611 bytes} [Thu Aug 26 07:37:49 2021] GET /placement/allocation_candidates?limit=1000&member_of=in%3A1cb7442d-376f-49ab-b5e4-8ab49fc6df7a&resources=DISK_GB%3A1%2CMEMORY_MB%3A1024%2CVCPU%3A1&root_required=%21COMPUTE_STATUS_DISABLED => generated 676 bytes in 478 msecs (HTTP/1.1 200) 8 headers in 296 bytes (1 switches on core 0)
Aug 26 07:37:50.081754 n-d-796209-12 devstack@placement-api.service[95276]: DEBUG placement.requestlog [req-bfa13efe-21b5-4131-8882-7db5ec285afc req-86e381b1-3764-4648-8588-ca4885434e0b None None] Starting request: 10.222.0.10 "GET /placement/allocations/17b28aa9-4d4f-4098-9b5e-effbc88de35c" {{(pid=95276) __call__ /opt/stack/placement/placement/requestlog.py:55}}
Aug 26 07:37:50.103436 n-d-796209-12 devstack@placement-api.service[95276]: INFO placement.requestlog [req-bfa13efe-21b5-4131-8882-7db5ec285afc req-86e381b1-3764-4648-8588-ca4885434e0b service placement] 10.222.0.10 "GET /placement/allocations/17b28aa9-4d4f-4098-9b5e-effbc88de35c" status: 200 len: 19 microversion: 1.28
Aug 26 07:37:50.104270 n-d-796209-12 devstack@placement-api.service[95276]: [pid: 95276|app: 0|req: 20/41] 10.222.0.10 () {60 vars in 1381 bytes} [Thu Aug 26 07:37:50 2021] GET /placement/allocations/17b28aa9-4d4f-4098-9b5e-effbc88de35c => generated 19 bytes in 23 msecs (HTTP/1.1 200) 8 headers in 295 bytes (1 switches on core 0)
Aug 26 07:37:50.110622 n-d-796209-12 devstack@placement-api.service[95277]: DEBUG placement.requestlog [req-bfa13efe-21b5-4131-8882-7db5ec285afc req-1368f192-2686-47cc-a9c9-4cae6f88e2fc None None] Starting request: 10.222.0.10 "PUT /placement/allocations/17b28aa9-4d4f-4098-9b5e-effbc88de35c" {{(pid=95277) __call__ /opt/stack/placement/placement/requestlog.py:55}}
Aug 26 07:37:50.199521 n-d-796209-12 devstack@placement-api.service[95277]: DEBUG placement.handlers.allocation [req-bfa13efe-21b5-4131-8882-7db5ec285afc req-1368f192-2686-47cc-a9c9-4cae6f88e2fc service placement] Successfully wrote allocations [, , ] {{(pid=95277) _create_allocations /opt/stack/placement/placement/handlers/allocation.py:461}}
Aug 26 07:37:50.212224 n-d-796209-12 devstack@placement-api.service[95277]: INFO placement.requestlog [req-bfa13efe-21b5-4131-8882-7db5ec285afc req-1368f192-2686-47cc-a9c9-4cae6f88e2fc service placement] 10.222.0.10 "PUT /placement/allocations/17b28aa9-4d4f-4098-9b5e-effbc88de35c" status: 204 len: 0 microversion: 1.35
Aug 26 07:37:50.213137 n-d-796209-12 devstack@placement-api.service[95277]: [pid: 95277|app: 0|req: 22/42] 10.222.0.10 () {64 vars in 1434 bytes} [Thu Aug 26 07:37:50 2021] PUT /placement/allocations/17b28aa9-4d4f-4098-9b5e-effbc88de35c => generated 0 bytes in 103 msecs (HTTP/1.1 204) 5 headers in 199 bytes (1 switches on core 0)
Aug 26 07:37:51.103397 n-d-796209-12 devstack@placement-api.service[95276]: DEBUG placement.requestlog [req-bfa13efe-21b5-4131-8882-7db5ec285afc req-db6c9495-4489-4e52-b296-d7e2e579e322 None None] Starting request: 10.222.0.43 "GET /placement/allocations/17b28aa9-4d4f-4098-9b5e-effbc88de35c" {{(pid=95276) __call__ /opt/stack/placement/placement/requestlog.py:55}}
Aug 26 07:37:51.138078 n-d-796209-12 devstack@placement-api.service[95276]: INFO placement.requestlog [req-bfa13efe-21b5-4131-8882-7db5ec285afc req-db6c9495-4489-4e52-b296-d7e2e579e322 service placement] 10.222.0.43 "GET /placement/allocations/17b28aa9-4d4f-4098-9b5e-effbc88de35c" status: 200 len: 258 microversion: 1.28
Aug 26 07:37:51.138914 n-d-796209-12 devstack@placement-api.service[95276]: [pid: 95276|app: 0|req: 21/43] 10.222.0.43 () {60 vars in 1378 bytes} [Thu Aug 26 07:37:51 2021] GET /placement/allocations/17b28aa9-4d4f-4098-9b5e-effbc88de35c => generated 258 bytes in 35 msecs (HTTP/1.1 200) 8 headers in 296 bytes (1 switches on core 0)
Aug 26 07:37:54.009076 n-d-796209-12 devstack@placement-api.service[95277]: DEBUG placement.requestlog [req-85a5de5a-d6aa-49ae-be93-6fb3aa9abc90 req-6de786d9-c8b0-4bc6-bb72-a8d2416c417d None None] Starting request: 10.222.0.10 "GET /placement/allocation_candidates?limit=1000&resources=DISK_GB%3A1%2CMEMORY_MB%3A1024%2CVCPU%3A1&root_required=%21COMPUTE_STATUS_DISABLED" {{(pid=95277) __call__ /opt/stack/placement/placement/requestlog.py:55}}
Aug 26 07:37:54.103178 n-d-796209-12 devstack@placement-api.service[95277]: DEBUG placement.objects.research_context [req-85a5de5a-d6aa-49ae-be93-6fb3aa9abc90 req-6de786d9-c8b0-4bc6-bb72-a8d2416c417d service placement] getting providers with 1 DISK_GB {{(pid=95277) __init__ /opt/stack/placement/placement/objects/research_context.py:126}}
Aug 26 07:37:54.133856 n-d-796209-12 devstack@placement-api.service[95277]: DEBUG placement.objects.research_context [req-85a5de5a-d6aa-49ae-be93-6fb3aa9abc90 req-6de786d9-c8b0-4bc6-bb72-a8d2416c417d service placement] getting providers with 1024 MEMORY_MB {{(pid=95277) __init__ /opt/stack/placement/placement/objects/research_context.py:126}}
Aug 26 07:37:54.150347 n-d-796209-12 devstack@placement-api.service[95277]: DEBUG placement.objects.research_context [req-85a5de5a-d6aa-49ae-be93-6fb3aa9abc90 req-6de786d9-c8b0-4bc6-bb72-a8d2416c417d service placement] getting providers with 1 VCPU {{(pid=95277) __init__ /opt/stack/placement/placement/objects/research_context.py:126}}
Aug 26 07:37:54.175261 n-d-796209-12 devstack@placement-api.service[95277]: DEBUG placement.objects.research_context [req-85a5de5a-d6aa-49ae-be93-6fb3aa9abc90 req-6de786d9-c8b0-4bc6-bb72-a8d2416c417d service placement] found 2 providers with available 1 DISK_GB {{(pid=95277) get_provider_ids_matching /opt/stack/placement/placement/objects/research_context.py:549}}
Aug 26 07:37:54.176734 n-d-796209-12 devstack@placement-api.service[95277]: DEBUG placement.objects.research_context [req-85a5de5a-d6aa-49ae-be93-6fb3aa9abc90 req-6de786d9-c8b0-4bc6-bb72-a8d2416c417d service placement] found 2 providers with available 1024 MEMORY_MB {{(pid=95277) get_provider_ids_matching /opt/stack/placement/placement/objects/research_context.py:549}}
Aug 26 07:37:54.180672 n-d-796209-12 devstack@placement-api.service[95277]: DEBUG placement.objects.research_context [req-85a5de5a-d6aa-49ae-be93-6fb3aa9abc90 req-6de786d9-c8b0-4bc6-bb72-a8d2416c417d service placement] found 2 providers after filtering by previous result {{(pid=95277) get_provider_ids_matching /opt/stack/placement/placement/objects/research_context.py:580}}
Aug 26 07:37:54.182079 n-d-796209-12 devstack@placement-api.service[95277]: DEBUG placement.objects.research_context [req-85a5de5a-d6aa-49ae-be93-6fb3aa9abc90 req-6de786d9-c8b0-4bc6-bb72-a8d2416c417d service placement] found 2 providers with available 1 VCPU {{(pid=95277) get_provider_ids_matching /opt/stack/placement/placement/objects/research_context.py:549}}
Aug 26 07:37:54.183366 n-d-796209-12 devstack@placement-api.service[95277]: DEBUG placement.objects.research_context [req-85a5de5a-d6aa-49ae-be93-6fb3aa9abc90 req-6de786d9-c8b0-4bc6-bb72-a8d2416c417d service placement] found 2 providers after filtering by previous result {{(pid=95277) get_provider_ids_matching /opt/stack/placement/placement/objects/research_context.py:580}}
Aug 26 07:37:54.242675 n-d-796209-12 devstack@placement-api.service[95277]: DEBUG placement.objects.allocation_candidate [req-85a5de5a-d6aa-49ae-be93-6fb3aa9abc90 req-6de786d9-c8b0-4bc6-bb72-a8d2416c417d service placement] RequestGroup(use_same_provider=False, resources={DISK_GB:1, MEMORY_MB:1024, VCPU:1}, traits=[], aggregates=[]) (suffix '') returned 2 matches {{(pid=95277) _get_by_requests /opt/stack/placement/placement/objects/allocation_candidate.py:145}}
Aug 26 07:37:54.243852 n-d-796209-12 devstack@placement-api.service[95277]: DEBUG placement.objects.allocation_candidate [req-85a5de5a-d6aa-49ae-be93-6fb3aa9abc90 req-6de786d9-c8b0-4bc6-bb72-a8d2416c417d service placement] Merging candidates yields 2 allocation requests and 2 provider summaries {{(pid=95277) _merge_candidates /opt/stack/placement/placement/objects/allocation_candidate.py:783}}
Aug 26 07:37:54.251678 n-d-796209-12 devstack@placement-api.service[95277]: INFO placement.requestlog [req-85a5de5a-d6aa-49ae-be93-6fb3aa9abc90 req-6de786d9-c8b0-4bc6-bb72-a8d2416c417d service placement] 10.222.0.10 "GET /placement/allocation_candidates?limit=1000&resources=DISK_GB%3A1%2CMEMORY_MB%3A1024%2CVCPU%3A1&root_required=%21COMPUTE_STATUS_DISABLED" status: 200 len: 1306 microversion: 1.35
Aug 26 07:37:54.252766 n-d-796209-12 devstack@placement-api.service[95277]: [pid: 95277|app: 0|req: 23/44] 10.222.0.10 () {60 vars in 1507 bytes} [Thu Aug 26 07:37:54 2021] GET /placement/allocation_candidates?limit=1000&resources=DISK_GB%3A1%2CMEMORY_MB%3A1024%2CVCPU%3A1&root_required=%21COMPUTE_STATUS_DISABLED => generated 1306 bytes in 244 msecs (HTTP/1.1 200) 8 headers in 297 bytes (1 switches on core 0)
Aug 26 07:37:54.677124 n-d-796209-12 devstack@placement-api.service[95276]: DEBUG placement.requestlog [req-85a5de5a-d6aa-49ae-be93-6fb3aa9abc90 req-f952ac17-2f8a-4b05-beb7-f9d3c433b123 None None] Starting request: 10.222.0.10 "GET /placement/allocations/abb5e6c2-2234-4951-9c95-73182fe6fc90" {{(pid=95276) __call__ /opt/stack/placement/placement/requestlog.py:55}}
Aug 26 07:37:54.701237 n-d-796209-12 devstack@placement-api.service[95276]: INFO placement.requestlog [req-85a5de5a-d6aa-49ae-be93-6fb3aa9abc90 req-f952ac17-2f8a-4b05-beb7-f9d3c433b123 service placement] 10.222.0.10 "GET /placement/allocations/abb5e6c2-2234-4951-9c95-73182fe6fc90" status: 200 len: 19 microversion: 1.28
Aug 26 07:37:54.709528 n-d-796209-12 devstack@placement-api.service[95276]: [pid: 95276|app: 0|req: 22/45] 10.222.0.10 () {60 vars in 1381 bytes} [Thu Aug 26 07:37:54 2021] GET /placement/allocations/abb5e6c2-2234-4951-9c95-73182fe6fc90 => generated 19 bytes in 32 msecs (HTTP/1.1 200) 8 headers in 295 bytes (1 switches on core 0)
Aug 26 07:37:54.712473 n-d-796209-12 devstack@placement-api.service[95277]: DEBUG placement.requestlog [req-85a5de5a-d6aa-49ae-be93-6fb3aa9abc90 req-08e9aec6-fb81-4e04-8003-300da6dd4e24 None None] Starting request: 10.222.0.10 "PUT /placement/allocations/abb5e6c2-2234-4951-9c95-73182fe6fc90" {{(pid=95277) __call__ /opt/stack/placement/placement/requestlog.py:55}}
Aug 26 07:37:54.919831 n-d-796209-12 devstack@placement-api.service[95277]: DEBUG placement.handlers.allocation [req-85a5de5a-d6aa-49ae-be93-6fb3aa9abc90 req-08e9aec6-fb81-4e04-8003-300da6dd4e24 service placement] Successfully wrote allocations [, , ] {{(pid=95277) _create_allocations /opt/stack/placement/placement/handlers/allocation.py:461}}
Aug 26 07:37:54.930403 n-d-796209-12 devstack@placement-api.service[95277]: INFO placement.requestlog [req-85a5de5a-d6aa-49ae-be93-6fb3aa9abc90 req-08e9aec6-fb81-4e04-8003-300da6dd4e24 service placement] 10.222.0.10 "PUT /placement/allocations/abb5e6c2-2234-4951-9c95-73182fe6fc90" status: 204 len: 0 microversion: 1.35
Aug 26 07:37:54.932079 n-d-796209-12 devstack@placement-api.service[95277]: [pid: 95277|app: 0|req: 24/46] 10.222.0.10 () {64 vars in 1434 bytes} [Thu Aug 26 07:37:54 2021] PUT /placement/allocations/abb5e6c2-2234-4951-9c95-73182fe6fc90 => generated 0 bytes in 219 msecs (HTTP/1.1 204) 5 headers in 199 bytes (1 switches on core 0)
Aug 26 07:37:55.772424 n-d-796209-12 devstack@placement-api.service[95276]: DEBUG placement.requestlog [req-85a5de5a-d6aa-49ae-be93-6fb3aa9abc90 req-eb8d301f-f7be-42b9-87d1-e3371dbcdeb6 None None] Starting request: 10.222.0.37 "GET /placement/allocations/abb5e6c2-2234-4951-9c95-73182fe6fc90" {{(pid=95276) __call__ /opt/stack/placement/placement/requestlog.py:55}}
Aug 26 07:37:55.829711 n-d-796209-12 devstack@placement-api.service[95276]: INFO placement.requestlog [req-85a5de5a-d6aa-49ae-be93-6fb3aa9abc90 req-eb8d301f-f7be-42b9-87d1-e3371dbcdeb6 service placement] 10.222.0.37 "GET /placement/allocations/abb5e6c2-2234-4951-9c95-73182fe6fc90" status: 200 len: 258 microversion: 1.28
Aug 26 07:37:55.832202 n-d-796209-12 devstack@placement-api.service[95276]: [pid: 95276|app: 0|req: 23/47] 10.222.0.37 () {60 vars in 1378 bytes} [Thu Aug 26 07:37:55 2021] GET /placement/allocations/abb5e6c2-2234-4951-9c95-73182fe6fc90 => generated 258 bytes in 60 msecs (HTTP/1.1 200) 8 headers in 296 bytes (1 switches on core 0)
Aug 26 07:38:12.937957 n-d-796209-12 devstack@placement-api.service[95277]: DEBUG placement.requestlog [req-e0a4325d-6d02-4f26-8ec8-b58eb53c16ee req-bd900180-e66b-45b6-beae-c6b8e7de5976 None None] Starting request: 10.222.0.10 "GET /placement/allocation_candidates?limit=1000&resources=DISK_GB%3A1%2CMEMORY_MB%3A1024%2CVCPU%3A1&root_required=%21COMPUTE_STATUS_DISABLED" {{(pid=95277) __call__ /opt/stack/placement/placement/requestlog.py:55}}
Aug 26 07:38:13.020478 n-d-796209-12 devstack@placement-api.service[95277]: DEBUG placement.objects.research_context [req-e0a4325d-6d02-4f26-8ec8-b58eb53c16ee req-bd900180-e66b-45b6-beae-c6b8e7de5976 service placement] getting providers with 1 DISK_GB {{(pid=95277) __init__ /opt/stack/placement/placement/objects/research_context.py:126}}
Aug 26 07:38:13.038746 n-d-796209-12 devstack@placement-api.service[95277]: DEBUG placement.objects.research_context [req-e0a4325d-6d02-4f26-8ec8-b58eb53c16ee req-bd900180-e66b-45b6-beae-c6b8e7de5976 service placement] getting providers with 1024 MEMORY_MB {{(pid=95277) __init__ /opt/stack/placement/placement/objects/research_context.py:126}}
Aug 26 07:38:13.074899 n-d-796209-12 devstack@placement-api.service[95277]: DEBUG placement.objects.research_context [req-e0a4325d-6d02-4f26-8ec8-b58eb53c16ee req-bd900180-e66b-45b6-beae-c6b8e7de5976 service placement] getting providers with 1 VCPU {{(pid=95277) __init__ /opt/stack/placement/placement/objects/research_context.py:126}}
Aug 26 07:38:13.091817 n-d-796209-12 devstack@placement-api.service[95277]: DEBUG placement.objects.research_context [req-e0a4325d-6d02-4f26-8ec8-b58eb53c16ee req-bd900180-e66b-45b6-beae-c6b8e7de5976 service placement] found 2 providers with available 1 DISK_GB {{(pid=95277) get_provider_ids_matching /opt/stack/placement/placement/objects/research_context.py:549}}
Aug 26 07:38:13.092086 n-d-796209-12 devstack@placement-api.service[95277]: DEBUG placement.objects.research_context [req-e0a4325d-6d02-4f26-8ec8-b58eb53c16ee req-bd900180-e66b-45b6-beae-c6b8e7de5976 service placement] found 2 providers with available 1024 MEMORY_MB {{(pid=95277) get_provider_ids_matching /opt/stack/placement/placement/objects/research_context.py:549}}
Aug 26 07:38:13.095324 n-d-796209-12 devstack@placement-api.service[95277]: DEBUG placement.objects.research_context [req-e0a4325d-6d02-4f26-8ec8-b58eb53c16ee req-bd900180-e66b-45b6-beae-c6b8e7de5976 service placement] found 2 providers after filtering by previous result {{(pid=95277) get_provider_ids_matching /opt/stack/placement/placement/objects/research_context.py:580}}
Aug 26 07:38:13.098419 n-d-796209-12 devstack@placement-api.service[95277]: DEBUG placement.objects.research_context [req-e0a4325d-6d02-4f26-8ec8-b58eb53c16ee req-bd900180-e66b-45b6-beae-c6b8e7de5976 service placement] found 2 providers with available 1 VCPU {{(pid=95277) get_provider_ids_matching /opt/stack/placement/placement/objects/research_context.py:549}}
Aug 26 07:38:13.099459 n-d-796209-12 devstack@placement-api.service[95277]: DEBUG placement.objects.research_context [req-e0a4325d-6d02-4f26-8ec8-b58eb53c16ee req-bd900180-e66b-45b6-beae-c6b8e7de5976 service placement] found 2 providers after filtering by previous result {{(pid=95277) get_provider_ids_matching /opt/stack/placement/placement/objects/research_context.py:580}}
Aug 26 07:38:13.139334 n-d-796209-12 devstack@placement-api.service[95277]: DEBUG placement.objects.allocation_candidate [req-e0a4325d-6d02-4f26-8ec8-b58eb53c16ee req-bd900180-e66b-45b6-beae-c6b8e7de5976 service placement] RequestGroup(use_same_provider=False, resources={DISK_GB:1, MEMORY_MB:1024, VCPU:1}, traits=[], aggregates=[]) (suffix '') returned 2 matches {{(pid=95277) _get_by_requests /opt/stack/placement/placement/objects/allocation_candidate.py:145}}
Aug 26 07:38:13.142055 n-d-796209-12 devstack@placement-api.service[95277]: DEBUG placement.objects.allocation_candidate [req-e0a4325d-6d02-4f26-8ec8-b58eb53c16ee req-bd900180-e66b-45b6-beae-c6b8e7de5976 service placement] Merging candidates yields 2 allocation requests and 2 provider summaries {{(pid=95277) _merge_candidates /opt/stack/placement/placement/objects/allocation_candidate.py:783}}
Aug 26 07:38:13.147511 n-d-796209-12 devstack@placement-api.service[95277]: INFO placement.requestlog [req-e0a4325d-6d02-4f26-8ec8-b58eb53c16ee req-bd900180-e66b-45b6-beae-c6b8e7de5976 service placement] 10.222.0.10 "GET /placement/allocation_candidates?limit=1000&resources=DISK_GB%3A1%2CMEMORY_MB%3A1024%2CVCPU%3A1&root_required=%21COMPUTE_STATUS_DISABLED" status: 200 len: 1309 microversion: 1.35
Aug 26 07:38:13.149131 n-d-796209-12 devstack@placement-api.service[95277]: [pid: 95277|app: 0|req: 25/48] 10.222.0.10 () {60 vars in 1507 bytes} [Thu Aug 26 07:38:12 2021] GET /placement/allocation_candidates?limit=1000&resources=DISK_GB%3A1%2CMEMORY_MB%3A1024%2CVCPU%3A1&root_required=%21COMPUTE_STATUS_DISABLED => generated 1309 bytes in 211 msecs (HTTP/1.1 200) 8 headers in 297 bytes (1 switches on core 0)
Aug 26 07:38:13.261278 n-d-796209-12 devstack@placement-api.service[95276]: DEBUG placement.requestlog [req-e0a4325d-6d02-4f26-8ec8-b58eb53c16ee req-a2f87e6f-cefa-48a1-8569-290436b5b9eb None None] Starting request: 10.222.0.10 "GET /placement/allocations/6e714beb-3f3f-4cb4-8e5c-8d95650cfe4c" {{(pid=95276) __call__ /opt/stack/placement/placement/requestlog.py:55}}
Aug 26 07:38:13.274355 n-d-796209-12 devstack@placement-api.service[95276]: INFO placement.requestlog [req-e0a4325d-6d02-4f26-8ec8-b58eb53c16ee req-a2f87e6f-cefa-48a1-8569-290436b5b9eb service placement] 10.222.0.10 "GET /placement/allocations/6e714beb-3f3f-4cb4-8e5c-8d95650cfe4c" status: 200 len: 19 microversion: 1.28
Aug 26 07:38:13.278589 n-d-796209-12 devstack@placement-api.service[95276]: [pid: 95276|app: 0|req: 24/49] 10.222.0.10 () {60 vars in 1381 bytes} [Thu Aug 26 07:38:13 2021] GET /placement/allocations/6e714beb-3f3f-4cb4-8e5c-8d95650cfe4c => generated 19 bytes in 17 msecs (HTTP/1.1 200) 8 headers in 295 bytes (1 switches on core 0)
Aug 26 07:38:13.281758 n-d-796209-12 devstack@placement-api.service[95277]: DEBUG placement.requestlog [req-e0a4325d-6d02-4f26-8ec8-b58eb53c16ee req-89ea4dbb-a156-4fd3-b9d9-bc11e5075800 None None] Starting request: 10.222.0.10 "PUT /placement/allocations/6e714beb-3f3f-4cb4-8e5c-8d95650cfe4c" {{(pid=95277) __call__ /opt/stack/placement/placement/requestlog.py:55}}
Aug 26 07:38:13.394969 n-d-796209-12 devstack@placement-api.service[95277]: DEBUG placement.handlers.allocation [req-e0a4325d-6d02-4f26-8ec8-b58eb53c16ee req-89ea4dbb-a156-4fd3-b9d9-bc11e5075800 service placement] Successfully wrote allocations [, , ] {{(pid=95277) _create_allocations /opt/stack/placement/placement/handlers/allocation.py:461}}
Aug 26 07:38:13.405366 n-d-796209-12 devstack@placement-api.service[95277]: INFO placement.requestlog [req-e0a4325d-6d02-4f26-8ec8-b58eb53c16ee req-89ea4dbb-a156-4fd3-b9d9-bc11e5075800 service placement] 10.222.0.10 "PUT /placement/allocations/6e714beb-3f3f-4cb4-8e5c-8d95650cfe4c" status: 204 len: 0 microversion: 1.35
Aug 26 07:38:13.406142 n-d-796209-12 devstack@placement-api.service[95277]: [pid: 95277|app: 0|req: 26/50] 10.222.0.10 () {64 vars in 1434 bytes} [Thu Aug 26 07:38:13 2021] PUT /placement/allocations/6e714beb-3f3f-4cb4-8e5c-8d95650cfe4c => generated 0 bytes in 124 msecs (HTTP/1.1 204) 5 headers in 199 bytes (1 switches on core 0)
Aug 26 07:38:17.393220 n-d-796209-12 devstack@placement-api.service[95276]: DEBUG placement.requestlog [req-e0a4325d-6d02-4f26-8ec8-b58eb53c16ee req-18e6b0b2-a065-46a9-bb64-00f2b0937845 None None] Starting request: 10.222.0.37 "GET /placement/allocations/6e714beb-3f3f-4cb4-8e5c-8d95650cfe4c" {{(pid=95276) __call__ /opt/stack/placement/placement/requestlog.py:55}}
Aug 26 07:38:17.418832 n-d-796209-12 devstack@placement-api.service[95276]: INFO placement.requestlog [req-e0a4325d-6d02-4f26-8ec8-b58eb53c16ee req-18e6b0b2-a065-46a9-bb64-00f2b0937845 service placement] 10.222.0.37 "GET /placement/allocations/6e714beb-3f3f-4cb4-8e5c-8d95650cfe4c" status: 200 len: 258 microversion: 1.28
Aug 26 07:38:17.420106 n-d-796209-12 devstack@placement-api.service[95276]: [pid: 95276|app: 0|req: 25/51] 10.222.0.37 () {60 vars in 1378 bytes} [Thu Aug 26 07:38:17 2021] GET /placement/allocations/6e714beb-3f3f-4cb4-8e5c-8d95650cfe4c => generated 258 bytes in 27 msecs (HTTP/1.1 200) 8 headers in 296 bytes (1 switches on core 0)
Aug 26 07:38:24.139581 n-d-796209-12 devstack@placement-api.service[95277]: DEBUG placement.requestlog [req-5c99e72f-64a4-4c3e-8911-24c7906c61cd req-da1c04c7-4be0-40ec-8386-3a8a2cf59bcb None None] Starting request: 10.222.0.10 "GET /placement/allocation_candidates?limit=1000&resources=DISK_GB%3A1%2CMEMORY_MB%3A1024%2CVCPU%3A1&root_required=%21COMPUTE_STATUS_DISABLED" {{(pid=95277) __call__ /opt/stack/placement/placement/requestlog.py:55}}
Aug 26 07:38:24.169839 n-d-796209-12 devstack@placement-api.service[95277]: DEBUG placement.objects.research_context [req-5c99e72f-64a4-4c3e-8911-24c7906c61cd req-da1c04c7-4be0-40ec-8386-3a8a2cf59bcb service placement] getting providers with 1 DISK_GB {{(pid=95277) __init__ /opt/stack/placement/placement/objects/research_context.py:126}}
Aug 26 07:38:24.176019 n-d-796209-12 devstack@placement-api.service[95277]: DEBUG placement.objects.research_context [req-5c99e72f-64a4-4c3e-8911-24c7906c61cd req-da1c04c7-4be0-40ec-8386-3a8a2cf59bcb service placement] getting providers with 1024 MEMORY_MB {{(pid=95277) __init__ /opt/stack/placement/placement/objects/research_context.py:126}}
Aug 26 07:38:24.183816 n-d-796209-12 devstack@placement-api.service[95277]: DEBUG placement.objects.research_context [req-5c99e72f-64a4-4c3e-8911-24c7906c61cd req-da1c04c7-4be0-40ec-8386-3a8a2cf59bcb service placement] getting providers with 1 VCPU {{(pid=95277) __init__ /opt/stack/placement/placement/objects/research_context.py:126}}
Aug 26 07:38:24.192281 n-d-796209-12 devstack@placement-api.service[95277]: DEBUG placement.objects.research_context [req-5c99e72f-64a4-4c3e-8911-24c7906c61cd req-da1c04c7-4be0-40ec-8386-3a8a2cf59bcb service placement] found 2 providers with available 1 DISK_GB {{(pid=95277) get_provider_ids_matching /opt/stack/placement/placement/objects/research_context.py:549}}
Aug 26 07:38:24.192534 n-d-796209-12 devstack@placement-api.service[95277]: DEBUG placement.objects.research_context [req-5c99e72f-64a4-4c3e-8911-24c7906c61cd req-da1c04c7-4be0-40ec-8386-3a8a2cf59bcb service placement] found 2 providers with available 1024 MEMORY_MB {{(pid=95277) get_provider_ids_matching /opt/stack/placement/placement/objects/research_context.py:549}}
Aug 26 07:38:24.192839 n-d-796209-12 devstack@placement-api.service[95277]: DEBUG placement.objects.research_context [req-5c99e72f-64a4-4c3e-8911-24c7906c61cd req-da1c04c7-4be0-40ec-8386-3a8a2cf59bcb service placement] found 2 providers after filtering by previous result {{(pid=95277) get_provider_ids_matching /opt/stack/placement/placement/objects/research_context.py:580}}
Aug 26 07:38:24.193266 n-d-796209-12 devstack@placement-api.service[95277]: DEBUG placement.objects.research_context [req-5c99e72f-64a4-4c3e-8911-24c7906c61cd req-da1c04c7-4be0-40ec-8386-3a8a2cf59bcb service placement] found 2 providers with available 1 VCPU {{(pid=95277) get_provider_ids_matching /opt/stack/placement/placement/objects/research_context.py:549}}
Aug 26 07:38:24.193818 n-d-796209-12 devstack@placement-api.service[95277]: DEBUG placement.objects.research_context [req-5c99e72f-64a4-4c3e-8911-24c7906c61cd req-da1c04c7-4be0-40ec-8386-3a8a2cf59bcb service placement] found 2 providers after filtering by previous result {{(pid=95277) get_provider_ids_matching /opt/stack/placement/placement/objects/research_context.py:580}}
Aug 26 07:38:24.216598 n-d-796209-12 devstack@placement-api.service[95277]: DEBUG placement.objects.allocation_candidate [req-5c99e72f-64a4-4c3e-8911-24c7906c61cd req-da1c04c7-4be0-40ec-8386-3a8a2cf59bcb service placement] RequestGroup(use_same_provider=False, resources={DISK_GB:1, MEMORY_MB:1024, VCPU:1}, traits=[], aggregates=[]) (suffix '') returned 2 matches {{(pid=95277) _get_by_requests /opt/stack/placement/placement/objects/allocation_candidate.py:145}}
Aug 26 07:38:24.217024 n-d-796209-12 devstack@placement-api.service[95277]: DEBUG placement.objects.allocation_candidate [req-5c99e72f-64a4-4c3e-8911-24c7906c61cd req-da1c04c7-4be0-40ec-8386-3a8a2cf59bcb service placement] Merging candidates yields 2 allocation requests and 2 provider summaries {{(pid=95277) _merge_candidates /opt/stack/placement/placement/objects/allocation_candidate.py:783}}
Aug 26 07:38:24.219359 n-d-796209-12 devstack@placement-api.service[95277]: INFO placement.requestlog [req-5c99e72f-64a4-4c3e-8911-24c7906c61cd req-da1c04c7-4be0-40ec-8386-3a8a2cf59bcb service placement] 10.222.0.10 "GET /placement/allocation_candidates?limit=1000&resources=DISK_GB%3A1%2CMEMORY_MB%3A1024%2CVCPU%3A1&root_required=%21COMPUTE_STATUS_DISABLED" status: 200 len: 1309 microversion: 1.35
Aug 26 07:38:24.224873 n-d-796209-12 devstack@placement-api.service[95277]: [pid: 95277|app: 0|req: 27/52] 10.222.0.10 () {60 vars in 1507 bytes} [Thu Aug 26 07:38:24 2021] GET /placement/allocation_candidates?limit=1000&resources=DISK_GB%3A1%2CMEMORY_MB%3A1024%2CVCPU%3A1&root_required=%21COMPUTE_STATUS_DISABLED => generated 1309 bytes in 86 msecs (HTTP/1.1 200) 8 headers in 297 bytes (1 switches on core 0)
Aug 26 07:38:24.272669 n-d-796209-12 devstack@placement-api.service[95276]: DEBUG placement.requestlog [req-5c99e72f-64a4-4c3e-8911-24c7906c61cd req-262e9b80-4fae-41a4-b679-eff5ec08b692 None None] Starting request: 10.222.0.10 "GET /placement/allocations/4b800ff6-30a2-47ef-87d4-4fdc0a4ed4b4" {{(pid=95276) __call__ /opt/stack/placement/placement/requestlog.py:55}}
Aug 26 07:38:24.288412 n-d-796209-12 devstack@placement-api.service[95276]: INFO placement.requestlog [req-5c99e72f-64a4-4c3e-8911-24c7906c61cd req-262e9b80-4fae-41a4-b679-eff5ec08b692 service placement] 10.222.0.10 "GET /placement/allocations/4b800ff6-30a2-47ef-87d4-4fdc0a4ed4b4" status: 200 len: 19 microversion: 1.28
Aug 26 07:38:24.289272 n-d-796209-12 devstack@placement-api.service[95276]: [pid: 95276|app: 0|req: 26/53] 10.222.0.10 () {60 vars in 1381 bytes} [Thu Aug 26 07:38:24 2021] GET /placement/allocations/4b800ff6-30a2-47ef-87d4-4fdc0a4ed4b4 => generated 19 bytes in 17 msecs (HTTP/1.1 200) 8 headers in 295 bytes (1 switches on core 0)
Aug 26 07:38:24.295366 n-d-796209-12 devstack@placement-api.service[95277]: DEBUG placement.requestlog [req-5c99e72f-64a4-4c3e-8911-24c7906c61cd req-d8fe65f9-cb3d-484c-b5e6-3625dcde4c43 None None] Starting request: 10.222.0.10 "PUT /placement/allocations/4b800ff6-30a2-47ef-87d4-4fdc0a4ed4b4" {{(pid=95277) __call__ /opt/stack/placement/placement/requestlog.py:55}}
Aug 26 07:38:24.343953 n-d-796209-12 devstack@placement-api.service[95277]: DEBUG placement.handlers.allocation [req-5c99e72f-64a4-4c3e-8911-24c7906c61cd req-d8fe65f9-cb3d-484c-b5e6-3625dcde4c43 service placement] Successfully wrote allocations [, , ] {{(pid=95277) _create_allocations /opt/stack/placement/placement/handlers/allocation.py:461}}
Aug 26 07:38:24.348336 n-d-796209-12 devstack@placement-api.service[95277]: INFO placement.requestlog [req-5c99e72f-64a4-4c3e-8911-24c7906c61cd req-d8fe65f9-cb3d-484c-b5e6-3625dcde4c43 service placement] 10.222.0.10 "PUT /placement/allocations/4b800ff6-30a2-47ef-87d4-4fdc0a4ed4b4" status: 204 len: 0 microversion: 1.35
Aug 26 07:38:24.348599 n-d-796209-12 devstack@placement-api.service[95277]: [pid: 95277|app: 0|req: 28/54] 10.222.0.10 () {64 vars in 1434 bytes} [Thu Aug 26 07:38:24 2021] PUT /placement/allocations/4b800ff6-30a2-47ef-87d4-4fdc0a4ed4b4 => generated 0 bytes in 53 msecs (HTTP/1.1 204) 5 headers in 199 bytes (1 switches on core 0)
Aug 26 07:38:24.705474 n-d-796209-12 devstack@placement-api.service[95276]: DEBUG placement.requestlog [req-5c99e72f-64a4-4c3e-8911-24c7906c61cd req-17ef7d76-851d-4a4c-b8d7-e5ddfdcfbd69 None None] Starting request: 10.222.0.43 "GET /placement/allocations/4b800ff6-30a2-47ef-87d4-4fdc0a4ed4b4" {{(pid=95276) __call__ /opt/stack/placement/placement/requestlog.py:55}}
Aug 26 07:38:24.727352 n-d-796209-12 devstack@placement-api.service[95276]: INFO placement.requestlog [req-5c99e72f-64a4-4c3e-8911-24c7906c61cd req-17ef7d76-851d-4a4c-b8d7-e5ddfdcfbd69 service placement] 10.222.0.43 "GET /placement/allocations/4b800ff6-30a2-47ef-87d4-4fdc0a4ed4b4" status: 200 len: 258 microversion: 1.28
Aug 26 07:38:24.728665 n-d-796209-12 devstack@placement-api.service[95276]: [pid: 95276|app: 0|req: 27/55] 10.222.0.43 () {60 vars in 1378 bytes} [Thu Aug 26 07:38:24 2021] GET /placement/allocations/4b800ff6-30a2-47ef-87d4-4fdc0a4ed4b4 => generated 258 bytes in 24 msecs (HTTP/1.1 200) 8 headers in 296 bytes (1 switches on core 0)
Aug 26 07:38:24.928102 n-d-796209-12 devstack@placement-api.service[95277]: DEBUG placement.requestlog [req-4fafdba2-1b49-4749-8933-2fa5ef92a069 req-b65a6fac-774c-456f-a437-b6074a2661d6 None None] Starting request: 10.222.0.10 "GET /placement/allocation_candidates?limit=1000&resources=DISK_GB%3A1%2CMEMORY_MB%3A1024%2CVCPU%3A1&root_required=%21COMPUTE_STATUS_DISABLED" {{(pid=95277) __call__ /opt/stack/placement/placement/requestlog.py:55}}
Aug 26 07:38:24.977306 n-d-796209-12 devstack@placement-api.service[95277]: DEBUG placement.objects.research_context [req-4fafdba2-1b49-4749-8933-2fa5ef92a069 req-b65a6fac-774c-456f-a437-b6074a2661d6 service placement] getting providers with 1 DISK_GB {{(pid=95277) __init__ /opt/stack/placement/placement/objects/research_context.py:126}}
Aug 26 07:38:24.984898 n-d-796209-12 devstack@placement-api.service[95277]: DEBUG placement.objects.research_context [req-4fafdba2-1b49-4749-8933-2fa5ef92a069 req-b65a6fac-774c-456f-a437-b6074a2661d6 service placement] getting providers with 1024 MEMORY_MB {{(pid=95277) __init__ /opt/stack/placement/placement/objects/research_context.py:126}}
Aug 26 07:38:24.992241 n-d-796209-12 devstack@placement-api.service[95277]: DEBUG placement.objects.research_context [req-4fafdba2-1b49-4749-8933-2fa5ef92a069 req-b65a6fac-774c-456f-a437-b6074a2661d6 service placement] getting providers with 1 VCPU {{(pid=95277) __init__ /opt/stack/placement/placement/objects/research_context.py:126}}
Aug 26 07:38:25.001382 n-d-796209-12 devstack@placement-api.service[95277]: DEBUG placement.objects.research_context [req-4fafdba2-1b49-4749-8933-2fa5ef92a069 req-b65a6fac-774c-456f-a437-b6074a2661d6 service placement] found 2 providers with available 1 DISK_GB {{(pid=95277) get_provider_ids_matching /opt/stack/placement/placement/objects/research_context.py:549}}
Aug 26 07:38:25.001825 n-d-796209-12 devstack@placement-api.service[95277]: DEBUG placement.objects.research_context [req-4fafdba2-1b49-4749-8933-2fa5ef92a069 req-b65a6fac-774c-456f-a437-b6074a2661d6 service placement] found 2 providers with available 1024 MEMORY_MB {{(pid=95277) get_provider_ids_matching /opt/stack/placement/placement/objects/research_context.py:549}}
Aug 26 07:38:25.002542 n-d-796209-12 devstack@placement-api.service[95277]: DEBUG placement.objects.research_context [req-4fafdba2-1b49-4749-8933-2fa5ef92a069 req-b65a6fac-774c-456f-a437-b6074a2661d6 service placement] found 2 providers after filtering by previous result {{(pid=95277) get_provider_ids_matching /opt/stack/placement/placement/objects/research_context.py:580}}
Aug 26 07:38:25.002974 n-d-796209-12 devstack@placement-api.service[95277]: DEBUG placement.objects.research_context [req-4fafdba2-1b49-4749-8933-2fa5ef92a069 req-b65a6fac-774c-456f-a437-b6074a2661d6 service placement] found 2 providers with available 1 VCPU {{(pid=95277) get_provider_ids_matching /opt/stack/placement/placement/objects/research_context.py:549}}
Aug 26 07:38:25.003376 n-d-796209-12 devstack@placement-api.service[95277]: DEBUG placement.objects.research_context [req-4fafdba2-1b49-4749-8933-2fa5ef92a069 req-b65a6fac-774c-456f-a437-b6074a2661d6 service placement] found 2 providers after filtering by previous result {{(pid=95277) get_provider_ids_matching /opt/stack/placement/placement/objects/research_context.py:580}}
Aug 26 07:38:25.017695 n-d-796209-12 devstack@placement-api.service[95277]: DEBUG placement.objects.allocation_candidate [req-4fafdba2-1b49-4749-8933-2fa5ef92a069 req-b65a6fac-774c-456f-a437-b6074a2661d6 service placement] RequestGroup(use_same_provider=False, resources={DISK_GB:1, MEMORY_MB:1024, VCPU:1}, traits=[], aggregates=[]) (suffix '') returned 2 matches {{(pid=95277) _get_by_requests /opt/stack/placement/placement/objects/allocation_candidate.py:145}}
Aug 26 07:38:25.018313 n-d-796209-12 devstack@placement-api.service[95277]: DEBUG placement.objects.allocation_candidate [req-4fafdba2-1b49-4749-8933-2fa5ef92a069 req-b65a6fac-774c-456f-a437-b6074a2661d6 service placement] Merging candidates yields 2 allocation requests and 2 provider summaries {{(pid=95277) _merge_candidates /opt/stack/placement/placement/objects/allocation_candidate.py:783}}
Aug 26 07:38:25.020179 n-d-796209-12 devstack@placement-api.service[95277]: INFO placement.requestlog [req-4fafdba2-1b49-4749-8933-2fa5ef92a069 req-b65a6fac-774c-456f-a437-b6074a2661d6 service placement] 10.222.0.10 "GET /placement/allocation_candidates?limit=1000&resources=DISK_GB%3A1%2CMEMORY_MB%3A1024%2CVCPU%3A1&root_required=%21COMPUTE_STATUS_DISABLED" status: 200 len: 1309 microversion: 1.35
Aug 26 07:38:25.020712 n-d-796209-12 devstack@placement-api.service[95277]: [pid: 95277|app: 0|req: 29/56] 10.222.0.10 () {60 vars in 1507 bytes} [Thu Aug 26 07:38:24 2021] GET /placement/allocation_candidates?limit=1000&resources=DISK_GB%3A1%2CMEMORY_MB%3A1024%2CVCPU%3A1&root_required=%21COMPUTE_STATUS_DISABLED => generated 1309 bytes in 93 msecs (HTTP/1.1 200) 8 headers in 297 bytes (2 switches on core 0)
Aug 26 07:38:25.091067 n-d-796209-12 devstack@placement-api.service[95276]: DEBUG placement.requestlog [req-4fafdba2-1b49-4749-8933-2fa5ef92a069 req-ac50b710-16e1-4d6a-92d1-1333a5e78e16 None None] Starting request: 10.222.0.10 "GET /placement/allocations/56578cbf-5ac4-4a85-ab53-284b1e45b7ca" {{(pid=95276) __call__ /opt/stack/placement/placement/requestlog.py:55}}
Aug 26 07:38:25.108880 n-d-796209-12 devstack@placement-api.service[95276]: INFO placement.requestlog [req-4fafdba2-1b49-4749-8933-2fa5ef92a069 req-ac50b710-16e1-4d6a-92d1-1333a5e78e16 service placement] 10.222.0.10 "GET /placement/allocations/56578cbf-5ac4-4a85-ab53-284b1e45b7ca" status: 200 len: 19 microversion: 1.28
Aug 26 07:38:25.109432 n-d-796209-12 devstack@placement-api.service[95276]: [pid: 95276|app: 0|req: 28/57] 10.222.0.10 () {60 vars in 1381 bytes} [Thu Aug 26 07:38:25 2021] GET /placement/allocations/56578cbf-5ac4-4a85-ab53-284b1e45b7ca => generated 19 bytes in 18 msecs (HTTP/1.1 200) 8 headers in 295 bytes (1 switches on core 0)
Aug 26 07:38:25.116819 n-d-796209-12 devstack@placement-api.service[95277]: DEBUG placement.requestlog [req-4fafdba2-1b49-4749-8933-2fa5ef92a069 req-0b4a1d82-7b93-4d8a-bbc3-b4e883e5aa56 None None] Starting request: 10.222.0.10 "PUT /placement/allocations/56578cbf-5ac4-4a85-ab53-284b1e45b7ca" {{(pid=95277) __call__ /opt/stack/placement/placement/requestlog.py:55}}
Aug 26 07:38:25.212237 n-d-796209-12 devstack@placement-api.service[95277]: DEBUG placement.handlers.allocation [req-4fafdba2-1b49-4749-8933-2fa5ef92a069 req-0b4a1d82-7b93-4d8a-bbc3-b4e883e5aa56 service placement] Successfully wrote allocations [, , ] {{(pid=95277) _create_allocations /opt/stack/placement/placement/handlers/allocation.py:461}}
Aug 26 07:38:25.221121 n-d-796209-12 devstack@placement-api.service[95277]: INFO placement.requestlog [req-4fafdba2-1b49-4749-8933-2fa5ef92a069 req-0b4a1d82-7b93-4d8a-bbc3-b4e883e5aa56 service placement] 10.222.0.10 "PUT /placement/allocations/56578cbf-5ac4-4a85-ab53-284b1e45b7ca" status: 204 len: 0 microversion: 1.35
