Jul 07 13:07:27.385639 n-d-796209-11 devstack@placement-api.service[94261]: [pid: 94261|app: 0|req: 169/341] 10.222.0.18 () {60 vars in 1381 bytes} [Wed Jul 7 13:07:27 2021] GET /placement/allocations/da44c7d2-cb96-4399-8855-96fed0ef48b0 => generated 19 bytes in 55 msecs (HTTP/1.1 200) 8 headers in 295 bytes (1 switches on core 0)
Jul 07 13:07:27.391258 n-d-796209-11 devstack@placement-api.service[94262]: DEBUG placement.requestlog [req-538843cb-b9b7-45e5-9751-38172676bea8 req-c3915ef2-591d-4693-ae51-69d46cca83cf None None] Starting request: 10.222.0.18 "POST /placement/allocations" {{(pid=94262) __call__ /opt/stack/placement/placement/requestlog.py:55}}
Jul 07 13:07:27.579932 n-d-796209-11 devstack@placement-api.service[94262]: DEBUG placement.handlers.allocation [req-538843cb-b9b7-45e5-9751-38172676bea8 req-c3915ef2-591d-4693-ae51-69d46cca83cf service placement] Successfully wrote allocations [, , , , , ] {{(pid=94262) _create_allocations /opt/stack/placement/placement/handlers/allocation.py:524}}
Jul 07 13:07:27.579932 n-d-796209-11 devstack@placement-api.service[94262]: INFO placement.requestlog [req-538843cb-b9b7-45e5-9751-38172676bea8 req-c3915ef2-591d-4693-ae51-69d46cca83cf service placement] 10.222.0.18 "POST /placement/allocations" status: 204 len: 0 microversion: 1.28
Jul 07 13:07:27.579932 n-d-796209-11 devstack@placement-api.service[94262]: [pid: 94262|app: 0|req: 173/342] 10.222.0.18 () {64 vars in 1324 bytes} [Wed Jul 7 13:07:27 2021] POST /placement/allocations => generated 0 bytes in 187 msecs (HTTP/1.1 204) 5 headers in 199 bytes (1 switches on core 0)
Jul 07 13:07:27.715181 n-d-796209-11 devstack@placement-api.service[94261]: DEBUG placement.requestlog [req-538843cb-b9b7-45e5-9751-38172676bea8 req-7bddb646-0988-4c56-bee6-505f71da6045 None None] Starting request: 10.222.0.18 "GET /placement/allocations/7015e753-b809-4042-afd0-4c687876b814" {{(pid=94261) __call__ /opt/stack/placement/placement/requestlog.py:55}}
Jul 07 13:07:27.847174 n-d-796209-11 devstack@placement-api.service[94261]: INFO placement.requestlog [req-538843cb-b9b7-45e5-9751-38172676bea8 req-7bddb646-0988-4c56-bee6-505f71da6045 service placement] 10.222.0.18 "GET /placement/allocations/7015e753-b809-4042-afd0-4c687876b814" status: 200 len: 19 microversion: 1.28
Jul 07 13:07:27.848845 n-d-796209-11 devstack@placement-api.service[94261]: [pid: 94261|app: 0|req: 170/343] 10.222.0.18 () {60 vars in 1381 bytes} [Wed Jul 7 13:07:27 2021] GET /placement/allocations/7015e753-b809-4042-afd0-4c687876b814 => generated 19 bytes in 134 msecs (HTTP/1.1 200) 8 headers in 295 bytes (1 switches on core 0)
Jul 07 13:07:27.856602 n-d-796209-11 devstack@placement-api.service[94262]: DEBUG placement.requestlog [req-538843cb-b9b7-45e5-9751-38172676bea8 req-7b705965-06f6-49c5-952e-5a89e21b9ea8 None None] Starting request: 10.222.0.18 "PUT /placement/allocations/7015e753-b809-4042-afd0-4c687876b814" {{(pid=94262) __call__ /opt/stack/placement/placement/requestlog.py:55}}
Jul 07 13:07:27.994875 n-d-796209-11 devstack@placement-api.service[94262]: DEBUG placement.handlers.allocation [req-538843cb-b9b7-45e5-9751-38172676bea8 req-7b705965-06f6-49c5-952e-5a89e21b9ea8 service placement] Successfully wrote allocations [, , ] {{(pid=94262) _create_allocations /opt/stack/placement/placement/handlers/allocation.py:435}}
Jul 07 13:07:27.995722 n-d-796209-11 devstack@placement-api.service[94262]: INFO placement.requestlog [req-538843cb-b9b7-45e5-9751-38172676bea8 req-7b705965-06f6-49c5-952e-5a89e21b9ea8 service placement] 10.222.0.18 "PUT /placement/allocations/7015e753-b809-4042-afd0-4c687876b814" status: 204 len: 0 microversion: 1.28
Jul 07 13:07:27.996259 n-d-796209-11 devstack@placement-api.service[94262]: [pid: 94262|app: 0|req: 174/344] 10.222.0.18 () {64 vars in 1434 bytes} [Wed Jul 7 13:07:27 2021] PUT /placement/allocations/7015e753-b809-4042-afd0-4c687876b814 => generated 0 bytes in 140 msecs (HTTP/1.1 204) 5 headers in 199 bytes (1 switches on core 0)
Jul 07 13:07:28.079526 n-d-796209-11 devstack@placement-api.service[94261]: DEBUG placement.requestlog [req-bf5eacef-a36b-4ada-ab5d-10d60720f75e req-e17593ec-b1e0-4f87-a2fe-1c4a11b945d4 None None] Starting request: 10.222.0.13 "GET /placement/allocations/315b154c-712d-4174-be95-10a30979e3af" {{(pid=94261) __call__ /opt/stack/placement/placement/requestlog.py:55}}
Jul 07 13:07:28.136769 n-d-796209-11 devstack@placement-api.service[94261]: INFO placement.requestlog [req-bf5eacef-a36b-4ada-ab5d-10d60720f75e req-e17593ec-b1e0-4f87-a2fe-1c4a11b945d4 service placement] 10.222.0.13 "GET /placement/allocations/315b154c-712d-4174-be95-10a30979e3af" status: 200 len: 259 microversion: 1.28
Jul 07 13:07:28.137356 n-d-796209-11 devstack@placement-api.service[94261]: [pid: 94261|app: 0|req: 171/345] 10.222.0.13 () {60 vars in 1378 bytes} [Wed Jul 7 13:07:28 2021] GET /placement/allocations/315b154c-712d-4174-be95-10a30979e3af => generated 259 bytes in 58 msecs (HTTP/1.1 200) 8 headers in 296 bytes (2 switches on core 0)
Jul 07 13:07:28.148095 n-d-796209-11 devstack@placement-api.service[94262]: DEBUG placement.requestlog [req-bf5eacef-a36b-4ada-ab5d-10d60720f75e req-a858d9f2-4aef-4158-8d80-491ed44e1566 None None] Starting request: 10.222.0.13 "PUT /placement/allocations/315b154c-712d-4174-be95-10a30979e3af" {{(pid=94262) __call__ /opt/stack/placement/placement/requestlog.py:55}}
Jul 07 13:07:28.231916 n-d-796209-11 devstack@placement-api.service[94262]: DEBUG placement.handlers.allocation [req-bf5eacef-a36b-4ada-ab5d-10d60720f75e req-a858d9f2-4aef-4158-8d80-491ed44e1566 service placement] Successfully wrote allocations [, , ] {{(pid=94262) _create_allocations /opt/stack/placement/placement/handlers/allocation.py:435}}
Jul 07 13:07:28.232583 n-d-796209-11 devstack@placement-api.service[94262]: INFO placement.requestlog [req-bf5eacef-a36b-4ada-ab5d-10d60720f75e req-a858d9f2-4aef-4158-8d80-491ed44e1566 service placement] 10.222.0.13 "PUT /placement/allocations/315b154c-712d-4174-be95-10a30979e3af" status: 204 len: 0 microversion: 1.28
Jul 07 13:07:28.233235 n-d-796209-11 devstack@placement-api.service[94262]: [pid: 94262|app: 0|req: 175/346] 10.222.0.13 () {64 vars in 1431 bytes} [Wed Jul 7 13:07:28 2021] PUT /placement/allocations/315b154c-712d-4174-be95-10a30979e3af => generated 0 bytes in 85 msecs (HTTP/1.1 204) 5 headers in 199 bytes (1 switches on core 0)
Jul 07 13:07:28.594368 n-d-796209-11 devstack@placement-api.service[94261]: DEBUG placement.requestlog [req-538843cb-b9b7-45e5-9751-38172676bea8 req-238875a4-ee0d-4090-aeab-dd0d070005f2 None None] Starting request: 10.222.0.55 "GET /placement/allocations/7015e753-b809-4042-afd0-4c687876b814" {{(pid=94261) __call__ /opt/stack/placement/placement/requestlog.py:55}}
Jul 07 13:07:28.614410 n-d-796209-11 devstack@placement-api.service[94261]: INFO placement.requestlog [req-538843cb-b9b7-45e5-9751-38172676bea8 req-238875a4-ee0d-4090-aeab-dd0d070005f2 service placement] 10.222.0.55 "GET /placement/allocations/7015e753-b809-4042-afd0-4c687876b814" status: 200 len: 259 microversion: 1.28
Jul 07 13:07:28.615020 n-d-796209-11 devstack@placement-api.service[94261]: [pid: 94261|app: 0|req: 172/347] 10.222.0.55 () {60 vars in 1378 bytes} [Wed Jul 7 13:07:28 2021] GET /placement/allocations/7015e753-b809-4042-afd0-4c687876b814 => generated 259 bytes in 21 msecs (HTTP/1.1 200) 8 headers in 296 bytes (1 switches on core 0)
Jul 07 13:07:36.695205 n-d-796209-11 devstack@placement-api.service[94262]: DEBUG placement.requestlog [req-76b40f7e-cd78-42a3-ab72-19a6ab5e1ecc req-83bc3c42-a661-48b8-93e6-b9c845842cfa None None] Starting request: 10.222.0.18 "GET /placement/allocation_candidates?limit=1000&resources=DISK_GB%3A1%2CMEMORY_MB%3A1024%2CVCPU%3A1&root_required=%21COMPUTE_STATUS_DISABLED" {{(pid=94262) __call__ /opt/stack/placement/placement/requestlog.py:55}}
Jul 07 13:07:36.737665 n-d-796209-11 devstack@placement-api.service[94262]: DEBUG placement.objects.research_context [req-76b40f7e-cd78-42a3-ab72-19a6ab5e1ecc req-83bc3c42-a661-48b8-93e6-b9c845842cfa service placement] getting providers with 1 DISK_GB {{(pid=94262) __init__ /opt/stack/placement/placement/objects/research_context.py:126}}
Jul 07 13:07:36.747587 n-d-796209-11 devstack@placement-api.service[94262]: DEBUG placement.objects.research_context [req-76b40f7e-cd78-42a3-ab72-19a6ab5e1ecc req-83bc3c42-a661-48b8-93e6-b9c845842cfa service placement] getting providers with 1024 MEMORY_MB {{(pid=94262) __init__ /opt/stack/placement/placement/objects/research_context.py:126}}
Jul 07 13:07:36.761615 n-d-796209-11 devstack@placement-api.service[94262]: DEBUG placement.objects.research_context [req-76b40f7e-cd78-42a3-ab72-19a6ab5e1ecc req-83bc3c42-a661-48b8-93e6-b9c845842cfa service placement] getting providers with 1 VCPU {{(pid=94262) __init__ /opt/stack/placement/placement/objects/research_context.py:126}}
Jul 07 13:07:36.772070 n-d-796209-11 devstack@placement-api.service[94262]: DEBUG placement.objects.research_context [req-76b40f7e-cd78-42a3-ab72-19a6ab5e1ecc req-83bc3c42-a661-48b8-93e6-b9c845842cfa service placement] found 2 providers with available 1 DISK_GB {{(pid=94262) get_provider_ids_matching /opt/stack/placement/placement/objects/research_context.py:549}}
Jul 07 13:07:36.772814 n-d-796209-11 devstack@placement-api.service[94262]: DEBUG placement.objects.research_context [req-76b40f7e-cd78-42a3-ab72-19a6ab5e1ecc req-83bc3c42-a661-48b8-93e6-b9c845842cfa service placement] found 2 providers with available 1024 MEMORY_MB {{(pid=94262) get_provider_ids_matching /opt/stack/placement/placement/objects/research_context.py:549}}
Jul 07 13:07:36.773323 n-d-796209-11 devstack@placement-api.service[94262]: DEBUG placement.objects.research_context [req-76b40f7e-cd78-42a3-ab72-19a6ab5e1ecc req-83bc3c42-a661-48b8-93e6-b9c845842cfa service placement] found 2 providers after filtering by previous result {{(pid=94262) get_provider_ids_matching /opt/stack/placement/placement/objects/research_context.py:580}}
Jul 07 13:07:36.773817 n-d-796209-11 devstack@placement-api.service[94262]: DEBUG placement.objects.research_context [req-76b40f7e-cd78-42a3-ab72-19a6ab5e1ecc req-83bc3c42-a661-48b8-93e6-b9c845842cfa service placement] found 2 providers with available 1 VCPU {{(pid=94262) get_provider_ids_matching /opt/stack/placement/placement/objects/research_context.py:549}}
Jul 07 13:07:36.774971 n-d-796209-11 devstack@placement-api.service[94262]: DEBUG placement.objects.research_context [req-76b40f7e-cd78-42a3-ab72-19a6ab5e1ecc req-83bc3c42-a661-48b8-93e6-b9c845842cfa service placement] found 2 providers after filtering by previous result {{(pid=94262) get_provider_ids_matching /opt/stack/placement/placement/objects/research_context.py:580}}
Jul 07 13:07:36.800144 n-d-796209-11 devstack@placement-api.service[94262]: DEBUG placement.objects.allocation_candidate [req-76b40f7e-cd78-42a3-ab72-19a6ab5e1ecc req-83bc3c42-a661-48b8-93e6-b9c845842cfa service placement] RequestGroup(use_same_provider=False, resources={DISK_GB:1, MEMORY_MB:1024, VCPU:1}, traits=[], aggregates=[]) (suffix '') returned 2 matches {{(pid=94262) _get_by_requests /opt/stack/placement/placement/objects/allocation_candidate.py:145}}
Jul 07 13:07:36.810789 n-d-796209-11 devstack@placement-api.service[94262]: DEBUG placement.objects.allocation_candidate [req-76b40f7e-cd78-42a3-ab72-19a6ab5e1ecc req-83bc3c42-a661-48b8-93e6-b9c845842cfa service placement] Merging candidates yields 2 allocation requests and 2 provider summaries {{(pid=94262) _merge_candidates /opt/stack/placement/placement/objects/allocation_candidate.py:783}}
Jul 07 13:07:36.814170 n-d-796209-11 devstack@placement-api.service[94262]: INFO placement.requestlog [req-76b40f7e-cd78-42a3-ab72-19a6ab5e1ecc req-83bc3c42-a661-48b8-93e6-b9c845842cfa service placement] 10.222.0.18 "GET /placement/allocation_candidates?limit=1000&resources=DISK_GB%3A1%2CMEMORY_MB%3A1024%2CVCPU%3A1&root_required=%21COMPUTE_STATUS_DISABLED" status: 200 len: 1309 microversion: 1.35
Jul 07 13:07:36.815105 n-d-796209-11 devstack@placement-api.service[94262]: [pid: 94262|app: 0|req: 176/348] 10.222.0.18 () {60 vars in 1507 bytes} [Wed Jul 7 13:07:36 2021] GET /placement/allocation_candidates?limit=1000&resources=DISK_GB%3A1%2CMEMORY_MB%3A1024%2CVCPU%3A1&root_required=%21COMPUTE_STATUS_DISABLED => generated 1309 bytes in 121 msecs (HTTP/1.1 200) 8 headers in 297 bytes (1 switches on core 0)
Jul 07 13:07:36.879479 n-d-796209-11 devstack@placement-api.service[94261]: DEBUG placement.requestlog [req-76b40f7e-cd78-42a3-ab72-19a6ab5e1ecc req-75abc9b5-06c1-4ec4-823d-9724db66c755 None None] Starting request: 10.222.0.18 "GET /placement/allocations/8e1faad2-f34d-4305-80ee-b36e76a4fafa" {{(pid=94261) __call__ /opt/stack/placement/placement/requestlog.py:55}}
Jul 07 13:07:36.903551 n-d-796209-11 devstack@placement-api.service[94261]: INFO placement.requestlog [req-76b40f7e-cd78-42a3-ab72-19a6ab5e1ecc req-75abc9b5-06c1-4ec4-823d-9724db66c755 service placement] 10.222.0.18 "GET /placement/allocations/8e1faad2-f34d-4305-80ee-b36e76a4fafa" status: 200 len: 19 microversion: 1.28
Jul 07 13:07:36.908069 n-d-796209-11 devstack@placement-api.service[94261]: [pid: 94261|app: 0|req: 173/349] 10.222.0.18 () {60 vars in 1381 bytes} [Wed Jul 7 13:07:36 2021] GET /placement/allocations/8e1faad2-f34d-4305-80ee-b36e76a4fafa => generated 19 bytes in 29 msecs (HTTP/1.1 200) 8 headers in 295 bytes (1 switches on core 0)
Jul 07 13:07:36.913138 n-d-796209-11 devstack@placement-api.service[94262]: DEBUG placement.requestlog [req-76b40f7e-cd78-42a3-ab72-19a6ab5e1ecc req-3d7bb21d-4209-4cf5-80ad-3ba15558b65f None None] Starting request: 10.222.0.18 "PUT /placement/allocations/8e1faad2-f34d-4305-80ee-b36e76a4fafa" {{(pid=94262) __call__ /opt/stack/placement/placement/requestlog.py:55}}
Jul 07 13:07:37.018808 n-d-796209-11 devstack@placement-api.service[94262]: DEBUG placement.handlers.allocation [req-76b40f7e-cd78-42a3-ab72-19a6ab5e1ecc req-3d7bb21d-4209-4cf5-80ad-3ba15558b65f service placement] Successfully wrote allocations [, , ] {{(pid=94262) _create_allocations /opt/stack/placement/placement/handlers/allocation.py:435}}
Jul 07 13:07:37.020016 n-d-796209-11 devstack@placement-api.service[94262]: INFO placement.requestlog [req-76b40f7e-cd78-42a3-ab72-19a6ab5e1ecc req-3d7bb21d-4209-4cf5-80ad-3ba15558b65f service placement] 10.222.0.18 "PUT /placement/allocations/8e1faad2-f34d-4305-80ee-b36e76a4fafa" status: 204 len: 0 microversion: 1.35
Jul 07 13:07:37.033519 n-d-796209-11 devstack@placement-api.service[94262]: [pid: 94262|app: 0|req: 177/350] 10.222.0.18 () {64 vars in 1434 bytes} [Wed Jul 7 13:07:36 2021] PUT /placement/allocations/8e1faad2-f34d-4305-80ee-b36e76a4fafa => generated 0 bytes in 109 msecs (HTTP/1.1 204) 5 headers in 199 bytes (1 switches on core 0)
Jul 07 13:07:37.422462 n-d-796209-11 devstack@placement-api.service[94261]: DEBUG placement.requestlog [req-c78d5b0f-6816-4c5e-9919-c07b95d0fc24 req-286a7642-8438-4033-aac5-c67560cc42d1 None None] Starting request: 10.222.0.55 "GET /placement/resource_providers/725ff885-024d-46b8-a35f-ba825f2ce4e7/allocations" {{(pid=94261) __call__ /opt/stack/placement/placement/requestlog.py:55}}
Jul 07 13:07:37.475671 n-d-796209-11 devstack@placement-api.service[94261]: INFO placement.requestlog [req-c78d5b0f-6816-4c5e-9919-c07b95d0fc24 req-286a7642-8438-4033-aac5-c67560cc42d1 service placement] 10.222.0.55 "GET /placement/resource_providers/725ff885-024d-46b8-a35f-ba825f2ce4e7/allocations" status: 200 len: 457 microversion: 1.0
Jul 07 13:07:37.477528 n-d-796209-11 devstack@placement-api.service[94261]: [pid: 94261|app: 0|req: 174/351] 10.222.0.55 () {58 vars in 1391 bytes} [Wed Jul 7 13:07:37 2021] GET /placement/resource_providers/725ff885-024d-46b8-a35f-ba825f2ce4e7/allocations => generated 457 bytes in 56 msecs (HTTP/1.1 200) 6 headers in 224 bytes (2 switches on core 0)
Jul 07 13:07:37.721772 n-d-796209-11 devstack@placement-api.service[94262]: DEBUG placement.requestlog [req-76b40f7e-cd78-42a3-ab72-19a6ab5e1ecc req-b4c5175e-613a-45b6-bfb4-e9e12f7ef770 None None] Starting request: 10.222.0.13 "GET /placement/allocations/8e1faad2-f34d-4305-80ee-b36e76a4fafa" {{(pid=94262) __call__ /opt/stack/placement/placement/requestlog.py:55}}
Jul 07 13:07:37.743675 n-d-796209-11 devstack@placement-api.service[94262]: INFO placement.requestlog [req-76b40f7e-cd78-42a3-ab72-19a6ab5e1ecc req-b4c5175e-613a-45b6-bfb4-e9e12f7ef770 service placement] 10.222.0.13 "GET /placement/allocations/8e1faad2-f34d-4305-80ee-b36e76a4fafa" status: 200 len: 259 microversion: 1.28
Jul 07 13:07:37.744346 n-d-796209-11 devstack@placement-api.service[94262]: [pid: 94262|app: 0|req: 178/352] 10.222.0.13 () {60 vars in 1378 bytes} [Wed Jul 7 13:07:37 2021] GET /placement/allocations/8e1faad2-f34d-4305-80ee-b36e76a4fafa => generated 259 bytes in 24 msecs (HTTP/1.1 200) 8 headers in 296 bytes (1 switches on core 0)
Jul 07 13:07:39.422320 n-d-796209-11 devstack@placement-api.service[94261]: DEBUG placement.requestlog [req-8c632b86-a778-4aac-a9a2-b335885aa952 req-cc824e5f-73f6-4504-9f4b-17f1682f5451 None None] Starting request: 10.222.0.55 "GET /placement/allocations/d59bc797-b401-432c-abbd-c0d71dd05bfc" {{(pid=94261) __call__ /opt/stack/placement/placement/requestlog.py:55}}
Jul 07 13:07:39.441919 n-d-796209-11 devstack@placement-api.service[94261]: INFO placement.requestlog [req-8c632b86-a778-4aac-a9a2-b335885aa952 req-cc824e5f-73f6-4504-9f4b-17f1682f5451 service placement] 10.222.0.55 "GET /placement/allocations/d59bc797-b401-432c-abbd-c0d71dd05bfc" status: 200 len: 259 microversion: 1.28
Jul 07 13:07:39.442757 n-d-796209-11 devstack@placement-api.service[94261]: [pid: 94261|app: 0|req: 175/353] 10.222.0.55 () {60 vars in 1378 bytes} [Wed Jul 7 13:07:39 2021] GET /placement/allocations/d59bc797-b401-432c-abbd-c0d71dd05bfc => generated 259 bytes in 21 msecs (HTTP/1.1 200) 8 headers in 296 bytes (1 switches on core 0)
Jul 07 13:07:39.452539 n-d-796209-11 devstack@placement-api.service[94262]: DEBUG placement.requestlog [req-8c632b86-a778-4aac-a9a2-b335885aa952 req-cdcaffe3-ca23-47e6-9d68-e22f7891dd35 None None] Starting request: 10.222.0.55 "PUT /placement/allocations/d59bc797-b401-432c-abbd-c0d71dd05bfc" {{(pid=94262) __call__ /opt/stack/placement/placement/requestlog.py:55}}
Jul 07 13:07:39.535665 n-d-796209-11 devstack@placement-api.service[94262]: DEBUG placement.handlers.allocation [req-8c632b86-a778-4aac-a9a2-b335885aa952 req-cdcaffe3-ca23-47e6-9d68-e22f7891dd35 service placement] Successfully wrote allocations [, , ] {{(pid=94262) _create_allocations /opt/stack/placement/placement/handlers/allocation.py:435}}
Jul 07 13:07:39.536466 n-d-796209-11 devstack@placement-api.service[94262]: INFO placement.requestlog [req-8c632b86-a778-4aac-a9a2-b335885aa952 req-cdcaffe3-ca23-47e6-9d68-e22f7891dd35 service placement] 10.222.0.55 "PUT /placement/allocations/d59bc797-b401-432c-abbd-c0d71dd05bfc" status: 204 len: 0 microversion: 1.28
Jul 07 13:07:39.537203 n-d-796209-11 devstack@placement-api.service[94262]: [pid: 94262|app: 0|req: 179/354] 10.222.0.55 () {64 vars in 1431 bytes} [Wed Jul 7 13:07:39 2021] PUT /placement/allocations/d59bc797-b401-432c-abbd-c0d71dd05bfc => generated 0 bytes in 85 msecs (HTTP/1.1 204) 5 headers in 199 bytes (2 switches on core 0)
Jul 07 13:07:40.190889 n-d-796209-11 devstack@placement-api.service[94261]: DEBUG placement.requestlog [req-ea2693df-07ea-463c-8038-c63321ce64f2 req-19abee77-bbce-4d36-a9ea-e6a30610c48d None None] Starting request: 10.222.0.18 "GET /placement/allocation_candidates?limit=1000&resources=DISK_GB%3A1%2CMEMORY_MB%3A1024%2CVCPU%3A1&root_required=%21COMPUTE_STATUS_DISABLED" {{(pid=94261) __call__ /opt/stack/placement/placement/requestlog.py:55}}
Jul 07 13:07:40.245341 n-d-796209-11 devstack@placement-api.service[94261]: DEBUG placement.objects.research_context [req-ea2693df-07ea-463c-8038-c63321ce64f2 req-19abee77-bbce-4d36-a9ea-e6a30610c48d service placement] getting providers with 1 DISK_GB {{(pid=94261) __init__ /opt/stack/placement/placement/objects/research_context.py:126}}
Jul 07 13:07:40.253983 n-d-796209-11 devstack@placement-api.service[94261]: DEBUG placement.objects.research_context [req-ea2693df-07ea-463c-8038-c63321ce64f2 req-19abee77-bbce-4d36-a9ea-e6a30610c48d service placement] getting providers with 1024 MEMORY_MB {{(pid=94261) __init__ /opt/stack/placement/placement/objects/research_context.py:126}}
Jul 07 13:07:40.265692 n-d-796209-11 devstack@placement-api.service[94261]: DEBUG placement.objects.research_context [req-ea2693df-07ea-463c-8038-c63321ce64f2 req-19abee77-bbce-4d36-a9ea-e6a30610c48d service placement] getting providers with 1 VCPU {{(pid=94261) __init__ /opt/stack/placement/placement/objects/research_context.py:126}}
Jul 07 13:07:40.278213 n-d-796209-11 devstack@placement-api.service[94261]: DEBUG placement.objects.research_context [req-ea2693df-07ea-463c-8038-c63321ce64f2 req-19abee77-bbce-4d36-a9ea-e6a30610c48d service placement] found 2 providers with available 1 DISK_GB {{(pid=94261) get_provider_ids_matching /opt/stack/placement/placement/objects/research_context.py:549}}
Jul 07 13:07:40.278415 n-d-796209-11 devstack@placement-api.service[94261]: DEBUG placement.objects.research_context [req-ea2693df-07ea-463c-8038-c63321ce64f2 req-19abee77-bbce-4d36-a9ea-e6a30610c48d service placement] found 2 providers with available 1024 MEMORY_MB {{(pid=94261) get_provider_ids_matching /opt/stack/placement/placement/objects/research_context.py:549}}
Jul 07 13:07:40.278750 n-d-796209-11 devstack@placement-api.service[94261]: DEBUG placement.objects.research_context [req-ea2693df-07ea-463c-8038-c63321ce64f2 req-19abee77-bbce-4d36-a9ea-e6a30610c48d service placement] found 2 providers after filtering by previous result {{(pid=94261) get_provider_ids_matching /opt/stack/placement/placement/objects/research_context.py:580}}
Jul 07 13:07:40.278921 n-d-796209-11 devstack@placement-api.service[94261]: DEBUG placement.objects.research_context [req-ea2693df-07ea-463c-8038-c63321ce64f2 req-19abee77-bbce-4d36-a9ea-e6a30610c48d service placement] found 2 providers with available 1 VCPU {{(pid=94261) get_provider_ids_matching /opt/stack/placement/placement/objects/research_context.py:549}}
Jul 07 13:07:40.279153 n-d-796209-11 devstack@placement-api.service[94261]: DEBUG placement.objects.research_context [req-ea2693df-07ea-463c-8038-c63321ce64f2 req-19abee77-bbce-4d36-a9ea-e6a30610c48d service placement] found 2 providers after filtering by previous result {{(pid=94261) get_provider_ids_matching /opt/stack/placement/placement/objects/research_context.py:580}}
Jul 07 13:07:40.297241 n-d-796209-11 devstack@placement-api.service[94261]: DEBUG placement.objects.allocation_candidate [req-ea2693df-07ea-463c-8038-c63321ce64f2 req-19abee77-bbce-4d36-a9ea-e6a30610c48d service placement] RequestGroup(use_same_provider=False, resources={DISK_GB:1, MEMORY_MB:1024, VCPU:1}, traits=[], aggregates=[]) (suffix '') returned 2 matches {{(pid=94261) _get_by_requests /opt/stack/placement/placement/objects/allocation_candidate.py:145}}
Jul 07 13:07:40.297627 n-d-796209-11 devstack@placement-api.service[94261]: DEBUG placement.objects.allocation_candidate [req-ea2693df-07ea-463c-8038-c63321ce64f2 req-19abee77-bbce-4d36-a9ea-e6a30610c48d service placement] Merging candidates yields 2 allocation requests and 2 provider summaries {{(pid=94261) _merge_candidates /opt/stack/placement/placement/objects/allocation_candidate.py:783}}
Jul 07 13:07:40.299680 n-d-796209-11 devstack@placement-api.service[94261]: INFO placement.requestlog [req-ea2693df-07ea-463c-8038-c63321ce64f2 req-19abee77-bbce-4d36-a9ea-e6a30610c48d service placement] 10.222.0.18 "GET /placement/allocation_candidates?limit=1000&resources=DISK_GB%3A1%2CMEMORY_MB%3A1024%2CVCPU%3A1&root_required=%21COMPUTE_STATUS_DISABLED" status: 200 len: 1309 microversion: 1.35
Jul 07 13:07:40.300546 n-d-796209-11 devstack@placement-api.service[94261]: [pid: 94261|app: 0|req: 176/355] 10.222.0.18 () {60 vars in 1507 bytes} [Wed Jul 7 13:07:40 2021] GET /placement/allocation_candidates?limit=1000&resources=DISK_GB%3A1%2CMEMORY_MB%3A1024%2CVCPU%3A1&root_required=%21COMPUTE_STATUS_DISABLED => generated 1309 bytes in 110 msecs (HTTP/1.1 200) 8 headers in 297 bytes (1 switches on core 0)
Jul 07 13:07:40.388108 n-d-796209-11 devstack@placement-api.service[94262]: DEBUG placement.requestlog [req-ea2693df-07ea-463c-8038-c63321ce64f2 req-83e349f8-36ab-422f-b0cf-33cc44a3c01f None None] Starting request: 10.222.0.18 "GET /placement/allocations/2e38cb8c-6d51-4f46-bb07-70266633ce47" {{(pid=94262) __call__ /opt/stack/placement/placement/requestlog.py:55}}
Jul 07 13:07:40.408325 n-d-796209-11 devstack@placement-api.service[94262]: INFO placement.requestlog [req-ea2693df-07ea-463c-8038-c63321ce64f2 req-83e349f8-36ab-422f-b0cf-33cc44a3c01f service placement] 10.222.0.18 "GET /placement/allocations/2e38cb8c-6d51-4f46-bb07-70266633ce47" status: 200 len: 19 microversion: 1.28
Jul 07 13:07:40.416667 n-d-796209-11 devstack@placement-api.service[94262]: [pid: 94262|app: 0|req: 180/356] 10.222.0.18 () {60 vars in 1381 bytes} [Wed Jul 7 13:07:40 2021] GET /placement/allocations/2e38cb8c-6d51-4f46-bb07-70266633ce47 => generated 19 bytes in 29 msecs (HTTP/1.1 200) 8 headers in 295 bytes (2 switches on core 0)
Jul 07 13:07:40.417222 n-d-796209-11 devstack@placement-api.service[94261]: DEBUG placement.requestlog [req-ea2693df-07ea-463c-8038-c63321ce64f2 req-d4964baa-b504-4aaa-bae4-cc48efae54e4 None None] Starting request: 10.222.0.18 "PUT /placement/allocations/2e38cb8c-6d51-4f46-bb07-70266633ce47" {{(pid=94261) __call__ /opt/stack/placement/placement/requestlog.py:55}}
Jul 07 13:07:40.480175 n-d-796209-11 devstack@placement-api.service[94261]: DEBUG placement.handlers.allocation [req-ea2693df-07ea-463c-8038-c63321ce64f2 req-d4964baa-b504-4aaa-bae4-cc48efae54e4 service placement] Successfully wrote allocations [, , ] {{(pid=94261) _create_allocations /opt/stack/placement/placement/handlers/allocation.py:435}}
Jul 07 13:07:40.483605 n-d-796209-11 devstack@placement-api.service[94261]: INFO placement.requestlog [req-ea2693df-07ea-463c-8038-c63321ce64f2 req-d4964baa-b504-4aaa-bae4-cc48efae54e4 service placement] 10.222.0.18 "PUT /placement/allocations/2e38cb8c-6d51-4f46-bb07-70266633ce47" status: 204 len: 0 microversion: 1.35
Jul 07 13:07:40.484487 n-d-796209-11 devstack@placement-api.service[94261]: [pid: 94261|app: 0|req: 177/357] 10.222.0.18 () {64 vars in 1434 bytes} [Wed Jul 7 13:07:40 2021] PUT /placement/allocations/2e38cb8c-6d51-4f46-bb07-70266633ce47 => generated 0 bytes in 68 msecs (HTTP/1.1 204) 5 headers in 199 bytes (2 switches on core 0)
Jul 07 13:07:41.099618 n-d-796209-11 devstack@placement-api.service[94262]: DEBUG placement.requestlog [req-ea2693df-07ea-463c-8038-c63321ce64f2 req-05d490f8-d669-46d4-b1ab-7f107173332b None None] Starting request: 10.222.0.55 "GET /placement/allocations/2e38cb8c-6d51-4f46-bb07-70266633ce47" {{(pid=94262) __call__ /opt/stack/placement/placement/requestlog.py:55}}
Jul 07 13:07:41.144163 n-d-796209-11 devstack@placement-api.service[94262]: INFO placement.requestlog [req-ea2693df-07ea-463c-8038-c63321ce64f2 req-05d490f8-d669-46d4-b1ab-7f107173332b service placement] 10.222.0.55 "GET /placement/allocations/2e38cb8c-6d51-4f46-bb07-70266633ce47" status: 200 len: 259 microversion: 1.28
Jul 07 13:07:41.144743 n-d-796209-11 devstack@placement-api.service[94262]: [pid: 94262|app: 0|req: 181/358] 10.222.0.55 () {60 vars in 1378 bytes} [Wed Jul 7 13:07:41 2021] GET /placement/allocations/2e38cb8c-6d51-4f46-bb07-70266633ce47 => generated 259 bytes in 46 msecs (HTTP/1.1 200) 8 headers in 296 bytes (2 switches on core 0)
Jul 07 13:07:41.163792 n-d-796209-11 devstack@placement-api.service[94261]: DEBUG placement.requestlog [req-538843cb-b9b7-45e5-9751-38172676bea8 req-eebd5802-5851-47ff-a262-f65475c984b5 None None] Starting request: 10.222.0.13 "GET /placement/allocations/da44c7d2-cb96-4399-8855-96fed0ef48b0" {{(pid=94261) __call__ /opt/stack/placement/placement/requestlog.py:55}}
Jul 07 13:07:41.193505 n-d-796209-11 devstack@placement-api.service[94261]: INFO placement.requestlog [req-538843cb-b9b7-45e5-9751-38172676bea8 req-eebd5802-5851-47ff-a262-f65475c984b5 service placement] 10.222.0.13 "GET /placement/allocations/da44c7d2-cb96-4399-8855-96fed0ef48b0" status: 200 len: 259 microversion: 1.28
Jul 07 13:07:41.194250 n-d-796209-11 devstack@placement-api.service[94261]: [pid: 94261|app: 0|req: 178/359] 10.222.0.13 () {60 vars in 1378 bytes} [Wed Jul 7 13:07:41 2021] GET /placement/allocations/da44c7d2-cb96-4399-8855-96fed0ef48b0 => generated 259 bytes in 31 msecs (HTTP/1.1 200) 8 headers in 296 bytes (1 switches on core 0)
Jul 07 13:07:41.202478 n-d-796209-11 devstack@placement-api.service[94262]: DEBUG placement.requestlog [req-538843cb-b9b7-45e5-9751-38172676bea8 req-83afc215-0537-42ab-b5d3-4bf9cc7c313c None None] Starting request: 10.222.0.13 "GET /placement/allocations/da44c7d2-cb96-4399-8855-96fed0ef48b0" {{(pid=94262) __call__ /opt/stack/placement/placement/requestlog.py:55}}
Jul 07 13:07:41.224870 n-d-796209-11 devstack@placement-api.service[94262]: INFO placement.requestlog [req-538843cb-b9b7-45e5-9751-38172676bea8 req-83afc215-0537-42ab-b5d3-4bf9cc7c313c service placement] 10.222.0.13 "GET /placement/allocations/da44c7d2-cb96-4399-8855-96fed0ef48b0" status: 200 len: 259 microversion: 1.28
Jul 07 13:07:41.225451 n-d-796209-11 devstack@placement-api.service[94262]: [pid: 94262|app: 0|req: 182/360] 10.222.0.13 () {60 vars in 1378 bytes} [Wed Jul 7 13:07:41 2021] GET /placement/allocations/da44c7d2-cb96-4399-8855-96fed0ef48b0 => generated 259 bytes in 23 msecs (HTTP/1.1 200) 8 headers in 296 bytes (1 switches on core 0)
Jul 07 13:07:41.233275 n-d-796209-11 devstack@placement-api.service[94261]: DEBUG placement.requestlog [req-538843cb-b9b7-45e5-9751-38172676bea8 req-da417c1a-66d5-49b5-ae88-61035c41e067 None None] Starting request: 10.222.0.13 "GET /placement/allocations/7015e753-b809-4042-afd0-4c687876b814" {{(pid=94261) __call__ /opt/stack/placement/placement/requestlog.py:55}}
Jul 07 13:07:41.249505 n-d-796209-11 devstack@placement-api.service[94261]: INFO placement.requestlog [req-538843cb-b9b7-45e5-9751-38172676bea8 req-da417c1a-66d5-49b5-ae88-61035c41e067 service placement] 10.222.0.13 "GET /placement/allocations/7015e753-b809-4042-afd0-4c687876b814" status: 200 len: 259 microversion: 1.28
Jul 07 13:07:41.250167 n-d-796209-11 devstack@placement-api.service[94261]: [pid: 94261|app: 0|req: 179/361] 10.222.0.13 () {60 vars in 1378 bytes} [Wed Jul 7 13:07:41 2021] GET /placement/allocations/7015e753-b809-4042-afd0-4c687876b814 => generated 259 bytes in 17 msecs (HTTP/1.1 200) 8 headers in 296 bytes (1 switches on core 0)
Jul 07 13:07:41.259383 n-d-796209-11 devstack@placement-api.service[94262]: DEBUG placement.requestlog [req-538843cb-b9b7-45e5-9751-38172676bea8 req-8aedfdb7-86ea-4fbd-ba87-72cd68e99f16 None None] Starting request: 10.222.0.13 "POST /placement/allocations" {{(pid=94262) __call__ /opt/stack/placement/placement/requestlog.py:55}}
Jul 07 13:07:41.476805 n-d-796209-11 devstack@placement-api.service[94262]: DEBUG placement.handlers.allocation [req-538843cb-b9b7-45e5-9751-38172676bea8 req-8aedfdb7-86ea-4fbd-ba87-72cd68e99f16 service placement] Successfully wrote allocations [, , , , , ] {{(pid=94262) _create_allocations /opt/stack/placement/placement/handlers/allocation.py:524}}
Jul 07 13:07:41.477372 n-d-796209-11 devstack@placement-api.service[94262]: INFO placement.requestlog [req-538843cb-b9b7-45e5-9751-38172676bea8 req-8aedfdb7-86ea-4fbd-ba87-72cd68e99f16 service placement] 10.222.0.13 "POST /placement/allocations" status: 204 len: 0 microversion: 1.28
Jul 07 13:07:41.478098 n-d-796209-11 devstack@placement-api.service[94262]: [pid: 94262|app: 0|req: 183/362] 10.222.0.13 () {64 vars in 1321 bytes} [Wed Jul 7 13:07:41 2021] POST /placement/allocations => generated 0 bytes in 219 msecs (HTTP/1.1 204) 5 headers in 199 bytes (1 switches on core 0)
Jul 07 13:07:45.827697 n-d-796209-11 devstack@placement-api.service[94261]: DEBUG placement.requestlog [req-28861da6-bad8-4782-a2d1-d9ffdb324b5b req-ee298477-3c2f-497f-bfdd-50066e5d1df0 None None] Starting request: 10.222.0.18 "GET /placement/allocation_candidates?limit=1000&resources=DISK_GB%3A1%2CMEMORY_MB%3A1024%2CVCPU%3A1&root_required=%21COMPUTE_STATUS_DISABLED" {{(pid=94261) __call__ /opt/stack/placement/placement/requestlog.py:55}}
Jul 07 13:07:45.925154 n-d-796209-11 devstack@placement-api.service[94261]: DEBUG placement.objects.research_context [req-28861da6-bad8-4782-a2d1-d9ffdb324b5b req-ee298477-3c2f-497f-bfdd-50066e5d1df0 service placement] getting providers with 1 DISK_GB {{(pid=94261) __init__ /opt/stack/placement/placement/objects/research_context.py:126}}
Jul 07 13:07:45.958696 n-d-796209-11 devstack@placement-api.service[94261]: DEBUG placement.objects.research_context [req-28861da6-bad8-4782-a2d1-d9ffdb324b5b req-ee298477-3c2f-497f-bfdd-50066e5d1df0 service placement] getting providers with 1024 MEMORY_MB {{(pid=94261) __init__ /opt/stack/placement/placement/objects/research_context.py:126}}
Jul 07 13:07:45.979194 n-d-796209-11 devstack@placement-api.service[94261]: DEBUG placement.objects.research_context [req-28861da6-bad8-4782-a2d1-d9ffdb324b5b req-ee298477-3c2f-497f-bfdd-50066e5d1df0 service placement] getting providers with 1 VCPU {{(pid=94261) __init__ /opt/stack/placement/placement/objects/research_context.py:126}}
Jul 07 13:07:46.012091 n-d-796209-11 devstack@placement-api.service[94261]: DEBUG placement.objects.research_context [req-28861da6-bad8-4782-a2d1-d9ffdb324b5b req-ee298477-3c2f-497f-bfdd-50066e5d1df0 service placement] found 2 providers with available 1 DISK_GB {{(pid=94261) get_provider_ids_matching /opt/stack/placement/placement/objects/research_context.py:549}}
Jul 07 13:07:46.014055 n-d-796209-11 devstack@placement-api.service[94261]: DEBUG placement.objects.research_context [req-28861da6-bad8-4782-a2d1-d9ffdb324b5b req-ee298477-3c2f-497f-bfdd-50066e5d1df0 service placement] found 2 providers with available 1024 MEMORY_MB {{(pid=94261) get_provider_ids_matching /opt/stack/placement/placement/objects/research_context.py:549}}
Jul 07 13:07:46.014971 n-d-796209-11 devstack@placement-api.service[94261]: DEBUG placement.objects.research_context [req-28861da6-bad8-4782-a2d1-d9ffdb324b5b req-ee298477-3c2f-497f-bfdd-50066e5d1df0 service placement] found 2 providers after filtering by previous result {{(pid=94261) get_provider_ids_matching /opt/stack/placement/placement/objects/research_context.py:580}}
Jul 07 13:07:46.016004 n-d-796209-11 devstack@placement-api.service[94261]: DEBUG placement.objects.research_context [req-28861da6-bad8-4782-a2d1-d9ffdb324b5b req-ee298477-3c2f-497f-bfdd-50066e5d1df0 service placement] found 2 providers with available 1 VCPU {{(pid=94261) get_provider_ids_matching /opt/stack/placement/placement/objects/research_context.py:549}}
Jul 07 13:07:46.016707 n-d-796209-11 devstack@placement-api.service[94261]: DEBUG placement.objects.research_context [req-28861da6-bad8-4782-a2d1-d9ffdb324b5b req-ee298477-3c2f-497f-bfdd-50066e5d1df0 service placement] found 2 providers after filtering by previous result {{(pid=94261) get_provider_ids_matching /opt/stack/placement/placement/objects/research_context.py:580}}
Jul 07 13:07:46.047494 n-d-796209-11 devstack@placement-api.service[94261]: DEBUG placement.objects.allocation_candidate [req-28861da6-bad8-4782-a2d1-d9ffdb324b5b req-ee298477-3c2f-497f-bfdd-50066e5d1df0 service placement] RequestGroup(use_same_provider=False, resources={DISK_GB:1, MEMORY_MB:1024, VCPU:1}, traits=[], aggregates=[]) (suffix '') returned 2 matches {{(pid=94261) _get_by_requests /opt/stack/placement/placement/objects/allocation_candidate.py:145}}
Jul 07 13:07:46.048236 n-d-796209-11 devstack@placement-api.service[94261]: DEBUG placement.objects.allocation_candidate [req-28861da6-bad8-4782-a2d1-d9ffdb324b5b req-ee298477-3c2f-497f-bfdd-50066e5d1df0 service placement] Merging candidates yields 2 allocation requests and 2 provider summaries {{(pid=94261) _merge_candidates /opt/stack/placement/placement/objects/allocation_candidate.py:783}}
Jul 07 13:07:46.051956 n-d-796209-11 devstack@placement-api.service[94261]: INFO placement.requestlog [req-28861da6-bad8-4782-a2d1-d9ffdb324b5b req-ee298477-3c2f-497f-bfdd-50066e5d1df0 service placement] 10.222.0.18 "GET /placement/allocation_candidates?limit=1000&resources=DISK_GB%3A1%2CMEMORY_MB%3A1024%2CVCPU%3A1&root_required=%21COMPUTE_STATUS_DISABLED" status: 200 len: 1309 microversion: 1.35
Jul 07 13:07:46.053141 n-d-796209-11 devstack@placement-api.service[94261]: [pid: 94261|app: 0|req: 180/363] 10.222.0.18 () {60 vars in 1507 bytes} [Wed Jul 7 13:07:45 2021] GET /placement/allocation_candidates?limit=1000&resources=DISK_GB%3A1%2CMEMORY_MB%3A1024%2CVCPU%3A1&root_required=%21COMPUTE_STATUS_DISABLED => generated 1309 bytes in 226 msecs (HTTP/1.1 200) 8 headers in 297 bytes (1 switches on core 0)
Jul 07 13:07:46.165523 n-d-796209-11 devstack@placement-api.service[94262]: DEBUG placement.requestlog [req-28861da6-bad8-4782-a2d1-d9ffdb324b5b req-0dfcebc8-70c0-4da6-a5c2-a1ae04409612 None None] Starting request: 10.222.0.18 "GET /placement/allocations/a4e476bd-8170-42c4-8e6a-90a7c300b13e" {{(pid=94262) __call__ /opt/stack/placement/placement/requestlog.py:55}}
Jul 07 13:07:46.179141 n-d-796209-11 devstack@placement-api.service[94262]: INFO placement.requestlog [req-28861da6-bad8-4782-a2d1-d9ffdb324b5b req-0dfcebc8-70c0-4da6-a5c2-a1ae04409612 service placement] 10.222.0.18 "GET /placement/allocations/a4e476bd-8170-42c4-8e6a-90a7c300b13e" status: 200 len: 19 microversion: 1.28
Jul 07 13:07:46.179698 n-d-796209-11 devstack@placement-api.service[94262]: [pid: 94262|app: 0|req: 184/364] 10.222.0.18 () {60 vars in 1381 bytes} [Wed Jul 7 13:07:46 2021] GET /placement/allocations/a4e476bd-8170-42c4-8e6a-90a7c300b13e => generated 19 bytes in 14 msecs (HTTP/1.1 200) 8 headers in 295 bytes (1 switches on core 0)
Jul 07 13:07:46.185871 n-d-796209-11 devstack@placement-api.service[94261]: DEBUG placement.requestlog [req-28861da6-bad8-4782-a2d1-d9ffdb324b5b req-47623a37-abb2-42df-a895-56fb2097df8a None None] Starting request: 10.222.0.18 "PUT /placement/allocations/a4e476bd-8170-42c4-8e6a-90a7c300b13e" {{(pid=94261) __call__ /opt/stack/placement/placement/requestlog.py:55}}
Jul 07 13:07:46.240611 n-d-796209-11 devstack@placement-api.service[94261]: DEBUG placement.handlers.allocation [req-28861da6-bad8-4782-a2d1-d9ffdb324b5b req-47623a37-abb2-42df-a895-56fb2097df8a service placement] Successfully wrote allocations [, , ] {{(pid=94261) _create_allocations /opt/stack/placement/placement/handlers/allocation.py:435}}
Jul 07 13:07:46.241696 n-d-796209-11 devstack@placement-api.service[94261]: INFO placement.requestlog [req-28861da6-bad8-4782-a2d1-d9ffdb324b5b req-47623a37-abb2-42df-a895-56fb2097df8a service placement] 10.222.0.18 "PUT /placement/allocations/a4e476bd-8170-42c4-8e6a-90a7c300b13e" status: 204 len: 0 microversion: 1.35
Jul 07 13:07:46.242337 n-d-796209-11 devstack@placement-api.service[94261]: [pid: 94261|app: 0|req: 181/365] 10.222.0.18 () {64 vars in 1434 bytes} [Wed Jul 7 13:07:46 2021] PUT /placement/allocations/a4e476bd-8170-42c4-8e6a-90a7c300b13e => generated 0 bytes in 57 msecs (HTTP/1.1 204) 5 headers in 199 bytes (1 switches on core 0)
Jul 07 13:07:46.785602 n-d-796209-11 devstack@placement-api.service[94262]: DEBUG placement.requestlog [req-28861da6-bad8-4782-a2d1-d9ffdb324b5b req-319c9eeb-5c74-4559-81a5-6a153c486312 None None] Starting request: 10.222.0.13 "GET /placement/allocations/a4e476bd-8170-42c4-8e6a-90a7c300b13e" {{(pid=94262) __call__ /opt/stack/placement/placement/requestlog.py:55}}
Jul 07 13:07:46.821289 n-d-796209-11 devstack@placement-api.service[94262]: INFO placement.requestlog [req-28861da6-bad8-4782-a2d1-d9ffdb324b5b req-319c9eeb-5c74-4559-81a5-6a153c486312 service placement] 10.222.0.13 "GET /placement/allocations/a4e476bd-8170-42c4-8e6a-90a7c300b13e" status: 200 len: 259 microversion: 1.28
Jul 07 13:07:46.823923 n-d-796209-11 devstack@placement-api.service[94262]: [pid: 94262|app: 0|req: 185/366] 10.222.0.13 () {60 vars in 1378 bytes} [Wed Jul 7 13:07:46 2021] GET /placement/allocations/a4e476bd-8170-42c4-8e6a-90a7c300b13e => generated 259 bytes in 38 msecs (HTTP/1.1 200) 8 headers in 296 bytes (2 switches on core 0)
Jul 07 13:07:48.877319 n-d-796209-11 devstack@placement-api.service[94261]: DEBUG placement.requestlog [req-f86d7ee9-9924-4a5f-91f9-dae0a0623393 req-5de1ddf0-49ca-4256-977b-41be62d0f78a None None] Starting request: 10.222.0.18 "GET /placement/allocation_candidates?limit=1000&resources=MEMORY_MB%3A1024%2CVCPU%3A1&root_required=%21COMPUTE_STATUS_DISABLED" {{(pid=94261) __call__ /opt/stack/placement/placement/requestlog.py:55}}
Jul 07 13:07:48.915889 n-d-796209-11 devstack@placement-api.service[94261]: DEBUG placement.objects.research_context [req-f86d7ee9-9924-4a5f-91f9-dae0a0623393 req-5de1ddf0-49ca-4256-977b-41be62d0f78a service placement] getting providers with 1024 MEMORY_MB {{(pid=94261) __init__ /opt/stack/placement/placement/objects/research_context.py:126}}
Jul 07 13:07:48.942850 n-d-796209-11 devstack@placement-api.service[94261]: DEBUG placement.objects.research_context [req-f86d7ee9-9924-4a5f-91f9-dae0a0623393 req-5de1ddf0-49ca-4256-977b-41be62d0f78a service placement] getting providers with 1 VCPU {{(pid=94261) __init__ /opt/stack/placement/placement/objects/research_context.py:126}}
Jul 07 13:07:48.952892 n-d-796209-11 devstack@placement-api.service[94261]: DEBUG placement.objects.research_context [req-f86d7ee9-9924-4a5f-91f9-dae0a0623393 req-5de1ddf0-49ca-4256-977b-41be62d0f78a service placement] found 2 providers with available 1024 MEMORY_MB {{(pid=94261) get_provider_ids_matching /opt/stack/placement/placement/objects/research_context.py:549}}
Jul 07 13:07:48.953169 n-d-796209-11 devstack@placement-api.service[94261]: DEBUG placement.objects.research_context [req-f86d7ee9-9924-4a5f-91f9-dae0a0623393 req-5de1ddf0-49ca-4256-977b-41be62d0f78a service placement] found 2 providers with available 1 VCPU {{(pid=94261) get_provider_ids_matching /opt/stack/placement/placement/objects/research_context.py:549}}
Jul 07 13:07:48.953504 n-d-796209-11 devstack@placement-api.service[94261]: DEBUG placement.objects.research_context [req-f86d7ee9-9924-4a5f-91f9-dae0a0623393 req-5de1ddf0-49ca-4256-977b-41be62d0f78a service placement] found 2 providers after filtering by previous result {{(pid=94261) get_provider_ids_matching /opt/stack/placement/placement/objects/research_context.py:580}}
Jul 07 13:07:48.967303 n-d-796209-11 devstack@placement-api.service[94261]: DEBUG placement.objects.allocation_candidate [req-f86d7ee9-9924-4a5f-91f9-dae0a0623393 req-5de1ddf0-49ca-4256-977b-41be62d0f78a service placement] RequestGroup(use_same_provider=False, resources={MEMORY_MB:1024, VCPU:1}, traits=[], aggregates=[]) (suffix '') returned 2 matches {{(pid=94261) _get_by_requests /opt/stack/placement/placement/objects/allocation_candidate.py:145}}
Jul 07 13:07:48.967652 n-d-796209-11 devstack@placement-api.service[94261]: DEBUG placement.objects.allocation_candidate [req-f86d7ee9-9924-4a5f-91f9-dae0a0623393 req-5de1ddf0-49ca-4256-977b-41be62d0f78a service placement] Merging candidates yields 2 allocation requests and 2 provider summaries {{(pid=94261) _merge_candidates /opt/stack/placement/placement/objects/allocation_candidate.py:783}}
Jul 07 13:07:48.969701 n-d-796209-11 devstack@placement-api.service[94261]: INFO placement.requestlog [req-f86d7ee9-9924-4a5f-91f9-dae0a0623393 req-5de1ddf0-49ca-4256-977b-41be62d0f78a service placement] 10.222.0.18 "GET /placement/allocation_candidates?limit=1000&resources=MEMORY_MB%3A1024%2CVCPU%3A1&root_required=%21COMPUTE_STATUS_DISABLED" status: 200 len: 1281 microversion: 1.35
Jul 07 13:07:49.000452 n-d-796209-11 devstack@placement-api.service[94261]: [pid: 94261|app: 0|req: 182/367] 10.222.0.18 () {60 vars in 1479 bytes} [Wed Jul 7 13:07:48 2021] GET /placement/allocation_candidates?limit=1000&resources=MEMORY_MB%3A1024%2CVCPU%3A1&root_required=%21COMPUTE_STATUS_DISABLED => generated 1281 bytes in 123 msecs (HTTP/1.1 200) 8 headers in 297 bytes (1 switches on core 0)
Jul 07 13:07:49.139399 n-d-796209-11 devstack@placement-api.service[94262]: DEBUG placement.requestlog [req-f86d7ee9-9924-4a5f-91f9-dae0a0623393 req-e048a4e1-ee72-4b3c-9a76-d16cd4ae25b2 None None] Starting request: 10.222.0.18 "GET /placement/allocations/0a3d448c-37a3-4ff6-933c-75579e548b71" {{(pid=94262) __call__ /opt/stack/placement/placement/requestlog.py:55}}
Jul 07 13:07:49.160239 n-d-796209-11 devstack@placement-api.service[94262]: INFO placement.requestlog [req-f86d7ee9-9924-4a5f-91f9-dae0a0623393 req-e048a4e1-ee72-4b3c-9a76-d16cd4ae25b2 service placement] 10.222.0.18 "GET /placement/allocations/0a3d448c-37a3-4ff6-933c-75579e548b71" status: 200 len: 19 microversion: 1.28
Jul 07 13:07:49.160902 n-d-796209-11 devstack@placement-api.service[94262]: [pid: 94262|app: 0|req: 186/368] 10.222.0.18 () {60 vars in 1381 bytes} [Wed Jul 7 13:07:49 2021] GET /placement/allocations/0a3d448c-37a3-4ff6-933c-75579e548b71 => generated 19 bytes in 22 msecs (HTTP/1.1 200) 8 headers in 295 bytes (2 switches on core 0)
Jul 07 13:07:49.169911 n-d-796209-11 devstack@placement-api.service[94261]: DEBUG placement.requestlog [req-f86d7ee9-9924-4a5f-91f9-dae0a0623393 req-43483d8e-7bc8-4071-ba02-fd0446bb7342 None None] Starting request: 10.222.0.18 "PUT /placement/allocations/0a3d448c-37a3-4ff6-933c-75579e548b71" {{(pid=94261) __call__ /opt/stack/placement/placement/requestlog.py:55}}
Jul 07 13:07:49.321176 n-d-796209-11 devstack@placement-api.service[94261]: DEBUG placement.handlers.allocation [req-f86d7ee9-9924-4a5f-91f9-dae0a0623393 req-43483d8e-7bc8-4071-ba02-fd0446bb7342 service placement] Successfully wrote allocations [, ] {{(pid=94261) _create_allocations /opt/stack/placement/placement/handlers/allocation.py:435}}
Jul 07 13:07:49.321962 n-d-796209-11 devstack@placement-api.service[94261]: INFO placement.requestlog [req-f86d7ee9-9924-4a5f-91f9-dae0a0623393 req-43483d8e-7bc8-4071-ba02-fd0446bb7342 service placement] 10.222.0.18 "PUT /placement/allocations/0a3d448c-37a3-4ff6-933c-75579e548b71" status: 204 len: 0 microversion: 1.35
Jul 07 13:07:49.322691 n-d-796209-11 devstack@placement-api.service[94261]: [pid: 94261|app: 0|req: 183/369] 10.222.0.18 () {64 vars in 1434 bytes} [Wed Jul 7 13:07:49 2021] PUT /placement/allocations/0a3d448c-37a3-4ff6-933c-75579e548b71 => generated 0 bytes in 153 msecs (HTTP/1.1 204) 5 headers in 199 bytes (2 switches on core 0)
Jul 07 13:07:50.336102 n-d-796209-11 devstack@placement-api.service[94262]: DEBUG placement.requestlog [req-f86d7ee9-9924-4a5f-91f9-dae0a0623393 req-192879aa-3ca0-4b38-b350-f8c8a6696e7f None None] Starting request: 10.222.0.55 "GET /placement/allocations/0a3d448c-37a3-4ff6-933c-75579e548b71" {{(pid=94262) __call__ /opt/stack/placement/placement/requestlog.py:55}}
Jul 07 13:07:50.377330 n-d-796209-11 devstack@placement-api.service[94261]: DEBUG placement.requestlog [req-f4dd2554-031f-4894-9773-130c0d80fac8 req-e59450ce-a490-4527-9ace-ff4f1a77f907 None None] Starting request: 10.222.0.13 "GET /placement/resource_providers/2d34cd22-8416-4ba3-a68c-07c8b48c3eb7/allocations" {{(pid=94261) __call__ /opt/stack/placement/placement/requestlog.py:55}}
Jul 07 13:07:50.387090 n-d-796209-11 devstack@placement-api.service[94262]: INFO placement.requestlog [req-f86d7ee9-9924-4a5f-91f9-dae0a0623393 req-192879aa-3ca0-4b38-b350-f8c8a6696e7f service placement] 10.222.0.55 "GET /placement/allocations/0a3d448c-37a3-4ff6-933c-75579e548b71" status: 200 len: 245 microversion: 1.28
Jul 07 13:07:50.387390 n-d-796209-11 devstack@placement-api.service[94262]: [pid: 94262|app: 0|req: 187/370] 10.222.0.55 () {60 vars in 1378 bytes} [Wed Jul 7 13:07:50 2021] GET /placement/allocations/0a3d448c-37a3-4ff6-933c-75579e548b71 => generated 245 bytes in 51 msecs (HTTP/1.1 200) 8 headers in 296 bytes (1 switches on core 0)
Jul 07 13:07:50.410652 n-d-796209-11 devstack@placement-api.service[94261]: INFO placement.requestlog [req-f4dd2554-031f-4894-9773-130c0d80fac8 req-e59450ce-a490-4527-9ace-ff4f1a77f907 service placement] 10.222.0.13 "GET /placement/resource_providers/2d34cd22-8416-4ba3-a68c-07c8b48c3eb7/allocations" status: 200 len: 443 microversion: 1.0
Jul 07 13:07:50.411298 n-d-796209-11 devstack@placement-api.service[94261]: [pid: 94261|app: 0|req: 184/371] 10.222.0.13 () {58 vars in 1391 bytes} [Wed Jul 7 13:07:50 2021] GET /placement/resource_providers/2d34cd22-8416-4ba3-a68c-07c8b48c3eb7/allocations => generated 443 bytes in 34 msecs (HTTP/1.1 200) 6 headers in 224 bytes (2 switches on core 0)
Jul 07 13:07:55.090481 n-d-796209-11 devstack@placement-api.service[94262]: DEBUG placement.requestlog [req-2cb18230-29ea-4d11-baf5-bfd43fabf20f req-e7e7acc9-ff89-4204-b643-4d709e796a15 None None] Starting request: 10.222.0.18 "GET /placement/allocation_candidates?limit=1000&resources=DISK_GB%3A1%2CMEMORY_MB%3A1024%2CVCPU%3A1&root_required=%21COMPUTE_STATUS_DISABLED" {{(pid=94262) __call__ /opt/stack/placement/placement/requestlog.py:55}}
Jul 07 13:07:55.150006 n-d-796209-11 devstack@placement-api.service[94262]: DEBUG placement.objects.research_context [req-2cb18230-29ea-4d11-baf5-bfd43fabf20f req-e7e7acc9-ff89-4204-b643-4d709e796a15 service placement] getting providers with 1 DISK_GB {{(pid=94262) __init__ /opt/stack/placement/placement/objects/research_context.py:126}}
Jul 07 13:07:55.172029 n-d-796209-11 devstack@placement-api.service[94262]: DEBUG placement.objects.research_context [req-2cb18230-29ea-4d11-baf5-bfd43fabf20f req-e7e7acc9-ff89-4204-b643-4d709e796a15 service placement] getting providers with 1024 MEMORY_MB {{(pid=94262) __init__ /opt/stack/placement/placement/objects/research_context.py:126}}
