Sep 02 13:25:34.877259 n-d-794796-4 devstack@n-api.service[109681]: DEBUG oslo_concurrency.lockutils [None req-d35adf90-8c7c-459c-a499-9f1c3ccffaf4 tempest-AggregatesAdminTestJSON-281840994 tempest-AggregatesAdminTestJSON-281840994-project] Lock "7d3a952f-df54-4aa4-8c22-888466ce434d" acquired by "nova.context.set_target_cell..get_or_set_cached_cell_and_set_connections" :: waited 0.000s {{(pid=109681) inner /usr/local/lib/python3.8/dist-packages/oslo_concurrency/lockutils.py:355}}
Sep 02 13:25:34.880870 n-d-794796-4 devstack@n-api.service[109681]: DEBUG oslo_concurrency.lockutils [None req-d35adf90-8c7c-459c-a499-9f1c3ccffaf4 tempest-AggregatesAdminTestJSON-281840994 tempest-AggregatesAdminTestJSON-281840994-project] Lock "7d3a952f-df54-4aa4-8c22-888466ce434d" released by "nova.context.set_target_cell..get_or_set_cached_cell_and_set_connections" :: held 0.004s {{(pid=109681) inner /usr/local/lib/python3.8/dist-packages/oslo_concurrency/lockutils.py:367}}
Sep 02 13:25:34.971154 n-d-794796-4 devstack@n-api.service[109682]: INFO nova.api.openstack.requestlog [None req-fc32091f-6db6-4c6a-935c-240165b3ca68 tempest-QuotasAdminTestJSON-619137072 tempest-QuotasAdminTestJSON-619137072-project-admin] 10.222.0.13 "GET /compute/v2.1/os-quota-sets/1529fe0fe4544800baf21d7a03009237" status: 200 len: 371 microversion: 2.1 time: 0.788486
Sep 02 13:25:34.972478 n-d-794796-4 devstack@n-api.service[109682]: [pid: 109682|app: 0|req: 91/164] 10.222.0.13 () {58 vars in 1242 bytes} [Thu Sep 2 13:25:34 2021] GET /compute/v2.1/os-quota-sets/1529fe0fe4544800baf21d7a03009237 => generated 371 bytes in 791 msecs (HTTP/1.1 200) 9 headers in 357 bytes (1 switches on core 0)
Sep 02 13:25:34.990392 n-d-794796-4 devstack@n-api.service[109682]: DEBUG nova.api.openstack.wsgi [None req-69cf9bca-f7c4-49cf-9866-806e826b9808 tempest-QuotasAdminTestJSON-619137072 tempest-QuotasAdminTestJSON-619137072-project-admin] Action: 'update', calling method: .version_select at 0x7f935a55c9d0>, body: {"quota_set": {"ram": "5120"}} {{(pid=109682) _process_stack /opt/stack/nova/nova/api/openstack/wsgi.py:511}}
Sep 02 13:25:34.992431 n-d-794796-4 devstack@n-api.service[109682]: /usr/local/lib/python3.8/dist-packages/oslo_policy/policy.py:1064: UserWarning: Policy os_compute_api:os-quota-sets:update failed scope check. The token used to make the request was project scoped but the policy requires ['system'] scope. This behavior may change in the future where using the intended scope is required
Sep 02 13:25:34.992431 n-d-794796-4 devstack@n-api.service[109682]: warnings.warn(msg)
Sep 02 13:25:35.212051 n-d-794796-4 devstack@n-api.service[109682]: DEBUG oslo_concurrency.lockutils [None req-69cf9bca-f7c4-49cf-9866-806e826b9808 tempest-QuotasAdminTestJSON-619137072 tempest-QuotasAdminTestJSON-619137072-project-admin] Lock "00000000-0000-0000-0000-000000000000" acquired by "nova.context.set_target_cell..get_or_set_cached_cell_and_set_connections" :: waited 0.000s {{(pid=109682) inner /usr/local/lib/python3.8/dist-packages/oslo_concurrency/lockutils.py:355}}
Sep 02 13:25:35.213053 n-d-794796-4 devstack@n-api.service[109682]: DEBUG oslo_concurrency.lockutils [None req-69cf9bca-f7c4-49cf-9866-806e826b9808 tempest-QuotasAdminTestJSON-619137072 tempest-QuotasAdminTestJSON-619137072-project-admin] Lock "00000000-0000-0000-0000-000000000000" released by "nova.context.set_target_cell..get_or_set_cached_cell_and_set_connections" :: held 0.003s {{(pid=109682) inner /usr/local/lib/python3.8/dist-packages/oslo_concurrency/lockutils.py:367}}
Sep 02 13:25:35.216507 n-d-794796-4 devstack@n-api.service[109682]: DEBUG oslo_concurrency.lockutils [None req-69cf9bca-f7c4-49cf-9866-806e826b9808 tempest-QuotasAdminTestJSON-619137072 tempest-QuotasAdminTestJSON-619137072-project-admin] Lock "7d3a952f-df54-4aa4-8c22-888466ce434d" acquired by "nova.context.set_target_cell..get_or_set_cached_cell_and_set_connections" :: waited 0.000s {{(pid=109682) inner /usr/local/lib/python3.8/dist-packages/oslo_concurrency/lockutils.py:355}}
Sep 02 13:25:35.218156 n-d-794796-4 devstack@n-api.service[109682]: DEBUG oslo_concurrency.lockutils [None req-69cf9bca-f7c4-49cf-9866-806e826b9808 tempest-QuotasAdminTestJSON-619137072 tempest-QuotasAdminTestJSON-619137072-project-admin] Lock "7d3a952f-df54-4aa4-8c22-888466ce434d" released by "nova.context.set_target_cell..get_or_set_cached_cell_and_set_connections" :: held 0.001s {{(pid=109682) inner /usr/local/lib/python3.8/dist-packages/oslo_concurrency/lockutils.py:367}}
Sep 02 13:25:35.394723 n-d-794796-4 devstack@n-api.service[109682]: INFO nova.api.openstack.requestlog [None req-69cf9bca-f7c4-49cf-9866-806e826b9808 tempest-QuotasAdminTestJSON-619137072 tempest-QuotasAdminTestJSON-619137072-project-admin] 10.222.0.13 "PUT /compute/v2.1/os-quota-sets/1529fe0fe4544800baf21d7a03009237" status: 200 len: 328 microversion: 2.1 time: 0.413527
Sep 02 13:25:35.403219 n-d-794796-4 devstack@n-api.service[109682]: [pid: 109682|app: 0|req: 92/165] 10.222.0.13 () {60 vars in 1262 bytes} [Thu Sep 2 13:25:34 2021] PUT /compute/v2.1/os-quota-sets/1529fe0fe4544800baf21d7a03009237 => generated 328 bytes in 422 msecs (HTTP/1.1 200) 9 headers in 357 bytes (1 switches on core 0)
Sep 02 13:25:35.447336 n-d-794796-4 devstack@n-api.service[109681]: DEBUG nova.policy [None req-d35adf90-8c7c-459c-a499-9f1c3ccffaf4 tempest-AggregatesAdminTestJSON-281840994 tempest-AggregatesAdminTestJSON-281840994-project] Policy check for os_compute_api:os-extended-server-attributes failed with credentials {'is_admin': False, 'user_id': '7e131bf767fa41b1a03ca6aa40f95623', 'user_domain_id': 'default', 'system_scope': None, 'domain_id': None, 'project_id': '599de58bf26f43fd9c8bef374a01c101', 'project_domain_id': 'default', 'roles': ['reader', 'member'], 'is_admin_project': True, 'service_user_id': None, 'service_user_domain_id': None, 'service_project_id': None, 'service_project_domain_id': None, 'service_roles': []} {{(pid=109681) authorize /opt/stack/nova/nova/policy.py:199}}
Sep 02 13:25:35.458307 n-d-794796-4 devstack@n-api.service[109681]: INFO nova.api.openstack.requestlog [None req-d35adf90-8c7c-459c-a499-9f1c3ccffaf4 tempest-AggregatesAdminTestJSON-281840994 tempest-AggregatesAdminTestJSON-281840994-project] 10.222.0.13 "GET /compute/v2.1/servers/8f439990-2f9c-4e91-89f8-8ae0abc99396" status: 200 len: 1339 microversion: 2.1 time: 0.631147
Sep 02 13:25:35.466612 n-d-794796-4 devstack@n-api.service[109681]: [pid: 109681|app: 0|req: 74/166] 10.222.0.13 () {58 vars in 1236 bytes} [Thu Sep 2 13:25:34 2021] GET /compute/v2.1/servers/8f439990-2f9c-4e91-89f8-8ae0abc99396 => generated 1339 bytes in 640 msecs (HTTP/1.1 200) 9 headers in 358 bytes (1 switches on core 0)
Sep 02 13:25:35.473445 n-d-794796-4 devstack@n-api.service[109681]: DEBUG nova.api.openstack.wsgi [None req-54918789-4e97-4982-9361-e274d2c8e421 tempest-DeleteServersAdminTestJSON-1781304756 tempest-DeleteServersAdminTestJSON-1781304756-project] Calling method '>' {{(pid=109681) _process_stack /opt/stack/nova/nova/api/openstack/wsgi.py:513}}
Sep 02 13:25:35.474060 n-d-794796-4 devstack@n-api.service[109681]: DEBUG nova.compute.api [None req-54918789-4e97-4982-9361-e274d2c8e421 tempest-DeleteServersAdminTestJSON-1781304756 tempest-DeleteServersAdminTestJSON-1781304756-project] [instance: cda54660-7174-438d-9670-613d95bd4a15] Fetching instance by UUID {{(pid=109681) get /opt/stack/nova/nova/compute/api.py:2862}}
Sep 02 13:25:35.493790 n-d-794796-4 devstack@n-api.service[109681]: DEBUG oslo_concurrency.lockutils [None req-54918789-4e97-4982-9361-e274d2c8e421 tempest-DeleteServersAdminTestJSON-1781304756 tempest-DeleteServersAdminTestJSON-1781304756-project] Lock "7d3a952f-df54-4aa4-8c22-888466ce434d" acquired by "nova.context.set_target_cell..get_or_set_cached_cell_and_set_connections" :: waited 0.000s {{(pid=109681) inner /usr/local/lib/python3.8/dist-packages/oslo_concurrency/lockutils.py:355}}
Sep 02 13:25:35.494242 n-d-794796-4 devstack@n-api.service[109681]: DEBUG oslo_concurrency.lockutils [None req-54918789-4e97-4982-9361-e274d2c8e421 tempest-DeleteServersAdminTestJSON-1781304756 tempest-DeleteServersAdminTestJSON-1781304756-project] Lock "7d3a952f-df54-4aa4-8c22-888466ce434d" released by "nova.context.set_target_cell..get_or_set_cached_cell_and_set_connections" :: held 0.001s {{(pid=109681) inner /usr/local/lib/python3.8/dist-packages/oslo_concurrency/lockutils.py:367}}
Sep 02 13:25:35.495067 n-d-794796-4 devstack@n-api.service[109681]: DEBUG oslo_concurrency.lockutils [None req-54918789-4e97-4982-9361-e274d2c8e421 tempest-DeleteServersAdminTestJSON-1781304756 tempest-DeleteServersAdminTestJSON-1781304756-project] Lock "7d3a952f-df54-4aa4-8c22-888466ce434d" acquired by "nova.context.set_target_cell..get_or_set_cached_cell_and_set_connections" :: waited 0.000s {{(pid=109681) inner /usr/local/lib/python3.8/dist-packages/oslo_concurrency/lockutils.py:355}}
Sep 02 13:25:35.495484 n-d-794796-4 devstack@n-api.service[109681]: DEBUG oslo_concurrency.lockutils [None req-54918789-4e97-4982-9361-e274d2c8e421 tempest-DeleteServersAdminTestJSON-1781304756 tempest-DeleteServersAdminTestJSON-1781304756-project] Lock "7d3a952f-df54-4aa4-8c22-888466ce434d" released by "nova.context.set_target_cell..get_or_set_cached_cell_and_set_connections" :: held 0.000s {{(pid=109681) inner /usr/local/lib/python3.8/dist-packages/oslo_concurrency/lockutils.py:367}}
Sep 02 13:25:35.829259 n-d-794796-4 devstack@n-api.service[109682]: DEBUG nova.api.openstack.wsgi [req-6265c3c3-5578-40f0-99d1-1e7d816f3b6d req-946f228b-737b-473e-b181-9fda8a485422 service nova] Action: 'create', calling method: >, body: {"events": [{"name": "network-changed", "server_uuid": "cda54660-7174-438d-9670-613d95bd4a15", "tag": "20190fe7-06c7-4854-8ec5-166f0a450f5b"}]} {{(pid=109682) _process_stack /opt/stack/nova/nova/api/openstack/wsgi.py:511}}
Sep 02 13:25:35.831174 n-d-794796-4 devstack@n-api.service[109682]: /usr/local/lib/python3.8/dist-packages/oslo_policy/policy.py:1064: UserWarning: Policy os_compute_api:os-server-external-events:create failed scope check. The token used to make the request was project scoped but the policy requires ['system'] scope. This behavior may change in the future where using the intended scope is required
Sep 02 13:25:35.831174 n-d-794796-4 devstack@n-api.service[109682]: warnings.warn(msg)
Sep 02 13:25:35.856503 n-d-794796-4 devstack@n-api.service[109682]: DEBUG oslo_concurrency.lockutils [req-6265c3c3-5578-40f0-99d1-1e7d816f3b6d req-946f228b-737b-473e-b181-9fda8a485422 service nova] Lock "7d3a952f-df54-4aa4-8c22-888466ce434d" acquired by "nova.context.set_target_cell..get_or_set_cached_cell_and_set_connections" :: waited 0.000s {{(pid=109682) inner /usr/local/lib/python3.8/dist-packages/oslo_concurrency/lockutils.py:355}}
Sep 02 13:25:35.856945 n-d-794796-4 devstack@n-api.service[109682]: DEBUG oslo_concurrency.lockutils [req-6265c3c3-5578-40f0-99d1-1e7d816f3b6d req-946f228b-737b-473e-b181-9fda8a485422 service nova] Lock "7d3a952f-df54-4aa4-8c22-888466ce434d" released by "nova.context.set_target_cell..get_or_set_cached_cell_and_set_connections" :: held 0.001s {{(pid=109682) inner /usr/local/lib/python3.8/dist-packages/oslo_concurrency/lockutils.py:367}}
Sep 02 13:25:35.904116 n-d-794796-4 devstack@n-api.service[109682]: INFO nova.api.openstack.compute.server_external_events [req-6265c3c3-5578-40f0-99d1-1e7d816f3b6d req-946f228b-737b-473e-b181-9fda8a485422 service nova] Creating event network-changed:20190fe7-06c7-4854-8ec5-166f0a450f5b for instance cda54660-7174-438d-9670-613d95bd4a15 on n-h1-794796-4
Sep 02 13:25:35.908565 n-d-794796-4 devstack@n-api.service[109682]: DEBUG oslo_concurrency.lockutils [req-6265c3c3-5578-40f0-99d1-1e7d816f3b6d req-946f228b-737b-473e-b181-9fda8a485422 service nova] Acquired lock "compute-rpcapi-router" {{(pid=109682) lock /usr/local/lib/python3.8/dist-packages/oslo_concurrency/lockutils.py:266}}
Sep 02 13:25:35.912069 n-d-794796-4 devstack@n-api.service[109682]: DEBUG oslo_concurrency.lockutils [None req-16b7f95a-49b0-4cd5-9b64-01f0ecbebf18 None None] Lock "00000000-0000-0000-0000-000000000000" acquired by "nova.context.set_target_cell..get_or_set_cached_cell_and_set_connections" :: waited 0.000s {{(pid=109682) inner /usr/local/lib/python3.8/dist-packages/oslo_concurrency/lockutils.py:355}}
Sep 02 13:25:35.913088 n-d-794796-4 devstack@n-api.service[109682]: DEBUG oslo_concurrency.lockutils [None req-16b7f95a-49b0-4cd5-9b64-01f0ecbebf18 None None] Lock "00000000-0000-0000-0000-000000000000" released by "nova.context.set_target_cell..get_or_set_cached_cell_and_set_connections" :: held 0.001s {{(pid=109682) inner /usr/local/lib/python3.8/dist-packages/oslo_concurrency/lockutils.py:367}}
Sep 02 13:25:35.914356 n-d-794796-4 devstack@n-api.service[109682]: DEBUG oslo_concurrency.lockutils [None req-16b7f95a-49b0-4cd5-9b64-01f0ecbebf18 None None] Lock "7d3a952f-df54-4aa4-8c22-888466ce434d" acquired by "nova.context.set_target_cell..get_or_set_cached_cell_and_set_connections" :: waited 0.000s {{(pid=109682) inner /usr/local/lib/python3.8/dist-packages/oslo_concurrency/lockutils.py:355}}
Sep 02 13:25:35.915049 n-d-794796-4 devstack@n-api.service[109682]: DEBUG oslo_concurrency.lockutils [None req-16b7f95a-49b0-4cd5-9b64-01f0ecbebf18 None None] Lock "7d3a952f-df54-4aa4-8c22-888466ce434d" released by "nova.context.set_target_cell..get_or_set_cached_cell_and_set_connections" :: held 0.001s {{(pid=109682) inner /usr/local/lib/python3.8/dist-packages/oslo_concurrency/lockutils.py:367}}
Sep 02 13:25:35.937936 n-d-794796-4 devstack@n-api.service[109682]: INFO nova.compute.rpcapi [None req-16b7f95a-49b0-4cd5-9b64-01f0ecbebf18 None None] Automatically selected compute RPC version 6.0 from minimum service version 59
Sep 02 13:25:35.944645 n-d-794796-4 devstack@n-api.service[109682]: DEBUG oslo_concurrency.lockutils [None req-16b7f95a-49b0-4cd5-9b64-01f0ecbebf18 None None] Releasing lock "compute-rpcapi-router" {{(pid=109682) lock /usr/local/lib/python3.8/dist-packages/oslo_concurrency/lockutils.py:282}}
Sep 02 13:25:35.982158 n-d-794796-4 devstack@n-api.service[109681]: DEBUG nova.policy [None req-54918789-4e97-4982-9361-e274d2c8e421 tempest-DeleteServersAdminTestJSON-1781304756 tempest-DeleteServersAdminTestJSON-1781304756-project] Policy check for os_compute_api:os-extended-server-attributes failed with credentials {'is_admin': False, 'user_id': '8c8a47f661214877bfb1ff2cc971a544', 'user_domain_id': 'default', 'system_scope': None, 'domain_id': None, 'project_id': '9275736abe0f43f288151a2d468d8133', 'project_domain_id': 'default', 'roles': ['reader', 'member'], 'is_admin_project': True, 'service_user_id': None, 'service_user_domain_id': None, 'service_project_id': None, 'service_project_domain_id': None, 'service_roles': []} {{(pid=109681) authorize /opt/stack/nova/nova/policy.py:199}}
Sep 02 13:25:35.994941 n-d-794796-4 devstack@n-api.service[109682]: INFO nova.api.openstack.requestlog [None req-16b7f95a-49b0-4cd5-9b64-01f0ecbebf18 None None] 10.222.0.13 "POST /compute/v2.1/os-server-external-events" status: 200 len: 179 microversion: 2.1 time: 0.590229
Sep 02 13:25:35.996587 n-d-794796-4 devstack@n-api.service[109682]: [pid: 109682|app: 0|req: 93/167] 10.222.0.13 () {64 vars in 1318 bytes} [Thu Sep 2 13:25:35 2021] POST /compute/v2.1/os-server-external-events => generated 179 bytes in 593 msecs (HTTP/1.1 200) 9 headers in 357 bytes (1 switches on core 0)
Sep 02 13:25:36.004657 n-d-794796-4 devstack@n-api.service[109681]: INFO nova.api.openstack.requestlog [None req-54918789-4e97-4982-9361-e274d2c8e421 tempest-DeleteServersAdminTestJSON-1781304756 tempest-DeleteServersAdminTestJSON-1781304756-project] 10.222.0.13 "GET /compute/v2.1/servers/cda54660-7174-438d-9670-613d95bd4a15" status: 200 len: 1341 microversion: 2.1 time: 0.532331
Sep 02 13:25:36.005341 n-d-794796-4 devstack@n-api.service[109682]: DEBUG nova.api.openstack.wsgi [None req-9890e8f3-88f6-4fe9-af99-59bd3af0327c tempest-QuotasAdminTestJSON-619137072 tempest-QuotasAdminTestJSON-619137072-project-admin] Calling method '>' {{(pid=109682) _process_stack /opt/stack/nova/nova/api/openstack/wsgi.py:513}}
Sep 02 13:25:36.008531 n-d-794796-4 devstack@n-api.service[109681]: [pid: 109681|app: 0|req: 75/168] 10.222.0.13 () {58 vars in 1236 bytes} [Thu Sep 2 13:25:35 2021] GET /compute/v2.1/servers/cda54660-7174-438d-9670-613d95bd4a15 => generated 1341 bytes in 541 msecs (HTTP/1.1 200) 9 headers in 358 bytes (1 switches on core 0)
Sep 02 13:25:36.009402 n-d-794796-4 devstack@n-api.service[109682]: /usr/local/lib/python3.8/dist-packages/oslo_policy/policy.py:1064: UserWarning: Policy os_compute_api:os-quota-sets:delete failed scope check. The token used to make the request was project scoped but the policy requires ['system'] scope. This behavior may change in the future where using the intended scope is required
Sep 02 13:25:36.009402 n-d-794796-4 devstack@n-api.service[109682]: warnings.warn(msg)
Sep 02 13:25:36.039705 n-d-794796-4 devstack@n-api.service[109682]: INFO nova.api.openstack.requestlog [None req-9890e8f3-88f6-4fe9-af99-59bd3af0327c tempest-QuotasAdminTestJSON-619137072 tempest-QuotasAdminTestJSON-619137072-project-admin] 10.222.0.13 "DELETE /compute/v2.1/os-quota-sets/1529fe0fe4544800baf21d7a03009237" status: 202 len: 0 microversion: 2.1 time: 0.041238
Sep 02 13:25:36.040427 n-d-794796-4 devstack@n-api.service[109682]: [pid: 109682|app: 0|req: 94/169] 10.222.0.13 () {58 vars in 1245 bytes} [Thu Sep 2 13:25:35 2021] DELETE /compute/v2.1/os-quota-sets/1529fe0fe4544800baf21d7a03009237 => generated 0 bytes in 43 msecs (HTTP/1.1 202) 9 headers in 361 bytes (1 switches on core 0)
Sep 02 13:25:36.049320 n-d-794796-4 devstack@n-api.service[109681]: DEBUG nova.api.openstack.wsgi [None req-91aa0de8-c62b-424e-81b6-0b9bacca59b9 tempest-QuotasAdminTestJSON-619137072 tempest-QuotasAdminTestJSON-619137072-project-admin] Calling method '.version_select at 0x7f935a621550>' {{(pid=109681) _process_stack /opt/stack/nova/nova/api/openstack/wsgi.py:513}}
Sep 02 13:25:36.431280 n-d-794796-4 devstack@n-api.service[109682]: DEBUG nova.api.openstack.wsgi [req-f917f8e0-d79d-4395-b0ac-e4fc27928f9b req-c0c50278-f236-45d9-8cd9-997d90bbd079 service nova] Action: 'create', calling method: >, body: {"events": [{"name": "network-changed", "server_uuid": "8f439990-2f9c-4e91-89f8-8ae0abc99396", "tag": "aa8f9e22-4440-42db-b352-c50c3c645c53"}]} {{(pid=109682) _process_stack /opt/stack/nova/nova/api/openstack/wsgi.py:511}}
Sep 02 13:25:36.432865 n-d-794796-4 devstack@n-api.service[109682]: /usr/local/lib/python3.8/dist-packages/oslo_policy/policy.py:1064: UserWarning: Policy os_compute_api:os-server-external-events:create failed scope check. The token used to make the request was project scoped but the policy requires ['system'] scope. This behavior may change in the future where using the intended scope is required
Sep 02 13:25:36.432865 n-d-794796-4 devstack@n-api.service[109682]: warnings.warn(msg)
Sep 02 13:25:36.442767 n-d-794796-4 devstack@n-api.service[109681]: INFO nova.api.openstack.requestlog [None req-91aa0de8-c62b-424e-81b6-0b9bacca59b9 tempest-QuotasAdminTestJSON-619137072 tempest-QuotasAdminTestJSON-619137072-project-admin] 10.222.0.13 "GET /compute/v2.1/os-quota-sets/1529fe0fe4544800baf21d7a03009237" status: 200 len: 371 microversion: 2.1 time: 0.397957
Sep 02 13:25:36.445488 n-d-794796-4 devstack@n-api.service[109682]: DEBUG oslo_concurrency.lockutils [req-f917f8e0-d79d-4395-b0ac-e4fc27928f9b req-c0c50278-f236-45d9-8cd9-997d90bbd079 service nova] Lock "7d3a952f-df54-4aa4-8c22-888466ce434d" acquired by "nova.context.set_target_cell..get_or_set_cached_cell_and_set_connections" :: waited 0.000s {{(pid=109682) inner /usr/local/lib/python3.8/dist-packages/oslo_concurrency/lockutils.py:355}}
Sep 02 13:25:36.447490 n-d-794796-4 devstack@n-api.service[109682]: DEBUG oslo_concurrency.lockutils [req-f917f8e0-d79d-4395-b0ac-e4fc27928f9b req-c0c50278-f236-45d9-8cd9-997d90bbd079 service nova] Lock "7d3a952f-df54-4aa4-8c22-888466ce434d" released by "nova.context.set_target_cell..get_or_set_cached_cell_and_set_connections" :: held 0.002s {{(pid=109682) inner /usr/local/lib/python3.8/dist-packages/oslo_concurrency/lockutils.py:367}}
Sep 02 13:25:36.448894 n-d-794796-4 devstack@n-api.service[109681]: [pid: 109681|app: 0|req: 76/170] 10.222.0.13 () {58 vars in 1242 bytes} [Thu Sep 2 13:25:36 2021] GET /compute/v2.1/os-quota-sets/1529fe0fe4544800baf21d7a03009237 => generated 371 bytes in 405 msecs (HTTP/1.1 200) 9 headers in 357 bytes (1 switches on core 0)
Sep 02 13:25:36.475486 n-d-794796-4 devstack@n-api.service[109682]: INFO nova.api.openstack.compute.server_external_events [req-f917f8e0-d79d-4395-b0ac-e4fc27928f9b req-c0c50278-f236-45d9-8cd9-997d90bbd079 service nova] Creating event network-changed:aa8f9e22-4440-42db-b352-c50c3c645c53 for instance 8f439990-2f9c-4e91-89f8-8ae0abc99396 on n-h1-794796-4
Sep 02 13:25:36.486803 n-d-794796-4 devstack@n-api.service[109682]: INFO nova.api.openstack.requestlog [req-f917f8e0-d79d-4395-b0ac-e4fc27928f9b req-c0c50278-f236-45d9-8cd9-997d90bbd079 service nova] 10.222.0.13 "POST /compute/v2.1/os-server-external-events" status: 200 len: 179 microversion: 2.1 time: 0.269909
Sep 02 13:25:36.488941 n-d-794796-4 devstack@n-api.service[109682]: [pid: 109682|app: 0|req: 95/171] 10.222.0.13 () {64 vars in 1318 bytes} [Thu Sep 2 13:25:36 2021] POST /compute/v2.1/os-server-external-events => generated 179 bytes in 274 msecs (HTTP/1.1 200) 9 headers in 357 bytes (2 switches on core 0)
Sep 02 13:25:36.518642 n-d-794796-4 devstack@n-api.service[109682]: DEBUG nova.api.openstack.wsgi [None req-92a9e992-4bde-4837-b66c-5027d42e813e tempest-AggregatesAdminTestJSON-281840994 tempest-AggregatesAdminTestJSON-281840994-project] Calling method '>' {{(pid=109682) _process_stack /opt/stack/nova/nova/api/openstack/wsgi.py:513}}
Sep 02 13:25:36.519540 n-d-794796-4 devstack@n-api.service[109682]: DEBUG nova.compute.api [None req-92a9e992-4bde-4837-b66c-5027d42e813e tempest-AggregatesAdminTestJSON-281840994 tempest-AggregatesAdminTestJSON-281840994-project] [instance: 8f439990-2f9c-4e91-89f8-8ae0abc99396] Fetching instance by UUID {{(pid=109682) get /opt/stack/nova/nova/compute/api.py:2862}}
Sep 02 13:25:36.560854 n-d-794796-4 devstack@n-api.service[109682]: DEBUG oslo_concurrency.lockutils [None req-92a9e992-4bde-4837-b66c-5027d42e813e tempest-AggregatesAdminTestJSON-281840994 tempest-AggregatesAdminTestJSON-281840994-project] Lock "7d3a952f-df54-4aa4-8c22-888466ce434d" acquired by "nova.context.set_target_cell..get_or_set_cached_cell_and_set_connections" :: waited 0.000s {{(pid=109682) inner /usr/local/lib/python3.8/dist-packages/oslo_concurrency/lockutils.py:355}}
Sep 02 13:25:36.581291 n-d-794796-4 devstack@n-api.service[109682]: DEBUG oslo_concurrency.lockutils [None req-92a9e992-4bde-4837-b66c-5027d42e813e tempest-AggregatesAdminTestJSON-281840994 tempest-AggregatesAdminTestJSON-281840994-project] Lock "7d3a952f-df54-4aa4-8c22-888466ce434d" released by "nova.context.set_target_cell..get_or_set_cached_cell_and_set_connections" :: held 0.020s {{(pid=109682) inner /usr/local/lib/python3.8/dist-packages/oslo_concurrency/lockutils.py:367}}
Sep 02 13:25:36.596984 n-d-794796-4 devstack@n-api.service[109682]: DEBUG oslo_concurrency.lockutils [None req-92a9e992-4bde-4837-b66c-5027d42e813e tempest-AggregatesAdminTestJSON-281840994 tempest-AggregatesAdminTestJSON-281840994-project] Lock "7d3a952f-df54-4aa4-8c22-888466ce434d" acquired by "nova.context.set_target_cell..get_or_set_cached_cell_and_set_connections" :: waited 0.000s {{(pid=109682) inner /usr/local/lib/python3.8/dist-packages/oslo_concurrency/lockutils.py:355}}
Sep 02 13:25:36.598489 n-d-794796-4 devstack@n-api.service[109682]: DEBUG oslo_concurrency.lockutils [None req-92a9e992-4bde-4837-b66c-5027d42e813e tempest-AggregatesAdminTestJSON-281840994 tempest-AggregatesAdminTestJSON-281840994-project] Lock "7d3a952f-df54-4aa4-8c22-888466ce434d" released by "nova.context.set_target_cell..get_or_set_cached_cell_and_set_connections" :: held 0.001s {{(pid=109682) inner /usr/local/lib/python3.8/dist-packages/oslo_concurrency/lockutils.py:367}}
Sep 02 13:25:36.950423 n-d-794796-4 devstack@n-api.service[109681]: DEBUG nova.api.openstack.wsgi [None req-c5f87189-4d8b-4500-b38c-23634a6675dd tempest-MigrationsAdminTest-472705466 tempest-MigrationsAdminTest-472705466-project] Action: 'create', calling method: >, body: {"server": {"name": "tempest-MigrationsAdminTest-server-219943996", "imageRef": "d0b4f2dc-f02d-42a5-95dc-bc3b360f4f84", "flavorRef": "452"}} {{(pid=109681) _process_stack /opt/stack/nova/nova/api/openstack/wsgi.py:511}}
Sep 02 13:25:37.037917 n-d-794796-4 devstack@n-api.service[109681]: DEBUG nova.network.neutron [None req-c5f87189-4d8b-4500-b38c-23634a6675dd tempest-MigrationsAdminTest-472705466 tempest-MigrationsAdminTest-472705466-project] validate_networks() for None {{(pid=109681) validate_networks /opt/stack/nova/nova/network/neutron.py:2463}}
Sep 02 13:25:37.198535 n-d-794796-4 devstack@n-api.service[109682]: DEBUG nova.policy [None req-92a9e992-4bde-4837-b66c-5027d42e813e tempest-AggregatesAdminTestJSON-281840994 tempest-AggregatesAdminTestJSON-281840994-project] Policy check for os_compute_api:os-extended-server-attributes failed with credentials {'is_admin': False, 'user_id': '7e131bf767fa41b1a03ca6aa40f95623', 'user_domain_id': 'default', 'system_scope': None, 'domain_id': None, 'project_id': '599de58bf26f43fd9c8bef374a01c101', 'project_domain_id': 'default', 'roles': ['reader', 'member'], 'is_admin_project': True, 'service_user_id': None, 'service_user_domain_id': None, 'service_project_id': None, 'service_project_domain_id': None, 'service_roles': []} {{(pid=109682) authorize /opt/stack/nova/nova/policy.py:199}}
Sep 02 13:25:37.207547 n-d-794796-4 devstack@n-api.service[109682]: INFO nova.api.openstack.requestlog [None req-92a9e992-4bde-4837-b66c-5027d42e813e tempest-AggregatesAdminTestJSON-281840994 tempest-AggregatesAdminTestJSON-281840994-project] 10.222.0.13 "GET /compute/v2.1/servers/8f439990-2f9c-4e91-89f8-8ae0abc99396" status: 200 len: 1339 microversion: 2.1 time: 0.694789
Sep 02 13:25:37.223838 n-d-794796-4 devstack@n-api.service[109682]: [pid: 109682|app: 0|req: 96/172] 10.222.0.13 () {58 vars in 1236 bytes} [Thu Sep 2 13:25:36 2021] GET /compute/v2.1/servers/8f439990-2f9c-4e91-89f8-8ae0abc99396 => generated 1339 bytes in 714 msecs (HTTP/1.1 200) 9 headers in 358 bytes (1 switches on core 0)
Sep 02 13:25:37.229104 n-d-794796-4 devstack@n-api.service[109682]: DEBUG nova.api.openstack.wsgi [None req-e3dd40b1-5823-411a-9a97-a43df2251531 tempest-QuotasAdminTestJSON-619137072 tempest-QuotasAdminTestJSON-619137072-project-admin] Calling method '.version_select at 0x7f935a5b8ca0>' {{(pid=109682) _process_stack /opt/stack/nova/nova/api/openstack/wsgi.py:513}}
Sep 02 13:25:37.570927 n-d-794796-4 devstack@n-api.service[109682]: INFO nova.api.openstack.requestlog [None req-e3dd40b1-5823-411a-9a97-a43df2251531 tempest-QuotasAdminTestJSON-619137072 tempest-QuotasAdminTestJSON-619137072-project-admin] 10.222.0.13 "GET /compute/v2.1/os-quota-sets/081d2f008160415e9d7cd5d114d02f36/defaults" status: 200 len: 371 microversion: 2.1 time: 0.345738
Sep 02 13:25:37.572363 n-d-794796-4 devstack@n-api.service[109682]: [pid: 109682|app: 0|req: 97/173] 10.222.0.13 () {58 vars in 1269 bytes} [Thu Sep 2 13:25:37 2021] GET /compute/v2.1/os-quota-sets/081d2f008160415e9d7cd5d114d02f36/defaults => generated 371 bytes in 348 msecs (HTTP/1.1 200) 9 headers in 357 bytes (1 switches on core 0)
Sep 02 13:25:37.580766 n-d-794796-4 devstack@n-api.service[109682]: DEBUG nova.api.openstack.wsgi [None req-963183c6-2ee8-4092-b82f-d9bc21676827 tempest-DeleteServersAdminTestJSON-1781304756 tempest-DeleteServersAdminTestJSON-1781304756-project] Calling method '>' {{(pid=109682) _process_stack /opt/stack/nova/nova/api/openstack/wsgi.py:513}}
Sep 02 13:25:37.583509 n-d-794796-4 devstack@n-api.service[109682]: DEBUG nova.compute.api [None req-963183c6-2ee8-4092-b82f-d9bc21676827 tempest-DeleteServersAdminTestJSON-1781304756 tempest-DeleteServersAdminTestJSON-1781304756-project] [instance: cda54660-7174-438d-9670-613d95bd4a15] Fetching instance by UUID {{(pid=109682) get /opt/stack/nova/nova/compute/api.py:2862}}
Sep 02 13:25:37.592646 n-d-794796-4 devstack@n-api.service[109682]: DEBUG oslo_concurrency.lockutils [None req-963183c6-2ee8-4092-b82f-d9bc21676827 tempest-DeleteServersAdminTestJSON-1781304756 tempest-DeleteServersAdminTestJSON-1781304756-project] Lock "7d3a952f-df54-4aa4-8c22-888466ce434d" acquired by "nova.context.set_target_cell..get_or_set_cached_cell_and_set_connections" :: waited 0.000s {{(pid=109682) inner /usr/local/lib/python3.8/dist-packages/oslo_concurrency/lockutils.py:355}}
Sep 02 13:25:37.594556 n-d-794796-4 devstack@n-api.service[109682]: DEBUG oslo_concurrency.lockutils [None req-963183c6-2ee8-4092-b82f-d9bc21676827 tempest-DeleteServersAdminTestJSON-1781304756 tempest-DeleteServersAdminTestJSON-1781304756-project] Lock "7d3a952f-df54-4aa4-8c22-888466ce434d" released by "nova.context.set_target_cell..get_or_set_cached_cell_and_set_connections" :: held 0.002s {{(pid=109682) inner /usr/local/lib/python3.8/dist-packages/oslo_concurrency/lockutils.py:367}}
Sep 02 13:25:37.597654 n-d-794796-4 devstack@n-api.service[109682]: DEBUG oslo_concurrency.lockutils [None req-963183c6-2ee8-4092-b82f-d9bc21676827 tempest-DeleteServersAdminTestJSON-1781304756 tempest-DeleteServersAdminTestJSON-1781304756-project] Lock "7d3a952f-df54-4aa4-8c22-888466ce434d" acquired by "nova.context.set_target_cell..get_or_set_cached_cell_and_set_connections" :: waited 0.000s {{(pid=109682) inner /usr/local/lib/python3.8/dist-packages/oslo_concurrency/lockutils.py:355}}
Sep 02 13:25:37.599247 n-d-794796-4 devstack@n-api.service[109682]: DEBUG oslo_concurrency.lockutils [None req-963183c6-2ee8-4092-b82f-d9bc21676827 tempest-DeleteServersAdminTestJSON-1781304756 tempest-DeleteServersAdminTestJSON-1781304756-project] Lock "7d3a952f-df54-4aa4-8c22-888466ce434d" released by "nova.context.set_target_cell..get_or_set_cached_cell_and_set_connections" :: held 0.001s {{(pid=109682) inner /usr/local/lib/python3.8/dist-packages/oslo_concurrency/lockutils.py:367}}
Sep 02 13:25:37.801478 n-d-794796-4 devstack@n-api.service[109682]: DEBUG nova.policy [None req-963183c6-2ee8-4092-b82f-d9bc21676827 tempest-DeleteServersAdminTestJSON-1781304756 tempest-DeleteServersAdminTestJSON-1781304756-project] Policy check for os_compute_api:os-extended-server-attributes failed with credentials {'is_admin': False, 'user_id': '8c8a47f661214877bfb1ff2cc971a544', 'user_domain_id': 'default', 'system_scope': None, 'domain_id': None, 'project_id': '9275736abe0f43f288151a2d468d8133', 'project_domain_id': 'default', 'roles': ['reader', 'member'], 'is_admin_project': True, 'service_user_id': None, 'service_user_domain_id': None, 'service_project_id': None, 'service_project_domain_id': None, 'service_roles': []} {{(pid=109682) authorize /opt/stack/nova/nova/policy.py:199}}
Sep 02 13:25:37.805171 n-d-794796-4 devstack@n-api.service[109681]: DEBUG nova.virt.hardware [None req-c5f87189-4d8b-4500-b38c-23634a6675dd tempest-MigrationsAdminTest-472705466 tempest-MigrationsAdminTest-472705466-project] Flavor limits 0:0:0 {{(pid=109681) get_cpu_topology_constraints /opt/stack/nova/nova/virt/hardware.py:343}}
Sep 02 13:25:37.806135 n-d-794796-4 devstack@n-api.service[109681]: DEBUG nova.virt.hardware [None req-c5f87189-4d8b-4500-b38c-23634a6675dd tempest-MigrationsAdminTest-472705466 tempest-MigrationsAdminTest-472705466-project] Image limits 0:0:0 {{(pid=109681) get_cpu_topology_constraints /opt/stack/nova/nova/virt/hardware.py:347}}
Sep 02 13:25:37.806680 n-d-794796-4 devstack@n-api.service[109681]: DEBUG nova.virt.hardware [None req-c5f87189-4d8b-4500-b38c-23634a6675dd tempest-MigrationsAdminTest-472705466 tempest-MigrationsAdminTest-472705466-project] Flavor pref 0:0:0 {{(pid=109681) get_cpu_topology_constraints /opt/stack/nova/nova/virt/hardware.py:383}}
Sep 02 13:25:37.807088 n-d-794796-4 devstack@n-api.service[109681]: DEBUG nova.virt.hardware [None req-c5f87189-4d8b-4500-b38c-23634a6675dd tempest-MigrationsAdminTest-472705466 tempest-MigrationsAdminTest-472705466-project] Image pref 0:0:0 {{(pid=109681) get_cpu_topology_constraints /opt/stack/nova/nova/virt/hardware.py:387}}
Sep 02 13:25:37.807497 n-d-794796-4 devstack@n-api.service[109681]: DEBUG nova.virt.hardware [None req-c5f87189-4d8b-4500-b38c-23634a6675dd tempest-MigrationsAdminTest-472705466 tempest-MigrationsAdminTest-472705466-project] Chose sockets=0, cores=0, threads=0; limits were sockets=65536, cores=65536, threads=65536 {{(pid=109681) get_cpu_topology_constraints /opt/stack/nova/nova/virt/hardware.py:425}}
Sep 02 13:25:37.812479 n-d-794796-4 devstack@n-api.service[109682]: INFO nova.api.openstack.requestlog [None req-963183c6-2ee8-4092-b82f-d9bc21676827 tempest-DeleteServersAdminTestJSON-1781304756 tempest-DeleteServersAdminTestJSON-1781304756-project] 10.222.0.13 "GET /compute/v2.1/servers/cda54660-7174-438d-9670-613d95bd4a15" status: 200 len: 1341 microversion: 2.1 time: 0.238039
Sep 02 13:25:37.821461 n-d-794796-4 devstack@n-api.service[109682]: [pid: 109682|app: 0|req: 98/174] 10.222.0.13 () {58 vars in 1236 bytes} [Thu Sep 2 13:25:37 2021] GET /compute/v2.1/servers/cda54660-7174-438d-9670-613d95bd4a15 => generated 1341 bytes in 248 msecs (HTTP/1.1 200) 9 headers in 358 bytes (1 switches on core 0)
Sep 02 13:25:37.824678 n-d-794796-4 devstack@n-api.service[109681]: DEBUG oslo_concurrency.lockutils [None req-c5f87189-4d8b-4500-b38c-23634a6675dd tempest-MigrationsAdminTest-472705466 tempest-MigrationsAdminTest-472705466-project] Lock "00000000-0000-0000-0000-000000000000" acquired by "nova.context.set_target_cell..get_or_set_cached_cell_and_set_connections" :: waited 0.000s {{(pid=109681) inner /usr/local/lib/python3.8/dist-packages/oslo_concurrency/lockutils.py:355}}
Sep 02 13:25:37.825492 n-d-794796-4 devstack@n-api.service[109681]: DEBUG oslo_concurrency.lockutils [None req-c5f87189-4d8b-4500-b38c-23634a6675dd tempest-MigrationsAdminTest-472705466 tempest-MigrationsAdminTest-472705466-project] Lock "00000000-0000-0000-0000-000000000000" released by "nova.context.set_target_cell..get_or_set_cached_cell_and_set_connections" :: held 0.001s {{(pid=109681) inner /usr/local/lib/python3.8/dist-packages/oslo_concurrency/lockutils.py:367}}
Sep 02 13:25:37.826448 n-d-794796-4 devstack@n-api.service[109681]: DEBUG oslo_concurrency.lockutils [None req-c5f87189-4d8b-4500-b38c-23634a6675dd tempest-MigrationsAdminTest-472705466 tempest-MigrationsAdminTest-472705466-project] Lock "7d3a952f-df54-4aa4-8c22-888466ce434d" acquired by "nova.context.set_target_cell..get_or_set_cached_cell_and_set_connections" :: waited 0.000s {{(pid=109681) inner /usr/local/lib/python3.8/dist-packages/oslo_concurrency/lockutils.py:355}}
Sep 02 13:25:37.827027 n-d-794796-4 devstack@n-api.service[109681]: DEBUG oslo_concurrency.lockutils [None req-c5f87189-4d8b-4500-b38c-23634a6675dd tempest-MigrationsAdminTest-472705466 tempest-MigrationsAdminTest-472705466-project] Lock "7d3a952f-df54-4aa4-8c22-888466ce434d" released by "nova.context.set_target_cell..get_or_set_cached_cell_and_set_connections" :: held 0.001s {{(pid=109681) inner /usr/local/lib/python3.8/dist-packages/oslo_concurrency/lockutils.py:367}}
Sep 02 13:25:37.861596 n-d-794796-4 devstack@n-api.service[109681]: DEBUG nova.quota [None req-c5f87189-4d8b-4500-b38c-23634a6675dd tempest-MigrationsAdminTest-472705466 tempest-MigrationsAdminTest-472705466-project] Getting quotas for project 1ae87bd3068e4b56903a7f8f22eb00c0. Resources: {'instances', 'ram', 'cores'} {{(pid=109681) _get_quotas /opt/stack/nova/nova/quota.py:387}}
Sep 02 13:25:37.867831 n-d-794796-4 devstack@n-api.service[109681]: DEBUG nova.quota [None req-c5f87189-4d8b-4500-b38c-23634a6675dd tempest-MigrationsAdminTest-472705466 tempest-MigrationsAdminTest-472705466-project] Getting quotas for user a12a3e8b5e88410ca05437be7c29bc0d and project 1ae87bd3068e4b56903a7f8f22eb00c0. Resources: {'instances', 'ram', 'cores'} {{(pid=109681) _get_quotas /opt/stack/nova/nova/quota.py:377}}
Sep 02 13:25:37.881664 n-d-794796-4 devstack@n-api.service[109681]: DEBUG nova.compute.api [None req-c5f87189-4d8b-4500-b38c-23634a6675dd tempest-MigrationsAdminTest-472705466 tempest-MigrationsAdminTest-472705466-project] Going to run 1 instances... {{(pid=109681) _provision_instances /opt/stack/nova/nova/compute/api.py:1349}}
Sep 02 13:25:37.886243 n-d-794796-4 devstack@n-api.service[109681]: DEBUG nova.compute.api [None req-c5f87189-4d8b-4500-b38c-23634a6675dd tempest-MigrationsAdminTest-472705466 tempest-MigrationsAdminTest-472705466-project] [instance: 5189ff88-f52d-45d9-8ec6-81e87802d346] block_device_mapping [BlockDeviceMapping(attachment_id=,boot_index=0,connection_info=None,created_at=,delete_on_termination=True,deleted=,deleted_at=,destination_type='local',device_name=None,device_type='disk',disk_bus=None,guest_format=None,id=,image_id='d0b4f2dc-f02d-42a5-95dc-bc3b360f4f84',instance=,instance_uuid=,no_device=False,snapshot_id=None,source_type='image',tag=None,updated_at=,uuid=,volume_id=None,volume_size=None,volume_type=None)] {{(pid=109681) _bdm_validate_set_size_and_instance /opt/stack/nova/nova/compute/api.py:1756}}
Sep 02 13:25:37.937482 n-d-794796-4 devstack@n-api.service[109681]: INFO nova.api.openstack.requestlog [None req-c5f87189-4d8b-4500-b38c-23634a6675dd tempest-MigrationsAdminTest-472705466 tempest-MigrationsAdminTest-472705466-project] 10.222.0.13 "POST /compute/v2.1/servers" status: 202 len: 380 microversion: 2.1 time: 1.486767
Sep 02 13:25:37.943879 n-d-794796-4 devstack@n-api.service[109681]: [pid: 109681|app: 0|req: 77/175] 10.222.0.13 () {60 vars in 1147 bytes} [Thu Sep 2 13:25:36 2021] POST /compute/v2.1/servers => generated 380 bytes in 1494 msecs (HTTP/1.1 202) 10 headers in 451 bytes (1 switches on core 0)
Sep 02 13:25:37.949098 n-d-794796-4 devstack@n-api.service[109681]: DEBUG nova.api.openstack.wsgi [None req-ea193934-ee1c-4ae3-ba9f-f170d25122db tempest-QuotasAdminTestJSON-619137072 tempest-QuotasAdminTestJSON-619137072-project-admin] Action: 'update', calling method: .version_select at 0x7f935a66e940>, body: {"quota_set": {"ram": "5120"}} {{(pid=109681) _process_stack /opt/stack/nova/nova/api/openstack/wsgi.py:511}}
Sep 02 13:25:37.951435 n-d-794796-4 devstack@n-api.service[109681]: /usr/local/lib/python3.8/dist-packages/oslo_policy/policy.py:1064: UserWarning: Policy os_compute_api:os-quota-sets:update failed scope check. The token used to make the request was project scoped but the policy requires ['system'] scope. This behavior may change in the future where using the intended scope is required
Sep 02 13:25:37.951435 n-d-794796-4 devstack@n-api.service[109681]: warnings.warn(msg)
Sep 02 13:25:38.122908 n-d-794796-4 devstack@n-api.service[109682]: DEBUG nova.api.openstack.wsgi [None req-1ee57679-354b-4423-a75c-65334dbfcbdf tempest-HostsAdminNegativeTestJSON-1406832772 tempest-HostsAdminNegativeTestJSON-1406832772-project-admin] Calling method '.version_select at 0x7f935a55cee0>' {{(pid=109682) _process_stack /opt/stack/nova/nova/api/openstack/wsgi.py:513}}
Sep 02 13:25:38.124230 n-d-794796-4 devstack@n-api.service[109682]: /usr/local/lib/python3.8/dist-packages/oslo_policy/policy.py:1064: UserWarning: Policy os_compute_api:os-hosts:list failed scope check. The token used to make the request was project scoped but the policy requires ['system'] scope. This behavior may change in the future where using the intended scope is required
Sep 02 13:25:38.124230 n-d-794796-4 devstack@n-api.service[109682]: warnings.warn(msg)
Sep 02 13:25:38.127387 n-d-794796-4 devstack@n-api.service[109682]: DEBUG oslo_concurrency.lockutils [None req-1ee57679-354b-4423-a75c-65334dbfcbdf tempest-HostsAdminNegativeTestJSON-1406832772 tempest-HostsAdminNegativeTestJSON-1406832772-project-admin] Lock "00000000-0000-0000-0000-000000000000" acquired by "nova.context.set_target_cell..get_or_set_cached_cell_and_set_connections" :: waited 0.001s {{(pid=109682) inner /usr/local/lib/python3.8/dist-packages/oslo_concurrency/lockutils.py:355}}
Sep 02 13:25:38.127977 n-d-794796-4 devstack@n-api.service[109682]: DEBUG oslo_concurrency.lockutils [None req-1ee57679-354b-4423-a75c-65334dbfcbdf tempest-HostsAdminNegativeTestJSON-1406832772 tempest-HostsAdminNegativeTestJSON-1406832772-project-admin] Lock "00000000-0000-0000-0000-000000000000" released by "nova.context.set_target_cell..get_or_set_cached_cell_and_set_connections" :: held 0.000s {{(pid=109682) inner /usr/local/lib/python3.8/dist-packages/oslo_concurrency/lockutils.py:367}}
Sep 02 13:25:38.128781 n-d-794796-4 devstack@n-api.service[109682]: DEBUG oslo_concurrency.lockutils [None req-1ee57679-354b-4423-a75c-65334dbfcbdf tempest-HostsAdminNegativeTestJSON-1406832772 tempest-HostsAdminNegativeTestJSON-1406832772-project-admin] Lock "7d3a952f-df54-4aa4-8c22-888466ce434d" acquired by "nova.context.set_target_cell..get_or_set_cached_cell_and_set_connections" :: waited 0.000s {{(pid=109682) inner /usr/local/lib/python3.8/dist-packages/oslo_concurrency/lockutils.py:355}}
Sep 02 13:25:38.130376 n-d-794796-4 devstack@n-api.service[109681]: DEBUG oslo_concurrency.lockutils [None req-ea193934-ee1c-4ae3-ba9f-f170d25122db tempest-QuotasAdminTestJSON-619137072 tempest-QuotasAdminTestJSON-619137072-project-admin] Lock "00000000-0000-0000-0000-000000000000" acquired by "nova.context.set_target_cell..get_or_set_cached_cell_and_set_connections" :: waited 0.000s {{(pid=109681) inner /usr/local/lib/python3.8/dist-packages/oslo_concurrency/lockutils.py:355}}
Sep 02 13:25:38.133467 n-d-794796-4 devstack@n-api.service[109681]: DEBUG oslo_concurrency.lockutils [None req-ea193934-ee1c-4ae3-ba9f-f170d25122db tempest-QuotasAdminTestJSON-619137072 tempest-QuotasAdminTestJSON-619137072-project-admin] Lock "00000000-0000-0000-0000-000000000000" released by "nova.context.set_target_cell..get_or_set_cached_cell_and_set_connections" :: held 0.003s {{(pid=109681) inner /usr/local/lib/python3.8/dist-packages/oslo_concurrency/lockutils.py:367}}
Sep 02 13:25:38.133590 n-d-794796-4 devstack@n-api.service[109682]: DEBUG oslo_concurrency.lockutils [None req-1ee57679-354b-4423-a75c-65334dbfcbdf tempest-HostsAdminNegativeTestJSON-1406832772 tempest-HostsAdminNegativeTestJSON-1406832772-project-admin] Lock "7d3a952f-df54-4aa4-8c22-888466ce434d" released by "nova.context.set_target_cell..get_or_set_cached_cell_and_set_connections" :: held 0.005s {{(pid=109682) inner /usr/local/lib/python3.8/dist-packages/oslo_concurrency/lockutils.py:367}}
Sep 02 13:25:38.134578 n-d-794796-4 devstack@n-api.service[109681]: DEBUG oslo_concurrency.lockutils [None req-ea193934-ee1c-4ae3-ba9f-f170d25122db tempest-QuotasAdminTestJSON-619137072 tempest-QuotasAdminTestJSON-619137072-project-admin] Lock "7d3a952f-df54-4aa4-8c22-888466ce434d" acquired by "nova.context.set_target_cell..get_or_set_cached_cell_and_set_connections" :: waited 0.000s {{(pid=109681) inner /usr/local/lib/python3.8/dist-packages/oslo_concurrency/lockutils.py:355}}
Sep 02 13:25:38.136331 n-d-794796-4 devstack@n-api.service[109681]: DEBUG oslo_concurrency.lockutils [None req-ea193934-ee1c-4ae3-ba9f-f170d25122db tempest-QuotasAdminTestJSON-619137072 tempest-QuotasAdminTestJSON-619137072-project-admin] Lock "7d3a952f-df54-4aa4-8c22-888466ce434d" released by "nova.context.set_target_cell..get_or_set_cached_cell_and_set_connections" :: held 0.002s {{(pid=109681) inner /usr/local/lib/python3.8/dist-packages/oslo_concurrency/lockutils.py:367}}
Sep 02 13:25:38.166358 n-d-794796-4 devstack@n-api.service[109682]: INFO nova.api.openstack.requestlog [None req-1ee57679-354b-4423-a75c-65334dbfcbdf tempest-HostsAdminNegativeTestJSON-1406832772 tempest-HostsAdminNegativeTestJSON-1406832772-project-admin] 10.222.0.13 "GET /compute/v2.1/os-hosts" status: 200 len: 398 microversion: 2.1 time: 0.340695
Sep 02 13:25:38.177493 n-d-794796-4 devstack@n-api.service[109682]: [pid: 109682|app: 0|req: 99/176] 10.222.0.13 () {58 vars in 1128 bytes} [Thu Sep 2 13:25:37 2021] GET /compute/v2.1/os-hosts => generated 398 bytes in 354 msecs (HTTP/1.1 200) 9 headers in 357 bytes (1 switches on core 0)
Sep 02 13:25:38.196387 n-d-794796-4 devstack@n-api.service[109682]: DEBUG nova.api.openstack.wsgi [None req-5682d7b7-bb6a-4698-bd7f-ddbdef4e97bc tempest-MigrationsAdminTest-472705466 tempest-MigrationsAdminTest-472705466-project] Calling method '>' {{(pid=109682) _process_stack /opt/stack/nova/nova/api/openstack/wsgi.py:513}}
Sep 02 13:25:38.197043 n-d-794796-4 devstack@n-api.service[109682]: DEBUG nova.compute.api [None req-5682d7b7-bb6a-4698-bd7f-ddbdef4e97bc tempest-MigrationsAdminTest-472705466 tempest-MigrationsAdminTest-472705466-project] [instance: 5189ff88-f52d-45d9-8ec6-81e87802d346] Fetching instance by UUID {{(pid=109682) get /opt/stack/nova/nova/compute/api.py:2862}}
Sep 02 13:25:38.237528 n-d-794796-4 devstack@n-api.service[109681]: INFO nova.api.openstack.requestlog [None req-ea193934-ee1c-4ae3-ba9f-f170d25122db tempest-QuotasAdminTestJSON-619137072 tempest-QuotasAdminTestJSON-619137072-project-admin] 10.222.0.13 "PUT /compute/v2.1/os-quota-sets/7f24897c99bd4a258b16ec240577529c" status: 200 len: 328 microversion: 2.1 time: 0.292427
Sep 02 13:25:38.244532 n-d-794796-4 devstack@n-api.service[109681]: [pid: 109681|app: 0|req: 78/177] 10.222.0.13 () {60 vars in 1262 bytes} [Thu Sep 2 13:25:37 2021] PUT /compute/v2.1/os-quota-sets/7f24897c99bd4a258b16ec240577529c => generated 328 bytes in 300 msecs (HTTP/1.1 200) 9 headers in 357 bytes (1 switches on core 0)
Sep 02 13:25:38.296200 n-d-794796-4 devstack@n-api.service[109682]: DEBUG nova.policy [None req-5682d7b7-bb6a-4698-bd7f-ddbdef4e97bc tempest-MigrationsAdminTest-472705466 tempest-MigrationsAdminTest-472705466-project] Policy check for os_compute_api:os-extended-server-attributes failed with credentials {'is_admin': False, 'user_id': 'a12a3e8b5e88410ca05437be7c29bc0d', 'user_domain_id': 'default', 'system_scope': None, 'domain_id': None, 'project_id': '1ae87bd3068e4b56903a7f8f22eb00c0', 'project_domain_id': 'default', 'roles': ['reader', 'member'], 'is_admin_project': True, 'service_user_id': None, 'service_user_domain_id': None, 'service_project_id': None, 'service_project_domain_id': None, 'service_roles': []} {{(pid=109682) authorize /opt/stack/nova/nova/policy.py:199}}
Sep 02 13:25:38.329953 n-d-794796-4 devstack@n-api.service[109682]: INFO nova.api.openstack.requestlog [None req-5682d7b7-bb6a-4698-bd7f-ddbdef4e97bc tempest-MigrationsAdminTest-472705466 tempest-MigrationsAdminTest-472705466-project] 10.222.0.13 "GET /compute/v2.1/servers/5189ff88-f52d-45d9-8ec6-81e87802d346" status: 200 len: 1212 microversion: 2.1 time: 0.151250
Sep 02 13:25:38.341011 n-d-794796-4 devstack@n-api.service[109682]: [pid: 109682|app: 0|req: 100/178] 10.222.0.13 () {58 vars in 1236 bytes} [Thu Sep 2 13:25:38 2021] GET /compute/v2.1/servers/5189ff88-f52d-45d9-8ec6-81e87802d346 => generated 1212 bytes in 155 msecs (HTTP/1.1 200) 9 headers in 358 bytes (1 switches on core 0)
Sep 02 13:25:38.341011 n-d-794796-4 devstack@n-api.service[109682]: DEBUG nova.api.openstack.wsgi [None req-39b3cd8f-8417-4e5f-a5f5-d20fd9e122a1 tempest-AggregatesAdminTestJSON-281840994 tempest-AggregatesAdminTestJSON-281840994-project] Calling method '>' {{(pid=109682) _process_stack /opt/stack/nova/nova/api/openstack/wsgi.py:513}}
Sep 02 13:25:38.341011 n-d-794796-4 devstack@n-api.service[109682]: DEBUG nova.compute.api [None req-39b3cd8f-8417-4e5f-a5f5-d20fd9e122a1 tempest-AggregatesAdminTestJSON-281840994 tempest-AggregatesAdminTestJSON-281840994-project] [instance: 8f439990-2f9c-4e91-89f8-8ae0abc99396] Fetching instance by UUID {{(pid=109682) get /opt/stack/nova/nova/compute/api.py:2862}}
Sep 02 13:25:38.348862 n-d-794796-4 devstack@n-api.service[109682]: DEBUG oslo_concurrency.lockutils [None req-39b3cd8f-8417-4e5f-a5f5-d20fd9e122a1 tempest-AggregatesAdminTestJSON-281840994 tempest-AggregatesAdminTestJSON-281840994-project] Lock "7d3a952f-df54-4aa4-8c22-888466ce434d" acquired by "nova.context.set_target_cell..get_or_set_cached_cell_and_set_connections" :: waited 0.001s {{(pid=109682) inner /usr/local/lib/python3.8/dist-packages/oslo_concurrency/lockutils.py:355}}
Sep 02 13:25:38.349307 n-d-794796-4 devstack@n-api.service[109682]: DEBUG oslo_concurrency.lockutils [None req-39b3cd8f-8417-4e5f-a5f5-d20fd9e122a1 tempest-AggregatesAdminTestJSON-281840994 tempest-AggregatesAdminTestJSON-281840994-project] Lock "7d3a952f-df54-4aa4-8c22-888466ce434d" released by "nova.context.set_target_cell..get_or_set_cached_cell_and_set_connections" :: held 0.002s {{(pid=109682) inner /usr/local/lib/python3.8/dist-packages/oslo_concurrency/lockutils.py:367}}
Sep 02 13:25:38.350170 n-d-794796-4 devstack@n-api.service[109682]: DEBUG oslo_concurrency.lockutils [None req-39b3cd8f-8417-4e5f-a5f5-d20fd9e122a1 tempest-AggregatesAdminTestJSON-281840994 tempest-AggregatesAdminTestJSON-281840994-project] Lock "7d3a952f-df54-4aa4-8c22-888466ce434d" acquired by "nova.context.set_target_cell..get_or_set_cached_cell_and_set_connections" :: waited 0.000s {{(pid=109682) inner /usr/local/lib/python3.8/dist-packages/oslo_concurrency/lockutils.py:355}}
Sep 02 13:25:38.350602 n-d-794796-4 devstack@n-api.service[109682]: DEBUG oslo_concurrency.lockutils [None req-39b3cd8f-8417-4e5f-a5f5-d20fd9e122a1 tempest-AggregatesAdminTestJSON-281840994 tempest-AggregatesAdminTestJSON-281840994-project] Lock "7d3a952f-df54-4aa4-8c22-888466ce434d" released by "nova.context.set_target_cell..get_or_set_cached_cell_and_set_connections" :: held 0.000s {{(pid=109682) inner /usr/local/lib/python3.8/dist-packages/oslo_concurrency/lockutils.py:367}}
