Sep 01 15:21:08.195066 n-d-794796-3 devstack@placement-api.service[95216]: DEBUG placement.objects.research_context [req-545e47b6-de07-488a-82f0-2ae38afbc007 req-e032f746-ad90-486b-a733-989cbaf15732 service placement] found 2 providers after filtering by previous result {{(pid=95216) get_provider_ids_matching /opt/stack/placement/placement/objects/research_context.py:580}}
Sep 01 15:21:08.245996 n-d-794796-3 devstack@placement-api.service[95216]: DEBUG placement.objects.allocation_candidate [req-545e47b6-de07-488a-82f0-2ae38afbc007 req-e032f746-ad90-486b-a733-989cbaf15732 service placement] RequestGroup(use_same_provider=False, resources={MEMORY_MB:1024, VCPU:1}, traits=[], aggregates=[]) (suffix '') returned 2 matches {{(pid=95216) _get_by_requests /opt/stack/placement/placement/objects/allocation_candidate.py:145}}
Sep 01 15:21:08.246513 n-d-794796-3 devstack@placement-api.service[95216]: DEBUG placement.objects.allocation_candidate [req-545e47b6-de07-488a-82f0-2ae38afbc007 req-e032f746-ad90-486b-a733-989cbaf15732 service placement] Merging candidates yields 2 allocation requests and 2 provider summaries {{(pid=95216) _merge_candidates /opt/stack/placement/placement/objects/allocation_candidate.py:783}}
Sep 01 15:21:08.248951 n-d-794796-3 devstack@placement-api.service[95216]: INFO placement.requestlog [req-545e47b6-de07-488a-82f0-2ae38afbc007 req-e032f746-ad90-486b-a733-989cbaf15732 service placement] 10.222.0.60 "GET /placement/allocation_candidates?limit=1000&resources=MEMORY_MB%3A1024%2CVCPU%3A1&root_required=%21COMPUTE_STATUS_DISABLED" status: 200 len: 1278 microversion: 1.36
Sep 01 15:21:08.249516 n-d-794796-3 devstack@placement-api.service[95216]: [pid: 95216|app: 0|req: 405/817] 10.222.0.60 () {60 vars in 1479 bytes} [Wed Sep 1 15:21:07 2021] GET /placement/allocation_candidates?limit=1000&resources=MEMORY_MB%3A1024%2CVCPU%3A1&root_required=%21COMPUTE_STATUS_DISABLED => generated 1278 bytes in 275 msecs (HTTP/1.1 200) 8 headers in 297 bytes (1 switches on core 0)
Sep 01 15:21:08.499480 n-d-794796-3 devstack@placement-api.service[95215]: DEBUG placement.requestlog [req-545e47b6-de07-488a-82f0-2ae38afbc007 req-a0ed17c5-2a5e-4a65-86a6-792d9fc218b9 None None] Starting request: 10.222.0.60 "GET /placement/allocations/b928e670-4308-49b8-b1b6-e6d5d8d02baf" {{(pid=95215) __call__ /opt/stack/placement/placement/requestlog.py:55}}
Sep 01 15:21:08.560923 n-d-794796-3 devstack@placement-api.service[95215]: INFO placement.requestlog [req-545e47b6-de07-488a-82f0-2ae38afbc007 req-a0ed17c5-2a5e-4a65-86a6-792d9fc218b9 service placement] 10.222.0.60 "GET /placement/allocations/b928e670-4308-49b8-b1b6-e6d5d8d02baf" status: 200 len: 19 microversion: 1.28
Sep 01 15:21:08.571053 n-d-794796-3 devstack@placement-api.service[95215]: [pid: 95215|app: 0|req: 413/818] 10.222.0.60 () {60 vars in 1381 bytes} [Wed Sep 1 15:21:08 2021] GET /placement/allocations/b928e670-4308-49b8-b1b6-e6d5d8d02baf => generated 19 bytes in 72 msecs (HTTP/1.1 200) 8 headers in 295 bytes (1 switches on core 0)
Sep 01 15:21:08.573382 n-d-794796-3 devstack@placement-api.service[95216]: DEBUG placement.requestlog [req-545e47b6-de07-488a-82f0-2ae38afbc007 req-b50656b6-21cd-4371-b784-3c07f0794c2f None None] Starting request: 10.222.0.60 "PUT /placement/allocations/b928e670-4308-49b8-b1b6-e6d5d8d02baf" {{(pid=95216) __call__ /opt/stack/placement/placement/requestlog.py:55}}
Sep 01 15:21:08.671861 n-d-794796-3 devstack@placement-api.service[95216]: DEBUG placement.handlers.allocation [req-545e47b6-de07-488a-82f0-2ae38afbc007 req-b50656b6-21cd-4371-b784-3c07f0794c2f service placement] Successfully wrote allocations [, ] {{(pid=95216) _create_allocations /opt/stack/placement/placement/handlers/allocation.py:461}}
Sep 01 15:21:08.680365 n-d-794796-3 devstack@placement-api.service[95216]: INFO placement.requestlog [req-545e47b6-de07-488a-82f0-2ae38afbc007 req-b50656b6-21cd-4371-b784-3c07f0794c2f service placement] 10.222.0.60 "PUT /placement/allocations/b928e670-4308-49b8-b1b6-e6d5d8d02baf" status: 204 len: 0 microversion: 1.36
Sep 01 15:21:08.680948 n-d-794796-3 devstack@placement-api.service[95216]: [pid: 95216|app: 0|req: 406/819] 10.222.0.60 () {64 vars in 1434 bytes} [Wed Sep 1 15:21:08 2021] PUT /placement/allocations/b928e670-4308-49b8-b1b6-e6d5d8d02baf => generated 0 bytes in 108 msecs (HTTP/1.1 204) 5 headers in 199 bytes (3 switches on core 0)
Sep 01 15:21:09.375907 n-d-794796-3 devstack@placement-api.service[95215]: DEBUG placement.requestlog [req-545e47b6-de07-488a-82f0-2ae38afbc007 req-137e1526-d481-41c8-938d-5ef5ddfe88a6 None None] Starting request: 10.222.0.62 "GET /placement/allocations/b928e670-4308-49b8-b1b6-e6d5d8d02baf" {{(pid=95215) __call__ /opt/stack/placement/placement/requestlog.py:55}}
Sep 01 15:21:09.415138 n-d-794796-3 devstack@placement-api.service[95215]: INFO placement.requestlog [req-545e47b6-de07-488a-82f0-2ae38afbc007 req-137e1526-d481-41c8-938d-5ef5ddfe88a6 service placement] 10.222.0.62 "GET /placement/allocations/b928e670-4308-49b8-b1b6-e6d5d8d02baf" status: 200 len: 245 microversion: 1.28
Sep 01 15:21:09.417374 n-d-794796-3 devstack@placement-api.service[95215]: [pid: 95215|app: 0|req: 414/820] 10.222.0.62 () {60 vars in 1378 bytes} [Wed Sep 1 15:21:09 2021] GET /placement/allocations/b928e670-4308-49b8-b1b6-e6d5d8d02baf => generated 245 bytes in 41 msecs (HTTP/1.1 200) 8 headers in 296 bytes (1 switches on core 0)
Sep 01 15:21:49.719413 n-d-794796-3 devstack@placement-api.service[95216]: DEBUG placement.requestlog [req-7318d600-266e-49c8-8252-594df453d3a7 req-b8089417-eb52-484d-87e2-9e66a19c8aad None None] Starting request: 10.222.0.60 "GET /placement/allocation_candidates?limit=1000&resources=DISK_GB%3A1%2CMEMORY_MB%3A1024%2CVCPU%3A1&root_required=%21COMPUTE_STATUS_DISABLED" {{(pid=95216) __call__ /opt/stack/placement/placement/requestlog.py:55}}
Sep 01 15:21:50.442674 n-d-794796-3 devstack@placement-api.service[95216]: DEBUG placement.objects.research_context [req-7318d600-266e-49c8-8252-594df453d3a7 req-b8089417-eb52-484d-87e2-9e66a19c8aad service placement] getting providers with 1 DISK_GB {{(pid=95216) __init__ /opt/stack/placement/placement/objects/research_context.py:126}}
Sep 01 15:21:50.458130 n-d-794796-3 devstack@placement-api.service[95216]: DEBUG placement.objects.research_context [req-7318d600-266e-49c8-8252-594df453d3a7 req-b8089417-eb52-484d-87e2-9e66a19c8aad service placement] getting providers with 1024 MEMORY_MB {{(pid=95216) __init__ /opt/stack/placement/placement/objects/research_context.py:126}}
Sep 01 15:21:50.494227 n-d-794796-3 devstack@placement-api.service[95216]: DEBUG placement.objects.research_context [req-7318d600-266e-49c8-8252-594df453d3a7 req-b8089417-eb52-484d-87e2-9e66a19c8aad service placement] getting providers with 1 VCPU {{(pid=95216) __init__ /opt/stack/placement/placement/objects/research_context.py:126}}
Sep 01 15:21:50.513830 n-d-794796-3 devstack@placement-api.service[95216]: DEBUG placement.objects.research_context [req-7318d600-266e-49c8-8252-594df453d3a7 req-b8089417-eb52-484d-87e2-9e66a19c8aad service placement] found 2 providers with available 1 DISK_GB {{(pid=95216) get_provider_ids_matching /opt/stack/placement/placement/objects/research_context.py:549}}
Sep 01 15:21:50.515498 n-d-794796-3 devstack@placement-api.service[95216]: DEBUG placement.objects.research_context [req-7318d600-266e-49c8-8252-594df453d3a7 req-b8089417-eb52-484d-87e2-9e66a19c8aad service placement] found 2 providers with available 1024 MEMORY_MB {{(pid=95216) get_provider_ids_matching /opt/stack/placement/placement/objects/research_context.py:549}}
Sep 01 15:21:50.516092 n-d-794796-3 devstack@placement-api.service[95216]: DEBUG placement.objects.research_context [req-7318d600-266e-49c8-8252-594df453d3a7 req-b8089417-eb52-484d-87e2-9e66a19c8aad service placement] found 2 providers after filtering by previous result {{(pid=95216) get_provider_ids_matching /opt/stack/placement/placement/objects/research_context.py:580}}
Sep 01 15:21:50.516835 n-d-794796-3 devstack@placement-api.service[95216]: DEBUG placement.objects.research_context [req-7318d600-266e-49c8-8252-594df453d3a7 req-b8089417-eb52-484d-87e2-9e66a19c8aad service placement] found 2 providers with available 1 VCPU {{(pid=95216) get_provider_ids_matching /opt/stack/placement/placement/objects/research_context.py:549}}
Sep 01 15:21:50.517417 n-d-794796-3 devstack@placement-api.service[95216]: DEBUG placement.objects.research_context [req-7318d600-266e-49c8-8252-594df453d3a7 req-b8089417-eb52-484d-87e2-9e66a19c8aad service placement] found 2 providers after filtering by previous result {{(pid=95216) get_provider_ids_matching /opt/stack/placement/placement/objects/research_context.py:580}}
Sep 01 15:21:50.538502 n-d-794796-3 devstack@placement-api.service[95216]: DEBUG placement.objects.allocation_candidate [req-7318d600-266e-49c8-8252-594df453d3a7 req-b8089417-eb52-484d-87e2-9e66a19c8aad service placement] RequestGroup(use_same_provider=False, resources={DISK_GB:1, MEMORY_MB:1024, VCPU:1}, traits=[], aggregates=[]) (suffix '') returned 2 matches {{(pid=95216) _get_by_requests /opt/stack/placement/placement/objects/allocation_candidate.py:145}}
Sep 01 15:21:50.539189 n-d-794796-3 devstack@placement-api.service[95216]: DEBUG placement.objects.allocation_candidate [req-7318d600-266e-49c8-8252-594df453d3a7 req-b8089417-eb52-484d-87e2-9e66a19c8aad service placement] Merging candidates yields 2 allocation requests and 2 provider summaries {{(pid=95216) _merge_candidates /opt/stack/placement/placement/objects/allocation_candidate.py:783}}
Sep 01 15:21:50.544360 n-d-794796-3 devstack@placement-api.service[95216]: INFO placement.requestlog [req-7318d600-266e-49c8-8252-594df453d3a7 req-b8089417-eb52-484d-87e2-9e66a19c8aad service placement] 10.222.0.60 "GET /placement/allocation_candidates?limit=1000&resources=DISK_GB%3A1%2CMEMORY_MB%3A1024%2CVCPU%3A1&root_required=%21COMPUTE_STATUS_DISABLED" status: 200 len: 1309 microversion: 1.36
Sep 01 15:21:50.549290 n-d-794796-3 devstack@placement-api.service[95216]: [pid: 95216|app: 0|req: 407/821] 10.222.0.60 () {60 vars in 1507 bytes} [Wed Sep 1 15:21:49 2021] GET /placement/allocation_candidates?limit=1000&resources=DISK_GB%3A1%2CMEMORY_MB%3A1024%2CVCPU%3A1&root_required=%21COMPUTE_STATUS_DISABLED => generated 1309 bytes in 830 msecs (HTTP/1.1 200) 8 headers in 297 bytes (2 switches on core 0)
Sep 01 15:21:50.681487 n-d-794796-3 devstack@placement-api.service[95215]: DEBUG placement.requestlog [req-7318d600-266e-49c8-8252-594df453d3a7 req-7dc66a3c-27dc-4745-913f-cdfd3e7cf88f None None] Starting request: 10.222.0.60 "GET /placement/allocations/341a2e4b-b5d3-462c-8c4b-53ccd0f3b580" {{(pid=95215) __call__ /opt/stack/placement/placement/requestlog.py:55}}
Sep 01 15:21:50.736966 n-d-794796-3 devstack@placement-api.service[95215]: INFO placement.requestlog [req-7318d600-266e-49c8-8252-594df453d3a7 req-7dc66a3c-27dc-4745-913f-cdfd3e7cf88f service placement] 10.222.0.60 "GET /placement/allocations/341a2e4b-b5d3-462c-8c4b-53ccd0f3b580" status: 200 len: 19 microversion: 1.28
Sep 01 15:21:50.747768 n-d-794796-3 devstack@placement-api.service[95215]: [pid: 95215|app: 0|req: 415/822] 10.222.0.60 () {60 vars in 1381 bytes} [Wed Sep 1 15:21:50 2021] GET /placement/allocations/341a2e4b-b5d3-462c-8c4b-53ccd0f3b580 => generated 19 bytes in 71 msecs (HTTP/1.1 200) 8 headers in 295 bytes (1 switches on core 0)
Sep 01 15:21:50.749058 n-d-794796-3 devstack@placement-api.service[95216]: DEBUG placement.requestlog [req-7318d600-266e-49c8-8252-594df453d3a7 req-13d0771a-3794-4f7c-a15c-98a0f8fc7cb0 None None] Starting request: 10.222.0.60 "PUT /placement/allocations/341a2e4b-b5d3-462c-8c4b-53ccd0f3b580" {{(pid=95216) __call__ /opt/stack/placement/placement/requestlog.py:55}}
Sep 01 15:21:50.828498 n-d-794796-3 devstack@placement-api.service[95216]: DEBUG placement.handlers.allocation [req-7318d600-266e-49c8-8252-594df453d3a7 req-13d0771a-3794-4f7c-a15c-98a0f8fc7cb0 service placement] Successfully wrote allocations [, , ] {{(pid=95216) _create_allocations /opt/stack/placement/placement/handlers/allocation.py:461}}
Sep 01 15:21:50.837767 n-d-794796-3 devstack@placement-api.service[95216]: INFO placement.requestlog [req-7318d600-266e-49c8-8252-594df453d3a7 req-13d0771a-3794-4f7c-a15c-98a0f8fc7cb0 service placement] 10.222.0.60 "PUT /placement/allocations/341a2e4b-b5d3-462c-8c4b-53ccd0f3b580" status: 204 len: 0 microversion: 1.36
Sep 01 15:21:50.838744 n-d-794796-3 devstack@placement-api.service[95216]: [pid: 95216|app: 0|req: 408/823] 10.222.0.60 () {64 vars in 1434 bytes} [Wed Sep 1 15:21:50 2021] PUT /placement/allocations/341a2e4b-b5d3-462c-8c4b-53ccd0f3b580 => generated 0 bytes in 91 msecs (HTTP/1.1 204) 5 headers in 199 bytes (2 switches on core 0)
Sep 01 15:21:51.602940 n-d-794796-3 devstack@placement-api.service[95215]: DEBUG placement.requestlog [req-7318d600-266e-49c8-8252-594df453d3a7 req-885bc7cd-d646-42e4-acb0-f5e8a5d69fff None None] Starting request: 10.222.0.45 "GET /placement/allocations/341a2e4b-b5d3-462c-8c4b-53ccd0f3b580" {{(pid=95215) __call__ /opt/stack/placement/placement/requestlog.py:55}}
Sep 01 15:21:51.697595 n-d-794796-3 devstack@placement-api.service[95215]: INFO placement.requestlog [req-7318d600-266e-49c8-8252-594df453d3a7 req-885bc7cd-d646-42e4-acb0-f5e8a5d69fff service placement] 10.222.0.45 "GET /placement/allocations/341a2e4b-b5d3-462c-8c4b-53ccd0f3b580" status: 200 len: 259 microversion: 1.28
Sep 01 15:21:51.700795 n-d-794796-3 devstack@placement-api.service[95215]: [pid: 95215|app: 0|req: 416/824] 10.222.0.45 () {60 vars in 1378 bytes} [Wed Sep 1 15:21:51 2021] GET /placement/allocations/341a2e4b-b5d3-462c-8c4b-53ccd0f3b580 => generated 259 bytes in 99 msecs (HTTP/1.1 200) 8 headers in 296 bytes (1 switches on core 0)
Sep 01 15:21:53.843216 n-d-794796-3 devstack@placement-api.service[95216]: DEBUG placement.requestlog [req-7dbe4e55-5b72-4f64-87a3-22f824bc79d5 req-c46d0509-44a7-419e-babe-4a5388f69887 None None] Starting request: 10.222.0.45 "GET /placement/resource_providers/82cfcebb-a7ef-457f-a8ca-daa14a9bfd9f/allocations" {{(pid=95216) __call__ /opt/stack/placement/placement/requestlog.py:55}}
Sep 01 15:21:53.944081 n-d-794796-3 devstack@placement-api.service[95216]: INFO placement.requestlog [req-7dbe4e55-5b72-4f64-87a3-22f824bc79d5 req-c46d0509-44a7-419e-babe-4a5388f69887 service placement] 10.222.0.45 "GET /placement/resource_providers/82cfcebb-a7ef-457f-a8ca-daa14a9bfd9f/allocations" status: 200 len: 342 microversion: 1.0
Sep 01 15:21:53.945736 n-d-794796-3 devstack@placement-api.service[95216]: [pid: 95216|app: 0|req: 409/825] 10.222.0.45 () {58 vars in 1391 bytes} [Wed Sep 1 15:21:53 2021] GET /placement/resource_providers/82cfcebb-a7ef-457f-a8ca-daa14a9bfd9f/allocations => generated 342 bytes in 103 msecs (HTTP/1.1 200) 6 headers in 224 bytes (2 switches on core 0)
Sep 01 15:22:03.398198 n-d-794796-3 devstack@placement-api.service[95215]: DEBUG placement.requestlog [req-2f754328-6e47-4bcf-aa3e-fe3cca8491b5 req-9cada900-6239-4ebc-ba19-e777ed6f015e None None] Starting request: 10.222.0.62 "GET /placement/resource_providers/726e880b-bf3f-46bb-bb70-6042ef431637/allocations" {{(pid=95215) __call__ /opt/stack/placement/placement/requestlog.py:55}}
Sep 01 15:22:03.425808 n-d-794796-3 devstack@placement-api.service[95215]: INFO placement.requestlog [req-2f754328-6e47-4bcf-aa3e-fe3cca8491b5 req-9cada900-6239-4ebc-ba19-e777ed6f015e service placement] 10.222.0.62 "GET /placement/resource_providers/726e880b-bf3f-46bb-bb70-6042ef431637/allocations" status: 200 len: 140 microversion: 1.0
Sep 01 15:22:03.426576 n-d-794796-3 devstack@placement-api.service[95215]: [pid: 95215|app: 0|req: 417/826] 10.222.0.62 () {58 vars in 1391 bytes} [Wed Sep 1 15:22:03 2021] GET /placement/resource_providers/726e880b-bf3f-46bb-bb70-6042ef431637/allocations => generated 140 bytes in 29 msecs (HTTP/1.1 200) 6 headers in 224 bytes (2 switches on core 0)
Sep 01 15:22:23.009500 n-d-794796-3 devstack@placement-api.service[95216]: DEBUG placement.requestlog [req-51b1f384-dfed-4688-866e-23799b1b53ac req-5d8a940a-325e-4769-a3f5-4345d3b89297 None None] Starting request: 10.222.0.45 "DELETE /placement/allocations/341a2e4b-b5d3-462c-8c4b-53ccd0f3b580" {{(pid=95216) __call__ /opt/stack/placement/placement/requestlog.py:55}}
Sep 01 15:22:23.046525 n-d-794796-3 devstack@placement-api.service[95216]: DEBUG placement.handlers.allocation [req-51b1f384-dfed-4688-866e-23799b1b53ac req-5d8a940a-325e-4769-a3f5-4345d3b89297 service placement] Successfully deleted allocations [, , ] {{(pid=95216) delete_allocations /opt/stack/placement/placement/handlers/allocation.py:603}}
Sep 01 15:22:23.047138 n-d-794796-3 devstack@placement-api.service[95216]: INFO placement.requestlog [req-51b1f384-dfed-4688-866e-23799b1b53ac req-5d8a940a-325e-4769-a3f5-4345d3b89297 service placement] 10.222.0.45 "DELETE /placement/allocations/341a2e4b-b5d3-462c-8c4b-53ccd0f3b580" status: 204 len: 0 microversion: 1.0
Sep 01 15:22:23.047889 n-d-794796-3 devstack@placement-api.service[95216]: [pid: 95216|app: 0|req: 410/827] 10.222.0.45 () {60 vars in 1356 bytes} [Wed Sep 1 15:22:23 2021] DELETE /placement/allocations/341a2e4b-b5d3-462c-8c4b-53ccd0f3b580 => generated 0 bytes in 38 msecs (HTTP/1.1 204) 5 headers in 198 bytes (2 switches on core 0)
Sep 01 15:22:37.418506 n-d-794796-3 devstack@placement-api.service[95215]: DEBUG placement.requestlog [req-5aa5ca1a-c837-41a5-849e-4ab6a5b88d7a req-b6501d95-d1e0-4bb5-8777-1a4f91b9cc39 None None] Starting request: 10.222.0.60 "GET /placement/allocation_candidates?limit=1000&resources=DISK_GB%3A1%2CMEMORY_MB%3A1024%2CVCPU%3A1&root_required=%21COMPUTE_STATUS_DISABLED" {{(pid=95215) __call__ /opt/stack/placement/placement/requestlog.py:55}}
Sep 01 15:22:37.483292 n-d-794796-3 devstack@placement-api.service[95215]: DEBUG placement.objects.research_context [req-5aa5ca1a-c837-41a5-849e-4ab6a5b88d7a req-b6501d95-d1e0-4bb5-8777-1a4f91b9cc39 service placement] getting providers with 1 DISK_GB {{(pid=95215) __init__ /opt/stack/placement/placement/objects/research_context.py:126}}
Sep 01 15:22:37.494627 n-d-794796-3 devstack@placement-api.service[95215]: DEBUG placement.objects.research_context [req-5aa5ca1a-c837-41a5-849e-4ab6a5b88d7a req-b6501d95-d1e0-4bb5-8777-1a4f91b9cc39 service placement] getting providers with 1024 MEMORY_MB {{(pid=95215) __init__ /opt/stack/placement/placement/objects/research_context.py:126}}
Sep 01 15:22:37.523071 n-d-794796-3 devstack@placement-api.service[95215]: DEBUG placement.objects.research_context [req-5aa5ca1a-c837-41a5-849e-4ab6a5b88d7a req-b6501d95-d1e0-4bb5-8777-1a4f91b9cc39 service placement] getting providers with 1 VCPU {{(pid=95215) __init__ /opt/stack/placement/placement/objects/research_context.py:126}}
Sep 01 15:22:37.536859 n-d-794796-3 devstack@placement-api.service[95215]: DEBUG placement.objects.research_context [req-5aa5ca1a-c837-41a5-849e-4ab6a5b88d7a req-b6501d95-d1e0-4bb5-8777-1a4f91b9cc39 service placement] found 2 providers with available 1 DISK_GB {{(pid=95215) get_provider_ids_matching /opt/stack/placement/placement/objects/research_context.py:549}}
Sep 01 15:22:37.537779 n-d-794796-3 devstack@placement-api.service[95215]: DEBUG placement.objects.research_context [req-5aa5ca1a-c837-41a5-849e-4ab6a5b88d7a req-b6501d95-d1e0-4bb5-8777-1a4f91b9cc39 service placement] found 2 providers with available 1024 MEMORY_MB {{(pid=95215) get_provider_ids_matching /opt/stack/placement/placement/objects/research_context.py:549}}
Sep 01 15:22:37.538342 n-d-794796-3 devstack@placement-api.service[95215]: DEBUG placement.objects.research_context [req-5aa5ca1a-c837-41a5-849e-4ab6a5b88d7a req-b6501d95-d1e0-4bb5-8777-1a4f91b9cc39 service placement] found 2 providers after filtering by previous result {{(pid=95215) get_provider_ids_matching /opt/stack/placement/placement/objects/research_context.py:580}}
Sep 01 15:22:37.538845 n-d-794796-3 devstack@placement-api.service[95215]: DEBUG placement.objects.research_context [req-5aa5ca1a-c837-41a5-849e-4ab6a5b88d7a req-b6501d95-d1e0-4bb5-8777-1a4f91b9cc39 service placement] found 2 providers with available 1 VCPU {{(pid=95215) get_provider_ids_matching /opt/stack/placement/placement/objects/research_context.py:549}}
Sep 01 15:22:37.540043 n-d-794796-3 devstack@placement-api.service[95215]: DEBUG placement.objects.research_context [req-5aa5ca1a-c837-41a5-849e-4ab6a5b88d7a req-b6501d95-d1e0-4bb5-8777-1a4f91b9cc39 service placement] found 2 providers after filtering by previous result {{(pid=95215) get_provider_ids_matching /opt/stack/placement/placement/objects/research_context.py:580}}
Sep 01 15:22:37.572305 n-d-794796-3 devstack@placement-api.service[95215]: DEBUG placement.objects.allocation_candidate [req-5aa5ca1a-c837-41a5-849e-4ab6a5b88d7a req-b6501d95-d1e0-4bb5-8777-1a4f91b9cc39 service placement] RequestGroup(use_same_provider=False, resources={DISK_GB:1, MEMORY_MB:1024, VCPU:1}, traits=[], aggregates=[]) (suffix '') returned 2 matches {{(pid=95215) _get_by_requests /opt/stack/placement/placement/objects/allocation_candidate.py:145}}
Sep 01 15:22:37.573307 n-d-794796-3 devstack@placement-api.service[95215]: DEBUG placement.objects.allocation_candidate [req-5aa5ca1a-c837-41a5-849e-4ab6a5b88d7a req-b6501d95-d1e0-4bb5-8777-1a4f91b9cc39 service placement] Merging candidates yields 2 allocation requests and 2 provider summaries {{(pid=95215) _merge_candidates /opt/stack/placement/placement/objects/allocation_candidate.py:783}}
Sep 01 15:22:37.579018 n-d-794796-3 devstack@placement-api.service[95215]: INFO placement.requestlog [req-5aa5ca1a-c837-41a5-849e-4ab6a5b88d7a req-b6501d95-d1e0-4bb5-8777-1a4f91b9cc39 service placement] 10.222.0.60 "GET /placement/allocation_candidates?limit=1000&resources=DISK_GB%3A1%2CMEMORY_MB%3A1024%2CVCPU%3A1&root_required=%21COMPUTE_STATUS_DISABLED" status: 200 len: 1309 microversion: 1.36
Sep 01 15:22:37.579321 n-d-794796-3 devstack@placement-api.service[95215]: [pid: 95215|app: 0|req: 418/828] 10.222.0.60 () {60 vars in 1507 bytes} [Wed Sep 1 15:22:37 2021] GET /placement/allocation_candidates?limit=1000&resources=DISK_GB%3A1%2CMEMORY_MB%3A1024%2CVCPU%3A1&root_required=%21COMPUTE_STATUS_DISABLED => generated 1309 bytes in 162 msecs (HTTP/1.1 200) 8 headers in 297 bytes (1 switches on core 0)
Sep 01 15:22:37.723311 n-d-794796-3 devstack@placement-api.service[95216]: DEBUG placement.requestlog [req-5aa5ca1a-c837-41a5-849e-4ab6a5b88d7a req-8be747d7-24b7-4329-949e-17d8fe39c947 None None] Starting request: 10.222.0.60 "GET /placement/allocations/27feb68d-4c67-43ac-8e7c-34b34ceda24a" {{(pid=95216) __call__ /opt/stack/placement/placement/requestlog.py:55}}
Sep 01 15:22:37.738358 n-d-794796-3 devstack@placement-api.service[95216]: INFO placement.requestlog [req-5aa5ca1a-c837-41a5-849e-4ab6a5b88d7a req-8be747d7-24b7-4329-949e-17d8fe39c947 service placement] 10.222.0.60 "GET /placement/allocations/27feb68d-4c67-43ac-8e7c-34b34ceda24a" status: 200 len: 19 microversion: 1.28
Sep 01 15:22:37.743886 n-d-794796-3 devstack@placement-api.service[95216]: [pid: 95216|app: 0|req: 411/829] 10.222.0.60 () {60 vars in 1381 bytes} [Wed Sep 1 15:22:37 2021] GET /placement/allocations/27feb68d-4c67-43ac-8e7c-34b34ceda24a => generated 19 bytes in 21 msecs (HTTP/1.1 200) 8 headers in 295 bytes (1 switches on core 0)
Sep 01 15:22:37.745493 n-d-794796-3 devstack@placement-api.service[95215]: DEBUG placement.requestlog [req-5aa5ca1a-c837-41a5-849e-4ab6a5b88d7a req-62f53be6-fc7c-4c92-aff6-9473bd4c0a04 None None] Starting request: 10.222.0.60 "PUT /placement/allocations/27feb68d-4c67-43ac-8e7c-34b34ceda24a" {{(pid=95215) __call__ /opt/stack/placement/placement/requestlog.py:55}}
Sep 01 15:22:37.866131 n-d-794796-3 devstack@placement-api.service[95215]: DEBUG placement.handlers.allocation [req-5aa5ca1a-c837-41a5-849e-4ab6a5b88d7a req-62f53be6-fc7c-4c92-aff6-9473bd4c0a04 service placement] Successfully wrote allocations [, , ] {{(pid=95215) _create_allocations /opt/stack/placement/placement/handlers/allocation.py:461}}
Sep 01 15:22:37.876031 n-d-794796-3 devstack@placement-api.service[95215]: INFO placement.requestlog [req-5aa5ca1a-c837-41a5-849e-4ab6a5b88d7a req-62f53be6-fc7c-4c92-aff6-9473bd4c0a04 service placement] 10.222.0.60 "PUT /placement/allocations/27feb68d-4c67-43ac-8e7c-34b34ceda24a" status: 204 len: 0 microversion: 1.36
Sep 01 15:22:37.876717 n-d-794796-3 devstack@placement-api.service[95215]: [pid: 95215|app: 0|req: 419/830] 10.222.0.60 () {64 vars in 1434 bytes} [Wed Sep 1 15:22:37 2021] PUT /placement/allocations/27feb68d-4c67-43ac-8e7c-34b34ceda24a => generated 0 bytes in 131 msecs (HTTP/1.1 204) 5 headers in 199 bytes (1 switches on core 0)
Sep 01 15:22:38.651362 n-d-794796-3 devstack@placement-api.service[95216]: DEBUG placement.requestlog [req-5aa5ca1a-c837-41a5-849e-4ab6a5b88d7a req-9324b19a-7415-4b93-998a-71bfd4a0c735 None None] Starting request: 10.222.0.62 "GET /placement/allocations/27feb68d-4c67-43ac-8e7c-34b34ceda24a" {{(pid=95216) __call__ /opt/stack/placement/placement/requestlog.py:55}}
Sep 01 15:22:38.686920 n-d-794796-3 devstack@placement-api.service[95216]: INFO placement.requestlog [req-5aa5ca1a-c837-41a5-849e-4ab6a5b88d7a req-9324b19a-7415-4b93-998a-71bfd4a0c735 service placement] 10.222.0.62 "GET /placement/allocations/27feb68d-4c67-43ac-8e7c-34b34ceda24a" status: 200 len: 259 microversion: 1.28
Sep 01 15:22:38.688627 n-d-794796-3 devstack@placement-api.service[95216]: [pid: 95216|app: 0|req: 412/831] 10.222.0.62 () {60 vars in 1378 bytes} [Wed Sep 1 15:22:38 2021] GET /placement/allocations/27feb68d-4c67-43ac-8e7c-34b34ceda24a => generated 259 bytes in 39 msecs (HTTP/1.1 200) 8 headers in 296 bytes (2 switches on core 0)
Sep 01 15:22:40.602331 n-d-794796-3 devstack@placement-api.service[95215]: DEBUG placement.requestlog [req-de74207f-96e3-4bc1-b7f0-548d0652ed13 req-d7c7a50b-9518-480d-a560-55cbcc6c8e24 None None] Starting request: 10.222.0.60 "GET /placement/allocation_candidates?limit=1000&resources=DISK_GB%3A1%2CMEMORY_MB%3A1024%2CVCPU%3A1&root_required=%21COMPUTE_STATUS_DISABLED" {{(pid=95215) __call__ /opt/stack/placement/placement/requestlog.py:55}}
Sep 01 15:22:40.677675 n-d-794796-3 devstack@placement-api.service[95215]: DEBUG placement.objects.research_context [req-de74207f-96e3-4bc1-b7f0-548d0652ed13 req-d7c7a50b-9518-480d-a560-55cbcc6c8e24 service placement] getting providers with 1 DISK_GB {{(pid=95215) __init__ /opt/stack/placement/placement/objects/research_context.py:126}}
Sep 01 15:22:40.694138 n-d-794796-3 devstack@placement-api.service[95215]: DEBUG placement.objects.research_context [req-de74207f-96e3-4bc1-b7f0-548d0652ed13 req-d7c7a50b-9518-480d-a560-55cbcc6c8e24 service placement] getting providers with 1024 MEMORY_MB {{(pid=95215) __init__ /opt/stack/placement/placement/objects/research_context.py:126}}
Sep 01 15:22:40.708296 n-d-794796-3 devstack@placement-api.service[95215]: DEBUG placement.objects.research_context [req-de74207f-96e3-4bc1-b7f0-548d0652ed13 req-d7c7a50b-9518-480d-a560-55cbcc6c8e24 service placement] getting providers with 1 VCPU {{(pid=95215) __init__ /opt/stack/placement/placement/objects/research_context.py:126}}
Sep 01 15:22:40.725337 n-d-794796-3 devstack@placement-api.service[95215]: DEBUG placement.objects.research_context [req-de74207f-96e3-4bc1-b7f0-548d0652ed13 req-d7c7a50b-9518-480d-a560-55cbcc6c8e24 service placement] found 2 providers with available 1 DISK_GB {{(pid=95215) get_provider_ids_matching /opt/stack/placement/placement/objects/research_context.py:549}}
Sep 01 15:22:40.726023 n-d-794796-3 devstack@placement-api.service[95215]: DEBUG placement.objects.research_context [req-de74207f-96e3-4bc1-b7f0-548d0652ed13 req-d7c7a50b-9518-480d-a560-55cbcc6c8e24 service placement] found 2 providers with available 1024 MEMORY_MB {{(pid=95215) get_provider_ids_matching /opt/stack/placement/placement/objects/research_context.py:549}}
Sep 01 15:22:40.726601 n-d-794796-3 devstack@placement-api.service[95215]: DEBUG placement.objects.research_context [req-de74207f-96e3-4bc1-b7f0-548d0652ed13 req-d7c7a50b-9518-480d-a560-55cbcc6c8e24 service placement] found 2 providers after filtering by previous result {{(pid=95215) get_provider_ids_matching /opt/stack/placement/placement/objects/research_context.py:580}}
Sep 01 15:22:40.727590 n-d-794796-3 devstack@placement-api.service[95215]: DEBUG placement.objects.research_context [req-de74207f-96e3-4bc1-b7f0-548d0652ed13 req-d7c7a50b-9518-480d-a560-55cbcc6c8e24 service placement] found 2 providers with available 1 VCPU {{(pid=95215) get_provider_ids_matching /opt/stack/placement/placement/objects/research_context.py:549}}
Sep 01 15:22:40.728107 n-d-794796-3 devstack@placement-api.service[95215]: DEBUG placement.objects.research_context [req-de74207f-96e3-4bc1-b7f0-548d0652ed13 req-d7c7a50b-9518-480d-a560-55cbcc6c8e24 service placement] found 2 providers after filtering by previous result {{(pid=95215) get_provider_ids_matching /opt/stack/placement/placement/objects/research_context.py:580}}
Sep 01 15:22:40.747752 n-d-794796-3 devstack@placement-api.service[95215]: DEBUG placement.objects.allocation_candidate [req-de74207f-96e3-4bc1-b7f0-548d0652ed13 req-d7c7a50b-9518-480d-a560-55cbcc6c8e24 service placement] RequestGroup(use_same_provider=False, resources={DISK_GB:1, MEMORY_MB:1024, VCPU:1}, traits=[], aggregates=[]) (suffix '') returned 2 matches {{(pid=95215) _get_by_requests /opt/stack/placement/placement/objects/allocation_candidate.py:145}}
Sep 01 15:22:40.748740 n-d-794796-3 devstack@placement-api.service[95215]: DEBUG placement.objects.allocation_candidate [req-de74207f-96e3-4bc1-b7f0-548d0652ed13 req-d7c7a50b-9518-480d-a560-55cbcc6c8e24 service placement] Merging candidates yields 2 allocation requests and 2 provider summaries {{(pid=95215) _merge_candidates /opt/stack/placement/placement/objects/allocation_candidate.py:783}}
Sep 01 15:22:40.751223 n-d-794796-3 devstack@placement-api.service[95215]: INFO placement.requestlog [req-de74207f-96e3-4bc1-b7f0-548d0652ed13 req-d7c7a50b-9518-480d-a560-55cbcc6c8e24 service placement] 10.222.0.60 "GET /placement/allocation_candidates?limit=1000&resources=DISK_GB%3A1%2CMEMORY_MB%3A1024%2CVCPU%3A1&root_required=%21COMPUTE_STATUS_DISABLED" status: 200 len: 1309 microversion: 1.36
Sep 01 15:22:40.751702 n-d-794796-3 devstack@placement-api.service[95215]: [pid: 95215|app: 0|req: 420/832] 10.222.0.60 () {60 vars in 1507 bytes} [Wed Sep 1 15:22:40 2021] GET /placement/allocation_candidates?limit=1000&resources=DISK_GB%3A1%2CMEMORY_MB%3A1024%2CVCPU%3A1&root_required=%21COMPUTE_STATUS_DISABLED => generated 1309 bytes in 150 msecs (HTTP/1.1 200) 8 headers in 297 bytes (2 switches on core 0)
Sep 01 15:22:40.980702 n-d-794796-3 devstack@placement-api.service[95216]: DEBUG placement.requestlog [req-de74207f-96e3-4bc1-b7f0-548d0652ed13 req-d2222d96-d0e7-4b55-b879-d9606bc35cdd None None] Starting request: 10.222.0.60 "GET /placement/allocations/bf4cb535-067f-4b0a-bc30-0b8a71d41af3" {{(pid=95216) __call__ /opt/stack/placement/placement/requestlog.py:55}}
Sep 01 15:22:41.016012 n-d-794796-3 devstack@placement-api.service[95216]: INFO placement.requestlog [req-de74207f-96e3-4bc1-b7f0-548d0652ed13 req-d2222d96-d0e7-4b55-b879-d9606bc35cdd service placement] 10.222.0.60 "GET /placement/allocations/bf4cb535-067f-4b0a-bc30-0b8a71d41af3" status: 200 len: 19 microversion: 1.28
Sep 01 15:22:41.019869 n-d-794796-3 devstack@placement-api.service[95216]: [pid: 95216|app: 0|req: 413/833] 10.222.0.60 () {60 vars in 1381 bytes} [Wed Sep 1 15:22:40 2021] GET /placement/allocations/bf4cb535-067f-4b0a-bc30-0b8a71d41af3 => generated 19 bytes in 41 msecs (HTTP/1.1 200) 8 headers in 295 bytes (1 switches on core 0)
Sep 01 15:22:41.028437 n-d-794796-3 devstack@placement-api.service[95215]: DEBUG placement.requestlog [req-de74207f-96e3-4bc1-b7f0-548d0652ed13 req-e615afec-296c-4bff-ab49-f2db537dd51d None None] Starting request: 10.222.0.60 "PUT /placement/allocations/bf4cb535-067f-4b0a-bc30-0b8a71d41af3" {{(pid=95215) __call__ /opt/stack/placement/placement/requestlog.py:55}}
Sep 01 15:22:41.135166 n-d-794796-3 devstack@placement-api.service[95215]: DEBUG placement.handlers.allocation [req-de74207f-96e3-4bc1-b7f0-548d0652ed13 req-e615afec-296c-4bff-ab49-f2db537dd51d service placement] Successfully wrote allocations [, , ] {{(pid=95215) _create_allocations /opt/stack/placement/placement/handlers/allocation.py:461}}
Sep 01 15:22:41.140489 n-d-794796-3 devstack@placement-api.service[95215]: INFO placement.requestlog [req-de74207f-96e3-4bc1-b7f0-548d0652ed13 req-e615afec-296c-4bff-ab49-f2db537dd51d service placement] 10.222.0.60 "PUT /placement/allocations/bf4cb535-067f-4b0a-bc30-0b8a71d41af3" status: 204 len: 0 microversion: 1.36
Sep 01 15:22:41.143368 n-d-794796-3 devstack@placement-api.service[95215]: [pid: 95215|app: 0|req: 421/834] 10.222.0.60 () {64 vars in 1434 bytes} [Wed Sep 1 15:22:41 2021] PUT /placement/allocations/bf4cb535-067f-4b0a-bc30-0b8a71d41af3 => generated 0 bytes in 114 msecs (HTTP/1.1 204) 5 headers in 199 bytes (1 switches on core 0)
Sep 01 15:22:41.547456 n-d-794796-3 devstack@placement-api.service[95216]: DEBUG placement.requestlog [req-de74207f-96e3-4bc1-b7f0-548d0652ed13 req-a9008f47-0a1f-4aa4-a7ee-94a5639cb56a None None] Starting request: 10.222.0.45 "GET /placement/allocations/bf4cb535-067f-4b0a-bc30-0b8a71d41af3" {{(pid=95216) __call__ /opt/stack/placement/placement/requestlog.py:55}}
Sep 01 15:22:41.582633 n-d-794796-3 devstack@placement-api.service[95216]: INFO placement.requestlog [req-de74207f-96e3-4bc1-b7f0-548d0652ed13 req-a9008f47-0a1f-4aa4-a7ee-94a5639cb56a service placement] 10.222.0.45 "GET /placement/allocations/bf4cb535-067f-4b0a-bc30-0b8a71d41af3" status: 200 len: 259 microversion: 1.28
Sep 01 15:22:41.584278 n-d-794796-3 devstack@placement-api.service[95216]: [pid: 95216|app: 0|req: 414/835] 10.222.0.45 () {60 vars in 1378 bytes} [Wed Sep 1 15:22:41 2021] GET /placement/allocations/bf4cb535-067f-4b0a-bc30-0b8a71d41af3 => generated 259 bytes in 37 msecs (HTTP/1.1 200) 8 headers in 296 bytes (2 switches on core 0)
Sep 01 15:22:43.407520 n-d-794796-3 devstack@placement-api.service[95215]: DEBUG placement.requestlog [req-1e855bd5-cf91-4c87-aaee-20d4433bde95 req-d2809fe0-548d-416e-9a17-d86fee4d5df4 None None] Starting request: 10.222.0.60 "GET /placement/allocation_candidates?limit=1000&resources=DISK_GB%3A1%2CMEMORY_MB%3A512%2CVCPU%3A1&root_required=%21COMPUTE_STATUS_DISABLED" {{(pid=95215) __call__ /opt/stack/placement/placement/requestlog.py:55}}
Sep 01 15:22:43.562116 n-d-794796-3 devstack@placement-api.service[95215]: DEBUG placement.objects.research_context [req-1e855bd5-cf91-4c87-aaee-20d4433bde95 req-d2809fe0-548d-416e-9a17-d86fee4d5df4 service placement] getting providers with 1 DISK_GB {{(pid=95215) __init__ /opt/stack/placement/placement/objects/research_context.py:126}}
Sep 01 15:22:43.586688 n-d-794796-3 devstack@placement-api.service[95215]: DEBUG placement.objects.research_context [req-1e855bd5-cf91-4c87-aaee-20d4433bde95 req-d2809fe0-548d-416e-9a17-d86fee4d5df4 service placement] getting providers with 512 MEMORY_MB {{(pid=95215) __init__ /opt/stack/placement/placement/objects/research_context.py:126}}
Sep 01 15:22:43.605169 n-d-794796-3 devstack@placement-api.service[95215]: DEBUG placement.objects.research_context [req-1e855bd5-cf91-4c87-aaee-20d4433bde95 req-d2809fe0-548d-416e-9a17-d86fee4d5df4 service placement] getting providers with 1 VCPU {{(pid=95215) __init__ /opt/stack/placement/placement/objects/research_context.py:126}}
Sep 01 15:22:43.627003 n-d-794796-3 devstack@placement-api.service[95215]: DEBUG placement.objects.research_context [req-1e855bd5-cf91-4c87-aaee-20d4433bde95 req-d2809fe0-548d-416e-9a17-d86fee4d5df4 service placement] found 2 providers with available 1 DISK_GB {{(pid=95215) get_provider_ids_matching /opt/stack/placement/placement/objects/research_context.py:549}}
Sep 01 15:22:43.628371 n-d-794796-3 devstack@placement-api.service[95215]: DEBUG placement.objects.research_context [req-1e855bd5-cf91-4c87-aaee-20d4433bde95 req-d2809fe0-548d-416e-9a17-d86fee4d5df4 service placement] found 2 providers with available 512 MEMORY_MB {{(pid=95215) get_provider_ids_matching /opt/stack/placement/placement/objects/research_context.py:549}}
Sep 01 15:22:43.629751 n-d-794796-3 devstack@placement-api.service[95215]: DEBUG placement.objects.research_context [req-1e855bd5-cf91-4c87-aaee-20d4433bde95 req-d2809fe0-548d-416e-9a17-d86fee4d5df4 service placement] found 2 providers after filtering by previous result {{(pid=95215) get_provider_ids_matching /opt/stack/placement/placement/objects/research_context.py:580}}
Sep 01 15:22:43.631337 n-d-794796-3 devstack@placement-api.service[95215]: DEBUG placement.objects.research_context [req-1e855bd5-cf91-4c87-aaee-20d4433bde95 req-d2809fe0-548d-416e-9a17-d86fee4d5df4 service placement] found 2 providers with available 1 VCPU {{(pid=95215) get_provider_ids_matching /opt/stack/placement/placement/objects/research_context.py:549}}
Sep 01 15:22:43.632190 n-d-794796-3 devstack@placement-api.service[95215]: DEBUG placement.objects.research_context [req-1e855bd5-cf91-4c87-aaee-20d4433bde95 req-d2809fe0-548d-416e-9a17-d86fee4d5df4 service placement] found 2 providers after filtering by previous result {{(pid=95215) get_provider_ids_matching /opt/stack/placement/placement/objects/research_context.py:580}}
Sep 01 15:22:43.685007 n-d-794796-3 devstack@placement-api.service[95215]: DEBUG placement.objects.allocation_candidate [req-1e855bd5-cf91-4c87-aaee-20d4433bde95 req-d2809fe0-548d-416e-9a17-d86fee4d5df4 service placement] RequestGroup(use_same_provider=False, resources={DISK_GB:1, MEMORY_MB:512, VCPU:1}, traits=[], aggregates=[]) (suffix '') returned 2 matches {{(pid=95215) _get_by_requests /opt/stack/placement/placement/objects/allocation_candidate.py:145}}
Sep 01 15:22:43.685677 n-d-794796-3 devstack@placement-api.service[95215]: DEBUG placement.objects.allocation_candidate [req-1e855bd5-cf91-4c87-aaee-20d4433bde95 req-d2809fe0-548d-416e-9a17-d86fee4d5df4 service placement] Merging candidates yields 2 allocation requests and 2 provider summaries {{(pid=95215) _merge_candidates /opt/stack/placement/placement/objects/allocation_candidate.py:783}}
Sep 01 15:22:43.688884 n-d-794796-3 devstack@placement-api.service[95215]: INFO placement.requestlog [req-1e855bd5-cf91-4c87-aaee-20d4433bde95 req-d2809fe0-548d-416e-9a17-d86fee4d5df4 service placement] 10.222.0.60 "GET /placement/allocation_candidates?limit=1000&resources=DISK_GB%3A1%2CMEMORY_MB%3A512%2CVCPU%3A1&root_required=%21COMPUTE_STATUS_DISABLED" status: 200 len: 1307 microversion: 1.36
Sep 01 15:22:43.689941 n-d-794796-3 devstack@placement-api.service[95215]: [pid: 95215|app: 0|req: 422/836] 10.222.0.60 () {60 vars in 1505 bytes} [Wed Sep 1 15:22:43 2021] GET /placement/allocation_candidates?limit=1000&resources=DISK_GB%3A1%2CMEMORY_MB%3A512%2CVCPU%3A1&root_required=%21COMPUTE_STATUS_DISABLED => generated 1307 bytes in 283 msecs (HTTP/1.1 200) 8 headers in 297 bytes (1 switches on core 0)
Sep 01 15:22:43.833577 n-d-794796-3 devstack@placement-api.service[95216]: DEBUG placement.requestlog [req-1e855bd5-cf91-4c87-aaee-20d4433bde95 req-389627d5-5e94-4bb7-abe8-fc4c985f0e39 None None] Starting request: 10.222.0.60 "GET /placement/allocations/3507bb1d-f2d1-4f83-8d62-4ed86fe86af5" {{(pid=95216) __call__ /opt/stack/placement/placement/requestlog.py:55}}
Sep 01 15:22:43.868788 n-d-794796-3 devstack@placement-api.service[95216]: INFO placement.requestlog [req-1e855bd5-cf91-4c87-aaee-20d4433bde95 req-389627d5-5e94-4bb7-abe8-fc4c985f0e39 service placement] 10.222.0.60 "GET /placement/allocations/3507bb1d-f2d1-4f83-8d62-4ed86fe86af5" status: 200 len: 19 microversion: 1.28
Sep 01 15:22:43.883945 n-d-794796-3 devstack@placement-api.service[95215]: DEBUG placement.requestlog [req-1e855bd5-cf91-4c87-aaee-20d4433bde95 req-67d10f2f-74c0-441c-85e6-209e36099c49 None None] Starting request: 10.222.0.60 "PUT /placement/allocations/3507bb1d-f2d1-4f83-8d62-4ed86fe86af5" {{(pid=95215) __call__ /opt/stack/placement/placement/requestlog.py:55}}
Sep 01 15:22:43.896216 n-d-794796-3 devstack@placement-api.service[95216]: [pid: 95216|app: 0|req: 415/837] 10.222.0.60 () {60 vars in 1381 bytes} [Wed Sep 1 15:22:43 2021] GET /placement/allocations/3507bb1d-f2d1-4f83-8d62-4ed86fe86af5 => generated 19 bytes in 37 msecs (HTTP/1.1 200) 8 headers in 295 bytes (2 switches on core 0)
Sep 01 15:22:44.015303 n-d-794796-3 devstack@placement-api.service[95215]: DEBUG placement.handlers.allocation [req-1e855bd5-cf91-4c87-aaee-20d4433bde95 req-67d10f2f-74c0-441c-85e6-209e36099c49 service placement] Successfully wrote allocations [, , ] {{(pid=95215) _create_allocations /opt/stack/placement/placement/handlers/allocation.py:461}}
Sep 01 15:22:44.029525 n-d-794796-3 devstack@placement-api.service[95215]: INFO placement.requestlog [req-1e855bd5-cf91-4c87-aaee-20d4433bde95 req-67d10f2f-74c0-441c-85e6-209e36099c49 service placement] 10.222.0.60 "PUT /placement/allocations/3507bb1d-f2d1-4f83-8d62-4ed86fe86af5" status: 204 len: 0 microversion: 1.36
Sep 01 15:22:44.042051 n-d-794796-3 devstack@placement-api.service[95215]: [pid: 95215|app: 0|req: 423/838] 10.222.0.60 () {64 vars in 1434 bytes} [Wed Sep 1 15:22:43 2021] PUT /placement/allocations/3507bb1d-f2d1-4f83-8d62-4ed86fe86af5 => generated 0 bytes in 149 msecs (HTTP/1.1 204) 5 headers in 199 bytes (1 switches on core 0)
Sep 01 15:22:45.015127 n-d-794796-3 devstack@placement-api.service[95216]: DEBUG placement.requestlog [req-1e855bd5-cf91-4c87-aaee-20d4433bde95 req-e5c2f14b-29c7-4b93-a764-8d71b8cb7b10 None None] Starting request: 10.222.0.62 "GET /placement/allocations/3507bb1d-f2d1-4f83-8d62-4ed86fe86af5" {{(pid=95216) __call__ /opt/stack/placement/placement/requestlog.py:55}}
Sep 01 15:22:45.048270 n-d-794796-3 devstack@placement-api.service[95216]: INFO placement.requestlog [req-1e855bd5-cf91-4c87-aaee-20d4433bde95 req-e5c2f14b-29c7-4b93-a764-8d71b8cb7b10 service placement] 10.222.0.62 "GET /placement/allocations/3507bb1d-f2d1-4f83-8d62-4ed86fe86af5" status: 200 len: 258 microversion: 1.28
Sep 01 15:22:45.050094 n-d-794796-3 devstack@placement-api.service[95216]: [pid: 95216|app: 0|req: 416/839] 10.222.0.62 () {60 vars in 1378 bytes} [Wed Sep 1 15:22:45 2021] GET /placement/allocations/3507bb1d-f2d1-4f83-8d62-4ed86fe86af5 => generated 258 bytes in 35 msecs (HTTP/1.1 200) 8 headers in 296 bytes (1 switches on core 0)
Sep 01 15:22:53.753539 n-d-794796-3 devstack@placement-api.service[95215]: DEBUG placement.requestlog [req-4b74d7d1-b7fd-4901-b4de-c83f305bee10 req-ad038b36-7fe0-4e33-a4aa-9d6ac43d6a99 None None] Starting request: 10.222.0.45 "GET /placement/resource_providers/82cfcebb-a7ef-457f-a8ca-daa14a9bfd9f/allocations" {{(pid=95215) __call__ /opt/stack/placement/placement/requestlog.py:55}}
Sep 01 15:22:53.872902 n-d-794796-3 devstack@placement-api.service[95215]: INFO placement.requestlog [req-4b74d7d1-b7fd-4901-b4de-c83f305bee10 req-ad038b36-7fe0-4e33-a4aa-9d6ac43d6a99 service placement] 10.222.0.45 "GET /placement/resource_providers/82cfcebb-a7ef-457f-a8ca-daa14a9bfd9f/allocations" status: 200 len: 342 microversion: 1.0
Sep 01 15:22:53.873426 n-d-794796-3 devstack@placement-api.service[95215]: [pid: 95215|app: 0|req: 424/840] 10.222.0.45 () {58 vars in 1391 bytes} [Wed Sep 1 15:22:53 2021] GET /placement/resource_providers/82cfcebb-a7ef-457f-a8ca-daa14a9bfd9f/allocations => generated 342 bytes in 120 msecs (HTTP/1.1 200) 6 headers in 224 bytes (1 switches on core 0)
Sep 01 15:23:03.547167 n-d-794796-3 devstack@placement-api.service[95216]: DEBUG placement.requestlog [req-eda805fc-fd82-4182-8e4b-40ec0c838efe req-bdd82122-19ce-4de4-b677-2a24696cbd9f None None] Starting request: 10.222.0.62 "GET /placement/resource_providers/726e880b-bf3f-46bb-bb70-6042ef431637/allocations" {{(pid=95216) __call__ /opt/stack/placement/placement/requestlog.py:55}}
Sep 01 15:23:03.689146 n-d-794796-3 devstack@placement-api.service[95216]: INFO placement.requestlog [req-eda805fc-fd82-4182-8e4b-40ec0c838efe req-bdd82122-19ce-4de4-b677-2a24696cbd9f service placement] 10.222.0.62 "GET /placement/resource_providers/726e880b-bf3f-46bb-bb70-6042ef431637/allocations" status: 200 len: 341 microversion: 1.0
Sep 01 15:23:03.690575 n-d-794796-3 devstack@placement-api.service[95216]: [pid: 95216|app: 0|req: 417/841] 10.222.0.62 () {58 vars in 1391 bytes} [Wed Sep 1 15:23:03 2021] GET /placement/resource_providers/726e880b-bf3f-46bb-bb70-6042ef431637/allocations => generated 341 bytes in 145 msecs (HTTP/1.1 200) 6 headers in 224 bytes (2 switches on core 0)
Sep 01 15:23:05.700497 n-d-794796-3 devstack@placement-api.service[95215]: DEBUG placement.requestlog [req-f44207c7-e16d-41a4-877f-6d7c93ebb7e7 req-c1913806-4245-472e-98c4-d2f3bc6e1d4b None None] Starting request: 10.222.0.45 "DELETE /placement/allocations/0dbfa6b6-45e5-4573-a549-0bf1f2f0dff2" {{(pid=95215) __call__ /opt/stack/placement/placement/requestlog.py:55}}
Sep 01 15:23:05.817262 n-d-794796-3 devstack@placement-api.service[95215]: DEBUG placement.handlers.allocation [req-f44207c7-e16d-41a4-877f-6d7c93ebb7e7 req-c1913806-4245-472e-98c4-d2f3bc6e1d4b service placement] Successfully deleted allocations [, ] {{(pid=95215) delete_allocations /opt/stack/placement/placement/handlers/allocation.py:603}}
Sep 01 15:23:05.818527 n-d-794796-3 devstack@placement-api.service[95215]: INFO placement.requestlog [req-f44207c7-e16d-41a4-877f-6d7c93ebb7e7 req-c1913806-4245-472e-98c4-d2f3bc6e1d4b service placement] 10.222.0.45 "DELETE /placement/allocations/0dbfa6b6-45e5-4573-a549-0bf1f2f0dff2" status: 204 len: 0 microversion: 1.0
Sep 01 15:23:05.819676 n-d-794796-3 devstack@placement-api.service[95215]: [pid: 95215|app: 0|req: 425/842] 10.222.0.45 () {60 vars in 1356 bytes} [Wed Sep 1 15:23:05 2021] DELETE /placement/allocations/0dbfa6b6-45e5-4573-a549-0bf1f2f0dff2 => generated 0 bytes in 120 msecs (HTTP/1.1 204) 5 headers in 198 bytes (2 switches on core 0)
Sep 01 15:23:21.428752 n-d-794796-3 devstack@placement-api.service[95216]: DEBUG placement.requestlog [req-f0a6c517-f67a-4e44-87ab-e4a8229a491e req-1808386e-f10a-46a9-a5ba-11eb4423a16f None None] Starting request: 10.222.0.45 "DELETE /placement/allocations/b230d0e3-999d-4cc5-8c87-40a723901a02" {{(pid=95216) __call__ /opt/stack/placement/placement/requestlog.py:55}}
Sep 01 15:23:21.538327 n-d-794796-3 devstack@placement-api.service[95216]: DEBUG placement.handlers.allocation [req-f0a6c517-f67a-4e44-87ab-e4a8229a491e req-1808386e-f10a-46a9-a5ba-11eb4423a16f service placement] Successfully deleted allocations [, , ] {{(pid=95216) delete_allocations /opt/stack/placement/placement/handlers/allocation.py:603}}
Sep 01 15:23:21.538955 n-d-794796-3 devstack@placement-api.service[95216]: INFO placement.requestlog [req-f0a6c517-f67a-4e44-87ab-e4a8229a491e req-1808386e-f10a-46a9-a5ba-11eb4423a16f service placement] 10.222.0.45 "DELETE /placement/allocations/b230d0e3-999d-4cc5-8c87-40a723901a02" status: 204 len: 0 microversion: 1.0
Sep 01 15:23:21.539581 n-d-794796-3 devstack@placement-api.service[95216]: [pid: 95216|app: 0|req: 418/843] 10.222.0.45 () {60 vars in 1356 bytes} [Wed Sep 1 15:23:21 2021] DELETE /placement/allocations/b230d0e3-999d-4cc5-8c87-40a723901a02 => generated 0 bytes in 111 msecs (HTTP/1.1 204) 5 headers in 198 bytes (1 switches on core 0)
Sep 01 15:23:40.602516 n-d-794796-3 devstack@placement-api.service[95215]: DEBUG placement.requestlog [req-14f3ef40-9140-415a-a345-2faefd6f694c req-a20a6641-3074-4998-8eca-3f1ccddbad61 None None] Starting request: 10.222.0.60 "GET /placement/allocation_candidates?limit=1000&resources=DISK_GB%3A1%2CMEMORY_MB%3A1024%2CVCPU%3A1&root_required=%21COMPUTE_STATUS_DISABLED" {{(pid=95215) __call__ /opt/stack/placement/placement/requestlog.py:55}}
Sep 01 15:23:40.690792 n-d-794796-3 devstack@placement-api.service[95215]: DEBUG placement.objects.research_context [req-14f3ef40-9140-415a-a345-2faefd6f694c req-a20a6641-3074-4998-8eca-3f1ccddbad61 service placement] getting providers with 1 DISK_GB {{(pid=95215) __init__ /opt/stack/placement/placement/objects/research_context.py:126}}
Sep 01 15:23:40.715838 n-d-794796-3 devstack@placement-api.service[95215]: DEBUG placement.objects.research_context [req-14f3ef40-9140-415a-a345-2faefd6f694c req-a20a6641-3074-4998-8eca-3f1ccddbad61 service placement] getting providers with 1024 MEMORY_MB {{(pid=95215) __init__ /opt/stack/placement/placement/objects/research_context.py:126}}
Sep 01 15:23:40.747347 n-d-794796-3 devstack@placement-api.service[95215]: DEBUG placement.objects.research_context [req-14f3ef40-9140-415a-a345-2faefd6f694c req-a20a6641-3074-4998-8eca-3f1ccddbad61 service placement] getting providers with 1 VCPU {{(pid=95215) __init__ /opt/stack/placement/placement/objects/research_context.py:126}}
Sep 01 15:23:40.770109 n-d-794796-3 devstack@placement-api.service[95215]: DEBUG placement.objects.research_context [req-14f3ef40-9140-415a-a345-2faefd6f694c req-a20a6641-3074-4998-8eca-3f1ccddbad61 service placement] found 2 providers with available 1 DISK_GB {{(pid=95215) get_provider_ids_matching /opt/stack/placement/placement/objects/research_context.py:549}}
Sep 01 15:23:40.775275 n-d-794796-3 devstack@placement-api.service[95215]: DEBUG placement.objects.research_context [req-14f3ef40-9140-415a-a345-2faefd6f694c req-a20a6641-3074-4998-8eca-3f1ccddbad61 service placement] found 2 providers with available 1024 MEMORY_MB {{(pid=95215) get_provider_ids_matching /opt/stack/placement/placement/objects/research_context.py:549}}
Sep 01 15:23:40.775732 n-d-794796-3 devstack@placement-api.service[95215]: DEBUG placement.objects.research_context [req-14f3ef40-9140-415a-a345-2faefd6f694c req-a20a6641-3074-4998-8eca-3f1ccddbad61 service placement] found 2 providers after filtering by previous result {{(pid=95215) get_provider_ids_matching /opt/stack/placement/placement/objects/research_context.py:580}}
