Aug 16 20:36:08.269528 n-d-794306-10 devstack@placement-api.service[95722]: DEBUG placement.objects.research_context [req-8d30eb0e-65d8-419a-b816-151e47748d46 req-94e9d226-b108-4256-9de5-2a218a21a9cb service placement] found 2 providers after filtering by previous result {{(pid=95722) get_provider_ids_matching /opt/stack/placement/placement/objects/research_context.py:580}}
Aug 16 20:36:08.269756 n-d-794306-10 devstack@placement-api.service[95722]: DEBUG placement.objects.research_context [req-8d30eb0e-65d8-419a-b816-151e47748d46 req-94e9d226-b108-4256-9de5-2a218a21a9cb service placement] found 2 providers with available 1 VCPU {{(pid=95722) get_provider_ids_matching /opt/stack/placement/placement/objects/research_context.py:549}}
Aug 16 20:36:08.270285 n-d-794306-10 devstack@placement-api.service[95722]: DEBUG placement.objects.research_context [req-8d30eb0e-65d8-419a-b816-151e47748d46 req-94e9d226-b108-4256-9de5-2a218a21a9cb service placement] found 2 providers after filtering by previous result {{(pid=95722) get_provider_ids_matching /opt/stack/placement/placement/objects/research_context.py:580}}
Aug 16 20:36:08.287408 n-d-794306-10 devstack@placement-api.service[95722]: DEBUG placement.objects.allocation_candidate [req-8d30eb0e-65d8-419a-b816-151e47748d46 req-94e9d226-b108-4256-9de5-2a218a21a9cb service placement] RequestGroup(use_same_provider=False, resources={DISK_GB:1, MEMORY_MB:1024, VCPU:1}, traits=[], aggregates=[]) (suffix '') returned 2 matches {{(pid=95722) _get_by_requests /opt/stack/placement/placement/objects/allocation_candidate.py:145}}
Aug 16 20:36:08.287810 n-d-794306-10 devstack@placement-api.service[95722]: DEBUG placement.objects.allocation_candidate [req-8d30eb0e-65d8-419a-b816-151e47748d46 req-94e9d226-b108-4256-9de5-2a218a21a9cb service placement] Merging candidates yields 2 allocation requests and 2 provider summaries {{(pid=95722) _merge_candidates /opt/stack/placement/placement/objects/allocation_candidate.py:783}}
Aug 16 20:36:08.289391 n-d-794306-10 devstack@placement-api.service[95722]: INFO placement.requestlog [req-8d30eb0e-65d8-419a-b816-151e47748d46 req-94e9d226-b108-4256-9de5-2a218a21a9cb service placement] 10.222.0.70 "GET /placement/allocation_candidates?limit=1000&resources=DISK_GB%3A1%2CMEMORY_MB%3A1024%2CVCPU%3A1&root_required=%21COMPUTE_STATUS_DISABLED" status: 200 len: 1306 microversion: 1.35
Aug 16 20:36:08.289598 n-d-794306-10 devstack@placement-api.service[95722]: [pid: 95722|app: 0|req: 454/910] 10.222.0.70 () {60 vars in 1507 bytes} [Mon Aug 16 20:36:08 2021] GET /placement/allocation_candidates?limit=1000&resources=DISK_GB%3A1%2CMEMORY_MB%3A1024%2CVCPU%3A1&root_required=%21COMPUTE_STATUS_DISABLED => generated 1306 bytes in 86 msecs (HTTP/1.1 200) 8 headers in 297 bytes (2 switches on core 0)
Aug 16 20:36:08.343240 n-d-794306-10 devstack@placement-api.service[95723]: DEBUG placement.requestlog [req-8d30eb0e-65d8-419a-b816-151e47748d46 req-149bee2e-bc6c-421e-b110-8ec63baa0d60 None None] Starting request: 10.222.0.70 "GET /placement/allocations/9400a675-3a2b-4dfd-a201-eca7226ca4ef" {{(pid=95723) __call__ /opt/stack/placement/placement/requestlog.py:55}}
Aug 16 20:36:08.366186 n-d-794306-10 devstack@placement-api.service[95723]: INFO placement.requestlog [req-8d30eb0e-65d8-419a-b816-151e47748d46 req-149bee2e-bc6c-421e-b110-8ec63baa0d60 service placement] 10.222.0.70 "GET /placement/allocations/9400a675-3a2b-4dfd-a201-eca7226ca4ef" status: 200 len: 19 microversion: 1.28
Aug 16 20:36:08.368509 n-d-794306-10 devstack@placement-api.service[95723]: [pid: 95723|app: 0|req: 457/911] 10.222.0.70 () {60 vars in 1381 bytes} [Mon Aug 16 20:36:08 2021] GET /placement/allocations/9400a675-3a2b-4dfd-a201-eca7226ca4ef => generated 19 bytes in 26 msecs (HTTP/1.1 200) 8 headers in 295 bytes (1 switches on core 0)
Aug 16 20:36:08.386560 n-d-794306-10 devstack@placement-api.service[95722]: DEBUG placement.requestlog [req-8d30eb0e-65d8-419a-b816-151e47748d46 req-5aa7ee8e-54d2-496a-88bb-88c54e2bba10 None None] Starting request: 10.222.0.70 "PUT /placement/allocations/9400a675-3a2b-4dfd-a201-eca7226ca4ef" {{(pid=95722) __call__ /opt/stack/placement/placement/requestlog.py:55}}
Aug 16 20:36:08.600992 n-d-794306-10 devstack@placement-api.service[95722]: DEBUG placement.handlers.allocation [req-8d30eb0e-65d8-419a-b816-151e47748d46 req-5aa7ee8e-54d2-496a-88bb-88c54e2bba10 service placement] Successfully wrote allocations [, , ] {{(pid=95722) _create_allocations /opt/stack/placement/placement/handlers/allocation.py:435}}
Aug 16 20:36:08.601696 n-d-794306-10 devstack@placement-api.service[95722]: INFO placement.requestlog [req-8d30eb0e-65d8-419a-b816-151e47748d46 req-5aa7ee8e-54d2-496a-88bb-88c54e2bba10 service placement] 10.222.0.70 "PUT /placement/allocations/9400a675-3a2b-4dfd-a201-eca7226ca4ef" status: 204 len: 0 microversion: 1.35
Aug 16 20:36:08.602390 n-d-794306-10 devstack@placement-api.service[95722]: [pid: 95722|app: 0|req: 455/912] 10.222.0.70 () {64 vars in 1434 bytes} [Mon Aug 16 20:36:08 2021] PUT /placement/allocations/9400a675-3a2b-4dfd-a201-eca7226ca4ef => generated 0 bytes in 217 msecs (HTTP/1.1 204) 5 headers in 199 bytes (1 switches on core 0)
Aug 16 20:36:09.824544 n-d-794306-10 devstack@placement-api.service[95723]: DEBUG placement.requestlog [req-8d30eb0e-65d8-419a-b816-151e47748d46 req-770b84a9-8603-401c-be36-bb6aa71c8a53 None None] Starting request: 10.222.0.64 "GET /placement/allocations/9400a675-3a2b-4dfd-a201-eca7226ca4ef" {{(pid=95723) __call__ /opt/stack/placement/placement/requestlog.py:55}}
Aug 16 20:36:09.853026 n-d-794306-10 devstack@placement-api.service[95723]: INFO placement.requestlog [req-8d30eb0e-65d8-419a-b816-151e47748d46 req-770b84a9-8603-401c-be36-bb6aa71c8a53 service placement] 10.222.0.64 "GET /placement/allocations/9400a675-3a2b-4dfd-a201-eca7226ca4ef" status: 200 len: 260 microversion: 1.28
Aug 16 20:36:09.855023 n-d-794306-10 devstack@placement-api.service[95723]: [pid: 95723|app: 0|req: 458/913] 10.222.0.64 () {60 vars in 1378 bytes} [Mon Aug 16 20:36:09 2021] GET /placement/allocations/9400a675-3a2b-4dfd-a201-eca7226ca4ef => generated 260 bytes in 31 msecs (HTTP/1.1 200) 8 headers in 296 bytes (1 switches on core 0)
Aug 16 20:36:10.567996 n-d-794306-10 devstack@placement-api.service[95722]: DEBUG placement.requestlog [req-e60526ee-4154-45f9-823b-12b2664e8445 req-c243f6aa-5e41-49fc-931d-4a0b6534d725 None None] Starting request: 10.222.0.64 "GET /placement/resource_providers/ad9c2e71-f18f-44e3-881c-0f3094ba37fb/allocations" {{(pid=95722) __call__ /opt/stack/placement/placement/requestlog.py:55}}
Aug 16 20:36:10.601481 n-d-794306-10 devstack@placement-api.service[95722]: INFO placement.requestlog [req-e60526ee-4154-45f9-823b-12b2664e8445 req-c243f6aa-5e41-49fc-931d-4a0b6534d725 service placement] 10.222.0.64 "GET /placement/resource_providers/ad9c2e71-f18f-44e3-881c-0f3094ba37fb/allocations" status: 200 len: 155 microversion: 1.0
Aug 16 20:36:10.601722 n-d-794306-10 devstack@placement-api.service[95722]: [pid: 95722|app: 0|req: 456/914] 10.222.0.64 () {58 vars in 1391 bytes} [Mon Aug 16 20:36:10 2021] GET /placement/resource_providers/ad9c2e71-f18f-44e3-881c-0f3094ba37fb/allocations => generated 155 bytes in 34 msecs (HTTP/1.1 200) 6 headers in 224 bytes (1 switches on core 0)
Aug 16 20:36:21.244418 n-d-794306-10 devstack@placement-api.service[95723]: DEBUG placement.requestlog [req-8fb527bb-bd3d-452d-b073-cb93e378b168 req-19769473-07e7-4710-ab65-82afcfa3801a None None] Starting request: 10.222.0.73 "GET /placement/resource_providers/a8572e68-9b8e-4497-aca7-788cdbd4440c/allocations" {{(pid=95723) __call__ /opt/stack/placement/placement/requestlog.py:55}}
Aug 16 20:36:21.285291 n-d-794306-10 devstack@placement-api.service[95723]: INFO placement.requestlog [req-8fb527bb-bd3d-452d-b073-cb93e378b168 req-19769473-07e7-4710-ab65-82afcfa3801a service placement] 10.222.0.73 "GET /placement/resource_providers/a8572e68-9b8e-4497-aca7-788cdbd4440c/allocations" status: 200 len: 228 microversion: 1.0
Aug 16 20:36:21.289647 n-d-794306-10 devstack@placement-api.service[95723]: [pid: 95723|app: 0|req: 459/915] 10.222.0.73 () {58 vars in 1391 bytes} [Mon Aug 16 20:36:21 2021] GET /placement/resource_providers/a8572e68-9b8e-4497-aca7-788cdbd4440c/allocations => generated 228 bytes in 42 msecs (HTTP/1.1 200) 6 headers in 224 bytes (1 switches on core 0)
Aug 16 20:36:32.933876 n-d-794306-10 devstack@placement-api.service[95722]: DEBUG placement.requestlog [req-6d11d6de-cfcd-4602-a609-fffddee92317 req-35d92ff9-e8b1-4f55-b8e1-feddaf25148d None None] Starting request: 10.222.0.64 "GET /placement/allocations/9400a675-3a2b-4dfd-a201-eca7226ca4ef" {{(pid=95722) __call__ /opt/stack/placement/placement/requestlog.py:55}}
Aug 16 20:36:32.963547 n-d-794306-10 devstack@placement-api.service[95722]: INFO placement.requestlog [req-6d11d6de-cfcd-4602-a609-fffddee92317 req-35d92ff9-e8b1-4f55-b8e1-feddaf25148d service placement] 10.222.0.64 "GET /placement/allocations/9400a675-3a2b-4dfd-a201-eca7226ca4ef" status: 200 len: 260 microversion: 1.28
Aug 16 20:36:32.970510 n-d-794306-10 devstack@placement-api.service[95722]: [pid: 95722|app: 0|req: 457/916] 10.222.0.64 () {60 vars in 1378 bytes} [Mon Aug 16 20:36:32 2021] GET /placement/allocations/9400a675-3a2b-4dfd-a201-eca7226ca4ef => generated 260 bytes in 35 msecs (HTTP/1.1 200) 8 headers in 296 bytes (1 switches on core 0)
Aug 16 20:36:32.976565 n-d-794306-10 devstack@placement-api.service[95723]: DEBUG placement.requestlog [req-6d11d6de-cfcd-4602-a609-fffddee92317 req-e238d3d8-356d-4d73-b0ae-831911d1b047 None None] Starting request: 10.222.0.64 "PUT /placement/allocations/9400a675-3a2b-4dfd-a201-eca7226ca4ef" {{(pid=95723) __call__ /opt/stack/placement/placement/requestlog.py:55}}
Aug 16 20:36:33.127117 n-d-794306-10 devstack@placement-api.service[95723]: DEBUG placement.handlers.allocation [req-6d11d6de-cfcd-4602-a609-fffddee92317 req-e238d3d8-356d-4d73-b0ae-831911d1b047 service placement] Successfully wrote allocations [, , ] {{(pid=95723) _create_allocations /opt/stack/placement/placement/handlers/allocation.py:435}}
Aug 16 20:36:33.130597 n-d-794306-10 devstack@placement-api.service[95723]: INFO placement.requestlog [req-6d11d6de-cfcd-4602-a609-fffddee92317 req-e238d3d8-356d-4d73-b0ae-831911d1b047 service placement] 10.222.0.64 "PUT /placement/allocations/9400a675-3a2b-4dfd-a201-eca7226ca4ef" status: 204 len: 0 microversion: 1.28
Aug 16 20:36:33.130597 n-d-794306-10 devstack@placement-api.service[95723]: [pid: 95723|app: 0|req: 460/917] 10.222.0.64 () {64 vars in 1431 bytes} [Mon Aug 16 20:36:32 2021] PUT /placement/allocations/9400a675-3a2b-4dfd-a201-eca7226ca4ef => generated 0 bytes in 154 msecs (HTTP/1.1 204) 5 headers in 199 bytes (1 switches on core 0)
Aug 16 20:36:47.657827 n-d-794306-10 devstack@placement-api.service[95722]: DEBUG placement.requestlog [req-3930cb7d-079b-4de8-9633-289a7e8649be req-c6b353e1-39d4-4cb0-a3cd-96d8ddccd34f None None] Starting request: 10.222.0.70 "GET /placement/resource_providers?name=n-h2-794306-10" {{(pid=95722) __call__ /opt/stack/placement/placement/requestlog.py:55}}
Aug 16 20:36:47.942202 n-d-794306-10 devstack@placement-api.service[95722]: INFO placement.requestlog [req-3930cb7d-079b-4de8-9633-289a7e8649be req-c6b353e1-39d4-4cb0-a3cd-96d8ddccd34f service placement] 10.222.0.70 "GET /placement/resource_providers?name=n-h2-794306-10" status: 200 len: 443 microversion: 1.0
Aug 16 20:36:47.944473 n-d-794306-10 devstack@placement-api.service[95722]: [pid: 95722|app: 0|req: 458/918] 10.222.0.70 () {58 vars in 1277 bytes} [Mon Aug 16 20:36:47 2021] GET /placement/resource_providers?name=n-h2-794306-10 => generated 443 bytes in 287 msecs (HTTP/1.1 200) 6 headers in 224 bytes (2 switches on core 0)
Aug 16 20:36:47.949716 n-d-794306-10 devstack@placement-api.service[95723]: DEBUG placement.requestlog [req-3930cb7d-079b-4de8-9633-289a7e8649be req-8d3340e9-88fd-4e3b-a9be-6b2c6d24a20e None None] Starting request: 10.222.0.70 "GET /placement/resource_providers/ad9c2e71-f18f-44e3-881c-0f3094ba37fb/aggregates" {{(pid=95723) __call__ /opt/stack/placement/placement/requestlog.py:55}}
Aug 16 20:36:47.975700 n-d-794306-10 devstack@placement-api.service[95723]: INFO placement.requestlog [req-3930cb7d-079b-4de8-9633-289a7e8649be req-8d3340e9-88fd-4e3b-a9be-6b2c6d24a20e service placement] 10.222.0.70 "GET /placement/resource_providers/ad9c2e71-f18f-44e3-881c-0f3094ba37fb/aggregates" status: 200 len: 55 microversion: 1.19
Aug 16 20:36:47.983904 n-d-794306-10 devstack@placement-api.service[95723]: [pid: 95723|app: 0|req: 461/919] 10.222.0.70 () {60 vars in 1426 bytes} [Mon Aug 16 20:36:47 2021] GET /placement/resource_providers/ad9c2e71-f18f-44e3-881c-0f3094ba37fb/aggregates => generated 55 bytes in 34 msecs (HTTP/1.1 200) 8 headers in 295 bytes (1 switches on core 0)
Aug 16 20:36:47.984756 n-d-794306-10 devstack@placement-api.service[95722]: DEBUG placement.requestlog [req-3930cb7d-079b-4de8-9633-289a7e8649be req-9486431a-c24a-4203-82ad-473ccdf31f47 None None] Starting request: 10.222.0.70 "PUT /placement/resource_providers/ad9c2e71-f18f-44e3-881c-0f3094ba37fb/aggregates" {{(pid=95722) __call__ /opt/stack/placement/placement/requestlog.py:55}}
Aug 16 20:36:48.014205 n-d-794306-10 devstack@placement-api.service[95722]: DEBUG placement.objects.resource_provider [req-3930cb7d-079b-4de8-9633-289a7e8649be req-9486431a-c24a-4203-82ad-473ccdf31f47 service placement] _ensure_aggregate() did not find aggregate 37e4e132-c5a1-4624-b795-a196f72d44b3. Attempting to create it. {{(pid=95722) _ensure_aggregate /opt/stack/placement/placement/objects/resource_provider.py:320}}
Aug 16 20:36:48.016437 n-d-794306-10 devstack@placement-api.service[95722]: DEBUG placement.objects.resource_provider [req-3930cb7d-079b-4de8-9633-289a7e8649be req-9486431a-c24a-4203-82ad-473ccdf31f47 service placement] _ensure_aggregate() created new aggregate 37e4e132-c5a1-4624-b795-a196f72d44b3 (id=8). {{(pid=95722) _ensure_aggregate /opt/stack/placement/placement/objects/resource_provider.py:326}}
Aug 16 20:36:48.018464 n-d-794306-10 devstack@placement-api.service[95722]: DEBUG placement.objects.resource_provider [req-3930cb7d-079b-4de8-9633-289a7e8649be req-9486431a-c24a-4203-82ad-473ccdf31f47 service placement] Setting aggregates for provider ad9c2e71-f18f-44e3-881c-0f3094ba37fb. Successfully associated aggregate 37e4e132-c5a1-4624-b795-a196f72d44b3. {{(pid=95722) _set_aggregates /opt/stack/placement/placement/objects/resource_provider.py:388}}
Aug 16 20:36:48.348530 n-d-794306-10 devstack@placement-api.service[95722]: INFO placement.requestlog [req-3930cb7d-079b-4de8-9633-289a7e8649be req-9486431a-c24a-4203-82ad-473ccdf31f47 service placement] 10.222.0.70 "PUT /placement/resource_providers/ad9c2e71-f18f-44e3-881c-0f3094ba37fb/aggregates" status: 200 len: 93 microversion: 1.19
Aug 16 20:36:48.349479 n-d-794306-10 devstack@placement-api.service[95722]: [pid: 95722|app: 0|req: 459/920] 10.222.0.70 () {64 vars in 1478 bytes} [Mon Aug 16 20:36:47 2021] PUT /placement/resource_providers/ad9c2e71-f18f-44e3-881c-0f3094ba37fb/aggregates => generated 93 bytes in 366 msecs (HTTP/1.1 200) 8 headers in 295 bytes (2 switches on core 0)
Aug 16 20:36:48.921182 n-d-794306-10 devstack@placement-api.service[95723]: DEBUG placement.requestlog [req-29be6be0-5904-4d63-a450-d7c404477b26 req-9d243b4d-8dd9-4940-8258-dec25727dfbc None None] Starting request: 10.222.0.70 "GET /placement/resource_providers?name=n-h2-794306-10" {{(pid=95723) __call__ /opt/stack/placement/placement/requestlog.py:55}}
Aug 16 20:36:49.062104 n-d-794306-10 devstack@placement-api.service[95723]: INFO placement.requestlog [req-29be6be0-5904-4d63-a450-d7c404477b26 req-9d243b4d-8dd9-4940-8258-dec25727dfbc service placement] 10.222.0.70 "GET /placement/resource_providers?name=n-h2-794306-10" status: 200 len: 443 microversion: 1.0
Aug 16 20:36:49.065358 n-d-794306-10 devstack@placement-api.service[95723]: [pid: 95723|app: 0|req: 462/921] 10.222.0.70 () {58 vars in 1277 bytes} [Mon Aug 16 20:36:48 2021] GET /placement/resource_providers?name=n-h2-794306-10 => generated 443 bytes in 144 msecs (HTTP/1.1 200) 6 headers in 224 bytes (1 switches on core 0)
Aug 16 20:36:49.071071 n-d-794306-10 devstack@placement-api.service[95722]: DEBUG placement.requestlog [req-29be6be0-5904-4d63-a450-d7c404477b26 req-0db23146-61b8-4aac-a318-ac1c5ff7fa7f None None] Starting request: 10.222.0.70 "GET /placement/resource_providers/ad9c2e71-f18f-44e3-881c-0f3094ba37fb/aggregates" {{(pid=95722) __call__ /opt/stack/placement/placement/requestlog.py:55}}
Aug 16 20:36:49.102983 n-d-794306-10 devstack@placement-api.service[95722]: INFO placement.requestlog [req-29be6be0-5904-4d63-a450-d7c404477b26 req-0db23146-61b8-4aac-a318-ac1c5ff7fa7f service placement] 10.222.0.70 "GET /placement/resource_providers/ad9c2e71-f18f-44e3-881c-0f3094ba37fb/aggregates" status: 200 len: 93 microversion: 1.19
Aug 16 20:36:49.103511 n-d-794306-10 devstack@placement-api.service[95722]: [pid: 95722|app: 0|req: 460/922] 10.222.0.70 () {60 vars in 1426 bytes} [Mon Aug 16 20:36:49 2021] GET /placement/resource_providers/ad9c2e71-f18f-44e3-881c-0f3094ba37fb/aggregates => generated 93 bytes in 33 msecs (HTTP/1.1 200) 8 headers in 295 bytes (1 switches on core 0)
Aug 16 20:36:49.110966 n-d-794306-10 devstack@placement-api.service[95723]: DEBUG placement.requestlog [req-29be6be0-5904-4d63-a450-d7c404477b26 req-b72e9430-d62c-412f-9d20-10bc116f6d8f None None] Starting request: 10.222.0.70 "PUT /placement/resource_providers/ad9c2e71-f18f-44e3-881c-0f3094ba37fb/aggregates" {{(pid=95723) __call__ /opt/stack/placement/placement/requestlog.py:55}}
Aug 16 20:36:49.135543 n-d-794306-10 devstack@placement-api.service[95723]: DEBUG placement.objects.resource_provider [req-29be6be0-5904-4d63-a450-d7c404477b26 req-b72e9430-d62c-412f-9d20-10bc116f6d8f service placement] Setting aggregates for provider ad9c2e71-f18f-44e3-881c-0f3094ba37fb. Successfully disassociated aggregate 37e4e132-c5a1-4624-b795-a196f72d44b3. {{(pid=95723) _set_aggregates /opt/stack/placement/placement/objects/resource_provider.py:403}}
Aug 16 20:36:49.216952 n-d-794306-10 devstack@placement-api.service[95723]: INFO placement.requestlog [req-29be6be0-5904-4d63-a450-d7c404477b26 req-b72e9430-d62c-412f-9d20-10bc116f6d8f service placement] 10.222.0.70 "PUT /placement/resource_providers/ad9c2e71-f18f-44e3-881c-0f3094ba37fb/aggregates" status: 200 len: 55 microversion: 1.19
Aug 16 20:36:49.220700 n-d-794306-10 devstack@placement-api.service[95723]: [pid: 95723|app: 0|req: 463/923] 10.222.0.70 () {64 vars in 1478 bytes} [Mon Aug 16 20:36:49 2021] PUT /placement/resource_providers/ad9c2e71-f18f-44e3-881c-0f3094ba37fb/aggregates => generated 55 bytes in 107 msecs (HTTP/1.1 200) 8 headers in 295 bytes (2 switches on core 0)
Aug 16 20:36:52.418643 n-d-794306-10 devstack@placement-api.service[95722]: DEBUG placement.requestlog [req-3c2f7902-1deb-4d2a-86a8-3b6803716cab req-769ed89e-1f17-4be1-9168-12d38ce0edad None None] Starting request: 10.222.0.70 "GET /placement/allocation_candidates?limit=1000&resources=DISK_GB%3A1%2CMEMORY_MB%3A1024%2CVCPU%3A1&root_required=%21COMPUTE_STATUS_DISABLED" {{(pid=95722) __call__ /opt/stack/placement/placement/requestlog.py:55}}
Aug 16 20:36:52.493464 n-d-794306-10 devstack@placement-api.service[95722]: DEBUG placement.objects.research_context [req-3c2f7902-1deb-4d2a-86a8-3b6803716cab req-769ed89e-1f17-4be1-9168-12d38ce0edad service placement] getting providers with 1 DISK_GB {{(pid=95722) __init__ /opt/stack/placement/placement/objects/research_context.py:126}}
Aug 16 20:36:52.500292 n-d-794306-10 devstack@placement-api.service[95722]: DEBUG placement.objects.research_context [req-3c2f7902-1deb-4d2a-86a8-3b6803716cab req-769ed89e-1f17-4be1-9168-12d38ce0edad service placement] getting providers with 1024 MEMORY_MB {{(pid=95722) __init__ /opt/stack/placement/placement/objects/research_context.py:126}}
Aug 16 20:36:52.510881 n-d-794306-10 devstack@placement-api.service[95722]: DEBUG placement.objects.research_context [req-3c2f7902-1deb-4d2a-86a8-3b6803716cab req-769ed89e-1f17-4be1-9168-12d38ce0edad service placement] getting providers with 1 VCPU {{(pid=95722) __init__ /opt/stack/placement/placement/objects/research_context.py:126}}
Aug 16 20:36:52.519555 n-d-794306-10 devstack@placement-api.service[95722]: DEBUG placement.objects.research_context [req-3c2f7902-1deb-4d2a-86a8-3b6803716cab req-769ed89e-1f17-4be1-9168-12d38ce0edad service placement] found 2 providers with available 1 DISK_GB {{(pid=95722) get_provider_ids_matching /opt/stack/placement/placement/objects/research_context.py:549}}
Aug 16 20:36:52.520307 n-d-794306-10 devstack@placement-api.service[95722]: DEBUG placement.objects.research_context [req-3c2f7902-1deb-4d2a-86a8-3b6803716cab req-769ed89e-1f17-4be1-9168-12d38ce0edad service placement] found 2 providers with available 1024 MEMORY_MB {{(pid=95722) get_provider_ids_matching /opt/stack/placement/placement/objects/research_context.py:549}}
Aug 16 20:36:52.521288 n-d-794306-10 devstack@placement-api.service[95722]: DEBUG placement.objects.research_context [req-3c2f7902-1deb-4d2a-86a8-3b6803716cab req-769ed89e-1f17-4be1-9168-12d38ce0edad service placement] found 2 providers after filtering by previous result {{(pid=95722) get_provider_ids_matching /opt/stack/placement/placement/objects/research_context.py:580}}
Aug 16 20:36:52.522322 n-d-794306-10 devstack@placement-api.service[95722]: DEBUG placement.objects.research_context [req-3c2f7902-1deb-4d2a-86a8-3b6803716cab req-769ed89e-1f17-4be1-9168-12d38ce0edad service placement] found 2 providers with available 1 VCPU {{(pid=95722) get_provider_ids_matching /opt/stack/placement/placement/objects/research_context.py:549}}
Aug 16 20:36:52.523403 n-d-794306-10 devstack@placement-api.service[95722]: DEBUG placement.objects.research_context [req-3c2f7902-1deb-4d2a-86a8-3b6803716cab req-769ed89e-1f17-4be1-9168-12d38ce0edad service placement] found 2 providers after filtering by previous result {{(pid=95722) get_provider_ids_matching /opt/stack/placement/placement/objects/research_context.py:580}}
Aug 16 20:36:52.542687 n-d-794306-10 devstack@placement-api.service[95722]: DEBUG placement.objects.allocation_candidate [req-3c2f7902-1deb-4d2a-86a8-3b6803716cab req-769ed89e-1f17-4be1-9168-12d38ce0edad service placement] RequestGroup(use_same_provider=False, resources={DISK_GB:1, MEMORY_MB:1024, VCPU:1}, traits=[], aggregates=[]) (suffix '') returned 2 matches {{(pid=95722) _get_by_requests /opt/stack/placement/placement/objects/allocation_candidate.py:145}}
Aug 16 20:36:52.543527 n-d-794306-10 devstack@placement-api.service[95722]: DEBUG placement.objects.allocation_candidate [req-3c2f7902-1deb-4d2a-86a8-3b6803716cab req-769ed89e-1f17-4be1-9168-12d38ce0edad service placement] Merging candidates yields 2 allocation requests and 2 provider summaries {{(pid=95722) _merge_candidates /opt/stack/placement/placement/objects/allocation_candidate.py:783}}
Aug 16 20:36:52.545428 n-d-794306-10 devstack@placement-api.service[95722]: INFO placement.requestlog [req-3c2f7902-1deb-4d2a-86a8-3b6803716cab req-769ed89e-1f17-4be1-9168-12d38ce0edad service placement] 10.222.0.70 "GET /placement/allocation_candidates?limit=1000&resources=DISK_GB%3A1%2CMEMORY_MB%3A1024%2CVCPU%3A1&root_required=%21COMPUTE_STATUS_DISABLED" status: 200 len: 1306 microversion: 1.35
Aug 16 20:36:52.545859 n-d-794306-10 devstack@placement-api.service[95722]: [pid: 95722|app: 0|req: 461/924] 10.222.0.70 () {60 vars in 1507 bytes} [Mon Aug 16 20:36:52 2021] GET /placement/allocation_candidates?limit=1000&resources=DISK_GB%3A1%2CMEMORY_MB%3A1024%2CVCPU%3A1&root_required=%21COMPUTE_STATUS_DISABLED => generated 1306 bytes in 128 msecs (HTTP/1.1 200) 8 headers in 297 bytes (1 switches on core 0)
Aug 16 20:36:52.692487 n-d-794306-10 devstack@placement-api.service[95723]: DEBUG placement.requestlog [req-3c2f7902-1deb-4d2a-86a8-3b6803716cab req-5d9865c3-07ad-4a4c-b79c-0fcf7e3fe986 None None] Starting request: 10.222.0.70 "GET /placement/allocations/f493bbf6-ec94-45c7-a267-9e3e04cde99e" {{(pid=95723) __call__ /opt/stack/placement/placement/requestlog.py:55}}
Aug 16 20:36:52.711593 n-d-794306-10 devstack@placement-api.service[95723]: INFO placement.requestlog [req-3c2f7902-1deb-4d2a-86a8-3b6803716cab req-5d9865c3-07ad-4a4c-b79c-0fcf7e3fe986 service placement] 10.222.0.70 "GET /placement/allocations/f493bbf6-ec94-45c7-a267-9e3e04cde99e" status: 200 len: 19 microversion: 1.28
Aug 16 20:36:52.713281 n-d-794306-10 devstack@placement-api.service[95723]: [pid: 95723|app: 0|req: 464/925] 10.222.0.70 () {60 vars in 1381 bytes} [Mon Aug 16 20:36:52 2021] GET /placement/allocations/f493bbf6-ec94-45c7-a267-9e3e04cde99e => generated 19 bytes in 21 msecs (HTTP/1.1 200) 8 headers in 295 bytes (1 switches on core 0)
Aug 16 20:36:52.719705 n-d-794306-10 devstack@placement-api.service[95722]: DEBUG placement.requestlog [req-3c2f7902-1deb-4d2a-86a8-3b6803716cab req-1d19a83a-e971-47c1-80e8-72d9ea6cb9bf None None] Starting request: 10.222.0.70 "PUT /placement/allocations/f493bbf6-ec94-45c7-a267-9e3e04cde99e" {{(pid=95722) __call__ /opt/stack/placement/placement/requestlog.py:55}}
Aug 16 20:36:53.222318 n-d-794306-10 devstack@placement-api.service[95722]: DEBUG placement.handlers.allocation [req-3c2f7902-1deb-4d2a-86a8-3b6803716cab req-1d19a83a-e971-47c1-80e8-72d9ea6cb9bf service placement] Successfully wrote allocations [, , ] {{(pid=95722) _create_allocations /opt/stack/placement/placement/handlers/allocation.py:435}}
Aug 16 20:36:53.222814 n-d-794306-10 devstack@placement-api.service[95722]: INFO placement.requestlog [req-3c2f7902-1deb-4d2a-86a8-3b6803716cab req-1d19a83a-e971-47c1-80e8-72d9ea6cb9bf service placement] 10.222.0.70 "PUT /placement/allocations/f493bbf6-ec94-45c7-a267-9e3e04cde99e" status: 204 len: 0 microversion: 1.35
Aug 16 20:36:53.223560 n-d-794306-10 devstack@placement-api.service[95722]: [pid: 95722|app: 0|req: 462/926] 10.222.0.70 () {64 vars in 1434 bytes} [Mon Aug 16 20:36:52 2021] PUT /placement/allocations/f493bbf6-ec94-45c7-a267-9e3e04cde99e => generated 0 bytes in 504 msecs (HTTP/1.1 204) 5 headers in 199 bytes (1 switches on core 0)
Aug 16 20:36:54.831143 n-d-794306-10 devstack@placement-api.service[95723]: DEBUG placement.requestlog [req-3c2f7902-1deb-4d2a-86a8-3b6803716cab req-0848cd79-3487-418b-a68f-bf11f13f51aa None None] Starting request: 10.222.0.64 "GET /placement/allocations/f493bbf6-ec94-45c7-a267-9e3e04cde99e" {{(pid=95723) __call__ /opt/stack/placement/placement/requestlog.py:55}}
Aug 16 20:36:54.846928 n-d-794306-10 devstack@placement-api.service[95723]: INFO placement.requestlog [req-3c2f7902-1deb-4d2a-86a8-3b6803716cab req-0848cd79-3487-418b-a68f-bf11f13f51aa service placement] 10.222.0.64 "GET /placement/allocations/f493bbf6-ec94-45c7-a267-9e3e04cde99e" status: 200 len: 260 microversion: 1.28
Aug 16 20:36:54.847890 n-d-794306-10 devstack@placement-api.service[95723]: [pid: 95723|app: 0|req: 465/927] 10.222.0.64 () {60 vars in 1378 bytes} [Mon Aug 16 20:36:54 2021] GET /placement/allocations/f493bbf6-ec94-45c7-a267-9e3e04cde99e => generated 260 bytes in 17 msecs (HTTP/1.1 200) 8 headers in 296 bytes (1 switches on core 0)
Aug 16 20:37:10.600078 n-d-794306-10 devstack@placement-api.service[95722]: DEBUG placement.requestlog [req-c3ef147b-fa17-4156-8b91-b22170fd54f2 req-d36f01aa-dfea-4d29-b3c2-ce45d2c8cf01 None None] Starting request: 10.222.0.64 "GET /placement/allocations/f493bbf6-ec94-45c7-a267-9e3e04cde99e" {{(pid=95722) __call__ /opt/stack/placement/placement/requestlog.py:55}}
Aug 16 20:37:10.627279 n-d-794306-10 devstack@placement-api.service[95722]: INFO placement.requestlog [req-c3ef147b-fa17-4156-8b91-b22170fd54f2 req-d36f01aa-dfea-4d29-b3c2-ce45d2c8cf01 service placement] 10.222.0.64 "GET /placement/allocations/f493bbf6-ec94-45c7-a267-9e3e04cde99e" status: 200 len: 260 microversion: 1.28
Aug 16 20:37:10.630554 n-d-794306-10 devstack@placement-api.service[95722]: [pid: 95722|app: 0|req: 463/928] 10.222.0.64 () {60 vars in 1378 bytes} [Mon Aug 16 20:37:10 2021] GET /placement/allocations/f493bbf6-ec94-45c7-a267-9e3e04cde99e => generated 260 bytes in 30 msecs (HTTP/1.1 200) 8 headers in 296 bytes (1 switches on core 0)
Aug 16 20:37:12.234162 n-d-794306-10 devstack@placement-api.service[95723]: DEBUG placement.requestlog [req-b3f91cef-fe4c-41a8-9e9f-6be6390b1e35 req-6d09f51d-f4a1-4a04-914f-b57d6f4f347d None None] Starting request: 10.222.0.64 "GET /placement/resource_providers/ad9c2e71-f18f-44e3-881c-0f3094ba37fb/allocations" {{(pid=95723) __call__ /opt/stack/placement/placement/requestlog.py:55}}
Aug 16 20:37:12.270032 n-d-794306-10 devstack@placement-api.service[95723]: INFO placement.requestlog [req-b3f91cef-fe4c-41a8-9e9f-6be6390b1e35 req-6d09f51d-f4a1-4a04-914f-b57d6f4f347d service placement] 10.222.0.64 "GET /placement/resource_providers/ad9c2e71-f18f-44e3-881c-0f3094ba37fb/allocations" status: 200 len: 155 microversion: 1.0
Aug 16 20:37:12.270821 n-d-794306-10 devstack@placement-api.service[95723]: [pid: 95723|app: 0|req: 466/929] 10.222.0.64 () {58 vars in 1391 bytes} [Mon Aug 16 20:37:12 2021] GET /placement/resource_providers/ad9c2e71-f18f-44e3-881c-0f3094ba37fb/allocations => generated 155 bytes in 37 msecs (HTTP/1.1 200) 6 headers in 224 bytes (1 switches on core 0)
Aug 16 20:37:23.264632 n-d-794306-10 devstack@placement-api.service[95722]: DEBUG placement.requestlog [req-fd394d81-eb05-42fa-9fd6-2ac57cd3a3d8 req-63064ed8-3d89-41ce-8047-42aa1a5ad8aa None None] Starting request: 10.222.0.73 "GET /placement/resource_providers/a8572e68-9b8e-4497-aca7-788cdbd4440c/allocations" {{(pid=95722) __call__ /opt/stack/placement/placement/requestlog.py:55}}
Aug 16 20:37:23.300952 n-d-794306-10 devstack@placement-api.service[95722]: INFO placement.requestlog [req-fd394d81-eb05-42fa-9fd6-2ac57cd3a3d8 req-63064ed8-3d89-41ce-8047-42aa1a5ad8aa service placement] 10.222.0.73 "GET /placement/resource_providers/a8572e68-9b8e-4497-aca7-788cdbd4440c/allocations" status: 200 len: 228 microversion: 1.0
Aug 16 20:37:23.305994 n-d-794306-10 devstack@placement-api.service[95722]: [pid: 95722|app: 0|req: 464/930] 10.222.0.73 () {58 vars in 1391 bytes} [Mon Aug 16 20:37:23 2021] GET /placement/resource_providers/a8572e68-9b8e-4497-aca7-788cdbd4440c/allocations => generated 228 bytes in 42 msecs (HTTP/1.1 200) 6 headers in 224 bytes (1 switches on core 0)
Aug 16 20:37:31.624868 n-d-794306-10 devstack@placement-api.service[95723]: DEBUG placement.requestlog [req-3b941b3b-9244-44a3-8024-71cbd500f13d req-7021fe6b-25cd-40a7-b3e1-950b0ea8cf10 None None] Starting request: 10.222.0.70 "GET /placement/allocation_candidates?limit=1000&resources=DISK_GB%3A1%2CMEMORY_MB%3A1024%2CVCPU%3A1&root_required=%21COMPUTE_STATUS_DISABLED" {{(pid=95723) __call__ /opt/stack/placement/placement/requestlog.py:55}}
Aug 16 20:37:31.624868 n-d-794306-10 devstack@placement-api.service[95723]: DEBUG placement.objects.research_context [req-3b941b3b-9244-44a3-8024-71cbd500f13d req-7021fe6b-25cd-40a7-b3e1-950b0ea8cf10 service placement] getting providers with 1 DISK_GB {{(pid=95723) __init__ /opt/stack/placement/placement/objects/research_context.py:126}}
Aug 16 20:37:31.624868 n-d-794306-10 devstack@placement-api.service[95723]: DEBUG placement.objects.research_context [req-3b941b3b-9244-44a3-8024-71cbd500f13d req-7021fe6b-25cd-40a7-b3e1-950b0ea8cf10 service placement] getting providers with 1024 MEMORY_MB {{(pid=95723) __init__ /opt/stack/placement/placement/objects/research_context.py:126}}
Aug 16 20:37:31.624868 n-d-794306-10 devstack@placement-api.service[95723]: DEBUG placement.objects.research_context [req-3b941b3b-9244-44a3-8024-71cbd500f13d req-7021fe6b-25cd-40a7-b3e1-950b0ea8cf10 service placement] getting providers with 1 VCPU {{(pid=95723) __init__ /opt/stack/placement/placement/objects/research_context.py:126}}
Aug 16 20:37:31.624868 n-d-794306-10 devstack@placement-api.service[95723]: DEBUG placement.objects.research_context [req-3b941b3b-9244-44a3-8024-71cbd500f13d req-7021fe6b-25cd-40a7-b3e1-950b0ea8cf10 service placement] found 2 providers with available 1 DISK_GB {{(pid=95723) get_provider_ids_matching /opt/stack/placement/placement/objects/research_context.py:549}}
Aug 16 20:37:31.624868 n-d-794306-10 devstack@placement-api.service[95723]: DEBUG placement.objects.research_context [req-3b941b3b-9244-44a3-8024-71cbd500f13d req-7021fe6b-25cd-40a7-b3e1-950b0ea8cf10 service placement] found 2 providers with available 1024 MEMORY_MB {{(pid=95723) get_provider_ids_matching /opt/stack/placement/placement/objects/research_context.py:549}}
Aug 16 20:37:31.624868 n-d-794306-10 devstack@placement-api.service[95723]: DEBUG placement.objects.research_context [req-3b941b3b-9244-44a3-8024-71cbd500f13d req-7021fe6b-25cd-40a7-b3e1-950b0ea8cf10 service placement] found 2 providers after filtering by previous result {{(pid=95723) get_provider_ids_matching /opt/stack/placement/placement/objects/research_context.py:580}}
Aug 16 20:37:31.624868 n-d-794306-10 devstack@placement-api.service[95723]: DEBUG placement.objects.research_context [req-3b941b3b-9244-44a3-8024-71cbd500f13d req-7021fe6b-25cd-40a7-b3e1-950b0ea8cf10 service placement] found 2 providers with available 1 VCPU {{(pid=95723) get_provider_ids_matching /opt/stack/placement/placement/objects/research_context.py:549}}
Aug 16 20:37:31.624868 n-d-794306-10 devstack@placement-api.service[95723]: DEBUG placement.objects.research_context [req-3b941b3b-9244-44a3-8024-71cbd500f13d req-7021fe6b-25cd-40a7-b3e1-950b0ea8cf10 service placement] found 2 providers after filtering by previous result {{(pid=95723) get_provider_ids_matching /opt/stack/placement/placement/objects/research_context.py:580}}
Aug 16 20:37:31.624868 n-d-794306-10 devstack@placement-api.service[95723]: DEBUG placement.objects.allocation_candidate [req-3b941b3b-9244-44a3-8024-71cbd500f13d req-7021fe6b-25cd-40a7-b3e1-950b0ea8cf10 service placement] RequestGroup(use_same_provider=False, resources={DISK_GB:1, MEMORY_MB:1024, VCPU:1}, traits=[], aggregates=[]) (suffix '') returned 2 matches {{(pid=95723) _get_by_requests /opt/stack/placement/placement/objects/allocation_candidate.py:145}}
Aug 16 20:37:31.624868 n-d-794306-10 devstack@placement-api.service[95723]: DEBUG placement.objects.allocation_candidate [req-3b941b3b-9244-44a3-8024-71cbd500f13d req-7021fe6b-25cd-40a7-b3e1-950b0ea8cf10 service placement] Merging candidates yields 2 allocation requests and 2 provider summaries {{(pid=95723) _merge_candidates /opt/stack/placement/placement/objects/allocation_candidate.py:783}}
Aug 16 20:37:31.624868 n-d-794306-10 devstack@placement-api.service[95723]: INFO placement.requestlog [req-3b941b3b-9244-44a3-8024-71cbd500f13d req-7021fe6b-25cd-40a7-b3e1-950b0ea8cf10 service placement] 10.222.0.70 "GET /placement/allocation_candidates?limit=1000&resources=DISK_GB%3A1%2CMEMORY_MB%3A1024%2CVCPU%3A1&root_required=%21COMPUTE_STATUS_DISABLED" status: 200 len: 1309 microversion: 1.35
Aug 16 20:37:31.624868 n-d-794306-10 devstack@placement-api.service[95723]: [pid: 95723|app: 0|req: 467/931] 10.222.0.70 () {60 vars in 1507 bytes} [Mon Aug 16 20:37:31 2021] GET /placement/allocation_candidates?limit=1000&resources=DISK_GB%3A1%2CMEMORY_MB%3A1024%2CVCPU%3A1&root_required=%21COMPUTE_STATUS_DISABLED => generated 1309 bytes in 88 msecs (HTTP/1.1 200) 8 headers in 297 bytes (1 switches on core 0)
Aug 16 20:37:31.632910 n-d-794306-10 devstack@placement-api.service[95722]: DEBUG placement.requestlog [req-3b941b3b-9244-44a3-8024-71cbd500f13d req-736c7aae-812a-417d-9757-b66b17ef7a8a None None] Starting request: 10.222.0.70 "GET /placement/allocations/6d8ce38a-e74c-469f-9bfd-5ea1ca6b8608" {{(pid=95722) __call__ /opt/stack/placement/placement/requestlog.py:55}}
Aug 16 20:37:31.632910 n-d-794306-10 devstack@placement-api.service[95722]: INFO placement.requestlog [req-3b941b3b-9244-44a3-8024-71cbd500f13d req-736c7aae-812a-417d-9757-b66b17ef7a8a service placement] 10.222.0.70 "GET /placement/allocations/6d8ce38a-e74c-469f-9bfd-5ea1ca6b8608" status: 200 len: 19 microversion: 1.28
Aug 16 20:37:31.632910 n-d-794306-10 devstack@placement-api.service[95722]: [pid: 95722|app: 0|req: 465/932] 10.222.0.70 () {60 vars in 1381 bytes} [Mon Aug 16 20:37:31 2021] GET /placement/allocations/6d8ce38a-e74c-469f-9bfd-5ea1ca6b8608 => generated 19 bytes in 11 msecs (HTTP/1.1 200) 8 headers in 295 bytes (1 switches on core 0)
Aug 16 20:37:31.640183 n-d-794306-10 devstack@placement-api.service[95723]: DEBUG placement.requestlog [req-3b941b3b-9244-44a3-8024-71cbd500f13d req-e56f304b-8ade-4326-9d94-3f3ee696e12f None None] Starting request: 10.222.0.70 "PUT /placement/allocations/6d8ce38a-e74c-469f-9bfd-5ea1ca6b8608" {{(pid=95723) __call__ /opt/stack/placement/placement/requestlog.py:55}}
Aug 16 20:37:32.209112 n-d-794306-10 devstack@placement-api.service[95723]: DEBUG placement.handlers.allocation [req-3b941b3b-9244-44a3-8024-71cbd500f13d req-e56f304b-8ade-4326-9d94-3f3ee696e12f service placement] Successfully wrote allocations [, , ] {{(pid=95723) _create_allocations /opt/stack/placement/placement/handlers/allocation.py:435}}
Aug 16 20:37:32.214993 n-d-794306-10 devstack@placement-api.service[95723]: INFO placement.requestlog [req-3b941b3b-9244-44a3-8024-71cbd500f13d req-e56f304b-8ade-4326-9d94-3f3ee696e12f service placement] 10.222.0.70 "PUT /placement/allocations/6d8ce38a-e74c-469f-9bfd-5ea1ca6b8608" status: 204 len: 0 microversion: 1.35
Aug 16 20:37:32.214993 n-d-794306-10 devstack@placement-api.service[95723]: [pid: 95723|app: 0|req: 468/933] 10.222.0.70 () {64 vars in 1434 bytes} [Mon Aug 16 20:37:31 2021] PUT /placement/allocations/6d8ce38a-e74c-469f-9bfd-5ea1ca6b8608 => generated 0 bytes in 675 msecs (HTTP/1.1 204) 5 headers in 199 bytes (1 switches on core 0)
Aug 16 20:37:33.519222 n-d-794306-10 devstack@placement-api.service[95722]: DEBUG placement.requestlog [req-3b941b3b-9244-44a3-8024-71cbd500f13d req-ad29f4ce-287c-4055-9ef6-e852f9e64a73 None None] Starting request: 10.222.0.73 "GET /placement/allocations/6d8ce38a-e74c-469f-9bfd-5ea1ca6b8608" {{(pid=95722) __call__ /opt/stack/placement/placement/requestlog.py:55}}
Aug 16 20:37:33.544795 n-d-794306-10 devstack@placement-api.service[95722]: INFO placement.requestlog [req-3b941b3b-9244-44a3-8024-71cbd500f13d req-ad29f4ce-287c-4055-9ef6-e852f9e64a73 service placement] 10.222.0.73 "GET /placement/allocations/6d8ce38a-e74c-469f-9bfd-5ea1ca6b8608" status: 200 len: 260 microversion: 1.28
Aug 16 20:37:33.545654 n-d-794306-10 devstack@placement-api.service[95722]: [pid: 95722|app: 0|req: 466/934] 10.222.0.73 () {60 vars in 1378 bytes} [Mon Aug 16 20:37:33 2021] GET /placement/allocations/6d8ce38a-e74c-469f-9bfd-5ea1ca6b8608 => generated 260 bytes in 26 msecs (HTTP/1.1 200) 8 headers in 296 bytes (1 switches on core 0)
Aug 16 20:37:40.450092 n-d-794306-10 devstack@placement-api.service[95723]: DEBUG placement.requestlog [req-f21b0808-7256-40da-98e4-6001ee605965 req-eaf5d973-8f89-4516-a5f9-2b7054952e83 None None] Starting request: 10.222.0.70 "GET /placement/allocation_candidates?limit=1000&resources=DISK_GB%3A1%2CMEMORY_MB%3A1024%2CVCPU%3A1&root_required=%21COMPUTE_STATUS_DISABLED" {{(pid=95723) __call__ /opt/stack/placement/placement/requestlog.py:55}}
Aug 16 20:37:40.526389 n-d-794306-10 devstack@placement-api.service[95723]: DEBUG placement.objects.research_context [req-f21b0808-7256-40da-98e4-6001ee605965 req-eaf5d973-8f89-4516-a5f9-2b7054952e83 service placement] getting providers with 1 DISK_GB {{(pid=95723) __init__ /opt/stack/placement/placement/objects/research_context.py:126}}
Aug 16 20:37:40.532578 n-d-794306-10 devstack@placement-api.service[95723]: DEBUG placement.objects.research_context [req-f21b0808-7256-40da-98e4-6001ee605965 req-eaf5d973-8f89-4516-a5f9-2b7054952e83 service placement] getting providers with 1024 MEMORY_MB {{(pid=95723) __init__ /opt/stack/placement/placement/objects/research_context.py:126}}
Aug 16 20:37:40.543678 n-d-794306-10 devstack@placement-api.service[95723]: DEBUG placement.objects.research_context [req-f21b0808-7256-40da-98e4-6001ee605965 req-eaf5d973-8f89-4516-a5f9-2b7054952e83 service placement] getting providers with 1 VCPU {{(pid=95723) __init__ /opt/stack/placement/placement/objects/research_context.py:126}}
Aug 16 20:37:40.562227 n-d-794306-10 devstack@placement-api.service[95723]: DEBUG placement.objects.research_context [req-f21b0808-7256-40da-98e4-6001ee605965 req-eaf5d973-8f89-4516-a5f9-2b7054952e83 service placement] found 2 providers with available 1 DISK_GB {{(pid=95723) get_provider_ids_matching /opt/stack/placement/placement/objects/research_context.py:549}}
Aug 16 20:37:40.562744 n-d-794306-10 devstack@placement-api.service[95723]: DEBUG placement.objects.research_context [req-f21b0808-7256-40da-98e4-6001ee605965 req-eaf5d973-8f89-4516-a5f9-2b7054952e83 service placement] found 2 providers with available 1024 MEMORY_MB {{(pid=95723) get_provider_ids_matching /opt/stack/placement/placement/objects/research_context.py:549}}
Aug 16 20:37:40.563166 n-d-794306-10 devstack@placement-api.service[95723]: DEBUG placement.objects.research_context [req-f21b0808-7256-40da-98e4-6001ee605965 req-eaf5d973-8f89-4516-a5f9-2b7054952e83 service placement] found 2 providers after filtering by previous result {{(pid=95723) get_provider_ids_matching /opt/stack/placement/placement/objects/research_context.py:580}}
Aug 16 20:37:40.563571 n-d-794306-10 devstack@placement-api.service[95723]: DEBUG placement.objects.research_context [req-f21b0808-7256-40da-98e4-6001ee605965 req-eaf5d973-8f89-4516-a5f9-2b7054952e83 service placement] found 2 providers with available 1 VCPU {{(pid=95723) get_provider_ids_matching /opt/stack/placement/placement/objects/research_context.py:549}}
Aug 16 20:37:40.564009 n-d-794306-10 devstack@placement-api.service[95723]: DEBUG placement.objects.research_context [req-f21b0808-7256-40da-98e4-6001ee605965 req-eaf5d973-8f89-4516-a5f9-2b7054952e83 service placement] found 2 providers after filtering by previous result {{(pid=95723) get_provider_ids_matching /opt/stack/placement/placement/objects/research_context.py:580}}
Aug 16 20:37:40.587944 n-d-794306-10 devstack@placement-api.service[95723]: DEBUG placement.objects.allocation_candidate [req-f21b0808-7256-40da-98e4-6001ee605965 req-eaf5d973-8f89-4516-a5f9-2b7054952e83 service placement] RequestGroup(use_same_provider=False, resources={DISK_GB:1, MEMORY_MB:1024, VCPU:1}, traits=[], aggregates=[]) (suffix '') returned 2 matches {{(pid=95723) _get_by_requests /opt/stack/placement/placement/objects/allocation_candidate.py:145}}
Aug 16 20:37:40.588467 n-d-794306-10 devstack@placement-api.service[95723]: DEBUG placement.objects.allocation_candidate [req-f21b0808-7256-40da-98e4-6001ee605965 req-eaf5d973-8f89-4516-a5f9-2b7054952e83 service placement] Merging candidates yields 2 allocation requests and 2 provider summaries {{(pid=95723) _merge_candidates /opt/stack/placement/placement/objects/allocation_candidate.py:783}}
Aug 16 20:37:40.590228 n-d-794306-10 devstack@placement-api.service[95723]: INFO placement.requestlog [req-f21b0808-7256-40da-98e4-6001ee605965 req-eaf5d973-8f89-4516-a5f9-2b7054952e83 service placement] 10.222.0.70 "GET /placement/allocation_candidates?limit=1000&resources=DISK_GB%3A1%2CMEMORY_MB%3A1024%2CVCPU%3A1&root_required=%21COMPUTE_STATUS_DISABLED" status: 200 len: 1309 microversion: 1.35
Aug 16 20:37:40.595304 n-d-794306-10 devstack@placement-api.service[95723]: [pid: 95723|app: 0|req: 469/935] 10.222.0.70 () {60 vars in 1507 bytes} [Mon Aug 16 20:37:40 2021] GET /placement/allocation_candidates?limit=1000&resources=DISK_GB%3A1%2CMEMORY_MB%3A1024%2CVCPU%3A1&root_required=%21COMPUTE_STATUS_DISABLED => generated 1309 bytes in 145 msecs (HTTP/1.1 200) 8 headers in 297 bytes (1 switches on core 0)
Aug 16 20:37:40.678898 n-d-794306-10 devstack@placement-api.service[95722]: DEBUG placement.requestlog [req-f21b0808-7256-40da-98e4-6001ee605965 req-b6707d65-d7bb-40b5-af0b-81ba5a4248a6 None None] Starting request: 10.222.0.70 "GET /placement/allocations/7c497a5a-6ece-45d1-b07b-55a38c6c72f3" {{(pid=95722) __call__ /opt/stack/placement/placement/requestlog.py:55}}
Aug 16 20:37:40.690095 n-d-794306-10 devstack@placement-api.service[95722]: INFO placement.requestlog [req-f21b0808-7256-40da-98e4-6001ee605965 req-b6707d65-d7bb-40b5-af0b-81ba5a4248a6 service placement] 10.222.0.70 "GET /placement/allocations/7c497a5a-6ece-45d1-b07b-55a38c6c72f3" status: 200 len: 19 microversion: 1.28
Aug 16 20:37:40.695558 n-d-794306-10 devstack@placement-api.service[95722]: [pid: 95722|app: 0|req: 467/936] 10.222.0.70 () {60 vars in 1381 bytes} [Mon Aug 16 20:37:40 2021] GET /placement/allocations/7c497a5a-6ece-45d1-b07b-55a38c6c72f3 => generated 19 bytes in 17 msecs (HTTP/1.1 200) 8 headers in 295 bytes (1 switches on core 0)
Aug 16 20:37:40.696411 n-d-794306-10 devstack@placement-api.service[95723]: DEBUG placement.requestlog [req-f21b0808-7256-40da-98e4-6001ee605965 req-f47302a1-c061-42a0-82f7-8dca813fbd43 None None] Starting request: 10.222.0.70 "PUT /placement/allocations/7c497a5a-6ece-45d1-b07b-55a38c6c72f3" {{(pid=95723) __call__ /opt/stack/placement/placement/requestlog.py:55}}
Aug 16 20:37:41.157137 n-d-794306-10 devstack@placement-api.service[95723]: DEBUG placement.handlers.allocation [req-f21b0808-7256-40da-98e4-6001ee605965 req-f47302a1-c061-42a0-82f7-8dca813fbd43 service placement] Successfully wrote allocations [, , ] {{(pid=95723) _create_allocations /opt/stack/placement/placement/handlers/allocation.py:435}}
Aug 16 20:37:41.158397 n-d-794306-10 devstack@placement-api.service[95723]: INFO placement.requestlog [req-f21b0808-7256-40da-98e4-6001ee605965 req-f47302a1-c061-42a0-82f7-8dca813fbd43 service placement] 10.222.0.70 "PUT /placement/allocations/7c497a5a-6ece-45d1-b07b-55a38c6c72f3" status: 204 len: 0 microversion: 1.35
Aug 16 20:37:41.158909 n-d-794306-10 devstack@placement-api.service[95723]: [pid: 95723|app: 0|req: 470/937] 10.222.0.70 () {64 vars in 1434 bytes} [Mon Aug 16 20:37:40 2021] PUT /placement/allocations/7c497a5a-6ece-45d1-b07b-55a38c6c72f3 => generated 0 bytes in 463 msecs (HTTP/1.1 204) 5 headers in 199 bytes (1 switches on core 0)
Aug 16 20:37:42.463274 n-d-794306-10 devstack@placement-api.service[95722]: DEBUG placement.requestlog [req-f21b0808-7256-40da-98e4-6001ee605965 req-072c9660-6dfa-4ae1-88ce-0010eb590497 None None] Starting request: 10.222.0.64 "GET /placement/allocations/7c497a5a-6ece-45d1-b07b-55a38c6c72f3" {{(pid=95722) __call__ /opt/stack/placement/placement/requestlog.py:55}}
Aug 16 20:37:42.478471 n-d-794306-10 devstack@placement-api.service[95722]: INFO placement.requestlog [req-f21b0808-7256-40da-98e4-6001ee605965 req-072c9660-6dfa-4ae1-88ce-0010eb590497 service placement] 10.222.0.64 "GET /placement/allocations/7c497a5a-6ece-45d1-b07b-55a38c6c72f3" status: 200 len: 260 microversion: 1.28
Aug 16 20:37:42.479034 n-d-794306-10 devstack@placement-api.service[95722]: [pid: 95722|app: 0|req: 468/938] 10.222.0.64 () {60 vars in 1378 bytes} [Mon Aug 16 20:37:42 2021] GET /placement/allocations/7c497a5a-6ece-45d1-b07b-55a38c6c72f3 => generated 260 bytes in 18 msecs (HTTP/1.1 200) 8 headers in 296 bytes (1 switches on core 0)
Aug 16 20:37:46.320299 n-d-794306-10 devstack@placement-api.service[95723]: DEBUG placement.requestlog [req-62755d6f-8bc0-4457-bfd7-07a56e0b62ef req-eba3c27f-4f05-4f41-9fb7-185992f3f807 None None] Starting request: 10.222.0.70 "GET /placement/allocation_candidates?limit=1000&resources=DISK_GB%3A1%2CMEMORY_MB%3A1024%2CVCPU%3A1&root_required=%21COMPUTE_STATUS_DISABLED" {{(pid=95723) __call__ /opt/stack/placement/placement/requestlog.py:55}}
Aug 16 20:37:46.657382 n-d-794306-10 devstack@placement-api.service[95723]: DEBUG placement.objects.research_context [req-62755d6f-8bc0-4457-bfd7-07a56e0b62ef req-eba3c27f-4f05-4f41-9fb7-185992f3f807 service placement] getting providers with 1 DISK_GB {{(pid=95723) __init__ /opt/stack/placement/placement/objects/research_context.py:126}}
Aug 16 20:37:46.672649 n-d-794306-10 devstack@placement-api.service[95723]: DEBUG placement.objects.research_context [req-62755d6f-8bc0-4457-bfd7-07a56e0b62ef req-eba3c27f-4f05-4f41-9fb7-185992f3f807 service placement] getting providers with 1024 MEMORY_MB {{(pid=95723) __init__ /opt/stack/placement/placement/objects/research_context.py:126}}
Aug 16 20:37:46.687022 n-d-794306-10 devstack@placement-api.service[95723]: DEBUG placement.objects.research_context [req-62755d6f-8bc0-4457-bfd7-07a56e0b62ef req-eba3c27f-4f05-4f41-9fb7-185992f3f807 service placement] getting providers with 1 VCPU {{(pid=95723) __init__ /opt/stack/placement/placement/objects/research_context.py:126}}
Aug 16 20:37:46.693333 n-d-794306-10 devstack@placement-api.service[95723]: DEBUG placement.objects.research_context [req-62755d6f-8bc0-4457-bfd7-07a56e0b62ef req-eba3c27f-4f05-4f41-9fb7-185992f3f807 service placement] found 2 providers with available 1 DISK_GB {{(pid=95723) get_provider_ids_matching /opt/stack/placement/placement/objects/research_context.py:549}}
Aug 16 20:37:46.693484 n-d-794306-10 devstack@placement-api.service[95723]: DEBUG placement.objects.research_context [req-62755d6f-8bc0-4457-bfd7-07a56e0b62ef req-eba3c27f-4f05-4f41-9fb7-185992f3f807 service placement] found 2 providers with available 1024 MEMORY_MB {{(pid=95723) get_provider_ids_matching /opt/stack/placement/placement/objects/research_context.py:549}}
Aug 16 20:37:46.693713 n-d-794306-10 devstack@placement-api.service[95723]: DEBUG placement.objects.research_context [req-62755d6f-8bc0-4457-bfd7-07a56e0b62ef req-eba3c27f-4f05-4f41-9fb7-185992f3f807 service placement] found 2 providers after filtering by previous result {{(pid=95723) get_provider_ids_matching /opt/stack/placement/placement/objects/research_context.py:580}}
