Aug 16 20:20:36.781833 n-d-794306-10 devstack@placement-api.service[95723]: INFO placement.requestlog [req-e8a17dd2-ff9d-4e56-bf9b-a3b55d63706b req-3477628a-c663-49ce-8dd4-be8a06222e4d service placement] 10.222.0.73 "GET /placement/allocations/429fe5e4-d07a-425d-a9aa-6aa1f64f6f72" status: 200 len: 258 microversion: 1.28
Aug 16 20:20:36.782343 n-d-794306-10 devstack@placement-api.service[95723]: [pid: 95723|app: 0|req: 141/284] 10.222.0.73 () {60 vars in 1378 bytes} [Mon Aug 16 20:20:36 2021] GET /placement/allocations/429fe5e4-d07a-425d-a9aa-6aa1f64f6f72 => generated 258 bytes in 18 msecs (HTTP/1.1 200) 8 headers in 296 bytes (1 switches on core 0)
Aug 16 20:20:40.270023 n-d-794306-10 devstack@placement-api.service[95722]: DEBUG placement.requestlog [req-ebfc5a78-7903-49fb-b6ef-291ab7b0eaa1 req-82222635-9f35-4979-b934-224aec5db700 None None] Starting request: 10.222.0.64 "GET /placement/allocations/2ac34768-6d07-45c4-bcd9-2d620661b93c" {{(pid=95722) __call__ /opt/stack/placement/placement/requestlog.py:55}}
Aug 16 20:20:40.289365 n-d-794306-10 devstack@placement-api.service[95722]: INFO placement.requestlog [req-ebfc5a78-7903-49fb-b6ef-291ab7b0eaa1 req-82222635-9f35-4979-b934-224aec5db700 service placement] 10.222.0.64 "GET /placement/allocations/2ac34768-6d07-45c4-bcd9-2d620661b93c" status: 200 len: 259 microversion: 1.28
Aug 16 20:20:40.289750 n-d-794306-10 devstack@placement-api.service[95722]: [pid: 95722|app: 0|req: 144/285] 10.222.0.64 () {60 vars in 1378 bytes} [Mon Aug 16 20:20:40 2021] GET /placement/allocations/2ac34768-6d07-45c4-bcd9-2d620661b93c => generated 259 bytes in 21 msecs (HTTP/1.1 200) 8 headers in 296 bytes (1 switches on core 0)
Aug 16 20:20:40.315315 n-d-794306-10 devstack@placement-api.service[95723]: DEBUG placement.requestlog [req-ebfc5a78-7903-49fb-b6ef-291ab7b0eaa1 req-64f8b18d-c6e4-47da-8e41-bdda95d86b3e None None] Starting request: 10.222.0.64 "PUT /placement/allocations/2ac34768-6d07-45c4-bcd9-2d620661b93c" {{(pid=95723) __call__ /opt/stack/placement/placement/requestlog.py:55}}
Aug 16 20:20:40.441727 n-d-794306-10 devstack@placement-api.service[95723]: DEBUG placement.handlers.allocation [req-ebfc5a78-7903-49fb-b6ef-291ab7b0eaa1 req-64f8b18d-c6e4-47da-8e41-bdda95d86b3e service placement] Successfully wrote allocations [, , ] {{(pid=95723) _create_allocations /opt/stack/placement/placement/handlers/allocation.py:435}}
Aug 16 20:20:40.442230 n-d-794306-10 devstack@placement-api.service[95723]: INFO placement.requestlog [req-ebfc5a78-7903-49fb-b6ef-291ab7b0eaa1 req-64f8b18d-c6e4-47da-8e41-bdda95d86b3e service placement] 10.222.0.64 "PUT /placement/allocations/2ac34768-6d07-45c4-bcd9-2d620661b93c" status: 204 len: 0 microversion: 1.28
Aug 16 20:20:40.442479 n-d-794306-10 devstack@placement-api.service[95723]: [pid: 95723|app: 0|req: 142/286] 10.222.0.64 () {64 vars in 1431 bytes} [Mon Aug 16 20:20:40 2021] PUT /placement/allocations/2ac34768-6d07-45c4-bcd9-2d620661b93c => generated 0 bytes in 127 msecs (HTTP/1.1 204) 5 headers in 199 bytes (2 switches on core 0)
Aug 16 20:20:42.936830 n-d-794306-10 devstack@placement-api.service[95722]: DEBUG placement.requestlog [None req-ca7a684a-3aa1-4d50-9a67-f8781a2b265d None None] Starting request: 10.222.0.70 "GET /placement/" {{(pid=95722) __call__ /opt/stack/placement/placement/requestlog.py:55}}
Aug 16 20:20:42.937804 n-d-794306-10 devstack@placement-api.service[95722]: INFO placement.requestlog [None req-ca7a684a-3aa1-4d50-9a67-f8781a2b265d None None] 10.222.0.70 "GET /placement/" status: 200 len: 136 microversion: 1.0
Aug 16 20:20:42.938153 n-d-794306-10 devstack@placement-api.service[95722]: [pid: 95722|app: 0|req: 145/287] 10.222.0.70 () {54 vars in 916 bytes} [Mon Aug 16 20:20:42 2021] GET /placement => generated 136 bytes in 2 msecs (HTTP/1.1 200) 6 headers in 224 bytes (1 switches on core 0)
Aug 16 20:20:42.948605 n-d-794306-10 devstack@placement-api.service[95723]: DEBUG placement.requestlog [req-57c86222-d58f-4ba4-9d53-bc110896903d req-9f38807f-f417-4610-91bc-955e57bc0603 None None] Starting request: 10.222.0.70 "GET /placement/allocations/ca857640-7ca7-4a07-8d9b-c8a69b2c6fc0" {{(pid=95723) __call__ /opt/stack/placement/placement/requestlog.py:55}}
Aug 16 20:20:43.030993 n-d-794306-10 devstack@placement-api.service[95723]: INFO placement.requestlog [req-57c86222-d58f-4ba4-9d53-bc110896903d req-9f38807f-f417-4610-91bc-955e57bc0603 service placement] 10.222.0.70 "GET /placement/allocations/ca857640-7ca7-4a07-8d9b-c8a69b2c6fc0" status: 200 len: 259 microversion: 1.28
Aug 16 20:20:43.036445 n-d-794306-10 devstack@placement-api.service[95723]: [pid: 95723|app: 0|req: 143/288] 10.222.0.70 () {60 vars in 1381 bytes} [Mon Aug 16 20:20:42 2021] GET /placement/allocations/ca857640-7ca7-4a07-8d9b-c8a69b2c6fc0 => generated 259 bytes in 89 msecs (HTTP/1.1 200) 8 headers in 296 bytes (1 switches on core 0)
Aug 16 20:20:43.037058 n-d-794306-10 devstack@placement-api.service[95722]: DEBUG placement.requestlog [req-57c86222-d58f-4ba4-9d53-bc110896903d req-1acf948a-3f65-4c85-b0d9-db9b0d1e1412 None None] Starting request: 10.222.0.70 "GET /placement/allocations/ca857640-7ca7-4a07-8d9b-c8a69b2c6fc0" {{(pid=95722) __call__ /opt/stack/placement/placement/requestlog.py:55}}
Aug 16 20:20:43.052923 n-d-794306-10 devstack@placement-api.service[95722]: INFO placement.requestlog [req-57c86222-d58f-4ba4-9d53-bc110896903d req-1acf948a-3f65-4c85-b0d9-db9b0d1e1412 service placement] 10.222.0.70 "GET /placement/allocations/ca857640-7ca7-4a07-8d9b-c8a69b2c6fc0" status: 200 len: 259 microversion: 1.28
Aug 16 20:20:43.053251 n-d-794306-10 devstack@placement-api.service[95722]: [pid: 95722|app: 0|req: 146/289] 10.222.0.70 () {60 vars in 1381 bytes} [Mon Aug 16 20:20:43 2021] GET /placement/allocations/ca857640-7ca7-4a07-8d9b-c8a69b2c6fc0 => generated 259 bytes in 16 msecs (HTTP/1.1 200) 8 headers in 296 bytes (1 switches on core 0)
Aug 16 20:20:43.059910 n-d-794306-10 devstack@placement-api.service[95723]: DEBUG placement.requestlog [req-57c86222-d58f-4ba4-9d53-bc110896903d req-f6cd5580-b3c7-4986-b58f-3fc543295fff None None] Starting request: 10.222.0.70 "GET /placement/allocations/7ff56f7f-1b40-4db4-96f7-7f4982559528" {{(pid=95723) __call__ /opt/stack/placement/placement/requestlog.py:55}}
Aug 16 20:20:43.071131 n-d-794306-10 devstack@placement-api.service[95723]: INFO placement.requestlog [req-57c86222-d58f-4ba4-9d53-bc110896903d req-f6cd5580-b3c7-4986-b58f-3fc543295fff service placement] 10.222.0.70 "GET /placement/allocations/7ff56f7f-1b40-4db4-96f7-7f4982559528" status: 200 len: 19 microversion: 1.28
Aug 16 20:20:43.077606 n-d-794306-10 devstack@placement-api.service[95723]: [pid: 95723|app: 0|req: 144/290] 10.222.0.70 () {60 vars in 1381 bytes} [Mon Aug 16 20:20:43 2021] GET /placement/allocations/7ff56f7f-1b40-4db4-96f7-7f4982559528 => generated 19 bytes in 18 msecs (HTTP/1.1 200) 8 headers in 295 bytes (1 switches on core 0)
Aug 16 20:20:43.077873 n-d-794306-10 devstack@placement-api.service[95722]: DEBUG placement.requestlog [req-57c86222-d58f-4ba4-9d53-bc110896903d req-37063286-ba35-42f5-92ee-e85538bb2c9d None None] Starting request: 10.222.0.70 "POST /placement/allocations" {{(pid=95722) __call__ /opt/stack/placement/placement/requestlog.py:55}}
Aug 16 20:20:43.196717 n-d-794306-10 devstack@placement-api.service[95723]: DEBUG placement.requestlog [req-035358e8-1188-4312-91cc-c355e9af46aa req-2ae9c4c5-0c3a-4d2b-98de-0a03b8804fed None None] Starting request: 10.222.0.73 "GET /placement/allocations/1eaaf438-22c0-45eb-905d-f7ab5936f9dd" {{(pid=95723) __call__ /opt/stack/placement/placement/requestlog.py:55}}
Aug 16 20:20:43.223515 n-d-794306-10 devstack@placement-api.service[95723]: INFO placement.requestlog [req-035358e8-1188-4312-91cc-c355e9af46aa req-2ae9c4c5-0c3a-4d2b-98de-0a03b8804fed service placement] 10.222.0.73 "GET /placement/allocations/1eaaf438-22c0-45eb-905d-f7ab5936f9dd" status: 200 len: 259 microversion: 1.28
Aug 16 20:20:43.223515 n-d-794306-10 devstack@placement-api.service[95723]: [pid: 95723|app: 0|req: 145/291] 10.222.0.73 () {60 vars in 1378 bytes} [Mon Aug 16 20:20:43 2021] GET /placement/allocations/1eaaf438-22c0-45eb-905d-f7ab5936f9dd => generated 259 bytes in 26 msecs (HTTP/1.1 200) 8 headers in 296 bytes (2 switches on core 0)
Aug 16 20:20:43.232621 n-d-794306-10 devstack@placement-api.service[95723]: DEBUG placement.requestlog [req-035358e8-1188-4312-91cc-c355e9af46aa req-bd3e1501-ad5d-4dd2-89e8-4d88d005c548 None None] Starting request: 10.222.0.73 "PUT /placement/allocations/1eaaf438-22c0-45eb-905d-f7ab5936f9dd" {{(pid=95723) __call__ /opt/stack/placement/placement/requestlog.py:55}}
Aug 16 20:20:43.293818 n-d-794306-10 devstack@placement-api.service[95722]: DEBUG placement.handlers.allocation [req-57c86222-d58f-4ba4-9d53-bc110896903d req-37063286-ba35-42f5-92ee-e85538bb2c9d service placement] Successfully wrote allocations [, , , , , ] {{(pid=95722) _create_allocations /opt/stack/placement/placement/handlers/allocation.py:524}}
Aug 16 20:20:43.294740 n-d-794306-10 devstack@placement-api.service[95722]: INFO placement.requestlog [req-57c86222-d58f-4ba4-9d53-bc110896903d req-37063286-ba35-42f5-92ee-e85538bb2c9d service placement] 10.222.0.70 "POST /placement/allocations" status: 204 len: 0 microversion: 1.28
Aug 16 20:20:43.299511 n-d-794306-10 devstack@placement-api.service[95722]: [pid: 95722|app: 0|req: 147/292] 10.222.0.70 () {64 vars in 1324 bytes} [Mon Aug 16 20:20:43 2021] POST /placement/allocations => generated 0 bytes in 218 msecs (HTTP/1.1 204) 5 headers in 199 bytes (1 switches on core 0)
Aug 16 20:20:43.343908 n-d-794306-10 devstack@placement-api.service[95722]: DEBUG placement.requestlog [req-57c86222-d58f-4ba4-9d53-bc110896903d req-3125ff95-a98e-4dcf-8f3a-759bca728f66 None None] Starting request: 10.222.0.70 "GET /placement/allocations/ca857640-7ca7-4a07-8d9b-c8a69b2c6fc0" {{(pid=95722) __call__ /opt/stack/placement/placement/requestlog.py:55}}
Aug 16 20:20:43.344239 n-d-794306-10 devstack@placement-api.service[95723]: DEBUG placement.objects.allocation [req-035358e8-1188-4312-91cc-c355e9af46aa req-bd3e1501-ad5d-4dd2-89e8-4d88d005c548 service placement] Retrying allocations write on resource provider generation conflict {{(pid=95723) replace_all /opt/stack/placement/placement/objects/allocation.py:505}}
Aug 16 20:20:43.370923 n-d-794306-10 devstack@placement-api.service[95722]: INFO placement.requestlog [req-57c86222-d58f-4ba4-9d53-bc110896903d req-3125ff95-a98e-4dcf-8f3a-759bca728f66 service placement] 10.222.0.70 "GET /placement/allocations/ca857640-7ca7-4a07-8d9b-c8a69b2c6fc0" status: 200 len: 19 microversion: 1.28
Aug 16 20:20:43.376181 n-d-794306-10 devstack@placement-api.service[95722]: [pid: 95722|app: 0|req: 148/293] 10.222.0.70 () {60 vars in 1381 bytes} [Mon Aug 16 20:20:43 2021] GET /placement/allocations/ca857640-7ca7-4a07-8d9b-c8a69b2c6fc0 => generated 19 bytes in 33 msecs (HTTP/1.1 200) 8 headers in 295 bytes (1 switches on core 0)
Aug 16 20:20:43.382049 n-d-794306-10 devstack@placement-api.service[95722]: DEBUG placement.requestlog [req-57c86222-d58f-4ba4-9d53-bc110896903d req-42d0ff92-754e-4490-8c3f-5ee344826af2 None None] Starting request: 10.222.0.70 "PUT /placement/allocations/ca857640-7ca7-4a07-8d9b-c8a69b2c6fc0" {{(pid=95722) __call__ /opt/stack/placement/placement/requestlog.py:55}}
Aug 16 20:20:43.447007 n-d-794306-10 devstack@placement-api.service[95723]: DEBUG placement.handlers.allocation [req-035358e8-1188-4312-91cc-c355e9af46aa req-bd3e1501-ad5d-4dd2-89e8-4d88d005c548 service placement] Successfully wrote allocations [, , ] {{(pid=95723) _create_allocations /opt/stack/placement/placement/handlers/allocation.py:435}}
Aug 16 20:20:43.447975 n-d-794306-10 devstack@placement-api.service[95723]: INFO placement.requestlog [req-035358e8-1188-4312-91cc-c355e9af46aa req-bd3e1501-ad5d-4dd2-89e8-4d88d005c548 service placement] 10.222.0.73 "PUT /placement/allocations/1eaaf438-22c0-45eb-905d-f7ab5936f9dd" status: 204 len: 0 microversion: 1.28
Aug 16 20:20:43.448455 n-d-794306-10 devstack@placement-api.service[95723]: [pid: 95723|app: 0|req: 146/294] 10.222.0.73 () {64 vars in 1431 bytes} [Mon Aug 16 20:20:43 2021] PUT /placement/allocations/1eaaf438-22c0-45eb-905d-f7ab5936f9dd => generated 0 bytes in 216 msecs (HTTP/1.1 204) 5 headers in 199 bytes (2 switches on core 0)
Aug 16 20:20:43.606768 n-d-794306-10 devstack@placement-api.service[95722]: DEBUG placement.handlers.allocation [req-57c86222-d58f-4ba4-9d53-bc110896903d req-42d0ff92-754e-4490-8c3f-5ee344826af2 service placement] Successfully wrote allocations [, , ] {{(pid=95722) _create_allocations /opt/stack/placement/placement/handlers/allocation.py:435}}
Aug 16 20:20:43.607271 n-d-794306-10 devstack@placement-api.service[95722]: INFO placement.requestlog [req-57c86222-d58f-4ba4-9d53-bc110896903d req-42d0ff92-754e-4490-8c3f-5ee344826af2 service placement] 10.222.0.70 "PUT /placement/allocations/ca857640-7ca7-4a07-8d9b-c8a69b2c6fc0" status: 204 len: 0 microversion: 1.28
Aug 16 20:20:43.607611 n-d-794306-10 devstack@placement-api.service[95722]: [pid: 95722|app: 0|req: 149/295] 10.222.0.70 () {64 vars in 1434 bytes} [Mon Aug 16 20:20:43 2021] PUT /placement/allocations/ca857640-7ca7-4a07-8d9b-c8a69b2c6fc0 => generated 0 bytes in 226 msecs (HTTP/1.1 204) 5 headers in 199 bytes (2 switches on core 0)
Aug 16 20:20:43.923847 n-d-794306-10 devstack@placement-api.service[95723]: DEBUG placement.requestlog [req-57c86222-d58f-4ba4-9d53-bc110896903d req-1e4c2ace-bf9b-4fb3-af16-a7d0960de7b5 None None] Starting request: 10.222.0.64 "GET /placement/allocations/ca857640-7ca7-4a07-8d9b-c8a69b2c6fc0" {{(pid=95723) __call__ /opt/stack/placement/placement/requestlog.py:55}}
Aug 16 20:20:43.956432 n-d-794306-10 devstack@placement-api.service[95723]: INFO placement.requestlog [req-57c86222-d58f-4ba4-9d53-bc110896903d req-1e4c2ace-bf9b-4fb3-af16-a7d0960de7b5 service placement] 10.222.0.64 "GET /placement/allocations/ca857640-7ca7-4a07-8d9b-c8a69b2c6fc0" status: 200 len: 259 microversion: 1.28
Aug 16 20:20:43.971037 n-d-794306-10 devstack@placement-api.service[95723]: [pid: 95723|app: 0|req: 147/296] 10.222.0.64 () {60 vars in 1378 bytes} [Mon Aug 16 20:20:43 2021] GET /placement/allocations/ca857640-7ca7-4a07-8d9b-c8a69b2c6fc0 => generated 259 bytes in 33 msecs (HTTP/1.1 200) 8 headers in 296 bytes (2 switches on core 0)
Aug 16 20:20:46.187331 n-d-794306-10 devstack@placement-api.service[95722]: DEBUG placement.requestlog [req-aa32e4f7-ee08-40d0-892a-300dd14f0930 req-e844ebf6-1adc-40a2-b7ad-e986738d42bd None None] Starting request: 10.222.0.64 "GET /placement/allocations/d868c2cb-307e-4685-b97b-7b1504d20230" {{(pid=95722) __call__ /opt/stack/placement/placement/requestlog.py:55}}
Aug 16 20:20:46.222425 n-d-794306-10 devstack@placement-api.service[95722]: INFO placement.requestlog [req-aa32e4f7-ee08-40d0-892a-300dd14f0930 req-e844ebf6-1adc-40a2-b7ad-e986738d42bd service placement] 10.222.0.64 "GET /placement/allocations/d868c2cb-307e-4685-b97b-7b1504d20230" status: 200 len: 259 microversion: 1.28
Aug 16 20:20:46.222687 n-d-794306-10 devstack@placement-api.service[95722]: [pid: 95722|app: 0|req: 150/297] 10.222.0.64 () {60 vars in 1378 bytes} [Mon Aug 16 20:20:46 2021] GET /placement/allocations/d868c2cb-307e-4685-b97b-7b1504d20230 => generated 259 bytes in 36 msecs (HTTP/1.1 200) 8 headers in 296 bytes (1 switches on core 0)
Aug 16 20:20:46.232528 n-d-794306-10 devstack@placement-api.service[95723]: DEBUG placement.requestlog [req-aa32e4f7-ee08-40d0-892a-300dd14f0930 req-0bdd0464-a09e-4564-b834-50277c2be1bc None None] Starting request: 10.222.0.64 "PUT /placement/allocations/d868c2cb-307e-4685-b97b-7b1504d20230" {{(pid=95723) __call__ /opt/stack/placement/placement/requestlog.py:55}}
Aug 16 20:20:46.389496 n-d-794306-10 devstack@placement-api.service[95723]: DEBUG placement.handlers.allocation [req-aa32e4f7-ee08-40d0-892a-300dd14f0930 req-0bdd0464-a09e-4564-b834-50277c2be1bc service placement] Successfully wrote allocations [, , ] {{(pid=95723) _create_allocations /opt/stack/placement/placement/handlers/allocation.py:435}}
Aug 16 20:20:46.390764 n-d-794306-10 devstack@placement-api.service[95723]: INFO placement.requestlog [req-aa32e4f7-ee08-40d0-892a-300dd14f0930 req-0bdd0464-a09e-4564-b834-50277c2be1bc service placement] 10.222.0.64 "PUT /placement/allocations/d868c2cb-307e-4685-b97b-7b1504d20230" status: 204 len: 0 microversion: 1.28
Aug 16 20:20:46.391783 n-d-794306-10 devstack@placement-api.service[95723]: [pid: 95723|app: 0|req: 148/298] 10.222.0.64 () {64 vars in 1431 bytes} [Mon Aug 16 20:20:46 2021] PUT /placement/allocations/d868c2cb-307e-4685-b97b-7b1504d20230 => generated 0 bytes in 159 msecs (HTTP/1.1 204) 5 headers in 199 bytes (1 switches on core 0)
Aug 16 20:20:48.109342 n-d-794306-10 devstack@placement-api.service[95722]: DEBUG placement.requestlog [req-bd2a4430-6e27-410e-91dc-c5108bb16172 req-a8d81a37-2c1f-4f7f-a436-51e10bf505fa None None] Starting request: 10.222.0.70 "GET /placement/allocation_candidates?limit=1000&resources=DISK_GB%3A1%2CMEMORY_MB%3A1024%2CVCPU%3A1&root_required=%21COMPUTE_STATUS_DISABLED" {{(pid=95722) __call__ /opt/stack/placement/placement/requestlog.py:55}}
Aug 16 20:20:48.165938 n-d-794306-10 devstack@placement-api.service[95722]: DEBUG placement.objects.research_context [req-bd2a4430-6e27-410e-91dc-c5108bb16172 req-a8d81a37-2c1f-4f7f-a436-51e10bf505fa service placement] getting providers with 1 DISK_GB {{(pid=95722) __init__ /opt/stack/placement/placement/objects/research_context.py:126}}
Aug 16 20:20:48.174250 n-d-794306-10 devstack@placement-api.service[95722]: DEBUG placement.objects.research_context [req-bd2a4430-6e27-410e-91dc-c5108bb16172 req-a8d81a37-2c1f-4f7f-a436-51e10bf505fa service placement] getting providers with 1024 MEMORY_MB {{(pid=95722) __init__ /opt/stack/placement/placement/objects/research_context.py:126}}
Aug 16 20:20:48.184997 n-d-794306-10 devstack@placement-api.service[95722]: DEBUG placement.objects.research_context [req-bd2a4430-6e27-410e-91dc-c5108bb16172 req-a8d81a37-2c1f-4f7f-a436-51e10bf505fa service placement] getting providers with 1 VCPU {{(pid=95722) __init__ /opt/stack/placement/placement/objects/research_context.py:126}}
Aug 16 20:20:48.191949 n-d-794306-10 devstack@placement-api.service[95722]: DEBUG placement.objects.research_context [req-bd2a4430-6e27-410e-91dc-c5108bb16172 req-a8d81a37-2c1f-4f7f-a436-51e10bf505fa service placement] found 2 providers with available 1 DISK_GB {{(pid=95722) get_provider_ids_matching /opt/stack/placement/placement/objects/research_context.py:549}}
Aug 16 20:20:48.194715 n-d-794306-10 devstack@placement-api.service[95722]: DEBUG placement.objects.research_context [req-bd2a4430-6e27-410e-91dc-c5108bb16172 req-a8d81a37-2c1f-4f7f-a436-51e10bf505fa service placement] found 2 providers with available 1024 MEMORY_MB {{(pid=95722) get_provider_ids_matching /opt/stack/placement/placement/objects/research_context.py:549}}
Aug 16 20:20:48.194715 n-d-794306-10 devstack@placement-api.service[95722]: DEBUG placement.objects.research_context [req-bd2a4430-6e27-410e-91dc-c5108bb16172 req-a8d81a37-2c1f-4f7f-a436-51e10bf505fa service placement] found 2 providers after filtering by previous result {{(pid=95722) get_provider_ids_matching /opt/stack/placement/placement/objects/research_context.py:580}}
Aug 16 20:20:48.194715 n-d-794306-10 devstack@placement-api.service[95722]: DEBUG placement.objects.research_context [req-bd2a4430-6e27-410e-91dc-c5108bb16172 req-a8d81a37-2c1f-4f7f-a436-51e10bf505fa service placement] found 2 providers with available 1 VCPU {{(pid=95722) get_provider_ids_matching /opt/stack/placement/placement/objects/research_context.py:549}}
Aug 16 20:20:48.194715 n-d-794306-10 devstack@placement-api.service[95722]: DEBUG placement.objects.research_context [req-bd2a4430-6e27-410e-91dc-c5108bb16172 req-a8d81a37-2c1f-4f7f-a436-51e10bf505fa service placement] found 2 providers after filtering by previous result {{(pid=95722) get_provider_ids_matching /opt/stack/placement/placement/objects/research_context.py:580}}
Aug 16 20:20:48.206808 n-d-794306-10 devstack@placement-api.service[95722]: DEBUG placement.objects.allocation_candidate [req-bd2a4430-6e27-410e-91dc-c5108bb16172 req-a8d81a37-2c1f-4f7f-a436-51e10bf505fa service placement] RequestGroup(use_same_provider=False, resources={DISK_GB:1, MEMORY_MB:1024, VCPU:1}, traits=[], aggregates=[]) (suffix '') returned 2 matches {{(pid=95722) _get_by_requests /opt/stack/placement/placement/objects/allocation_candidate.py:145}}
Aug 16 20:20:48.207181 n-d-794306-10 devstack@placement-api.service[95722]: DEBUG placement.objects.allocation_candidate [req-bd2a4430-6e27-410e-91dc-c5108bb16172 req-a8d81a37-2c1f-4f7f-a436-51e10bf505fa service placement] Merging candidates yields 2 allocation requests and 2 provider summaries {{(pid=95722) _merge_candidates /opt/stack/placement/placement/objects/allocation_candidate.py:783}}
Aug 16 20:20:48.208799 n-d-794306-10 devstack@placement-api.service[95722]: INFO placement.requestlog [req-bd2a4430-6e27-410e-91dc-c5108bb16172 req-a8d81a37-2c1f-4f7f-a436-51e10bf505fa service placement] 10.222.0.70 "GET /placement/allocation_candidates?limit=1000&resources=DISK_GB%3A1%2CMEMORY_MB%3A1024%2CVCPU%3A1&root_required=%21COMPUTE_STATUS_DISABLED" status: 200 len: 1312 microversion: 1.35
Aug 16 20:20:48.209363 n-d-794306-10 devstack@placement-api.service[95722]: [pid: 95722|app: 0|req: 151/299] 10.222.0.70 () {60 vars in 1507 bytes} [Mon Aug 16 20:20:48 2021] GET /placement/allocation_candidates?limit=1000&resources=DISK_GB%3A1%2CMEMORY_MB%3A1024%2CVCPU%3A1&root_required=%21COMPUTE_STATUS_DISABLED => generated 1312 bytes in 102 msecs (HTTP/1.1 200) 8 headers in 297 bytes (1 switches on core 0)
Aug 16 20:20:48.308380 n-d-794306-10 devstack@placement-api.service[95723]: DEBUG placement.requestlog [req-bd2a4430-6e27-410e-91dc-c5108bb16172 req-8a811a47-114b-42a7-aee7-d7fc3c29749a None None] Starting request: 10.222.0.70 "GET /placement/allocations/68264161-1cad-4554-b3ec-6dfeae1d6d48" {{(pid=95723) __call__ /opt/stack/placement/placement/requestlog.py:55}}
Aug 16 20:20:48.323074 n-d-794306-10 devstack@placement-api.service[95723]: INFO placement.requestlog [req-bd2a4430-6e27-410e-91dc-c5108bb16172 req-8a811a47-114b-42a7-aee7-d7fc3c29749a service placement] 10.222.0.70 "GET /placement/allocations/68264161-1cad-4554-b3ec-6dfeae1d6d48" status: 200 len: 19 microversion: 1.28
Aug 16 20:20:48.328357 n-d-794306-10 devstack@placement-api.service[95723]: [pid: 95723|app: 0|req: 149/300] 10.222.0.70 () {60 vars in 1381 bytes} [Mon Aug 16 20:20:48 2021] GET /placement/allocations/68264161-1cad-4554-b3ec-6dfeae1d6d48 => generated 19 bytes in 19 msecs (HTTP/1.1 200) 8 headers in 295 bytes (1 switches on core 0)
Aug 16 20:20:48.332311 n-d-794306-10 devstack@placement-api.service[95722]: DEBUG placement.requestlog [req-bd2a4430-6e27-410e-91dc-c5108bb16172 req-32d01210-a94e-45c7-973a-216f6f9c94fc None None] Starting request: 10.222.0.70 "PUT /placement/allocations/68264161-1cad-4554-b3ec-6dfeae1d6d48" {{(pid=95722) __call__ /opt/stack/placement/placement/requestlog.py:55}}
Aug 16 20:20:48.549665 n-d-794306-10 devstack@placement-api.service[95722]: DEBUG placement.handlers.allocation [req-bd2a4430-6e27-410e-91dc-c5108bb16172 req-32d01210-a94e-45c7-973a-216f6f9c94fc service placement] Successfully wrote allocations [, , ] {{(pid=95722) _create_allocations /opt/stack/placement/placement/handlers/allocation.py:435}}
Aug 16 20:20:48.550569 n-d-794306-10 devstack@placement-api.service[95722]: INFO placement.requestlog [req-bd2a4430-6e27-410e-91dc-c5108bb16172 req-32d01210-a94e-45c7-973a-216f6f9c94fc service placement] 10.222.0.70 "PUT /placement/allocations/68264161-1cad-4554-b3ec-6dfeae1d6d48" status: 204 len: 0 microversion: 1.35
Aug 16 20:20:48.551390 n-d-794306-10 devstack@placement-api.service[95722]: [pid: 95722|app: 0|req: 152/301] 10.222.0.70 () {64 vars in 1434 bytes} [Mon Aug 16 20:20:48 2021] PUT /placement/allocations/68264161-1cad-4554-b3ec-6dfeae1d6d48 => generated 0 bytes in 219 msecs (HTTP/1.1 204) 5 headers in 199 bytes (2 switches on core 0)
Aug 16 20:20:49.553476 n-d-794306-10 devstack@placement-api.service[95723]: DEBUG placement.requestlog [req-bd2a4430-6e27-410e-91dc-c5108bb16172 req-b0aa58bc-733a-4dad-af51-17b9ea83cb6d None None] Starting request: 10.222.0.64 "GET /placement/allocations/68264161-1cad-4554-b3ec-6dfeae1d6d48" {{(pid=95723) __call__ /opt/stack/placement/placement/requestlog.py:55}}
Aug 16 20:20:49.580355 n-d-794306-10 devstack@placement-api.service[95723]: INFO placement.requestlog [req-bd2a4430-6e27-410e-91dc-c5108bb16172 req-b0aa58bc-733a-4dad-af51-17b9ea83cb6d service placement] 10.222.0.64 "GET /placement/allocations/68264161-1cad-4554-b3ec-6dfeae1d6d48" status: 200 len: 259 microversion: 1.28
Aug 16 20:20:49.582729 n-d-794306-10 devstack@placement-api.service[95723]: [pid: 95723|app: 0|req: 150/302] 10.222.0.64 () {60 vars in 1378 bytes} [Mon Aug 16 20:20:49 2021] GET /placement/allocations/68264161-1cad-4554-b3ec-6dfeae1d6d48 => generated 259 bytes in 29 msecs (HTTP/1.1 200) 8 headers in 296 bytes (1 switches on core 0)
Aug 16 20:20:53.452633 n-d-794306-10 devstack@placement-api.service[95722]: DEBUG placement.requestlog [req-1d9f8cd2-c1f4-4b40-82db-ae59aa0da11f req-8fc50970-b7f7-40b9-8652-d7b8b9fbee5c None None] Starting request: 10.222.0.64 "GET /placement/resource_providers/ad9c2e71-f18f-44e3-881c-0f3094ba37fb/allocations" {{(pid=95722) __call__ /opt/stack/placement/placement/requestlog.py:55}}
Aug 16 20:20:53.503778 n-d-794306-10 devstack@placement-api.service[95722]: INFO placement.requestlog [req-1d9f8cd2-c1f4-4b40-82db-ae59aa0da11f req-8fc50970-b7f7-40b9-8652-d7b8b9fbee5c service placement] 10.222.0.64 "GET /placement/resource_providers/ad9c2e71-f18f-44e3-881c-0f3094ba37fb/allocations" status: 200 len: 1164 microversion: 1.0
Aug 16 20:20:53.508190 n-d-794306-10 devstack@placement-api.service[95722]: [pid: 95722|app: 0|req: 153/303] 10.222.0.64 () {58 vars in 1391 bytes} [Mon Aug 16 20:20:53 2021] GET /placement/resource_providers/ad9c2e71-f18f-44e3-881c-0f3094ba37fb/allocations => generated 1164 bytes in 55 msecs (HTTP/1.1 200) 6 headers in 225 bytes (1 switches on core 0)
Aug 16 20:20:53.862581 n-d-794306-10 devstack@placement-api.service[95723]: DEBUG placement.requestlog [req-b79ae26b-73fa-4597-8c30-0ee898d75498 req-3693376d-b3ac-4b3b-a60e-81c2c449b7bd None None] Starting request: 10.222.0.73 "GET /placement/allocations/58b9e732-b7cd-4c79-bfbe-cef874042984" {{(pid=95723) __call__ /opt/stack/placement/placement/requestlog.py:55}}
Aug 16 20:20:53.921470 n-d-794306-10 devstack@placement-api.service[95723]: INFO placement.requestlog [req-b79ae26b-73fa-4597-8c30-0ee898d75498 req-3693376d-b3ac-4b3b-a60e-81c2c449b7bd service placement] 10.222.0.73 "GET /placement/allocations/58b9e732-b7cd-4c79-bfbe-cef874042984" status: 200 len: 259 microversion: 1.28
Aug 16 20:20:53.921470 n-d-794306-10 devstack@placement-api.service[95723]: [pid: 95723|app: 0|req: 151/304] 10.222.0.73 () {60 vars in 1378 bytes} [Mon Aug 16 20:20:53 2021] GET /placement/allocations/58b9e732-b7cd-4c79-bfbe-cef874042984 => generated 259 bytes in 59 msecs (HTTP/1.1 200) 8 headers in 296 bytes (1 switches on core 0)
Aug 16 20:20:53.931883 n-d-794306-10 devstack@placement-api.service[95722]: DEBUG placement.requestlog [req-b79ae26b-73fa-4597-8c30-0ee898d75498 req-9e63d0e1-8ced-405b-bf65-fc0bd3db7a53 None None] Starting request: 10.222.0.73 "PUT /placement/allocations/58b9e732-b7cd-4c79-bfbe-cef874042984" {{(pid=95722) __call__ /opt/stack/placement/placement/requestlog.py:55}}
Aug 16 20:20:54.115063 n-d-794306-10 devstack@placement-api.service[95722]: DEBUG placement.handlers.allocation [req-b79ae26b-73fa-4597-8c30-0ee898d75498 req-9e63d0e1-8ced-405b-bf65-fc0bd3db7a53 service placement] Successfully wrote allocations [, , ] {{(pid=95722) _create_allocations /opt/stack/placement/placement/handlers/allocation.py:435}}
Aug 16 20:20:54.116766 n-d-794306-10 devstack@placement-api.service[95722]: INFO placement.requestlog [req-b79ae26b-73fa-4597-8c30-0ee898d75498 req-9e63d0e1-8ced-405b-bf65-fc0bd3db7a53 service placement] 10.222.0.73 "PUT /placement/allocations/58b9e732-b7cd-4c79-bfbe-cef874042984" status: 204 len: 0 microversion: 1.28
Aug 16 20:20:54.122766 n-d-794306-10 devstack@placement-api.service[95722]: [pid: 95722|app: 0|req: 154/305] 10.222.0.73 () {64 vars in 1431 bytes} [Mon Aug 16 20:20:53 2021] PUT /placement/allocations/58b9e732-b7cd-4c79-bfbe-cef874042984 => generated 0 bytes in 186 msecs (HTTP/1.1 204) 5 headers in 199 bytes (1 switches on core 0)
Aug 16 20:20:54.262085 n-d-794306-10 devstack@placement-api.service[95723]: DEBUG placement.requestlog [req-c839fd42-b537-4a7f-9900-13c72a86580f req-5314cacc-00d8-46cb-a0ab-447f836d6ac1 None None] Starting request: 10.222.0.64 "GET /placement/allocations/21313c60-a854-401f-ba2a-b992eee4c889" {{(pid=95723) __call__ /opt/stack/placement/placement/requestlog.py:55}}
Aug 16 20:20:54.292193 n-d-794306-10 devstack@placement-api.service[95723]: INFO placement.requestlog [req-c839fd42-b537-4a7f-9900-13c72a86580f req-5314cacc-00d8-46cb-a0ab-447f836d6ac1 service placement] 10.222.0.64 "GET /placement/allocations/21313c60-a854-401f-ba2a-b992eee4c889" status: 200 len: 259 microversion: 1.28
Aug 16 20:20:54.293408 n-d-794306-10 devstack@placement-api.service[95723]: [pid: 95723|app: 0|req: 152/306] 10.222.0.64 () {60 vars in 1378 bytes} [Mon Aug 16 20:20:54 2021] GET /placement/allocations/21313c60-a854-401f-ba2a-b992eee4c889 => generated 259 bytes in 31 msecs (HTTP/1.1 200) 8 headers in 296 bytes (1 switches on core 0)
Aug 16 20:20:54.306085 n-d-794306-10 devstack@placement-api.service[95722]: DEBUG placement.requestlog [req-c839fd42-b537-4a7f-9900-13c72a86580f req-b208daa6-fe0b-43e2-8f10-016c301d5c8c None None] Starting request: 10.222.0.64 "PUT /placement/allocations/21313c60-a854-401f-ba2a-b992eee4c889" {{(pid=95722) __call__ /opt/stack/placement/placement/requestlog.py:55}}
Aug 16 20:20:54.490552 n-d-794306-10 devstack@placement-api.service[95722]: DEBUG placement.handlers.allocation [req-c839fd42-b537-4a7f-9900-13c72a86580f req-b208daa6-fe0b-43e2-8f10-016c301d5c8c service placement] Successfully wrote allocations [, , ] {{(pid=95722) _create_allocations /opt/stack/placement/placement/handlers/allocation.py:435}}
Aug 16 20:20:54.491918 n-d-794306-10 devstack@placement-api.service[95722]: INFO placement.requestlog [req-c839fd42-b537-4a7f-9900-13c72a86580f req-b208daa6-fe0b-43e2-8f10-016c301d5c8c service placement] 10.222.0.64 "PUT /placement/allocations/21313c60-a854-401f-ba2a-b992eee4c889" status: 204 len: 0 microversion: 1.28
Aug 16 20:20:54.494086 n-d-794306-10 devstack@placement-api.service[95722]: [pid: 95722|app: 0|req: 155/307] 10.222.0.64 () {64 vars in 1431 bytes} [Mon Aug 16 20:20:54 2021] PUT /placement/allocations/21313c60-a854-401f-ba2a-b992eee4c889 => generated 0 bytes in 189 msecs (HTTP/1.1 204) 5 headers in 199 bytes (1 switches on core 0)
Aug 16 20:21:00.640537 n-d-794306-10 devstack@placement-api.service[95723]: DEBUG placement.requestlog [req-ac01665a-7bee-452b-bfd1-9573c75bab5f req-40c41d8d-4bf3-4646-adf7-4a4b22373dce None None] Starting request: 10.222.0.73 "GET /placement/resource_providers/a8572e68-9b8e-4497-aca7-788cdbd4440c/allocations" {{(pid=95723) __call__ /opt/stack/placement/placement/requestlog.py:55}}
Aug 16 20:21:00.699159 n-d-794306-10 devstack@placement-api.service[95723]: INFO placement.requestlog [req-ac01665a-7bee-452b-bfd1-9573c75bab5f req-40c41d8d-4bf3-4646-adf7-4a4b22373dce service placement] 10.222.0.73 "GET /placement/resource_providers/a8572e68-9b8e-4497-aca7-788cdbd4440c/allocations" status: 200 len: 860 microversion: 1.0
Aug 16 20:21:00.700928 n-d-794306-10 devstack@placement-api.service[95723]: [pid: 95723|app: 0|req: 153/308] 10.222.0.73 () {58 vars in 1391 bytes} [Mon Aug 16 20:21:00 2021] GET /placement/resource_providers/a8572e68-9b8e-4497-aca7-788cdbd4440c/allocations => generated 860 bytes in 59 msecs (HTTP/1.1 200) 6 headers in 224 bytes (1 switches on core 0)
Aug 16 20:21:01.047580 n-d-794306-10 devstack@placement-api.service[95722]: DEBUG placement.requestlog [req-f476ca48-3d59-47e6-9789-964beb121e3b req-c8381df2-200b-4caf-9595-e386564c9638 None None] Starting request: 10.222.0.64 "GET /placement/allocations/973bd37d-a312-4205-bf11-c16243f3dc05" {{(pid=95722) __call__ /opt/stack/placement/placement/requestlog.py:55}}
Aug 16 20:21:01.077319 n-d-794306-10 devstack@placement-api.service[95722]: INFO placement.requestlog [req-f476ca48-3d59-47e6-9789-964beb121e3b req-c8381df2-200b-4caf-9595-e386564c9638 service placement] 10.222.0.64 "GET /placement/allocations/973bd37d-a312-4205-bf11-c16243f3dc05" status: 200 len: 259 microversion: 1.28
Aug 16 20:21:01.081018 n-d-794306-10 devstack@placement-api.service[95722]: [pid: 95722|app: 0|req: 156/309] 10.222.0.64 () {60 vars in 1378 bytes} [Mon Aug 16 20:21:01 2021] GET /placement/allocations/973bd37d-a312-4205-bf11-c16243f3dc05 => generated 259 bytes in 33 msecs (HTTP/1.1 200) 8 headers in 296 bytes (1 switches on core 0)
Aug 16 20:21:01.088761 n-d-794306-10 devstack@placement-api.service[95723]: DEBUG placement.requestlog [req-f476ca48-3d59-47e6-9789-964beb121e3b req-2a76d9f9-0465-436e-bdb2-27d2cf598e8d None None] Starting request: 10.222.0.64 "PUT /placement/allocations/973bd37d-a312-4205-bf11-c16243f3dc05" {{(pid=95723) __call__ /opt/stack/placement/placement/requestlog.py:55}}
Aug 16 20:21:01.286200 n-d-794306-10 devstack@placement-api.service[95723]: DEBUG placement.handlers.allocation [req-f476ca48-3d59-47e6-9789-964beb121e3b req-2a76d9f9-0465-436e-bdb2-27d2cf598e8d service placement] Successfully wrote allocations [, , ] {{(pid=95723) _create_allocations /opt/stack/placement/placement/handlers/allocation.py:435}}
Aug 16 20:21:01.286774 n-d-794306-10 devstack@placement-api.service[95723]: INFO placement.requestlog [req-f476ca48-3d59-47e6-9789-964beb121e3b req-2a76d9f9-0465-436e-bdb2-27d2cf598e8d service placement] 10.222.0.64 "PUT /placement/allocations/973bd37d-a312-4205-bf11-c16243f3dc05" status: 204 len: 0 microversion: 1.28
Aug 16 20:21:01.287307 n-d-794306-10 devstack@placement-api.service[95723]: [pid: 95723|app: 0|req: 154/310] 10.222.0.64 () {64 vars in 1431 bytes} [Mon Aug 16 20:21:01 2021] PUT /placement/allocations/973bd37d-a312-4205-bf11-c16243f3dc05 => generated 0 bytes in 199 msecs (HTTP/1.1 204) 5 headers in 199 bytes (1 switches on core 0)
Aug 16 20:21:01.452368 n-d-794306-10 devstack@placement-api.service[95722]: DEBUG placement.requestlog [req-78023cf2-7ebc-4cdb-9af6-5247013826ad req-38b77baf-f9ca-4b19-95a7-a70cf598df1b None None] Starting request: 10.222.0.64 "GET /placement/allocations/90705c8a-42ee-4823-bd48-662cda85841f" {{(pid=95722) __call__ /opt/stack/placement/placement/requestlog.py:55}}
Aug 16 20:21:01.491246 n-d-794306-10 devstack@placement-api.service[95722]: INFO placement.requestlog [req-78023cf2-7ebc-4cdb-9af6-5247013826ad req-38b77baf-f9ca-4b19-95a7-a70cf598df1b service placement] 10.222.0.64 "GET /placement/allocations/90705c8a-42ee-4823-bd48-662cda85841f" status: 200 len: 259 microversion: 1.28
Aug 16 20:21:01.491246 n-d-794306-10 devstack@placement-api.service[95722]: [pid: 95722|app: 0|req: 157/311] 10.222.0.64 () {60 vars in 1378 bytes} [Mon Aug 16 20:21:01 2021] GET /placement/allocations/90705c8a-42ee-4823-bd48-662cda85841f => generated 259 bytes in 28 msecs (HTTP/1.1 200) 8 headers in 296 bytes (1 switches on core 0)
Aug 16 20:21:01.493264 n-d-794306-10 devstack@placement-api.service[95723]: DEBUG placement.requestlog [req-78023cf2-7ebc-4cdb-9af6-5247013826ad req-033eb4ef-4524-466d-a1e7-4f1cc50241fb None None] Starting request: 10.222.0.64 "PUT /placement/allocations/90705c8a-42ee-4823-bd48-662cda85841f" {{(pid=95723) __call__ /opt/stack/placement/placement/requestlog.py:55}}
Aug 16 20:21:01.663402 n-d-794306-10 devstack@placement-api.service[95723]: DEBUG placement.handlers.allocation [req-78023cf2-7ebc-4cdb-9af6-5247013826ad req-033eb4ef-4524-466d-a1e7-4f1cc50241fb service placement] Successfully wrote allocations [, , ] {{(pid=95723) _create_allocations /opt/stack/placement/placement/handlers/allocation.py:435}}
Aug 16 20:21:01.664082 n-d-794306-10 devstack@placement-api.service[95723]: INFO placement.requestlog [req-78023cf2-7ebc-4cdb-9af6-5247013826ad req-033eb4ef-4524-466d-a1e7-4f1cc50241fb service placement] 10.222.0.64 "PUT /placement/allocations/90705c8a-42ee-4823-bd48-662cda85841f" status: 204 len: 0 microversion: 1.28
Aug 16 20:21:01.664460 n-d-794306-10 devstack@placement-api.service[95723]: [pid: 95723|app: 0|req: 155/312] 10.222.0.64 () {64 vars in 1431 bytes} [Mon Aug 16 20:21:01 2021] PUT /placement/allocations/90705c8a-42ee-4823-bd48-662cda85841f => generated 0 bytes in 175 msecs (HTTP/1.1 204) 5 headers in 199 bytes (1 switches on core 0)
Aug 16 20:21:04.714672 n-d-794306-10 devstack@placement-api.service[95722]: DEBUG placement.requestlog [None req-21ac4987-cfbd-4282-9682-87aa05ef1fa0 None None] Starting request: 10.222.0.70 "GET /placement/" {{(pid=95722) __call__ /opt/stack/placement/placement/requestlog.py:55}}
Aug 16 20:21:04.715667 n-d-794306-10 devstack@placement-api.service[95722]: INFO placement.requestlog [None req-21ac4987-cfbd-4282-9682-87aa05ef1fa0 None None] 10.222.0.70 "GET /placement/" status: 200 len: 136 microversion: 1.0
Aug 16 20:21:04.715939 n-d-794306-10 devstack@placement-api.service[95722]: [pid: 95722|app: 0|req: 158/313] 10.222.0.70 () {54 vars in 916 bytes} [Mon Aug 16 20:21:04 2021] GET /placement => generated 136 bytes in 1 msecs (HTTP/1.1 200) 6 headers in 224 bytes (1 switches on core 0)
Aug 16 20:21:04.724729 n-d-794306-10 devstack@placement-api.service[95723]: DEBUG placement.requestlog [req-38002d4c-8134-44d8-9e6b-08ee7bfb77ba req-ee6156dc-5306-4e98-aec4-9395edfe09d9 None None] Starting request: 10.222.0.70 "GET /placement/allocations/3b353d33-d101-4f84-9217-aac90245ea64" {{(pid=95723) __call__ /opt/stack/placement/placement/requestlog.py:55}}
Aug 16 20:21:04.812902 n-d-794306-10 devstack@placement-api.service[95723]: INFO placement.requestlog [req-38002d4c-8134-44d8-9e6b-08ee7bfb77ba req-ee6156dc-5306-4e98-aec4-9395edfe09d9 service placement] 10.222.0.70 "GET /placement/allocations/3b353d33-d101-4f84-9217-aac90245ea64" status: 200 len: 259 microversion: 1.28
Aug 16 20:21:04.813461 n-d-794306-10 devstack@placement-api.service[95723]: [pid: 95723|app: 0|req: 156/314] 10.222.0.70 () {60 vars in 1381 bytes} [Mon Aug 16 20:21:04 2021] GET /placement/allocations/3b353d33-d101-4f84-9217-aac90245ea64 => generated 259 bytes in 89 msecs (HTTP/1.1 200) 8 headers in 296 bytes (1 switches on core 0)
Aug 16 20:21:04.819394 n-d-794306-10 devstack@placement-api.service[95722]: DEBUG placement.requestlog [req-38002d4c-8134-44d8-9e6b-08ee7bfb77ba req-c3e92e5b-0c7f-4196-b494-baf21fd38151 None None] Starting request: 10.222.0.70 "GET /placement/allocations/3b353d33-d101-4f84-9217-aac90245ea64" {{(pid=95722) __call__ /opt/stack/placement/placement/requestlog.py:55}}
Aug 16 20:21:04.836891 n-d-794306-10 devstack@placement-api.service[95722]: INFO placement.requestlog [req-38002d4c-8134-44d8-9e6b-08ee7bfb77ba req-c3e92e5b-0c7f-4196-b494-baf21fd38151 service placement] 10.222.0.70 "GET /placement/allocations/3b353d33-d101-4f84-9217-aac90245ea64" status: 200 len: 259 microversion: 1.28
Aug 16 20:21:04.837115 n-d-794306-10 devstack@placement-api.service[95722]: [pid: 95722|app: 0|req: 159/315] 10.222.0.70 () {60 vars in 1381 bytes} [Mon Aug 16 20:21:04 2021] GET /placement/allocations/3b353d33-d101-4f84-9217-aac90245ea64 => generated 259 bytes in 18 msecs (HTTP/1.1 200) 8 headers in 296 bytes (1 switches on core 0)
Aug 16 20:21:04.843519 n-d-794306-10 devstack@placement-api.service[95723]: DEBUG placement.requestlog [req-38002d4c-8134-44d8-9e6b-08ee7bfb77ba req-ea9f7669-a6fd-4b42-a27d-fdf2171f46cc None None] Starting request: 10.222.0.70 "GET /placement/allocations/00c58d92-8cad-4a77-85b5-349cb36461eb" {{(pid=95723) __call__ /opt/stack/placement/placement/requestlog.py:55}}
Aug 16 20:21:04.855358 n-d-794306-10 devstack@placement-api.service[95723]: INFO placement.requestlog [req-38002d4c-8134-44d8-9e6b-08ee7bfb77ba req-ea9f7669-a6fd-4b42-a27d-fdf2171f46cc service placement] 10.222.0.70 "GET /placement/allocations/00c58d92-8cad-4a77-85b5-349cb36461eb" status: 200 len: 19 microversion: 1.28
Aug 16 20:21:04.855898 n-d-794306-10 devstack@placement-api.service[95723]: [pid: 95723|app: 0|req: 157/316] 10.222.0.70 () {60 vars in 1381 bytes} [Mon Aug 16 20:21:04 2021] GET /placement/allocations/00c58d92-8cad-4a77-85b5-349cb36461eb => generated 19 bytes in 12 msecs (HTTP/1.1 200) 8 headers in 295 bytes (1 switches on core 0)
Aug 16 20:21:04.861684 n-d-794306-10 devstack@placement-api.service[95722]: DEBUG placement.requestlog [req-38002d4c-8134-44d8-9e6b-08ee7bfb77ba req-2655dea6-146d-45ef-acdd-a65293290e4b None None] Starting request: 10.222.0.70 "POST /placement/allocations" {{(pid=95722) __call__ /opt/stack/placement/placement/requestlog.py:55}}
Aug 16 20:21:05.104722 n-d-794306-10 devstack@placement-api.service[95722]: DEBUG placement.handlers.allocation [req-38002d4c-8134-44d8-9e6b-08ee7bfb77ba req-2655dea6-146d-45ef-acdd-a65293290e4b service placement] Successfully wrote allocations [, , , , , ] {{(pid=95722) _create_allocations /opt/stack/placement/placement/handlers/allocation.py:524}}
Aug 16 20:21:05.105338 n-d-794306-10 devstack@placement-api.service[95722]: INFO placement.requestlog [req-38002d4c-8134-44d8-9e6b-08ee7bfb77ba req-2655dea6-146d-45ef-acdd-a65293290e4b service placement] 10.222.0.70 "POST /placement/allocations" status: 204 len: 0 microversion: 1.28
Aug 16 20:21:05.105598 n-d-794306-10 devstack@placement-api.service[95722]: [pid: 95722|app: 0|req: 160/317] 10.222.0.70 () {64 vars in 1324 bytes} [Mon Aug 16 20:21:04 2021] POST /placement/allocations => generated 0 bytes in 245 msecs (HTTP/1.1 204) 5 headers in 199 bytes (2 switches on core 0)
Aug 16 20:21:05.147368 n-d-794306-10 devstack@placement-api.service[95723]: DEBUG placement.requestlog [req-38002d4c-8134-44d8-9e6b-08ee7bfb77ba req-c053567e-9357-468d-be72-e23444af93db None None] Starting request: 10.222.0.70 "GET /placement/allocations/3b353d33-d101-4f84-9217-aac90245ea64" {{(pid=95723) __call__ /opt/stack/placement/placement/requestlog.py:55}}
Aug 16 20:21:05.159344 n-d-794306-10 devstack@placement-api.service[95723]: INFO placement.requestlog [req-38002d4c-8134-44d8-9e6b-08ee7bfb77ba req-c053567e-9357-468d-be72-e23444af93db service placement] 10.222.0.70 "GET /placement/allocations/3b353d33-d101-4f84-9217-aac90245ea64" status: 200 len: 19 microversion: 1.28
Aug 16 20:21:05.159772 n-d-794306-10 devstack@placement-api.service[95723]: [pid: 95723|app: 0|req: 158/318] 10.222.0.70 () {60 vars in 1381 bytes} [Mon Aug 16 20:21:05 2021] GET /placement/allocations/3b353d33-d101-4f84-9217-aac90245ea64 => generated 19 bytes in 13 msecs (HTTP/1.1 200) 8 headers in 295 bytes (2 switches on core 0)
Aug 16 20:21:05.166386 n-d-794306-10 devstack@placement-api.service[95722]: DEBUG placement.requestlog [req-38002d4c-8134-44d8-9e6b-08ee7bfb77ba req-a89cf224-3267-47c9-bc97-23ca120575d8 None None] Starting request: 10.222.0.70 "PUT /placement/allocations/3b353d33-d101-4f84-9217-aac90245ea64" {{(pid=95722) __call__ /opt/stack/placement/placement/requestlog.py:55}}
Aug 16 20:21:05.405428 n-d-794306-10 devstack@placement-api.service[95722]: DEBUG placement.handlers.allocation [req-38002d4c-8134-44d8-9e6b-08ee7bfb77ba req-a89cf224-3267-47c9-bc97-23ca120575d8 service placement] Successfully wrote allocations [, , ] {{(pid=95722) _create_allocations /opt/stack/placement/placement/handlers/allocation.py:435}}
Aug 16 20:21:05.406470 n-d-794306-10 devstack@placement-api.service[95722]: INFO placement.requestlog [req-38002d4c-8134-44d8-9e6b-08ee7bfb77ba req-a89cf224-3267-47c9-bc97-23ca120575d8 service placement] 10.222.0.70 "PUT /placement/allocations/3b353d33-d101-4f84-9217-aac90245ea64" status: 204 len: 0 microversion: 1.28
Aug 16 20:21:05.407201 n-d-794306-10 devstack@placement-api.service[95722]: [pid: 95722|app: 0|req: 161/319] 10.222.0.70 () {64 vars in 1434 bytes} [Mon Aug 16 20:21:05 2021] PUT /placement/allocations/3b353d33-d101-4f84-9217-aac90245ea64 => generated 0 bytes in 241 msecs (HTTP/1.1 204) 5 headers in 199 bytes (1 switches on core 0)
Aug 16 20:21:05.623712 n-d-794306-10 devstack@placement-api.service[95723]: DEBUG placement.requestlog [req-38002d4c-8134-44d8-9e6b-08ee7bfb77ba req-642111a9-bef9-47e5-9529-ee6484c150d8 None None] Starting request: 10.222.0.64 "GET /placement/allocations/3b353d33-d101-4f84-9217-aac90245ea64" {{(pid=95723) __call__ /opt/stack/placement/placement/requestlog.py:55}}
Aug 16 20:21:05.650598 n-d-794306-10 devstack@placement-api.service[95723]: INFO placement.requestlog [req-38002d4c-8134-44d8-9e6b-08ee7bfb77ba req-642111a9-bef9-47e5-9529-ee6484c150d8 service placement] 10.222.0.64 "GET /placement/allocations/3b353d33-d101-4f84-9217-aac90245ea64" status: 200 len: 259 microversion: 1.28
Aug 16 20:21:05.652152 n-d-794306-10 devstack@placement-api.service[95723]: [pid: 95723|app: 0|req: 159/320] 10.222.0.64 () {60 vars in 1378 bytes} [Mon Aug 16 20:21:05 2021] GET /placement/allocations/3b353d33-d101-4f84-9217-aac90245ea64 => generated 259 bytes in 29 msecs (HTTP/1.1 200) 8 headers in 296 bytes (1 switches on core 0)
Aug 16 20:21:06.956244 n-d-794306-10 devstack@placement-api.service[95722]: DEBUG placement.requestlog [req-6a639b31-986f-4e64-93cf-99658938c570 req-a8496613-7dfc-4a17-b6f3-59de60b41edb None None] Starting request: 10.222.0.73 "GET /placement/allocations/ff1c9a45-6a66-4662-b39b-67382b29cf8b" {{(pid=95722) __call__ /opt/stack/placement/placement/requestlog.py:55}}
Aug 16 20:21:07.020834 n-d-794306-10 devstack@placement-api.service[95722]: INFO placement.requestlog [req-6a639b31-986f-4e64-93cf-99658938c570 req-a8496613-7dfc-4a17-b6f3-59de60b41edb service placement] 10.222.0.73 "GET /placement/allocations/ff1c9a45-6a66-4662-b39b-67382b29cf8b" status: 200 len: 259 microversion: 1.28
Aug 16 20:21:07.023406 n-d-794306-10 devstack@placement-api.service[95722]: [pid: 95722|app: 0|req: 162/321] 10.222.0.73 () {60 vars in 1378 bytes} [Mon Aug 16 20:21:06 2021] GET /placement/allocations/ff1c9a45-6a66-4662-b39b-67382b29cf8b => generated 259 bytes in 67 msecs (HTTP/1.1 200) 8 headers in 296 bytes (1 switches on core 0)
Aug 16 20:21:07.039378 n-d-794306-10 devstack@placement-api.service[95723]: DEBUG placement.requestlog [req-6a639b31-986f-4e64-93cf-99658938c570 req-67cdbedc-2113-491e-82c2-71612e488251 None None] Starting request: 10.222.0.73 "PUT /placement/allocations/ff1c9a45-6a66-4662-b39b-67382b29cf8b" {{(pid=95723) __call__ /opt/stack/placement/placement/requestlog.py:55}}
Aug 16 20:21:07.216997 n-d-794306-10 devstack@placement-api.service[95723]: DEBUG placement.handlers.allocation [req-6a639b31-986f-4e64-93cf-99658938c570 req-67cdbedc-2113-491e-82c2-71612e488251 service placement] Successfully wrote allocations [, , ] {{(pid=95723) _create_allocations /opt/stack/placement/placement/handlers/allocation.py:435}}
Aug 16 20:21:07.217720 n-d-794306-10 devstack@placement-api.service[95723]: INFO placement.requestlog [req-6a639b31-986f-4e64-93cf-99658938c570 req-67cdbedc-2113-491e-82c2-71612e488251 service placement] 10.222.0.73 "PUT /placement/allocations/ff1c9a45-6a66-4662-b39b-67382b29cf8b" status: 204 len: 0 microversion: 1.28
Aug 16 20:21:07.218067 n-d-794306-10 devstack@placement-api.service[95723]: [pid: 95723|app: 0|req: 160/322] 10.222.0.73 () {64 vars in 1431 bytes} [Mon Aug 16 20:21:07 2021] PUT /placement/allocations/ff1c9a45-6a66-4662-b39b-67382b29cf8b => generated 0 bytes in 180 msecs (HTTP/1.1 204) 5 headers in 199 bytes (1 switches on core 0)
Aug 16 20:21:10.934782 n-d-794306-10 devstack@placement-api.service[95722]: DEBUG placement.requestlog [req-68d7e81f-8f4f-4efa-8937-dfc41903ee68 req-62dd52c5-8fe6-4baf-9d02-493fd7a1ff76 None None] Starting request: 10.222.0.70 "GET /placement/allocation_candidates?limit=1000&resources=DISK_GB%3A1%2CMEMORY_MB%3A1024%2CVCPU%3A1&root_required=%21COMPUTE_STATUS_DISABLED" {{(pid=95722) __call__ /opt/stack/placement/placement/requestlog.py:55}}
Aug 16 20:21:10.966276 n-d-794306-10 devstack@placement-api.service[95722]: DEBUG placement.objects.research_context [req-68d7e81f-8f4f-4efa-8937-dfc41903ee68 req-62dd52c5-8fe6-4baf-9d02-493fd7a1ff76 service placement] getting providers with 1 DISK_GB {{(pid=95722) __init__ /opt/stack/placement/placement/objects/research_context.py:126}}
Aug 16 20:21:10.974453 n-d-794306-10 devstack@placement-api.service[95722]: DEBUG placement.objects.research_context [req-68d7e81f-8f4f-4efa-8937-dfc41903ee68 req-62dd52c5-8fe6-4baf-9d02-493fd7a1ff76 service placement] getting providers with 1024 MEMORY_MB {{(pid=95722) __init__ /opt/stack/placement/placement/objects/research_context.py:126}}
Aug 16 20:21:10.980490 n-d-794306-10 devstack@placement-api.service[95722]: DEBUG placement.objects.research_context [req-68d7e81f-8f4f-4efa-8937-dfc41903ee68 req-62dd52c5-8fe6-4baf-9d02-493fd7a1ff76 service placement] getting providers with 1 VCPU {{(pid=95722) __init__ /opt/stack/placement/placement/objects/research_context.py:126}}
Aug 16 20:21:10.986358 n-d-794306-10 devstack@placement-api.service[95722]: DEBUG placement.objects.research_context [req-68d7e81f-8f4f-4efa-8937-dfc41903ee68 req-62dd52c5-8fe6-4baf-9d02-493fd7a1ff76 service placement] found 2 providers with available 1 DISK_GB {{(pid=95722) get_provider_ids_matching /opt/stack/placement/placement/objects/research_context.py:549}}
Aug 16 20:21:10.986629 n-d-794306-10 devstack@placement-api.service[95722]: DEBUG placement.objects.research_context [req-68d7e81f-8f4f-4efa-8937-dfc41903ee68 req-62dd52c5-8fe6-4baf-9d02-493fd7a1ff76 service placement] found 2 providers with available 1024 MEMORY_MB {{(pid=95722) get_provider_ids_matching /opt/stack/placement/placement/objects/research_context.py:549}}
