Jun 25 20:30:40.508922 n-d-793621-7 devstack@n-api.service[109519]: DEBUG nova.api.openstack.wsgi [None req-2d1687e9-9254-442a-9a02-9ed8dda65474 tempest-FlavorsAccessTestJSON-90525157 tempest-FlavorsAccessTestJSON-90525157-project-admin] Action: 'create', calling method: >, body: {"flavor": {"ram": 512, "vcpus": 1, "disk": 10, "name": "tempest-FlavorsAccessTestJSON-flavor-639127391", "id": 714987411, "os-flavor-access:is_public": "False"}} {{(pid=109519) _process_stack /opt/stack/nova/nova/api/openstack/wsgi.py:511}}
Jun 25 20:30:40.516556 n-d-793621-7 devstack@n-api.service[109519]: /usr/local/lib/python3.8/dist-packages/oslo_policy/policy.py:1064: UserWarning: Policy os_compute_api:os-flavor-manage:create failed scope check. The token used to make the request was project scoped but the policy requires ['system'] scope. This behavior may change in the future where using the intended scope is required
Jun 25 20:30:40.516556 n-d-793621-7 devstack@n-api.service[109519]: warnings.warn(msg)
Jun 25 20:30:40.562558 n-d-793621-7 devstack@n-api.service[109518]: INFO nova.api.openstack.requestlog [None req-5e39affb-2d40-4d5d-876a-771e08f2a226 tempest-FlavorsAccessNegativeTestJSON-1975430420 tempest-FlavorsAccessNegativeTestJSON-1975430420-project-admin] 10.222.0.66 "POST /compute/v2.1/flavors" status: 200 len: 437 microversion: 2.1 time: 0.230184
Jun 25 20:30:40.562558 n-d-793621-7 devstack@n-api.service[109518]: [pid: 109518|app: 0|req: 23/37] 10.222.0.66 () {60 vars in 1147 bytes} [Fri Jun 25 20:30:40 2021] POST /compute/v2.1/flavors => generated 437 bytes in 234 msecs (HTTP/1.1 200) 9 headers in 357 bytes (1 switches on core 0)
Jun 25 20:30:40.574211 n-d-793621-7 devstack@n-api.service[109518]: DEBUG nova.api.openstack.wsgi [None req-b11eb77a-8883-48a5-a810-8ad2b6c96538 tempest-FlavorsExtraSpecsTestJSON-85585960 tempest-FlavorsExtraSpecsTestJSON-85585960-project-admin] Action: 'update', calling method: >, body: {"hw:numa_nodes": "2"} {{(pid=109518) _process_stack /opt/stack/nova/nova/api/openstack/wsgi.py:511}}
Jun 25 20:30:40.662773 n-d-793621-7 devstack@n-api.service[109519]: INFO nova.api.openstack.requestlog [None req-2d1687e9-9254-442a-9a02-9ed8dda65474 tempest-FlavorsAccessTestJSON-90525157 tempest-FlavorsAccessTestJSON-90525157-project-admin] 10.222.0.66 "POST /compute/v2.1/flavors" status: 200 len: 427 microversion: 2.1 time: 0.154985
Jun 25 20:30:40.662773 n-d-793621-7 devstack@n-api.service[109519]: [pid: 109519|app: 0|req: 15/38] 10.222.0.66 () {60 vars in 1147 bytes} [Fri Jun 25 20:30:40 2021] POST /compute/v2.1/flavors => generated 427 bytes in 162 msecs (HTTP/1.1 200) 9 headers in 357 bytes (1 switches on core 0)
Jun 25 20:30:40.664799 n-d-793621-7 devstack@n-api.service[109519]: DEBUG nova.api.openstack.wsgi [None req-ef3b298d-6284-4cdb-b522-a825091fc139 tempest-FlavorsExtraSpecsNegativeTestJSON-1200373719 tempest-FlavorsExtraSpecsNegativeTestJSON-1200373719-project-admin] Action: 'update', calling method: >, body: {"hw:cpu_policy": "shared"} {{(pid=109519) _process_stack /opt/stack/nova/nova/api/openstack/wsgi.py:511}}
Jun 25 20:30:40.668419 n-d-793621-7 devstack@n-api.service[109519]: /usr/local/lib/python3.8/dist-packages/oslo_policy/policy.py:1064: UserWarning: Policy os_compute_api:os-flavor-extra-specs:update failed scope check. The token used to make the request was project scoped but the policy requires ['system'] scope. This behavior may change in the future where using the intended scope is required
Jun 25 20:30:40.668419 n-d-793621-7 devstack@n-api.service[109519]: warnings.warn(msg)
Jun 25 20:30:40.675497 n-d-793621-7 devstack@n-api.service[109519]: INFO nova.api.openstack.wsgi [None req-ef3b298d-6284-4cdb-b522-a825091fc139 tempest-FlavorsExtraSpecsNegativeTestJSON-1200373719 tempest-FlavorsExtraSpecsNegativeTestJSON-1200373719-project-admin] HTTP exception thrown: Request body and URI mismatch
Jun 25 20:30:40.676140 n-d-793621-7 devstack@n-api.service[109519]: DEBUG nova.api.openstack.wsgi [None req-ef3b298d-6284-4cdb-b522-a825091fc139 tempest-FlavorsExtraSpecsNegativeTestJSON-1200373719 tempest-FlavorsExtraSpecsNegativeTestJSON-1200373719-project-admin] Returning 400 to user: Request body and URI mismatch {{(pid=109519) __call__ /opt/stack/nova/nova/api/openstack/wsgi.py:927}}
Jun 25 20:30:40.676969 n-d-793621-7 devstack@n-api.service[109519]: INFO nova.api.openstack.requestlog [None req-ef3b298d-6284-4cdb-b522-a825091fc139 tempest-FlavorsExtraSpecsNegativeTestJSON-1200373719 tempest-FlavorsExtraSpecsNegativeTestJSON-1200373719-project-admin] 10.222.0.66 "PUT /compute/v2.1/flavors/721375988/os-extra_specs/hw:numa_nodes" status: 400 len: 73 microversion: 2.1 time: 0.015758
Jun 25 20:30:40.683630 n-d-793621-7 devstack@n-api.service[109519]: [pid: 109519|app: 0|req: 16/39] 10.222.0.66 () {60 vars in 1262 bytes} [Fri Jun 25 20:30:40 2021] PUT /compute/v2.1/flavors/721375988/os-extra_specs/hw:numa_nodes => generated 73 bytes in 23 msecs (HTTP/1.1 400) 9 headers in 380 bytes (1 switches on core 0)
Jun 25 20:30:40.694080 n-d-793621-7 devstack@n-api.service[109519]: DEBUG nova.api.openstack.wsgi [None req-a4e91a0a-10c2-4b26-ab9d-bc544146061b tempest-FlavorsAccessNegativeTestJSON-1975430420 tempest-FlavorsAccessNegativeTestJSON-1975430420-project-admin] Calling method '>' {{(pid=109519) _process_stack /opt/stack/nova/nova/api/openstack/wsgi.py:513}}
Jun 25 20:30:40.697866 n-d-793621-7 devstack@n-api.service[109519]: /usr/local/lib/python3.8/dist-packages/oslo_policy/policy.py:1064: UserWarning: Policy os_compute_api:os-flavor-access failed scope check. The token used to make the request was project scoped but the policy requires ['system'] scope. This behavior may change in the future where using the intended scope is required
Jun 25 20:30:40.697866 n-d-793621-7 devstack@n-api.service[109519]: warnings.warn(msg)
Jun 25 20:30:40.713745 n-d-793621-7 devstack@n-api.service[109519]: INFO nova.api.openstack.wsgi [None req-a4e91a0a-10c2-4b26-ab9d-bc544146061b tempest-FlavorsAccessNegativeTestJSON-1975430420 tempest-FlavorsAccessNegativeTestJSON-1975430420-project-admin] HTTP exception thrown: Access list not available for public flavors.
Jun 25 20:30:40.714427 n-d-793621-7 devstack@n-api.service[109519]: DEBUG nova.api.openstack.wsgi [None req-a4e91a0a-10c2-4b26-ab9d-bc544146061b tempest-FlavorsAccessNegativeTestJSON-1975430420 tempest-FlavorsAccessNegativeTestJSON-1975430420-project-admin] Returning 404 to user: Access list not available for public flavors. {{(pid=109519) __call__ /opt/stack/nova/nova/api/openstack/wsgi.py:927}}
Jun 25 20:30:40.715364 n-d-793621-7 devstack@n-api.service[109519]: INFO nova.api.openstack.requestlog [None req-a4e91a0a-10c2-4b26-ab9d-bc544146061b tempest-FlavorsAccessNegativeTestJSON-1975430420 tempest-FlavorsAccessNegativeTestJSON-1975430420-project-admin] 10.222.0.66 "GET /compute/v2.1/flavors/1849089608/os-flavor-access" status: 404 len: 91 microversion: 2.1 time: 0.030464
Jun 25 20:30:40.721244 n-d-793621-7 devstack@n-api.service[109519]: [pid: 109519|app: 0|req: 17/40] 10.222.0.66 () {58 vars in 1209 bytes} [Fri Jun 25 20:30:40 2021] GET /compute/v2.1/flavors/1849089608/os-flavor-access => generated 91 bytes in 37 msecs (HTTP/1.1 404) 9 headers in 378 bytes (1 switches on core 0)
Jun 25 20:30:40.726127 n-d-793621-7 devstack@n-api.service[109518]: INFO nova.api.openstack.requestlog [None req-b11eb77a-8883-48a5-a810-8ad2b6c96538 tempest-FlavorsExtraSpecsTestJSON-85585960 tempest-FlavorsExtraSpecsTestJSON-85585960-project-admin] 10.222.0.66 "PUT /compute/v2.1/flavors/850426564/os-extra_specs/hw:numa_nodes" status: 200 len: 22 microversion: 2.1 time: 0.163187
Jun 25 20:30:40.729492 n-d-793621-7 devstack@n-api.service[109519]: DEBUG nova.api.openstack.wsgi [None req-08c8f7cd-d94a-4d88-bbfa-7e6ae37d7348 tempest-FlavorsAccessTestJSON-90525157 tempest-FlavorsAccessTestJSON-90525157-project-admin] Calling method '>' {{(pid=109519) _process_stack /opt/stack/nova/nova/api/openstack/wsgi.py:513}}
Jun 25 20:30:40.732847 n-d-793621-7 devstack@n-api.service[109518]: [pid: 109518|app: 0|req: 24/41] 10.222.0.66 () {60 vars in 1262 bytes} [Fri Jun 25 20:30:40 2021] PUT /compute/v2.1/flavors/850426564/os-extra_specs/hw:numa_nodes => generated 22 bytes in 168 msecs (HTTP/1.1 200) 9 headers in 356 bytes (1 switches on core 0)
Jun 25 20:30:40.742305 n-d-793621-7 devstack@n-api.service[109518]: DEBUG nova.api.openstack.wsgi [None req-53d6b790-dc26-45ef-9eba-18ffa49f027d tempest-FlavorsExtraSpecsNegativeTestJSON-1200373719 tempest-FlavorsExtraSpecsNegativeTestJSON-1200373719-project-admin] Action: 'update', calling method: >, body: {"hw:numa_nodes": "1", "hw:cpu_policy": "shared"} {{(pid=109518) _process_stack /opt/stack/nova/nova/api/openstack/wsgi.py:511}}
Jun 25 20:30:40.743524 n-d-793621-7 devstack@n-api.service[109518]: DEBUG nova.api.openstack.wsgi [None req-53d6b790-dc26-45ef-9eba-18ffa49f027d tempest-FlavorsExtraSpecsNegativeTestJSON-1200373719 tempest-FlavorsExtraSpecsNegativeTestJSON-1200373719-project-admin] Returning 400 to user: {'hw:numa_nodes': '1', 'hw:cpu_policy': 'shared'} has too many properties {{(pid=109518) __call__ /opt/stack/nova/nova/api/openstack/wsgi.py:927}}
Jun 25 20:30:40.745614 n-d-793621-7 devstack@n-api.service[109519]: INFO nova.api.openstack.requestlog [None req-08c8f7cd-d94a-4d88-bbfa-7e6ae37d7348 tempest-FlavorsAccessTestJSON-90525157 tempest-FlavorsAccessTestJSON-90525157-project-admin] 10.222.0.66 "GET /compute/v2.1/flavors/714987411/os-flavor-access" status: 200 len: 21 microversion: 2.1 time: 0.022429
Jun 25 20:30:40.746781 n-d-793621-7 devstack@n-api.service[109519]: [pid: 109519|app: 0|req: 18/42] 10.222.0.66 () {58 vars in 1206 bytes} [Fri Jun 25 20:30:40 2021] GET /compute/v2.1/flavors/714987411/os-flavor-access => generated 21 bytes in 24 msecs (HTTP/1.1 200) 9 headers in 356 bytes (1 switches on core 0)
Jun 25 20:30:40.750246 n-d-793621-7 devstack@n-api.service[109518]: INFO nova.api.openstack.requestlog [None req-53d6b790-dc26-45ef-9eba-18ffa49f027d tempest-FlavorsExtraSpecsNegativeTestJSON-1200373719 tempest-FlavorsExtraSpecsNegativeTestJSON-1200373719-project-admin] 10.222.0.66 "PUT /compute/v2.1/flavors/721375988/os-extra_specs/hw:numa_nodes" status: 400 len: 117 microversion: 2.1 time: 0.010563
Jun 25 20:30:40.751919 n-d-793621-7 devstack@n-api.service[109519]: DEBUG nova.api.openstack.wsgi [None req-8daf0702-01ca-41ee-96e1-2530b059e6ba tempest-FlavorsAccessNegativeTestJSON-1975430420 tempest-FlavorsAccessNegativeTestJSON-1975430420-project-admin] Calling method '>' {{(pid=109519) _process_stack /opt/stack/nova/nova/api/openstack/wsgi.py:513}}
Jun 25 20:30:40.756227 n-d-793621-7 devstack@n-api.service[109518]: [pid: 109518|app: 0|req: 25/43] 10.222.0.66 () {60 vars in 1262 bytes} [Fri Jun 25 20:30:40 2021] PUT /compute/v2.1/flavors/721375988/os-extra_specs/hw:numa_nodes => generated 117 bytes in 20 msecs (HTTP/1.1 400) 9 headers in 381 bytes (1 switches on core 0)
Jun 25 20:30:40.757173 n-d-793621-7 devstack@n-api.service[109519]: /usr/local/lib/python3.8/dist-packages/oslo_policy/policy.py:1064: UserWarning: Policy os_compute_api:os-flavor-manage:delete failed scope check. The token used to make the request was project scoped but the policy requires ['system'] scope. This behavior may change in the future where using the intended scope is required
Jun 25 20:30:40.757173 n-d-793621-7 devstack@n-api.service[109519]: warnings.warn(msg)
Jun 25 20:30:40.764096 n-d-793621-7 devstack@n-api.service[109518]: DEBUG nova.api.openstack.wsgi [None req-befe8ae3-1cd6-401c-8351-c41bff673292 tempest-FlavorsExtraSpecsTestJSON-85585960 tempest-FlavorsExtraSpecsTestJSON-85585960-project-admin] Calling method '>' {{(pid=109518) _process_stack /opt/stack/nova/nova/api/openstack/wsgi.py:513}}
Jun 25 20:30:40.785139 n-d-793621-7 devstack@n-api.service[109518]: INFO nova.api.openstack.requestlog [None req-befe8ae3-1cd6-401c-8351-c41bff673292 tempest-FlavorsExtraSpecsTestJSON-85585960 tempest-FlavorsExtraSpecsTestJSON-85585960-project-admin] 10.222.0.66 "GET /compute/v2.1/flavors/850426564/os-extra_specs" status: 200 len: 66 microversion: 2.1 time: 0.030933
Jun 25 20:30:40.798271 n-d-793621-7 devstack@n-api.service[109518]: [pid: 109518|app: 0|req: 26/44] 10.222.0.66 () {58 vars in 1200 bytes} [Fri Jun 25 20:30:40 2021] GET /compute/v2.1/flavors/850426564/os-extra_specs => generated 66 bytes in 43 msecs (HTTP/1.1 200) 9 headers in 356 bytes (1 switches on core 0)
Jun 25 20:30:40.808135 n-d-793621-7 devstack@n-api.service[109518]: DEBUG nova.api.openstack.wsgi [None req-2a4aec33-fd95-410e-8e0a-9bb26b6a64fd tempest-FlavorsAccessTestJSON-90525157 tempest-FlavorsAccessTestJSON-90525157-project-admin] Calling method '>' {{(pid=109518) _process_stack /opt/stack/nova/nova/api/openstack/wsgi.py:513}}
Jun 25 20:30:40.883311 n-d-793621-7 devstack@n-api.service[109519]: INFO nova.api.openstack.requestlog [None req-8daf0702-01ca-41ee-96e1-2530b059e6ba tempest-FlavorsAccessNegativeTestJSON-1975430420 tempest-FlavorsAccessNegativeTestJSON-1975430420-project-admin] 10.222.0.66 "DELETE /compute/v2.1/flavors/1849089608" status: 202 len: 0 microversion: 2.1 time: 0.117187
Jun 25 20:30:40.890344 n-d-793621-7 devstack@n-api.service[109519]: [pid: 109519|app: 0|req: 19/45] 10.222.0.66 () {58 vars in 1161 bytes} [Fri Jun 25 20:30:40 2021] DELETE /compute/v2.1/flavors/1849089608 => generated 0 bytes in 143 msecs (HTTP/1.1 202) 9 headers in 361 bytes (1 switches on core 0)
Jun 25 20:30:40.917521 n-d-793621-7 devstack@n-api.service[109519]: DEBUG nova.api.openstack.wsgi [None req-938cd079-a08f-424d-943e-b47fd52061e4 tempest-FlavorsExtraSpecsNegativeTestJSON-1200373719 tempest-FlavorsExtraSpecsNegativeTestJSON-1200373719-project-admin] Calling method '>' {{(pid=109519) _process_stack /opt/stack/nova/nova/api/openstack/wsgi.py:513}}
Jun 25 20:30:40.920242 n-d-793621-7 devstack@n-api.service[109518]: INFO nova.api.openstack.requestlog [None req-2a4aec33-fd95-410e-8e0a-9bb26b6a64fd tempest-FlavorsAccessTestJSON-90525157 tempest-FlavorsAccessTestJSON-90525157-project-admin] 10.222.0.66 "DELETE /compute/v2.1/flavors/714987411" status: 202 len: 0 microversion: 2.1 time: 0.120438
Jun 25 20:30:40.924851 n-d-793621-7 devstack@n-api.service[109518]: [pid: 109518|app: 0|req: 27/46] 10.222.0.66 () {58 vars in 1158 bytes} [Fri Jun 25 20:30:40 2021] DELETE /compute/v2.1/flavors/714987411 => generated 0 bytes in 126 msecs (HTTP/1.1 202) 9 headers in 361 bytes (1 switches on core 0)
Jun 25 20:30:40.941531 n-d-793621-7 devstack@n-api.service[109518]: DEBUG nova.api.openstack.wsgi [None req-e1e7edca-9bf1-46dc-960d-4b5cb768387c tempest-FlavorsExtraSpecsTestJSON-85585960 tempest-FlavorsExtraSpecsTestJSON-85585960-project-admin] Calling method '>' {{(pid=109518) _process_stack /opt/stack/nova/nova/api/openstack/wsgi.py:513}}
Jun 25 20:30:41.067391 n-d-793621-7 devstack@n-api.service[109519]: INFO nova.api.openstack.requestlog [None req-938cd079-a08f-424d-943e-b47fd52061e4 tempest-FlavorsExtraSpecsNegativeTestJSON-1200373719 tempest-FlavorsExtraSpecsNegativeTestJSON-1200373719-project-admin] 10.222.0.66 "DELETE /compute/v2.1/flavors/721375988" status: 202 len: 0 microversion: 2.1 time: 0.164576
Jun 25 20:30:41.088937 n-d-793621-7 devstack@n-api.service[109519]: [pid: 109519|app: 0|req: 20/47] 10.222.0.66 () {58 vars in 1158 bytes} [Fri Jun 25 20:30:40 2021] DELETE /compute/v2.1/flavors/721375988 => generated 0 bytes in 197 msecs (HTTP/1.1 202) 9 headers in 361 bytes (1 switches on core 0)
Jun 25 20:30:41.102257 n-d-793621-7 devstack@n-api.service[109519]: DEBUG nova.api.openstack.wsgi [None req-e6f85710-2d21-4130-ac43-ffd80749420b tempest-FlavorsAccessNegativeTestJSON-1975430420 tempest-FlavorsAccessNegativeTestJSON-1975430420-project-admin] Calling method '>' {{(pid=109519) _process_stack /opt/stack/nova/nova/api/openstack/wsgi.py:513}}
Jun 25 20:30:41.134696 n-d-793621-7 devstack@n-api.service[109518]: INFO nova.api.openstack.requestlog [None req-e1e7edca-9bf1-46dc-960d-4b5cb768387c tempest-FlavorsExtraSpecsTestJSON-85585960 tempest-FlavorsExtraSpecsTestJSON-85585960-project-admin] 10.222.0.66 "DELETE /compute/v2.1/flavors/850426564/os-extra_specs/hw:numa_nodes" status: 200 len: 0 microversion: 2.1 time: 0.208134
Jun 25 20:30:41.139223 n-d-793621-7 devstack@n-api.service[109518]: [pid: 109518|app: 0|req: 28/48] 10.222.0.66 () {58 vars in 1245 bytes} [Fri Jun 25 20:30:40 2021] DELETE /compute/v2.1/flavors/850426564/os-extra_specs/hw:numa_nodes => generated 0 bytes in 210 msecs (HTTP/1.1 200) 9 headers in 355 bytes (1 switches on core 0)
Jun 25 20:30:41.144958 n-d-793621-7 devstack@n-api.service[109519]: INFO nova.api.openstack.requestlog [None req-e6f85710-2d21-4130-ac43-ffd80749420b tempest-FlavorsAccessNegativeTestJSON-1975430420 tempest-FlavorsAccessNegativeTestJSON-1975430420-project-admin] 10.222.0.66 "GET /compute/v2.1/flavors/detail" status: 200 len: 5393 microversion: 2.1 time: 0.054158
Jun 25 20:30:41.150489 n-d-793621-7 devstack@n-api.service[109518]: DEBUG nova.api.openstack.wsgi [None req-85f01079-7f67-4092-a503-7d3c0fb0765b tempest-FlavorsAccessTestJSON-90525157 tempest-FlavorsAccessTestJSON-90525157-project-admin] Calling method '>' {{(pid=109518) _process_stack /opt/stack/nova/nova/api/openstack/wsgi.py:513}}
Jun 25 20:30:41.156552 n-d-793621-7 devstack@n-api.service[109519]: [pid: 109519|app: 0|req: 21/49] 10.222.0.66 () {58 vars in 1146 bytes} [Fri Jun 25 20:30:41 2021] GET /compute/v2.1/flavors/detail => generated 5393 bytes in 67 msecs (HTTP/1.1 200) 9 headers in 358 bytes (1 switches on core 0)
Jun 25 20:30:41.166884 n-d-793621-7 devstack@n-api.service[109519]: DEBUG nova.api.openstack.wsgi [None req-06208ef7-7528-4bc1-aedb-705865b5646f tempest-FlavorsExtraSpecsNegativeTestJSON-1200373719 tempest-FlavorsExtraSpecsNegativeTestJSON-1200373719-project-admin] Calling method '>' {{(pid=109519) _process_stack /opt/stack/nova/nova/api/openstack/wsgi.py:513}}
Jun 25 20:30:41.194224 n-d-793621-7 devstack@n-api.service[109519]: INFO nova.api.openstack.requestlog [None req-06208ef7-7528-4bc1-aedb-705865b5646f tempest-FlavorsExtraSpecsNegativeTestJSON-1200373719 tempest-FlavorsExtraSpecsNegativeTestJSON-1200373719-project-admin] 10.222.0.66 "GET /compute/v2.1/flavors/detail" status: 200 len: 5393 microversion: 2.1 time: 0.035137
Jun 25 20:30:41.194962 n-d-793621-7 devstack@n-api.service[109519]: [pid: 109519|app: 0|req: 22/50] 10.222.0.66 () {58 vars in 1146 bytes} [Fri Jun 25 20:30:41 2021] GET /compute/v2.1/flavors/detail => generated 5393 bytes in 38 msecs (HTTP/1.1 200) 9 headers in 358 bytes (1 switches on core 0)
Jun 25 20:30:41.216593 n-d-793621-7 devstack@n-api.service[109519]: DEBUG nova.api.openstack.wsgi [None req-14b34cc9-822d-49be-a1d2-85a0e89908e2 tempest-FlavorsExtraSpecsTestJSON-85585960 tempest-FlavorsExtraSpecsTestJSON-85585960-project-admin] Calling method '>' {{(pid=109519) _process_stack /opt/stack/nova/nova/api/openstack/wsgi.py:513}}
Jun 25 20:30:41.260684 n-d-793621-7 devstack@n-api.service[109518]: INFO nova.api.openstack.requestlog [None req-85f01079-7f67-4092-a503-7d3c0fb0765b tempest-FlavorsAccessTestJSON-90525157 tempest-FlavorsAccessTestJSON-90525157-project-admin] 10.222.0.66 "GET /compute/v2.1/flavors/detail" status: 200 len: 5393 microversion: 2.1 time: 0.120057
Jun 25 20:30:41.278682 n-d-793621-7 devstack@n-api.service[109518]: [pid: 109518|app: 0|req: 29/51] 10.222.0.66 () {58 vars in 1146 bytes} [Fri Jun 25 20:30:41 2021] GET /compute/v2.1/flavors/detail => generated 5393 bytes in 136 msecs (HTTP/1.1 200) 9 headers in 358 bytes (1 switches on core 0)
Jun 25 20:30:41.313115 n-d-793621-7 devstack@n-api.service[109518]: DEBUG nova.api.openstack.wsgi [None req-a03221b0-960e-4311-961f-d23f7b139ed1 tempest-FlavorsAccessNegativeTestJSON-1975430420 tempest-FlavorsAccessNegativeTestJSON-1975430420-project-admin] Action: 'create', calling method: >, body: {"flavor": {"ram": 512, "vcpus": 1, "disk": 10, "name": "tempest-FlavorsAccessNegativeTestJSON-flavor-1668612957", "id": 259794039, "os-flavor-access:is_public": "False"}} {{(pid=109518) _process_stack /opt/stack/nova/nova/api/openstack/wsgi.py:511}}
Jun 25 20:30:41.380615 n-d-793621-7 devstack@n-api.service[109519]: INFO nova.api.openstack.requestlog [None req-14b34cc9-822d-49be-a1d2-85a0e89908e2 tempest-FlavorsExtraSpecsTestJSON-85585960 tempest-FlavorsExtraSpecsTestJSON-85585960-project-admin] 10.222.0.66 "DELETE /compute/v2.1/flavors/850426564/os-extra_specs/hw:cpu_policy" status: 200 len: 0 microversion: 2.1 time: 0.184164
Jun 25 20:30:41.384322 n-d-793621-7 devstack@n-api.service[109519]: [pid: 109519|app: 0|req: 23/52] 10.222.0.66 () {58 vars in 1245 bytes} [Fri Jun 25 20:30:41 2021] DELETE /compute/v2.1/flavors/850426564/os-extra_specs/hw:cpu_policy => generated 0 bytes in 186 msecs (HTTP/1.1 200) 9 headers in 355 bytes (1 switches on core 0)
Jun 25 20:30:41.392164 n-d-793621-7 devstack@n-api.service[109519]: DEBUG nova.api.openstack.wsgi [None req-f7314e8b-9a95-4777-936b-f05c98ce05ab tempest-FlavorsExtraSpecsTestJSON-85585960 tempest-FlavorsExtraSpecsTestJSON-85585960-project-admin] Calling method '>' {{(pid=109519) _process_stack /opt/stack/nova/nova/api/openstack/wsgi.py:513}}
Jun 25 20:30:41.428510 n-d-793621-7 devstack@n-api.service[109519]: INFO nova.api.openstack.requestlog [None req-f7314e8b-9a95-4777-936b-f05c98ce05ab tempest-FlavorsExtraSpecsTestJSON-85585960 tempest-FlavorsExtraSpecsTestJSON-85585960-project-admin] 10.222.0.66 "GET /compute/v2.1/flavors/850426564/os-extra_specs" status: 200 len: 19 microversion: 2.1 time: 0.036014
Jun 25 20:30:41.435141 n-d-793621-7 devstack@n-api.service[109519]: [pid: 109519|app: 0|req: 24/53] 10.222.0.66 () {58 vars in 1200 bytes} [Fri Jun 25 20:30:41 2021] GET /compute/v2.1/flavors/850426564/os-extra_specs => generated 19 bytes in 46 msecs (HTTP/1.1 200) 9 headers in 356 bytes (2 switches on core 0)
Jun 25 20:30:41.445153 n-d-793621-7 devstack@n-api.service[109519]: DEBUG nova.api.openstack.wsgi [None req-4245abfc-86cf-489b-b9fb-08568c7dbcd0 tempest-FlavorsExtraSpecsTestJSON-85585960 tempest-FlavorsExtraSpecsTestJSON-85585960-project-admin] Calling method '>' {{(pid=109519) _process_stack /opt/stack/nova/nova/api/openstack/wsgi.py:513}}
Jun 25 20:30:41.497126 n-d-793621-7 devstack@n-api.service[109518]: INFO nova.api.openstack.requestlog [None req-a03221b0-960e-4311-961f-d23f7b139ed1 tempest-FlavorsAccessNegativeTestJSON-1975430420 tempest-FlavorsAccessNegativeTestJSON-1975430420-project-admin] 10.222.0.66 "POST /compute/v2.1/flavors" status: 200 len: 436 microversion: 2.1 time: 0.217031
Jun 25 20:30:41.498339 n-d-793621-7 devstack@n-api.service[109518]: [pid: 109518|app: 0|req: 30/54] 10.222.0.66 () {60 vars in 1147 bytes} [Fri Jun 25 20:30:41 2021] POST /compute/v2.1/flavors => generated 436 bytes in 219 msecs (HTTP/1.1 200) 9 headers in 357 bytes (1 switches on core 0)
Jun 25 20:30:41.508523 n-d-793621-7 devstack@n-api.service[109518]: DEBUG nova.api.openstack.wsgi [None req-77c381c3-be11-445c-b0ac-04da57983ff8 tempest-AggregatesAdminTestJSON-174583658 tempest-AggregatesAdminTestJSON-174583658-project] Calling method '>' {{(pid=109518) _process_stack /opt/stack/nova/nova/api/openstack/wsgi.py:513}}
Jun 25 20:30:41.514483 n-d-793621-7 devstack@n-api.service[109518]: DEBUG nova.compute.api [None req-77c381c3-be11-445c-b0ac-04da57983ff8 tempest-AggregatesAdminTestJSON-174583658 tempest-AggregatesAdminTestJSON-174583658-project] [instance: 6e52f6cf-b44a-4066-a62a-53e03764c2f7] Fetching instance by UUID {{(pid=109518) get /opt/stack/nova/nova/compute/api.py:2803}}
Jun 25 20:30:41.617545 n-d-793621-7 devstack@n-api.service[109519]: INFO nova.api.openstack.requestlog [None req-4245abfc-86cf-489b-b9fb-08568c7dbcd0 tempest-FlavorsExtraSpecsTestJSON-85585960 tempest-FlavorsExtraSpecsTestJSON-85585960-project-admin] 10.222.0.66 "DELETE /compute/v2.1/flavors/850426564" status: 202 len: 0 microversion: 2.1 time: 0.180574
Jun 25 20:30:41.626456 n-d-793621-7 devstack@n-api.service[109519]: [pid: 109519|app: 0|req: 25/55] 10.222.0.66 () {58 vars in 1158 bytes} [Fri Jun 25 20:30:41 2021] DELETE /compute/v2.1/flavors/850426564 => generated 0 bytes in 189 msecs (HTTP/1.1 202) 9 headers in 361 bytes (1 switches on core 0)
Jun 25 20:30:42.296843 n-d-793621-7 devstack@n-api.service[109519]: DEBUG nova.api.openstack.wsgi [None req-80426524-8049-4c36-bdaa-7154874d5ae9 tempest-FlavorsAccessNegativeTestJSON-387778720 tempest-FlavorsAccessNegativeTestJSON-387778720-project] Action: 'action', calling method: >, body: {"addTenantAccess": {"tenant": "045864713b2e4ebdb906165c78411ce7"}} {{(pid=109519) _process_stack /opt/stack/nova/nova/api/openstack/wsgi.py:511}}
Jun 25 20:30:42.298429 n-d-793621-7 devstack@n-api.service[109519]: /usr/local/lib/python3.8/dist-packages/oslo_policy/policy.py:1064: UserWarning: Policy os_compute_api:os-flavor-access:add_tenant_access failed scope check. The token used to make the request was project scoped but the policy requires ['system'] scope. This behavior may change in the future where using the intended scope is required
Jun 25 20:30:42.298429 n-d-793621-7 devstack@n-api.service[109519]: warnings.warn(msg)
Jun 25 20:30:42.300892 n-d-793621-7 devstack@n-api.service[109519]: DEBUG nova.policy [None req-80426524-8049-4c36-bdaa-7154874d5ae9 tempest-FlavorsAccessNegativeTestJSON-387778720 tempest-FlavorsAccessNegativeTestJSON-387778720-project] Policy check for os_compute_api:os-flavor-access:add_tenant_access failed with credentials {'is_admin': False, 'user_id': '0f4e061767914773ba71233830224508', 'user_domain_id': 'default', 'system_scope': None, 'domain_id': None, 'project_id': '045864713b2e4ebdb906165c78411ce7', 'project_domain_id': 'default', 'roles': ['reader', 'member'], 'is_admin_project': True, 'service_user_id': None, 'service_user_domain_id': None, 'service_project_id': None, 'service_project_domain_id': None, 'service_roles': []} {{(pid=109519) authorize /opt/stack/nova/nova/policy.py:199}}
Jun 25 20:30:42.301756 n-d-793621-7 devstack@n-api.service[109519]: DEBUG nova.api.openstack.wsgi [None req-80426524-8049-4c36-bdaa-7154874d5ae9 tempest-FlavorsAccessNegativeTestJSON-387778720 tempest-FlavorsAccessNegativeTestJSON-387778720-project] Returning 403 to user: Policy doesn't allow os_compute_api:os-flavor-access:add_tenant_access to be performed. {{(pid=109519) __call__ /opt/stack/nova/nova/api/openstack/wsgi.py:927}}
Jun 25 20:30:42.302734 n-d-793621-7 devstack@n-api.service[109519]: INFO nova.api.openstack.requestlog [None req-80426524-8049-4c36-bdaa-7154874d5ae9 tempest-FlavorsAccessNegativeTestJSON-387778720 tempest-FlavorsAccessNegativeTestJSON-387778720-project] 10.222.0.66 "POST /compute/v2.1/flavors/259794039/action" status: 403 len: 130 microversion: 2.1 time: 0.675895
Jun 25 20:30:42.304130 n-d-793621-7 devstack@n-api.service[109519]: [pid: 109519|app: 0|req: 26/56] 10.222.0.66 () {60 vars in 1197 bytes} [Fri Jun 25 20:30:41 2021] POST /compute/v2.1/flavors/259794039/action => generated 130 bytes in 677 msecs (HTTP/1.1 403) 9 headers in 379 bytes (1 switches on core 0)
Jun 25 20:30:42.311321 n-d-793621-7 devstack@n-api.service[109519]: DEBUG nova.api.openstack.wsgi [None req-c5bb2844-e0f8-4591-bcd8-5d0ec8e3971f tempest-FlavorsExtraSpecsTestJSON-85585960 tempest-FlavorsExtraSpecsTestJSON-85585960-project-admin] Calling method '>' {{(pid=109519) _process_stack /opt/stack/nova/nova/api/openstack/wsgi.py:513}}
Jun 25 20:30:42.342485 n-d-793621-7 devstack@n-api.service[109519]: INFO nova.api.openstack.requestlog [None req-c5bb2844-e0f8-4591-bcd8-5d0ec8e3971f tempest-FlavorsExtraSpecsTestJSON-85585960 tempest-FlavorsExtraSpecsTestJSON-85585960-project-admin] 10.222.0.66 "GET /compute/v2.1/flavors/detail" status: 200 len: 4991 microversion: 2.1 time: 0.036822
Jun 25 20:30:42.354331 n-d-793621-7 devstack@n-api.service[109519]: [pid: 109519|app: 0|req: 27/57] 10.222.0.66 () {58 vars in 1146 bytes} [Fri Jun 25 20:30:42 2021] GET /compute/v2.1/flavors/detail => generated 4991 bytes in 49 msecs (HTTP/1.1 200) 9 headers in 358 bytes (1 switches on core 0)
Jun 25 20:30:42.359765 n-d-793621-7 devstack@n-api.service[109519]: DEBUG nova.api.openstack.wsgi [None req-62d75018-7cf8-4db6-a0cd-ca38e5a3490d tempest-FlavorsAccessNegativeTestJSON-1975430420 tempest-FlavorsAccessNegativeTestJSON-1975430420-project-admin] Calling method '>' {{(pid=109519) _process_stack /opt/stack/nova/nova/api/openstack/wsgi.py:513}}
Jun 25 20:30:42.470096 n-d-793621-7 devstack@n-api.service[109519]: INFO nova.api.openstack.requestlog [None req-62d75018-7cf8-4db6-a0cd-ca38e5a3490d tempest-FlavorsAccessNegativeTestJSON-1975430420 tempest-FlavorsAccessNegativeTestJSON-1975430420-project-admin] 10.222.0.66 "DELETE /compute/v2.1/flavors/259794039" status: 202 len: 0 microversion: 2.1 time: 0.114290
Jun 25 20:30:42.473266 n-d-793621-7 devstack@n-api.service[109519]: [pid: 109519|app: 0|req: 28/58] 10.222.0.66 () {58 vars in 1158 bytes} [Fri Jun 25 20:30:42 2021] DELETE /compute/v2.1/flavors/259794039 => generated 0 bytes in 116 msecs (HTTP/1.1 202) 9 headers in 361 bytes (1 switches on core 0)
Jun 25 20:30:42.485096 n-d-793621-7 devstack@n-api.service[109519]: DEBUG nova.api.openstack.wsgi [None req-83c3e595-5171-4b45-bcbe-6a81178bd207 tempest-FlavorsAccessNegativeTestJSON-1975430420 tempest-FlavorsAccessNegativeTestJSON-1975430420-project-admin] Calling method '>' {{(pid=109519) _process_stack /opt/stack/nova/nova/api/openstack/wsgi.py:513}}
Jun 25 20:30:42.528539 n-d-793621-7 devstack@n-api.service[109519]: INFO nova.api.openstack.requestlog [None req-83c3e595-5171-4b45-bcbe-6a81178bd207 tempest-FlavorsAccessNegativeTestJSON-1975430420 tempest-FlavorsAccessNegativeTestJSON-1975430420-project-admin] 10.222.0.66 "GET /compute/v2.1/flavors/detail" status: 200 len: 4991 microversion: 2.1 time: 0.050086
Jun 25 20:30:42.533877 n-d-793621-7 devstack@n-api.service[109519]: [pid: 109519|app: 0|req: 29/59] 10.222.0.66 () {58 vars in 1146 bytes} [Fri Jun 25 20:30:42 2021] GET /compute/v2.1/flavors/detail => generated 4991 bytes in 58 msecs (HTTP/1.1 200) 9 headers in 358 bytes (1 switches on core 0)
Jun 25 20:30:42.554192 n-d-793621-7 devstack@n-api.service[109519]: DEBUG nova.api.openstack.wsgi [None req-3314b657-0580-4a83-8f44-14b14800378e tempest-FlavorsAccessNegativeTestJSON-1975430420 tempest-FlavorsAccessNegativeTestJSON-1975430420-project-admin] Action: 'create', calling method: >, body: {"flavor": {"ram": 512, "vcpus": 1, "disk": 10, "name": "tempest-FlavorsAccessNegativeTestJSON-flavor-1452626322", "id": 1524603801, "os-flavor-access:is_public": "False"}} {{(pid=109519) _process_stack /opt/stack/nova/nova/api/openstack/wsgi.py:511}}
Jun 25 20:30:42.669990 n-d-793621-7 devstack@n-api.service[109519]: INFO nova.api.openstack.requestlog [None req-3314b657-0580-4a83-8f44-14b14800378e tempest-FlavorsAccessNegativeTestJSON-1975430420 tempest-FlavorsAccessNegativeTestJSON-1975430420-project-admin] 10.222.0.66 "POST /compute/v2.1/flavors" status: 200 len: 439 microversion: 2.1 time: 0.104730
Jun 25 20:30:42.669990 n-d-793621-7 devstack@n-api.service[109519]: [pid: 109519|app: 0|req: 30/60] 10.222.0.66 () {60 vars in 1147 bytes} [Fri Jun 25 20:30:42 2021] POST /compute/v2.1/flavors => generated 439 bytes in 106 msecs (HTTP/1.1 200) 9 headers in 357 bytes (1 switches on core 0)
Jun 25 20:30:42.669990 n-d-793621-7 devstack@n-api.service[109519]: DEBUG nova.api.openstack.wsgi [None req-2994cd7e-aede-4f6a-9a41-79b14121b07f tempest-FlavorsAccessNegativeTestJSON-1975430420 tempest-FlavorsAccessNegativeTestJSON-1975430420-project-admin] Action: 'action', calling method: >, body: {"addTenantAccess": {"tenant": "045864713b2e4ebdb906165c78411ce7"}} {{(pid=109519) _process_stack /opt/stack/nova/nova/api/openstack/wsgi.py:511}}
Jun 25 20:30:43.584813 n-d-793621-7 devstack@n-api.service[109518]: DEBUG nova.policy [None req-77c381c3-be11-445c-b0ac-04da57983ff8 tempest-AggregatesAdminTestJSON-174583658 tempest-AggregatesAdminTestJSON-174583658-project] Policy check for os_compute_api:os-extended-server-attributes failed with credentials {'is_admin': False, 'user_id': '1e81c450ad9d42ce9299199469eb5855', 'user_domain_id': 'default', 'system_scope': None, 'domain_id': None, 'project_id': '385be77203404654ad93a7bf7170c952', 'project_domain_id': 'default', 'roles': ['reader', 'member'], 'is_admin_project': True, 'service_user_id': None, 'service_user_domain_id': None, 'service_project_id': None, 'service_project_domain_id': None, 'service_roles': []} {{(pid=109518) authorize /opt/stack/nova/nova/policy.py:199}}
Jun 25 20:30:43.588499 n-d-793621-7 devstack@n-api.service[109518]: /opt/stack/nova/nova/db/sqlalchemy/api.py:2775: SAWarning: TypeDecorator SoftDeleteInteger() will not produce a cache key because the ``cache_ok`` flag is not set to True. Set this flag to True if this type object's state is safe to use in a cache key, or False to disable this warning.
Jun 25 20:30:43.588499 n-d-793621-7 devstack@n-api.service[109518]: return _block_device_mapping_get_query(context).filter(
Jun 25 20:30:43.618946 n-d-793621-7 devstack@n-api.service[109518]: INFO nova.api.openstack.requestlog [None req-77c381c3-be11-445c-b0ac-04da57983ff8 tempest-AggregatesAdminTestJSON-174583658 tempest-AggregatesAdminTestJSON-174583658-project] 10.222.0.66 "GET /compute/v2.1/servers/6e52f6cf-b44a-4066-a62a-53e03764c2f7" status: 200 len: 1242 microversion: 2.1 time: 2.119225
Jun 25 20:30:43.626119 n-d-793621-7 devstack@n-api.service[109518]: [pid: 109518|app: 0|req: 31/61] 10.222.0.66 () {58 vars in 1236 bytes} [Fri Jun 25 20:30:41 2021] GET /compute/v2.1/servers/6e52f6cf-b44a-4066-a62a-53e03764c2f7 => generated 1242 bytes in 2127 msecs (HTTP/1.1 200) 9 headers in 358 bytes (1 switches on core 0)
Jun 25 20:30:43.838820 n-d-793621-7 devstack@n-api.service[109519]: INFO nova.api.openstack.requestlog [None req-2994cd7e-aede-4f6a-9a41-79b14121b07f tempest-FlavorsAccessNegativeTestJSON-1975430420 tempest-FlavorsAccessNegativeTestJSON-1975430420-project-admin] 10.222.0.66 "POST /compute/v2.1/flavors/1524603801/action" status: 200 len: 97 microversion: 2.1 time: 1.179140
Jun 25 20:30:43.845349 n-d-793621-7 devstack@n-api.service[109519]: [pid: 109519|app: 0|req: 31/62] 10.222.0.66 () {60 vars in 1200 bytes} [Fri Jun 25 20:30:42 2021] POST /compute/v2.1/flavors/1524603801/action => generated 97 bytes in 1187 msecs (HTTP/1.1 200) 9 headers in 356 bytes (1 switches on core 0)
Jun 25 20:30:43.857570 n-d-793621-7 devstack@n-api.service[109518]: DEBUG nova.api.openstack.wsgi [None req-c15bc836-c7ff-4a2d-b836-18a6d8ff12c2 tempest-FlavorsAccessNegativeTestJSON-387778720 tempest-FlavorsAccessNegativeTestJSON-387778720-project] Action: 'action', calling method: >, body: {"removeTenantAccess": {"tenant": "045864713b2e4ebdb906165c78411ce7"}} {{(pid=109518) _process_stack /opt/stack/nova/nova/api/openstack/wsgi.py:511}}
Jun 25 20:30:43.859739 n-d-793621-7 devstack@n-api.service[109518]: /usr/local/lib/python3.8/dist-packages/oslo_policy/policy.py:1064: UserWarning: Policy os_compute_api:os-flavor-access:remove_tenant_access failed scope check. The token used to make the request was project scoped but the policy requires ['system'] scope. This behavior may change in the future where using the intended scope is required
Jun 25 20:30:43.859739 n-d-793621-7 devstack@n-api.service[109518]: warnings.warn(msg)
Jun 25 20:30:43.862745 n-d-793621-7 devstack@n-api.service[109518]: DEBUG nova.policy [None req-c15bc836-c7ff-4a2d-b836-18a6d8ff12c2 tempest-FlavorsAccessNegativeTestJSON-387778720 tempest-FlavorsAccessNegativeTestJSON-387778720-project] Policy check for os_compute_api:os-flavor-access:remove_tenant_access failed with credentials {'is_admin': False, 'user_id': '0f4e061767914773ba71233830224508', 'user_domain_id': 'default', 'system_scope': None, 'domain_id': None, 'project_id': '045864713b2e4ebdb906165c78411ce7', 'project_domain_id': 'default', 'roles': ['reader', 'member'], 'is_admin_project': True, 'service_user_id': None, 'service_user_domain_id': None, 'service_project_id': None, 'service_project_domain_id': None, 'service_roles': []} {{(pid=109518) authorize /opt/stack/nova/nova/policy.py:199}}
Jun 25 20:30:43.865795 n-d-793621-7 devstack@n-api.service[109518]: DEBUG nova.api.openstack.wsgi [None req-c15bc836-c7ff-4a2d-b836-18a6d8ff12c2 tempest-FlavorsAccessNegativeTestJSON-387778720 tempest-FlavorsAccessNegativeTestJSON-387778720-project] Returning 403 to user: Policy doesn't allow os_compute_api:os-flavor-access:remove_tenant_access to be performed. {{(pid=109518) __call__ /opt/stack/nova/nova/api/openstack/wsgi.py:927}}
Jun 25 20:30:43.876965 n-d-793621-7 devstack@n-api.service[109518]: INFO nova.api.openstack.requestlog [None req-c15bc836-c7ff-4a2d-b836-18a6d8ff12c2 tempest-FlavorsAccessNegativeTestJSON-387778720 tempest-FlavorsAccessNegativeTestJSON-387778720-project] 10.222.0.66 "POST /compute/v2.1/flavors/1524603801/action" status: 403 len: 133 microversion: 2.1 time: 0.024920
Jun 25 20:30:43.890237 n-d-793621-7 devstack@n-api.service[109519]: DEBUG nova.api.openstack.wsgi [None req-0146fdde-e886-4c66-9c8a-56d70ca21187 tempest-FlavorsAccessNegativeTestJSON-1975430420 tempest-FlavorsAccessNegativeTestJSON-1975430420-project-admin] Action: 'action', calling method: >, body: {"removeTenantAccess": {"tenant": "045864713b2e4ebdb906165c78411ce7"}} {{(pid=109519) _process_stack /opt/stack/nova/nova/api/openstack/wsgi.py:511}}
Jun 25 20:30:43.893580 n-d-793621-7 devstack@n-api.service[109519]: /usr/local/lib/python3.8/dist-packages/oslo_policy/policy.py:1064: UserWarning: Policy os_compute_api:os-flavor-access:remove_tenant_access failed scope check. The token used to make the request was project scoped but the policy requires ['system'] scope. This behavior may change in the future where using the intended scope is required
Jun 25 20:30:43.893580 n-d-793621-7 devstack@n-api.service[109519]: warnings.warn(msg)
Jun 25 20:30:43.895393 n-d-793621-7 devstack@n-api.service[109518]: [pid: 109518|app: 0|req: 32/63] 10.222.0.66 () {60 vars in 1200 bytes} [Fri Jun 25 20:30:43 2021] POST /compute/v2.1/flavors/1524603801/action => generated 133 bytes in 45 msecs (HTTP/1.1 403) 9 headers in 379 bytes (1 switches on core 0)
Jun 25 20:30:44.087159 n-d-793621-7 devstack@n-api.service[109519]: INFO nova.api.openstack.requestlog [None req-0146fdde-e886-4c66-9c8a-56d70ca21187 tempest-FlavorsAccessNegativeTestJSON-1975430420 tempest-FlavorsAccessNegativeTestJSON-1975430420-project-admin] 10.222.0.66 "POST /compute/v2.1/flavors/1524603801/action" status: 200 len: 21 microversion: 2.1 time: 0.201643
Jun 25 20:30:44.091519 n-d-793621-7 devstack@n-api.service[109519]: [pid: 109519|app: 0|req: 32/64] 10.222.0.66 () {60 vars in 1200 bytes} [Fri Jun 25 20:30:43 2021] POST /compute/v2.1/flavors/1524603801/action => generated 21 bytes in 208 msecs (HTTP/1.1 200) 9 headers in 356 bytes (1 switches on core 0)
Jun 25 20:30:44.101637 n-d-793621-7 devstack@n-api.service[109518]: DEBUG nova.api.openstack.wsgi [None req-a2ebd80d-8d08-4bd9-b703-4a9adb048e59 tempest-FlavorsAccessNegativeTestJSON-1975430420 tempest-FlavorsAccessNegativeTestJSON-1975430420-project-admin] Calling method '>' {{(pid=109518) _process_stack /opt/stack/nova/nova/api/openstack/wsgi.py:513}}
Jun 25 20:30:44.103584 n-d-793621-7 devstack@n-api.service[109518]: /usr/local/lib/python3.8/dist-packages/oslo_policy/policy.py:1064: UserWarning: Policy os_compute_api:os-flavor-manage:delete failed scope check. The token used to make the request was project scoped but the policy requires ['system'] scope. This behavior may change in the future where using the intended scope is required
Jun 25 20:30:44.103584 n-d-793621-7 devstack@n-api.service[109518]: warnings.warn(msg)
Jun 25 20:30:44.202394 n-d-793621-7 devstack@n-api.service[109518]: INFO nova.api.openstack.requestlog [None req-a2ebd80d-8d08-4bd9-b703-4a9adb048e59 tempest-FlavorsAccessNegativeTestJSON-1975430420 tempest-FlavorsAccessNegativeTestJSON-1975430420-project-admin] 10.222.0.66 "DELETE /compute/v2.1/flavors/1524603801" status: 202 len: 0 microversion: 2.1 time: 0.105397
Jun 25 20:30:44.203327 n-d-793621-7 devstack@n-api.service[109518]: [pid: 109518|app: 0|req: 33/65] 10.222.0.66 () {58 vars in 1161 bytes} [Fri Jun 25 20:30:44 2021] DELETE /compute/v2.1/flavors/1524603801 => generated 0 bytes in 107 msecs (HTTP/1.1 202) 9 headers in 361 bytes (2 switches on core 0)
Jun 25 20:30:44.214588 n-d-793621-7 devstack@n-api.service[109519]: DEBUG nova.api.openstack.wsgi [None req-8bf426f9-afab-4acd-85f5-8070c1fd3168 tempest-FlavorsAccessNegativeTestJSON-1975430420 tempest-FlavorsAccessNegativeTestJSON-1975430420-project-admin] Calling method '>' {{(pid=109519) _process_stack /opt/stack/nova/nova/api/openstack/wsgi.py:513}}
Jun 25 20:30:44.236400 n-d-793621-7 devstack@n-api.service[109519]: INFO nova.api.openstack.requestlog [None req-8bf426f9-afab-4acd-85f5-8070c1fd3168 tempest-FlavorsAccessNegativeTestJSON-1975430420 tempest-FlavorsAccessNegativeTestJSON-1975430420-project-admin] 10.222.0.66 "GET /compute/v2.1/flavors/detail" status: 200 len: 4991 microversion: 2.1 time: 0.027585
Jun 25 20:30:44.243846 n-d-793621-7 devstack@n-api.service[109519]: [pid: 109519|app: 0|req: 33/66] 10.222.0.66 () {58 vars in 1146 bytes} [Fri Jun 25 20:30:44 2021] GET /compute/v2.1/flavors/detail => generated 4991 bytes in 30 msecs (HTTP/1.1 200) 9 headers in 358 bytes (2 switches on core 0)
Jun 25 20:30:44.257707 n-d-793621-7 devstack@n-api.service[109518]: DEBUG nova.api.openstack.wsgi [None req-07b7a15f-66c7-4beb-ac73-9ee6fcc281ff tempest-FlavorsAccessNegativeTestJSON-1975430420 tempest-FlavorsAccessNegativeTestJSON-1975430420-project-admin] Action: 'create', calling method: >, body: {"flavor": {"ram": 512, "vcpus": 1, "disk": 10, "name": "tempest-FlavorsAccessNegativeTestJSON-flavor-1934691881", "id": 2084081998, "os-flavor-access:is_public": "False"}} {{(pid=109518) _process_stack /opt/stack/nova/nova/api/openstack/wsgi.py:511}}
Jun 25 20:30:44.259300 n-d-793621-7 devstack@n-api.service[109518]: /usr/local/lib/python3.8/dist-packages/oslo_policy/policy.py:1064: UserWarning: Policy os_compute_api:os-flavor-manage:create failed scope check. The token used to make the request was project scoped but the policy requires ['system'] scope. This behavior may change in the future where using the intended scope is required
Jun 25 20:30:44.259300 n-d-793621-7 devstack@n-api.service[109518]: warnings.warn(msg)
Jun 25 20:30:44.351470 n-d-793621-7 devstack@n-api.service[109518]: INFO nova.api.openstack.requestlog [None req-07b7a15f-66c7-4beb-ac73-9ee6fcc281ff tempest-FlavorsAccessNegativeTestJSON-1975430420 tempest-FlavorsAccessNegativeTestJSON-1975430420-project-admin] 10.222.0.66 "POST /compute/v2.1/flavors" status: 200 len: 439 microversion: 2.1 time: 0.097395
Jun 25 20:30:44.352427 n-d-793621-7 devstack@n-api.service[109518]: [pid: 109518|app: 0|req: 34/67] 10.222.0.66 () {60 vars in 1147 bytes} [Fri Jun 25 20:30:44 2021] POST /compute/v2.1/flavors => generated 439 bytes in 99 msecs (HTTP/1.1 200) 9 headers in 357 bytes (2 switches on core 0)
Jun 25 20:30:44.364730 n-d-793621-7 devstack@n-api.service[109519]: DEBUG nova.api.openstack.wsgi [None req-56da4b89-c94b-4900-9d64-80d25dc1376e tempest-FlavorsAccessNegativeTestJSON-1975430420 tempest-FlavorsAccessNegativeTestJSON-1975430420-project-admin] Action: 'action', calling method: >, body: {"removeTenantAccess": {"tenant": "4fbc4f3a31e441f082417c2bc9ff8146"}} {{(pid=109519) _process_stack /opt/stack/nova/nova/api/openstack/wsgi.py:511}}
Jun 25 20:30:44.642539 n-d-793621-7 devstack@n-api.service[109518]: DEBUG nova.api.openstack.wsgi [None req-2d9602ad-bd67-470b-bb8d-a0708aa87e52 tempest-AggregatesAdminTestJSON-174583658 tempest-AggregatesAdminTestJSON-174583658-project] Calling method '>' {{(pid=109518) _process_stack /opt/stack/nova/nova/api/openstack/wsgi.py:513}}
Jun 25 20:30:44.643284 n-d-793621-7 devstack@n-api.service[109518]: DEBUG nova.compute.api [None req-2d9602ad-bd67-470b-bb8d-a0708aa87e52 tempest-AggregatesAdminTestJSON-174583658 tempest-AggregatesAdminTestJSON-174583658-project] [instance: 6e52f6cf-b44a-4066-a62a-53e03764c2f7] Fetching instance by UUID {{(pid=109518) get /opt/stack/nova/nova/compute/api.py:2803}}
Jun 25 20:30:44.651574 n-d-793621-7 devstack@n-api.service[109518]: DEBUG oslo_concurrency.lockutils [None req-2d9602ad-bd67-470b-bb8d-a0708aa87e52 tempest-AggregatesAdminTestJSON-174583658 tempest-AggregatesAdminTestJSON-174583658-project] Lock "a9883990-9c9e-4a87-acac-692223799f04" acquired by "nova.context.set_target_cell..get_or_set_cached_cell_and_set_connections" :: waited 0.000s {{(pid=109518) inner /usr/local/lib/python3.8/dist-packages/oslo_concurrency/lockutils.py:355}}
Jun 25 20:30:44.652068 n-d-793621-7 devstack@n-api.service[109518]: DEBUG oslo_concurrency.lockutils [None req-2d9602ad-bd67-470b-bb8d-a0708aa87e52 tempest-AggregatesAdminTestJSON-174583658 tempest-AggregatesAdminTestJSON-174583658-project] Lock "a9883990-9c9e-4a87-acac-692223799f04" released by "nova.context.set_target_cell..get_or_set_cached_cell_and_set_connections" :: held 0.001s {{(pid=109518) inner /usr/local/lib/python3.8/dist-packages/oslo_concurrency/lockutils.py:367}}
Jun 25 20:30:44.653408 n-d-793621-7 devstack@n-api.service[109518]: DEBUG oslo_concurrency.lockutils [None req-2d9602ad-bd67-470b-bb8d-a0708aa87e52 tempest-AggregatesAdminTestJSON-174583658 tempest-AggregatesAdminTestJSON-174583658-project] Lock "a9883990-9c9e-4a87-acac-692223799f04" acquired by "nova.context.set_target_cell..get_or_set_cached_cell_and_set_connections" :: waited 0.000s {{(pid=109518) inner /usr/local/lib/python3.8/dist-packages/oslo_concurrency/lockutils.py:355}}
Jun 25 20:30:44.653840 n-d-793621-7 devstack@n-api.service[109518]: DEBUG oslo_concurrency.lockutils [None req-2d9602ad-bd67-470b-bb8d-a0708aa87e52 tempest-AggregatesAdminTestJSON-174583658 tempest-AggregatesAdminTestJSON-174583658-project] Lock "a9883990-9c9e-4a87-acac-692223799f04" released by "nova.context.set_target_cell..get_or_set_cached_cell_and_set_connections" :: held 0.001s {{(pid=109518) inner /usr/local/lib/python3.8/dist-packages/oslo_concurrency/lockutils.py:367}}
Jun 25 20:30:44.668725 n-d-793621-7 devstack@n-api.service[109518]: /opt/stack/nova/nova/db/sqlalchemy/api.py:1217: SAWarning: TypeDecorator SoftDeleteInteger() will not produce a cache key because the ``cache_ok`` flag is not set to True. Set this flag to True if this type object's state is safe to use in a cache key, or False to disable this warning.
Jun 25 20:30:44.668725 n-d-793621-7 devstack@n-api.service[109518]: result = _build_instance_get(context, columns_to_join=columns_to_join).\
Jun 25 20:30:44.703446 n-d-793621-7 devstack@n-api.service[109519]: INFO nova.api.openstack.wsgi [None req-56da4b89-c94b-4900-9d64-80d25dc1376e tempest-FlavorsAccessNegativeTestJSON-1975430420 tempest-FlavorsAccessNegativeTestJSON-1975430420-project-admin] HTTP exception thrown: Flavor access not found for 23 / 4fbc4f3a31e441f082417c2bc9ff8146 combination.
Jun 25 20:30:44.703446 n-d-793621-7 devstack@n-api.service[109519]: DEBUG nova.api.openstack.wsgi [None req-56da4b89-c94b-4900-9d64-80d25dc1376e tempest-FlavorsAccessNegativeTestJSON-1975430420 tempest-FlavorsAccessNegativeTestJSON-1975430420-project-admin] Returning 404 to user: Flavor access not found for 23 / 4fbc4f3a31e441f082417c2bc9ff8146 combination. {{(pid=109519) __call__ /opt/stack/nova/nova/api/openstack/wsgi.py:927}}
Jun 25 20:30:44.703446 n-d-793621-7 devstack@n-api.service[109519]: INFO nova.api.openstack.requestlog [None req-56da4b89-c94b-4900-9d64-80d25dc1376e tempest-FlavorsAccessNegativeTestJSON-1975430420 tempest-FlavorsAccessNegativeTestJSON-1975430420-project-admin] 10.222.0.66 "POST /compute/v2.1/flavors/2084081998/action" status: 404 len: 124 microversion: 2.1 time: 0.343526
Jun 25 20:30:44.703446 n-d-793621-7 devstack@n-api.service[109519]: [pid: 109519|app: 0|req: 34/68] 10.222.0.66 () {60 vars in 1200 bytes} [Fri Jun 25 20:30:44 2021] POST /compute/v2.1/flavors/2084081998/action => generated 124 bytes in 345 msecs (HTTP/1.1 404) 9 headers in 379 bytes (1 switches on core 0)
Jun 25 20:30:44.717139 n-d-793621-7 devstack@n-api.service[109519]: DEBUG nova.api.openstack.wsgi [None req-c957242d-43fc-4f29-b428-5144252aa296 tempest-FlavorsAccessNegativeTestJSON-1975430420 tempest-FlavorsAccessNegativeTestJSON-1975430420-project-admin] Calling method '>' {{(pid=109519) _process_stack /opt/stack/nova/nova/api/openstack/wsgi.py:513}}
Jun 25 20:30:44.850253 n-d-793621-7 devstack@n-api.service[109519]: INFO nova.api.openstack.requestlog [None req-c957242d-43fc-4f29-b428-5144252aa296 tempest-FlavorsAccessNegativeTestJSON-1975430420 tempest-FlavorsAccessNegativeTestJSON-1975430420-project-admin] 10.222.0.66 "DELETE /compute/v2.1/flavors/2084081998" status: 202 len: 0 microversion: 2.1 time: 0.141162
Jun 25 20:30:44.850922 n-d-793621-7 devstack@n-api.service[109519]: [pid: 109519|app: 0|req: 35/69] 10.222.0.66 () {58 vars in 1161 bytes} [Fri Jun 25 20:30:44 2021] DELETE /compute/v2.1/flavors/2084081998 => generated 0 bytes in 143 msecs (HTTP/1.1 202) 9 headers in 361 bytes (1 switches on core 0)
Jun 25 20:30:44.866592 n-d-793621-7 devstack@n-api.service[109519]: DEBUG nova.api.openstack.wsgi [None req-a474b730-157f-46fa-bd6c-b8685c0fb3d1 tempest-FlavorsAccessNegativeTestJSON-1975430420 tempest-FlavorsAccessNegativeTestJSON-1975430420-project-admin] Calling method '>' {{(pid=109519) _process_stack /opt/stack/nova/nova/api/openstack/wsgi.py:513}}
Jun 25 20:30:44.893526 n-d-793621-7 devstack@n-api.service[109519]: INFO nova.api.openstack.requestlog [None req-a474b730-157f-46fa-bd6c-b8685c0fb3d1 tempest-FlavorsAccessNegativeTestJSON-1975430420 tempest-FlavorsAccessNegativeTestJSON-1975430420-project-admin] 10.222.0.66 "GET /compute/v2.1/flavors/detail" status: 200 len: 4991 microversion: 2.1 time: 0.030884
