Jun 14 18:08:42.638164 n-d-793621-6 devstack@placement-api.service[93199]: [pid: 93199|app: 0|req: 31/65] 10.222.0.10 () {58 vars in 1274 bytes} [Mon Jun 14 18:08:42 2021] GET /placement/resource_providers?name=n-h2-793621-6 => generated 441 bytes in 36 msecs (HTTP/1.1 200) 6 headers in 224 bytes (1 switches on core 0)
Jun 14 18:08:42.646760 n-d-793621-6 devstack@placement-api.service[93200]: DEBUG placement.requestlog [req-3e359919-0d2d-4c38-9163-e232aa51283d req-7d1b0d8e-2b7e-4717-aedb-115c5ad24bd9 None None] Starting request: 10.222.0.10 "GET /placement/resource_providers/de7d70fd-0b10-4f37-b1ab-19f382a602f0/aggregates" {{(pid=93200) __call__ /opt/stack/placement/placement/requestlog.py:55}}
Jun 14 18:08:42.671136 n-d-793621-6 devstack@placement-api.service[93200]: INFO placement.requestlog [req-3e359919-0d2d-4c38-9163-e232aa51283d req-7d1b0d8e-2b7e-4717-aedb-115c5ad24bd9 service placement] 10.222.0.10 "GET /placement/resource_providers/de7d70fd-0b10-4f37-b1ab-19f382a602f0/aggregates" status: 200 len: 92 microversion: 1.19
Jun 14 18:08:42.671635 n-d-793621-6 devstack@placement-api.service[93200]: [pid: 93200|app: 0|req: 35/66] 10.222.0.10 () {60 vars in 1425 bytes} [Mon Jun 14 18:08:42 2021] GET /placement/resource_providers/de7d70fd-0b10-4f37-b1ab-19f382a602f0/aggregates => generated 92 bytes in 25 msecs (HTTP/1.1 200) 8 headers in 295 bytes (1 switches on core 0)
Jun 14 18:08:42.681147 n-d-793621-6 devstack@placement-api.service[93199]: DEBUG placement.requestlog [req-3e359919-0d2d-4c38-9163-e232aa51283d req-4d595f6d-1e88-4018-9ead-020d5611c727 None None] Starting request: 10.222.0.10 "PUT /placement/resource_providers/de7d70fd-0b10-4f37-b1ab-19f382a602f0/aggregates" {{(pid=93199) __call__ /opt/stack/placement/placement/requestlog.py:55}}
Jun 14 18:08:42.721222 n-d-793621-6 devstack@placement-api.service[93199]: DEBUG placement.objects.resource_provider [req-3e359919-0d2d-4c38-9163-e232aa51283d req-4d595f6d-1e88-4018-9ead-020d5611c727 service placement] Setting aggregates for provider de7d70fd-0b10-4f37-b1ab-19f382a602f0. Successfully disassociated aggregate a51fb874-f012-41c9-b7ce-5f71e5715668. {{(pid=93199) _set_aggregates /opt/stack/placement/placement/objects/resource_provider.py:402}}
Jun 14 18:08:42.733273 n-d-793621-6 devstack@placement-api.service[93199]: INFO placement.requestlog [req-3e359919-0d2d-4c38-9163-e232aa51283d req-4d595f6d-1e88-4018-9ead-020d5611c727 service placement] 10.222.0.10 "PUT /placement/resource_providers/de7d70fd-0b10-4f37-b1ab-19f382a602f0/aggregates" status: 200 len: 54 microversion: 1.19
Jun 14 18:08:42.734330 n-d-793621-6 devstack@placement-api.service[93199]: [pid: 93199|app: 0|req: 32/67] 10.222.0.10 () {64 vars in 1477 bytes} [Mon Jun 14 18:08:42 2021] PUT /placement/resource_providers/de7d70fd-0b10-4f37-b1ab-19f382a602f0/aggregates => generated 54 bytes in 54 msecs (HTTP/1.1 200) 8 headers in 295 bytes (1 switches on core 0)
Jun 14 18:08:44.359637 n-d-793621-6 devstack@placement-api.service[93200]: DEBUG placement.requestlog [req-90b5f6e0-0468-46bc-ab60-f37214207697 req-b676f6b0-31fd-49b3-819f-cb5a4af0d893 None None] Starting request: 10.222.0.10 "GET /placement/resource_providers?name=n-h2-793621-6" {{(pid=93200) __call__ /opt/stack/placement/placement/requestlog.py:55}}
Jun 14 18:08:44.382736 n-d-793621-6 devstack@placement-api.service[93200]: INFO placement.requestlog [req-90b5f6e0-0468-46bc-ab60-f37214207697 req-b676f6b0-31fd-49b3-819f-cb5a4af0d893 service placement] 10.222.0.10 "GET /placement/resource_providers?name=n-h2-793621-6" status: 200 len: 441 microversion: 1.0
Jun 14 18:08:44.383362 n-d-793621-6 devstack@placement-api.service[93200]: [pid: 93200|app: 0|req: 36/68] 10.222.0.10 () {58 vars in 1274 bytes} [Mon Jun 14 18:08:44 2021] GET /placement/resource_providers?name=n-h2-793621-6 => generated 441 bytes in 24 msecs (HTTP/1.1 200) 6 headers in 224 bytes (1 switches on core 0)
Jun 14 18:08:44.390904 n-d-793621-6 devstack@placement-api.service[93199]: DEBUG placement.requestlog [req-90b5f6e0-0468-46bc-ab60-f37214207697 req-be72a01f-41fb-43df-9a7a-f39d2e3783d4 None None] Starting request: 10.222.0.10 "GET /placement/resource_providers/de7d70fd-0b10-4f37-b1ab-19f382a602f0/aggregates" {{(pid=93199) __call__ /opt/stack/placement/placement/requestlog.py:55}}
Jun 14 18:08:44.411991 n-d-793621-6 devstack@placement-api.service[93199]: INFO placement.requestlog [req-90b5f6e0-0468-46bc-ab60-f37214207697 req-be72a01f-41fb-43df-9a7a-f39d2e3783d4 service placement] 10.222.0.10 "GET /placement/resource_providers/de7d70fd-0b10-4f37-b1ab-19f382a602f0/aggregates" status: 200 len: 54 microversion: 1.19
Jun 14 18:08:44.418873 n-d-793621-6 devstack@placement-api.service[93200]: DEBUG placement.requestlog [req-90b5f6e0-0468-46bc-ab60-f37214207697 req-77d21e28-2bf3-4f44-87c4-67f301f6e228 None None] Starting request: 10.222.0.10 "PUT /placement/resource_providers/de7d70fd-0b10-4f37-b1ab-19f382a602f0/aggregates" {{(pid=93200) __call__ /opt/stack/placement/placement/requestlog.py:55}}
Jun 14 18:08:44.419180 n-d-793621-6 devstack@placement-api.service[93199]: [pid: 93199|app: 0|req: 33/69] 10.222.0.10 () {60 vars in 1425 bytes} [Mon Jun 14 18:08:44 2021] GET /placement/resource_providers/de7d70fd-0b10-4f37-b1ab-19f382a602f0/aggregates => generated 54 bytes in 28 msecs (HTTP/1.1 200) 8 headers in 295 bytes (1 switches on core 0)
Jun 14 18:08:44.447794 n-d-793621-6 devstack@placement-api.service[93200]: DEBUG placement.objects.resource_provider [req-90b5f6e0-0468-46bc-ab60-f37214207697 req-77d21e28-2bf3-4f44-87c4-67f301f6e228 service placement] _ensure_aggregate() did not find aggregate c700fedb-5624-4226-8732-53ffd250372a. Attempting to create it. {{(pid=93200) _ensure_aggregate /opt/stack/placement/placement/objects/resource_provider.py:319}}
Jun 14 18:08:44.451141 n-d-793621-6 devstack@placement-api.service[93200]: DEBUG placement.objects.resource_provider [req-90b5f6e0-0468-46bc-ab60-f37214207697 req-77d21e28-2bf3-4f44-87c4-67f301f6e228 service placement] _ensure_aggregate() created new aggregate c700fedb-5624-4226-8732-53ffd250372a (id=6). {{(pid=93200) _ensure_aggregate /opt/stack/placement/placement/objects/resource_provider.py:325}}
Jun 14 18:08:44.453813 n-d-793621-6 devstack@placement-api.service[93200]: DEBUG placement.objects.resource_provider [req-90b5f6e0-0468-46bc-ab60-f37214207697 req-77d21e28-2bf3-4f44-87c4-67f301f6e228 service placement] Setting aggregates for provider de7d70fd-0b10-4f37-b1ab-19f382a602f0. Successfully associated aggregate c700fedb-5624-4226-8732-53ffd250372a. {{(pid=93200) _set_aggregates /opt/stack/placement/placement/objects/resource_provider.py:387}}
Jun 14 18:08:44.466883 n-d-793621-6 devstack@placement-api.service[93200]: INFO placement.requestlog [req-90b5f6e0-0468-46bc-ab60-f37214207697 req-77d21e28-2bf3-4f44-87c4-67f301f6e228 service placement] 10.222.0.10 "PUT /placement/resource_providers/de7d70fd-0b10-4f37-b1ab-19f382a602f0/aggregates" status: 200 len: 92 microversion: 1.19
Jun 14 18:08:44.467760 n-d-793621-6 devstack@placement-api.service[93200]: [pid: 93200|app: 0|req: 37/70] 10.222.0.10 () {64 vars in 1477 bytes} [Mon Jun 14 18:08:44 2021] PUT /placement/resource_providers/de7d70fd-0b10-4f37-b1ab-19f382a602f0/aggregates => generated 92 bytes in 49 msecs (HTTP/1.1 200) 8 headers in 295 bytes (1 switches on core 0)
Jun 14 18:08:45.019979 n-d-793621-6 devstack@placement-api.service[93199]: DEBUG placement.requestlog [req-63cd7177-6d66-4cb8-a387-d927801dc999 req-78a17ee4-b0ba-4504-b38f-18c964dd8c54 None None] Starting request: 10.222.0.10 "GET /placement/resource_providers?name=n-h2-793621-6" {{(pid=93199) __call__ /opt/stack/placement/placement/requestlog.py:55}}
Jun 14 18:08:45.090818 n-d-793621-6 devstack@placement-api.service[93199]: INFO placement.requestlog [req-63cd7177-6d66-4cb8-a387-d927801dc999 req-78a17ee4-b0ba-4504-b38f-18c964dd8c54 service placement] 10.222.0.10 "GET /placement/resource_providers?name=n-h2-793621-6" status: 200 len: 441 microversion: 1.0
Jun 14 18:08:45.098483 n-d-793621-6 devstack@placement-api.service[93199]: [pid: 93199|app: 0|req: 34/71] 10.222.0.10 () {58 vars in 1274 bytes} [Mon Jun 14 18:08:45 2021] GET /placement/resource_providers?name=n-h2-793621-6 => generated 441 bytes in 79 msecs (HTTP/1.1 200) 6 headers in 224 bytes (1 switches on core 0)
Jun 14 18:08:45.105405 n-d-793621-6 devstack@placement-api.service[93200]: DEBUG placement.requestlog [req-63cd7177-6d66-4cb8-a387-d927801dc999 req-16bd4705-12b8-40e9-8b3b-735e32f4c5d4 None None] Starting request: 10.222.0.10 "GET /placement/resource_providers/de7d70fd-0b10-4f37-b1ab-19f382a602f0/aggregates" {{(pid=93200) __call__ /opt/stack/placement/placement/requestlog.py:55}}
Jun 14 18:08:45.172817 n-d-793621-6 devstack@placement-api.service[93200]: INFO placement.requestlog [req-63cd7177-6d66-4cb8-a387-d927801dc999 req-16bd4705-12b8-40e9-8b3b-735e32f4c5d4 service placement] 10.222.0.10 "GET /placement/resource_providers/de7d70fd-0b10-4f37-b1ab-19f382a602f0/aggregates" status: 200 len: 92 microversion: 1.19
Jun 14 18:08:45.176807 n-d-793621-6 devstack@placement-api.service[93200]: [pid: 93200|app: 0|req: 38/72] 10.222.0.10 () {60 vars in 1425 bytes} [Mon Jun 14 18:08:45 2021] GET /placement/resource_providers/de7d70fd-0b10-4f37-b1ab-19f382a602f0/aggregates => generated 92 bytes in 72 msecs (HTTP/1.1 200) 8 headers in 295 bytes (1 switches on core 0)
Jun 14 18:08:45.194393 n-d-793621-6 devstack@placement-api.service[93199]: DEBUG placement.requestlog [req-63cd7177-6d66-4cb8-a387-d927801dc999 req-763f7565-1ca9-4c4e-b032-5c927db70042 None None] Starting request: 10.222.0.10 "PUT /placement/resource_providers/de7d70fd-0b10-4f37-b1ab-19f382a602f0/aggregates" {{(pid=93199) __call__ /opt/stack/placement/placement/requestlog.py:55}}
Jun 14 18:08:45.244888 n-d-793621-6 devstack@placement-api.service[93199]: DEBUG placement.objects.resource_provider [req-63cd7177-6d66-4cb8-a387-d927801dc999 req-763f7565-1ca9-4c4e-b032-5c927db70042 service placement] Setting aggregates for provider de7d70fd-0b10-4f37-b1ab-19f382a602f0. Successfully disassociated aggregate c700fedb-5624-4226-8732-53ffd250372a. {{(pid=93199) _set_aggregates /opt/stack/placement/placement/objects/resource_provider.py:402}}
Jun 14 18:08:45.259587 n-d-793621-6 devstack@placement-api.service[93199]: INFO placement.requestlog [req-63cd7177-6d66-4cb8-a387-d927801dc999 req-763f7565-1ca9-4c4e-b032-5c927db70042 service placement] 10.222.0.10 "PUT /placement/resource_providers/de7d70fd-0b10-4f37-b1ab-19f382a602f0/aggregates" status: 200 len: 54 microversion: 1.19
Jun 14 18:08:45.259957 n-d-793621-6 devstack@placement-api.service[93199]: [pid: 93199|app: 0|req: 35/73] 10.222.0.10 () {64 vars in 1477 bytes} [Mon Jun 14 18:08:45 2021] PUT /placement/resource_providers/de7d70fd-0b10-4f37-b1ab-19f382a602f0/aggregates => generated 54 bytes in 67 msecs (HTTP/1.1 200) 8 headers in 295 bytes (1 switches on core 0)
Jun 14 18:08:49.596305 n-d-793621-6 devstack@placement-api.service[93200]: DEBUG placement.requestlog [req-2b3d5b3b-fe71-4597-972e-fbf28267c746 req-b09e4d90-2c5a-41a7-9358-788be2f6b748 None None] Starting request: 10.222.0.10 "GET /placement/resource_providers?name=n-h2-793621-6" {{(pid=93200) __call__ /opt/stack/placement/placement/requestlog.py:55}}
Jun 14 18:08:49.608685 n-d-793621-6 devstack@placement-api.service[93200]: INFO placement.requestlog [req-2b3d5b3b-fe71-4597-972e-fbf28267c746 req-b09e4d90-2c5a-41a7-9358-788be2f6b748 service placement] 10.222.0.10 "GET /placement/resource_providers?name=n-h2-793621-6" status: 200 len: 441 microversion: 1.0
Jun 14 18:08:49.612412 n-d-793621-6 devstack@placement-api.service[93200]: [pid: 93200|app: 0|req: 39/74] 10.222.0.10 () {58 vars in 1274 bytes} [Mon Jun 14 18:08:49 2021] GET /placement/resource_providers?name=n-h2-793621-6 => generated 441 bytes in 16 msecs (HTTP/1.1 200) 6 headers in 224 bytes (1 switches on core 0)
Jun 14 18:08:49.619923 n-d-793621-6 devstack@placement-api.service[93199]: DEBUG placement.requestlog [req-2b3d5b3b-fe71-4597-972e-fbf28267c746 req-0c61fe67-4dc5-44e2-afa1-c8e1631e6967 None None] Starting request: 10.222.0.10 "GET /placement/resource_providers/de7d70fd-0b10-4f37-b1ab-19f382a602f0/aggregates" {{(pid=93199) __call__ /opt/stack/placement/placement/requestlog.py:55}}
Jun 14 18:08:49.639648 n-d-793621-6 devstack@placement-api.service[93199]: INFO placement.requestlog [req-2b3d5b3b-fe71-4597-972e-fbf28267c746 req-0c61fe67-4dc5-44e2-afa1-c8e1631e6967 service placement] 10.222.0.10 "GET /placement/resource_providers/de7d70fd-0b10-4f37-b1ab-19f382a602f0/aggregates" status: 200 len: 54 microversion: 1.19
Jun 14 18:08:49.640336 n-d-793621-6 devstack@placement-api.service[93199]: [pid: 93199|app: 0|req: 36/75] 10.222.0.10 () {60 vars in 1425 bytes} [Mon Jun 14 18:08:49 2021] GET /placement/resource_providers/de7d70fd-0b10-4f37-b1ab-19f382a602f0/aggregates => generated 54 bytes in 20 msecs (HTTP/1.1 200) 8 headers in 295 bytes (1 switches on core 0)
Jun 14 18:08:49.648017 n-d-793621-6 devstack@placement-api.service[93200]: DEBUG placement.requestlog [req-2b3d5b3b-fe71-4597-972e-fbf28267c746 req-d647324d-d01e-4c31-b91f-58d0f0994b5d None None] Starting request: 10.222.0.10 "PUT /placement/resource_providers/de7d70fd-0b10-4f37-b1ab-19f382a602f0/aggregates" {{(pid=93200) __call__ /opt/stack/placement/placement/requestlog.py:55}}
Jun 14 18:08:49.675311 n-d-793621-6 devstack@placement-api.service[93200]: DEBUG placement.objects.resource_provider [req-2b3d5b3b-fe71-4597-972e-fbf28267c746 req-d647324d-d01e-4c31-b91f-58d0f0994b5d service placement] _ensure_aggregate() did not find aggregate 1ecf617c-fd8f-4e00-849b-0a8efa127ae8. Attempting to create it. {{(pid=93200) _ensure_aggregate /opt/stack/placement/placement/objects/resource_provider.py:319}}
Jun 14 18:08:49.677065 n-d-793621-6 devstack@placement-api.service[93200]: DEBUG placement.objects.resource_provider [req-2b3d5b3b-fe71-4597-972e-fbf28267c746 req-d647324d-d01e-4c31-b91f-58d0f0994b5d service placement] _ensure_aggregate() created new aggregate 1ecf617c-fd8f-4e00-849b-0a8efa127ae8 (id=7). {{(pid=93200) _ensure_aggregate /opt/stack/placement/placement/objects/resource_provider.py:325}}
Jun 14 18:08:49.678507 n-d-793621-6 devstack@placement-api.service[93200]: DEBUG placement.objects.resource_provider [req-2b3d5b3b-fe71-4597-972e-fbf28267c746 req-d647324d-d01e-4c31-b91f-58d0f0994b5d service placement] Setting aggregates for provider de7d70fd-0b10-4f37-b1ab-19f382a602f0. Successfully associated aggregate 1ecf617c-fd8f-4e00-849b-0a8efa127ae8. {{(pid=93200) _set_aggregates /opt/stack/placement/placement/objects/resource_provider.py:387}}
Jun 14 18:08:49.686610 n-d-793621-6 devstack@placement-api.service[93200]: INFO placement.requestlog [req-2b3d5b3b-fe71-4597-972e-fbf28267c746 req-d647324d-d01e-4c31-b91f-58d0f0994b5d service placement] 10.222.0.10 "PUT /placement/resource_providers/de7d70fd-0b10-4f37-b1ab-19f382a602f0/aggregates" status: 200 len: 92 microversion: 1.19
Jun 14 18:08:49.687379 n-d-793621-6 devstack@placement-api.service[93200]: [pid: 93200|app: 0|req: 40/76] 10.222.0.10 () {64 vars in 1477 bytes} [Mon Jun 14 18:08:49 2021] PUT /placement/resource_providers/de7d70fd-0b10-4f37-b1ab-19f382a602f0/aggregates => generated 92 bytes in 40 msecs (HTTP/1.1 200) 8 headers in 295 bytes (1 switches on core 0)
Jun 14 18:08:50.731393 n-d-793621-6 devstack@placement-api.service[93199]: DEBUG placement.requestlog [req-8728945f-345a-41c3-9bdf-4c2a41abe3c0 req-4dd0823f-1d65-4018-9244-dd6f0a1c64e1 None None] Starting request: 10.222.0.23 "GET /placement/allocations/28816043-9d99-482c-adf3-378ee32a0119" {{(pid=93199) __call__ /opt/stack/placement/placement/requestlog.py:55}}
Jun 14 18:08:50.759267 n-d-793621-6 devstack@placement-api.service[93199]: INFO placement.requestlog [req-8728945f-345a-41c3-9bdf-4c2a41abe3c0 req-4dd0823f-1d65-4018-9244-dd6f0a1c64e1 service placement] 10.222.0.23 "GET /placement/allocations/28816043-9d99-482c-adf3-378ee32a0119" status: 200 len: 258 microversion: 1.28
Jun 14 18:08:50.759788 n-d-793621-6 devstack@placement-api.service[93199]: [pid: 93199|app: 0|req: 37/77] 10.222.0.23 () {60 vars in 1378 bytes} [Mon Jun 14 18:08:50 2021] GET /placement/allocations/28816043-9d99-482c-adf3-378ee32a0119 => generated 258 bytes in 29 msecs (HTTP/1.1 200) 8 headers in 296 bytes (1 switches on core 0)
Jun 14 18:08:50.770038 n-d-793621-6 devstack@placement-api.service[93200]: DEBUG placement.requestlog [req-8728945f-345a-41c3-9bdf-4c2a41abe3c0 req-a5cb9142-1a44-4d89-ab7b-0ef8de57a6a7 None None] Starting request: 10.222.0.23 "PUT /placement/allocations/28816043-9d99-482c-adf3-378ee32a0119" {{(pid=93200) __call__ /opt/stack/placement/placement/requestlog.py:55}}
Jun 14 18:08:50.962336 n-d-793621-6 devstack@placement-api.service[93200]: DEBUG placement.handlers.allocation [req-8728945f-345a-41c3-9bdf-4c2a41abe3c0 req-a5cb9142-1a44-4d89-ab7b-0ef8de57a6a7 service placement] Successfully wrote allocations [, , ] {{(pid=93200) _create_allocations /opt/stack/placement/placement/handlers/allocation.py:435}}
Jun 14 18:08:50.963352 n-d-793621-6 devstack@placement-api.service[93200]: INFO placement.requestlog [req-8728945f-345a-41c3-9bdf-4c2a41abe3c0 req-a5cb9142-1a44-4d89-ab7b-0ef8de57a6a7 service placement] 10.222.0.23 "PUT /placement/allocations/28816043-9d99-482c-adf3-378ee32a0119" status: 204 len: 0 microversion: 1.28
Jun 14 18:08:50.963992 n-d-793621-6 devstack@placement-api.service[93200]: [pid: 93200|app: 0|req: 41/78] 10.222.0.23 () {64 vars in 1431 bytes} [Mon Jun 14 18:08:50 2021] PUT /placement/allocations/28816043-9d99-482c-adf3-378ee32a0119 => generated 0 bytes in 194 msecs (HTTP/1.1 204) 5 headers in 199 bytes (1 switches on core 0)
Jun 14 18:08:51.505231 n-d-793621-6 devstack@placement-api.service[93199]: DEBUG placement.requestlog [req-378d2d24-dde9-4746-9717-2845dfd01c38 req-eb4e24b0-a8cd-4ef5-bc3c-6c15128d3428 None None] Starting request: 10.222.0.10 "GET /placement/resource_providers?name=n-h2-793621-6" {{(pid=93199) __call__ /opt/stack/placement/placement/requestlog.py:55}}
Jun 14 18:08:51.520083 n-d-793621-6 devstack@placement-api.service[93199]: INFO placement.requestlog [req-378d2d24-dde9-4746-9717-2845dfd01c38 req-eb4e24b0-a8cd-4ef5-bc3c-6c15128d3428 service placement] 10.222.0.10 "GET /placement/resource_providers?name=n-h2-793621-6" status: 200 len: 441 microversion: 1.0
Jun 14 18:08:51.526140 n-d-793621-6 devstack@placement-api.service[93199]: [pid: 93199|app: 0|req: 38/79] 10.222.0.10 () {58 vars in 1274 bytes} [Mon Jun 14 18:08:51 2021] GET /placement/resource_providers?name=n-h2-793621-6 => generated 441 bytes in 21 msecs (HTTP/1.1 200) 6 headers in 224 bytes (1 switches on core 0)
Jun 14 18:08:51.529321 n-d-793621-6 devstack@placement-api.service[93200]: DEBUG placement.requestlog [req-378d2d24-dde9-4746-9717-2845dfd01c38 req-ccb218cd-c650-4058-b04a-3a8201d51542 None None] Starting request: 10.222.0.10 "GET /placement/resource_providers/de7d70fd-0b10-4f37-b1ab-19f382a602f0/aggregates" {{(pid=93200) __call__ /opt/stack/placement/placement/requestlog.py:55}}
Jun 14 18:08:51.548183 n-d-793621-6 devstack@placement-api.service[93200]: INFO placement.requestlog [req-378d2d24-dde9-4746-9717-2845dfd01c38 req-ccb218cd-c650-4058-b04a-3a8201d51542 service placement] 10.222.0.10 "GET /placement/resource_providers/de7d70fd-0b10-4f37-b1ab-19f382a602f0/aggregates" status: 200 len: 92 microversion: 1.19
Jun 14 18:08:51.548623 n-d-793621-6 devstack@placement-api.service[93200]: [pid: 93200|app: 0|req: 42/80] 10.222.0.10 () {60 vars in 1425 bytes} [Mon Jun 14 18:08:51 2021] GET /placement/resource_providers/de7d70fd-0b10-4f37-b1ab-19f382a602f0/aggregates => generated 92 bytes in 20 msecs (HTTP/1.1 200) 8 headers in 295 bytes (1 switches on core 0)
Jun 14 18:08:51.555861 n-d-793621-6 devstack@placement-api.service[93199]: DEBUG placement.requestlog [req-378d2d24-dde9-4746-9717-2845dfd01c38 req-69af543b-501f-41f4-8b45-0fc49490a339 None None] Starting request: 10.222.0.10 "PUT /placement/resource_providers/de7d70fd-0b10-4f37-b1ab-19f382a602f0/aggregates" {{(pid=93199) __call__ /opt/stack/placement/placement/requestlog.py:55}}
Jun 14 18:08:51.577505 n-d-793621-6 devstack@placement-api.service[93199]: DEBUG placement.objects.resource_provider [req-378d2d24-dde9-4746-9717-2845dfd01c38 req-69af543b-501f-41f4-8b45-0fc49490a339 service placement] Setting aggregates for provider de7d70fd-0b10-4f37-b1ab-19f382a602f0. Successfully disassociated aggregate 1ecf617c-fd8f-4e00-849b-0a8efa127ae8. {{(pid=93199) _set_aggregates /opt/stack/placement/placement/objects/resource_provider.py:402}}
Jun 14 18:08:51.585456 n-d-793621-6 devstack@placement-api.service[93199]: INFO placement.requestlog [req-378d2d24-dde9-4746-9717-2845dfd01c38 req-69af543b-501f-41f4-8b45-0fc49490a339 service placement] 10.222.0.10 "PUT /placement/resource_providers/de7d70fd-0b10-4f37-b1ab-19f382a602f0/aggregates" status: 200 len: 54 microversion: 1.19
Jun 14 18:08:51.593492 n-d-793621-6 devstack@placement-api.service[93199]: [pid: 93199|app: 0|req: 39/81] 10.222.0.10 () {64 vars in 1477 bytes} [Mon Jun 14 18:08:51 2021] PUT /placement/resource_providers/de7d70fd-0b10-4f37-b1ab-19f382a602f0/aggregates => generated 54 bytes in 38 msecs (HTTP/1.1 200) 8 headers in 295 bytes (2 switches on core 0)
Jun 14 18:08:51.805770 n-d-793621-6 devstack@placement-api.service[93200]: DEBUG placement.requestlog [req-47846a64-a22c-49f8-a617-f86a1bf30e12 req-721ddc6e-c295-47f0-b1a0-a59c0773dd10 None None] Starting request: 10.222.0.26 "GET /placement/allocations/6a0f02c7-d7fd-45da-8155-96e9f9c5c954" {{(pid=93200) __call__ /opt/stack/placement/placement/requestlog.py:55}}
Jun 14 18:08:51.829768 n-d-793621-6 devstack@placement-api.service[93200]: INFO placement.requestlog [req-47846a64-a22c-49f8-a617-f86a1bf30e12 req-721ddc6e-c295-47f0-b1a0-a59c0773dd10 service placement] 10.222.0.26 "GET /placement/allocations/6a0f02c7-d7fd-45da-8155-96e9f9c5c954" status: 200 len: 259 microversion: 1.28
Jun 14 18:08:51.830464 n-d-793621-6 devstack@placement-api.service[93200]: [pid: 93200|app: 0|req: 43/82] 10.222.0.26 () {60 vars in 1378 bytes} [Mon Jun 14 18:08:51 2021] GET /placement/allocations/6a0f02c7-d7fd-45da-8155-96e9f9c5c954 => generated 259 bytes in 25 msecs (HTTP/1.1 200) 8 headers in 296 bytes (1 switches on core 0)
Jun 14 18:08:51.841989 n-d-793621-6 devstack@placement-api.service[93199]: DEBUG placement.requestlog [req-47846a64-a22c-49f8-a617-f86a1bf30e12 req-9d082165-8794-42a0-998d-c158ed07055e None None] Starting request: 10.222.0.26 "PUT /placement/allocations/6a0f02c7-d7fd-45da-8155-96e9f9c5c954" {{(pid=93199) __call__ /opt/stack/placement/placement/requestlog.py:55}}
Jun 14 18:08:51.932371 n-d-793621-6 devstack@placement-api.service[93199]: DEBUG placement.handlers.allocation [req-47846a64-a22c-49f8-a617-f86a1bf30e12 req-9d082165-8794-42a0-998d-c158ed07055e service placement] Successfully wrote allocations [, , ] {{(pid=93199) _create_allocations /opt/stack/placement/placement/handlers/allocation.py:435}}
Jun 14 18:08:51.932881 n-d-793621-6 devstack@placement-api.service[93199]: INFO placement.requestlog [req-47846a64-a22c-49f8-a617-f86a1bf30e12 req-9d082165-8794-42a0-998d-c158ed07055e service placement] 10.222.0.26 "PUT /placement/allocations/6a0f02c7-d7fd-45da-8155-96e9f9c5c954" status: 204 len: 0 microversion: 1.28
Jun 14 18:08:51.934169 n-d-793621-6 devstack@placement-api.service[93199]: [pid: 93199|app: 0|req: 40/83] 10.222.0.26 () {64 vars in 1431 bytes} [Mon Jun 14 18:08:51 2021] PUT /placement/allocations/6a0f02c7-d7fd-45da-8155-96e9f9c5c954 => generated 0 bytes in 92 msecs (HTTP/1.1 204) 5 headers in 199 bytes (1 switches on core 0)
Jun 14 18:08:52.473954 n-d-793621-6 devstack@placement-api.service[93200]: DEBUG placement.requestlog [req-db9522fd-4a0e-40d4-a856-fc7db2d4f414 req-3b3e4bf0-67fb-4f3b-a224-cdd74556405c None None] Starting request: 10.222.0.10 "GET /placement/allocation_candidates?limit=1000&resources=DISK_GB%3A1%2CMEMORY_MB%3A1024%2CVCPU%3A1&root_required=%21COMPUTE_STATUS_DISABLED" {{(pid=93200) __call__ /opt/stack/placement/placement/requestlog.py:55}}
Jun 14 18:08:52.526452 n-d-793621-6 devstack@placement-api.service[93200]: DEBUG placement.objects.research_context [req-db9522fd-4a0e-40d4-a856-fc7db2d4f414 req-3b3e4bf0-67fb-4f3b-a224-cdd74556405c service placement] getting providers with 1 DISK_GB {{(pid=93200) __init__ /opt/stack/placement/placement/objects/research_context.py:126}}
Jun 14 18:08:52.553788 n-d-793621-6 devstack@placement-api.service[93200]: DEBUG placement.objects.research_context [req-db9522fd-4a0e-40d4-a856-fc7db2d4f414 req-3b3e4bf0-67fb-4f3b-a224-cdd74556405c service placement] getting providers with 1024 MEMORY_MB {{(pid=93200) __init__ /opt/stack/placement/placement/objects/research_context.py:126}}
Jun 14 18:08:52.560477 n-d-793621-6 devstack@placement-api.service[93200]: DEBUG placement.objects.research_context [req-db9522fd-4a0e-40d4-a856-fc7db2d4f414 req-3b3e4bf0-67fb-4f3b-a224-cdd74556405c service placement] getting providers with 1 VCPU {{(pid=93200) __init__ /opt/stack/placement/placement/objects/research_context.py:126}}
Jun 14 18:08:52.582583 n-d-793621-6 devstack@placement-api.service[93200]: DEBUG placement.objects.research_context [req-db9522fd-4a0e-40d4-a856-fc7db2d4f414 req-3b3e4bf0-67fb-4f3b-a224-cdd74556405c service placement] found 2 providers with available 1 DISK_GB {{(pid=93200) get_provider_ids_matching /opt/stack/placement/placement/objects/research_context.py:549}}
Jun 14 18:08:52.582961 n-d-793621-6 devstack@placement-api.service[93200]: DEBUG placement.objects.research_context [req-db9522fd-4a0e-40d4-a856-fc7db2d4f414 req-3b3e4bf0-67fb-4f3b-a224-cdd74556405c service placement] found 2 providers with available 1024 MEMORY_MB {{(pid=93200) get_provider_ids_matching /opt/stack/placement/placement/objects/research_context.py:549}}
Jun 14 18:08:52.583312 n-d-793621-6 devstack@placement-api.service[93200]: DEBUG placement.objects.research_context [req-db9522fd-4a0e-40d4-a856-fc7db2d4f414 req-3b3e4bf0-67fb-4f3b-a224-cdd74556405c service placement] found 2 providers after filtering by previous result {{(pid=93200) get_provider_ids_matching /opt/stack/placement/placement/objects/research_context.py:580}}
Jun 14 18:08:52.583648 n-d-793621-6 devstack@placement-api.service[93200]: DEBUG placement.objects.research_context [req-db9522fd-4a0e-40d4-a856-fc7db2d4f414 req-3b3e4bf0-67fb-4f3b-a224-cdd74556405c service placement] found 2 providers with available 1 VCPU {{(pid=93200) get_provider_ids_matching /opt/stack/placement/placement/objects/research_context.py:549}}
Jun 14 18:08:52.583982 n-d-793621-6 devstack@placement-api.service[93200]: DEBUG placement.objects.research_context [req-db9522fd-4a0e-40d4-a856-fc7db2d4f414 req-3b3e4bf0-67fb-4f3b-a224-cdd74556405c service placement] found 2 providers after filtering by previous result {{(pid=93200) get_provider_ids_matching /opt/stack/placement/placement/objects/research_context.py:580}}
Jun 14 18:08:52.604866 n-d-793621-6 devstack@placement-api.service[93200]: DEBUG placement.objects.allocation_candidate [req-db9522fd-4a0e-40d4-a856-fc7db2d4f414 req-3b3e4bf0-67fb-4f3b-a224-cdd74556405c service placement] RequestGroup(use_same_provider=False, resources={DISK_GB:1, MEMORY_MB:1024, VCPU:1}, traits=[], aggregates=[]) (suffix '') returned 2 matches {{(pid=93200) _get_by_requests /opt/stack/placement/placement/objects/allocation_candidate.py:145}}
Jun 14 18:08:52.605863 n-d-793621-6 devstack@placement-api.service[93200]: DEBUG placement.objects.allocation_candidate [req-db9522fd-4a0e-40d4-a856-fc7db2d4f414 req-3b3e4bf0-67fb-4f3b-a224-cdd74556405c service placement] Merging candidates yields 2 allocation requests and 2 provider summaries {{(pid=93200) _merge_candidates /opt/stack/placement/placement/objects/allocation_candidate.py:783}}
Jun 14 18:08:52.607546 n-d-793621-6 devstack@placement-api.service[93200]: INFO placement.requestlog [req-db9522fd-4a0e-40d4-a856-fc7db2d4f414 req-3b3e4bf0-67fb-4f3b-a224-cdd74556405c service placement] 10.222.0.10 "GET /placement/allocation_candidates?limit=1000&resources=DISK_GB%3A1%2CMEMORY_MB%3A1024%2CVCPU%3A1&root_required=%21COMPUTE_STATUS_DISABLED" status: 200 len: 1306 microversion: 1.36
Jun 14 18:08:52.607854 n-d-793621-6 devstack@placement-api.service[93200]: [pid: 93200|app: 0|req: 44/84] 10.222.0.10 () {60 vars in 1506 bytes} [Mon Jun 14 18:08:52 2021] GET /placement/allocation_candidates?limit=1000&resources=DISK_GB%3A1%2CMEMORY_MB%3A1024%2CVCPU%3A1&root_required=%21COMPUTE_STATUS_DISABLED => generated 1306 bytes in 134 msecs (HTTP/1.1 200) 8 headers in 297 bytes (1 switches on core 0)
Jun 14 18:08:52.705620 n-d-793621-6 devstack@placement-api.service[93199]: DEBUG placement.requestlog [req-db9522fd-4a0e-40d4-a856-fc7db2d4f414 req-500759d7-41e7-44d1-8e90-fee77c293d04 None None] Starting request: 10.222.0.10 "GET /placement/allocations/3556e55b-1d6b-4fa3-b9a6-1762fed48f4d" {{(pid=93199) __call__ /opt/stack/placement/placement/requestlog.py:55}}
Jun 14 18:08:52.717337 n-d-793621-6 devstack@placement-api.service[93199]: INFO placement.requestlog [req-db9522fd-4a0e-40d4-a856-fc7db2d4f414 req-500759d7-41e7-44d1-8e90-fee77c293d04 service placement] 10.222.0.10 "GET /placement/allocations/3556e55b-1d6b-4fa3-b9a6-1762fed48f4d" status: 200 len: 19 microversion: 1.28
Jun 14 18:08:52.718130 n-d-793621-6 devstack@placement-api.service[93199]: [pid: 93199|app: 0|req: 41/85] 10.222.0.10 () {60 vars in 1380 bytes} [Mon Jun 14 18:08:52 2021] GET /placement/allocations/3556e55b-1d6b-4fa3-b9a6-1762fed48f4d => generated 19 bytes in 13 msecs (HTTP/1.1 200) 8 headers in 295 bytes (1 switches on core 0)
Jun 14 18:08:52.727456 n-d-793621-6 devstack@placement-api.service[93200]: DEBUG placement.requestlog [req-db9522fd-4a0e-40d4-a856-fc7db2d4f414 req-fd216336-282d-40d6-898d-8733a24e6b04 None None] Starting request: 10.222.0.10 "PUT /placement/allocations/3556e55b-1d6b-4fa3-b9a6-1762fed48f4d" {{(pid=93200) __call__ /opt/stack/placement/placement/requestlog.py:55}}
Jun 14 18:08:52.900636 n-d-793621-6 devstack@placement-api.service[93200]: DEBUG placement.handlers.allocation [req-db9522fd-4a0e-40d4-a856-fc7db2d4f414 req-fd216336-282d-40d6-898d-8733a24e6b04 service placement] Successfully wrote allocations [, , ] {{(pid=93200) _create_allocations /opt/stack/placement/placement/handlers/allocation.py:435}}
Jun 14 18:08:52.903204 n-d-793621-6 devstack@placement-api.service[93200]: INFO placement.requestlog [req-db9522fd-4a0e-40d4-a856-fc7db2d4f414 req-fd216336-282d-40d6-898d-8733a24e6b04 service placement] 10.222.0.10 "PUT /placement/allocations/3556e55b-1d6b-4fa3-b9a6-1762fed48f4d" status: 204 len: 0 microversion: 1.36
Jun 14 18:08:52.904414 n-d-793621-6 devstack@placement-api.service[93200]: [pid: 93200|app: 0|req: 45/86] 10.222.0.10 () {64 vars in 1433 bytes} [Mon Jun 14 18:08:52 2021] PUT /placement/allocations/3556e55b-1d6b-4fa3-b9a6-1762fed48f4d => generated 0 bytes in 177 msecs (HTTP/1.1 204) 5 headers in 199 bytes (1 switches on core 0)
Jun 14 18:08:53.086789 n-d-793621-6 devstack@placement-api.service[93199]: DEBUG placement.requestlog [req-3c0fad18-a0f4-433e-9c03-93045e185287 req-fce43f11-c7aa-4ba9-9f7d-a2e06b331942 None None] Starting request: 10.222.0.10 "GET /placement/allocation_candidates?limit=1000&resources=DISK_GB%3A1%2CMEMORY_MB%3A1024%2CVCPU%3A1&root_required=%21COMPUTE_STATUS_DISABLED" {{(pid=93199) __call__ /opt/stack/placement/placement/requestlog.py:55}}
Jun 14 18:08:53.186140 n-d-793621-6 devstack@placement-api.service[93199]: DEBUG placement.objects.research_context [req-3c0fad18-a0f4-433e-9c03-93045e185287 req-fce43f11-c7aa-4ba9-9f7d-a2e06b331942 service placement] getting providers with 1 DISK_GB {{(pid=93199) __init__ /opt/stack/placement/placement/objects/research_context.py:126}}
Jun 14 18:08:53.197901 n-d-793621-6 devstack@placement-api.service[93199]: DEBUG placement.objects.research_context [req-3c0fad18-a0f4-433e-9c03-93045e185287 req-fce43f11-c7aa-4ba9-9f7d-a2e06b331942 service placement] getting providers with 1024 MEMORY_MB {{(pid=93199) __init__ /opt/stack/placement/placement/objects/research_context.py:126}}
Jun 14 18:08:53.215885 n-d-793621-6 devstack@placement-api.service[93199]: DEBUG placement.objects.research_context [req-3c0fad18-a0f4-433e-9c03-93045e185287 req-fce43f11-c7aa-4ba9-9f7d-a2e06b331942 service placement] getting providers with 1 VCPU {{(pid=93199) __init__ /opt/stack/placement/placement/objects/research_context.py:126}}
Jun 14 18:08:53.228965 n-d-793621-6 devstack@placement-api.service[93199]: DEBUG placement.objects.research_context [req-3c0fad18-a0f4-433e-9c03-93045e185287 req-fce43f11-c7aa-4ba9-9f7d-a2e06b331942 service placement] found 2 providers with available 1 DISK_GB {{(pid=93199) get_provider_ids_matching /opt/stack/placement/placement/objects/research_context.py:549}}
Jun 14 18:08:53.229548 n-d-793621-6 devstack@placement-api.service[93199]: DEBUG placement.objects.research_context [req-3c0fad18-a0f4-433e-9c03-93045e185287 req-fce43f11-c7aa-4ba9-9f7d-a2e06b331942 service placement] found 2 providers with available 1024 MEMORY_MB {{(pid=93199) get_provider_ids_matching /opt/stack/placement/placement/objects/research_context.py:549}}
Jun 14 18:08:53.229884 n-d-793621-6 devstack@placement-api.service[93199]: DEBUG placement.objects.research_context [req-3c0fad18-a0f4-433e-9c03-93045e185287 req-fce43f11-c7aa-4ba9-9f7d-a2e06b331942 service placement] found 2 providers after filtering by previous result {{(pid=93199) get_provider_ids_matching /opt/stack/placement/placement/objects/research_context.py:580}}
Jun 14 18:08:53.233452 n-d-793621-6 devstack@placement-api.service[93199]: DEBUG placement.objects.research_context [req-3c0fad18-a0f4-433e-9c03-93045e185287 req-fce43f11-c7aa-4ba9-9f7d-a2e06b331942 service placement] found 2 providers with available 1 VCPU {{(pid=93199) get_provider_ids_matching /opt/stack/placement/placement/objects/research_context.py:549}}
Jun 14 18:08:53.235019 n-d-793621-6 devstack@placement-api.service[93199]: DEBUG placement.objects.research_context [req-3c0fad18-a0f4-433e-9c03-93045e185287 req-fce43f11-c7aa-4ba9-9f7d-a2e06b331942 service placement] found 2 providers after filtering by previous result {{(pid=93199) get_provider_ids_matching /opt/stack/placement/placement/objects/research_context.py:580}}
Jun 14 18:08:53.255506 n-d-793621-6 devstack@placement-api.service[93199]: DEBUG placement.objects.allocation_candidate [req-3c0fad18-a0f4-433e-9c03-93045e185287 req-fce43f11-c7aa-4ba9-9f7d-a2e06b331942 service placement] RequestGroup(use_same_provider=False, resources={DISK_GB:1, MEMORY_MB:1024, VCPU:1}, traits=[], aggregates=[]) (suffix '') returned 2 matches {{(pid=93199) _get_by_requests /opt/stack/placement/placement/objects/allocation_candidate.py:145}}
Jun 14 18:08:53.256733 n-d-793621-6 devstack@placement-api.service[93199]: DEBUG placement.objects.allocation_candidate [req-3c0fad18-a0f4-433e-9c03-93045e185287 req-fce43f11-c7aa-4ba9-9f7d-a2e06b331942 service placement] Merging candidates yields 2 allocation requests and 2 provider summaries {{(pid=93199) _merge_candidates /opt/stack/placement/placement/objects/allocation_candidate.py:783}}
Jun 14 18:08:53.258974 n-d-793621-6 devstack@placement-api.service[93199]: INFO placement.requestlog [req-3c0fad18-a0f4-433e-9c03-93045e185287 req-fce43f11-c7aa-4ba9-9f7d-a2e06b331942 service placement] 10.222.0.10 "GET /placement/allocation_candidates?limit=1000&resources=DISK_GB%3A1%2CMEMORY_MB%3A1024%2CVCPU%3A1&root_required=%21COMPUTE_STATUS_DISABLED" status: 200 len: 1309 microversion: 1.36
Jun 14 18:08:53.259766 n-d-793621-6 devstack@placement-api.service[93199]: [pid: 93199|app: 0|req: 42/87] 10.222.0.10 () {60 vars in 1506 bytes} [Mon Jun 14 18:08:53 2021] GET /placement/allocation_candidates?limit=1000&resources=DISK_GB%3A1%2CMEMORY_MB%3A1024%2CVCPU%3A1&root_required=%21COMPUTE_STATUS_DISABLED => generated 1309 bytes in 173 msecs (HTTP/1.1 200) 8 headers in 297 bytes (1 switches on core 0)
Jun 14 18:08:53.414708 n-d-793621-6 devstack@placement-api.service[93200]: DEBUG placement.requestlog [req-3c0fad18-a0f4-433e-9c03-93045e185287 req-e213482b-3f81-49dd-a408-84315552fcdb None None] Starting request: 10.222.0.10 "GET /placement/allocations/85b55d1b-4494-42dd-9a7c-8a527011eff1" {{(pid=93200) __call__ /opt/stack/placement/placement/requestlog.py:55}}
Jun 14 18:08:53.443835 n-d-793621-6 devstack@placement-api.service[93200]: INFO placement.requestlog [req-3c0fad18-a0f4-433e-9c03-93045e185287 req-e213482b-3f81-49dd-a408-84315552fcdb service placement] 10.222.0.10 "GET /placement/allocations/85b55d1b-4494-42dd-9a7c-8a527011eff1" status: 200 len: 19 microversion: 1.28
Jun 14 18:08:53.444077 n-d-793621-6 devstack@placement-api.service[93200]: [pid: 93200|app: 0|req: 46/88] 10.222.0.10 () {60 vars in 1380 bytes} [Mon Jun 14 18:08:53 2021] GET /placement/allocations/85b55d1b-4494-42dd-9a7c-8a527011eff1 => generated 19 bytes in 30 msecs (HTTP/1.1 200) 8 headers in 295 bytes (1 switches on core 0)
Jun 14 18:08:53.450751 n-d-793621-6 devstack@placement-api.service[93199]: DEBUG placement.requestlog [req-3c0fad18-a0f4-433e-9c03-93045e185287 req-6917868f-73ff-45a3-894a-d2da6af6a170 None None] Starting request: 10.222.0.10 "PUT /placement/allocations/85b55d1b-4494-42dd-9a7c-8a527011eff1" {{(pid=93199) __call__ /opt/stack/placement/placement/requestlog.py:55}}
Jun 14 18:08:53.567903 n-d-793621-6 devstack@placement-api.service[93199]: DEBUG placement.handlers.allocation [req-3c0fad18-a0f4-433e-9c03-93045e185287 req-6917868f-73ff-45a3-894a-d2da6af6a170 service placement] Successfully wrote allocations [, , ] {{(pid=93199) _create_allocations /opt/stack/placement/placement/handlers/allocation.py:435}}
Jun 14 18:08:53.568978 n-d-793621-6 devstack@placement-api.service[93199]: INFO placement.requestlog [req-3c0fad18-a0f4-433e-9c03-93045e185287 req-6917868f-73ff-45a3-894a-d2da6af6a170 service placement] 10.222.0.10 "PUT /placement/allocations/85b55d1b-4494-42dd-9a7c-8a527011eff1" status: 204 len: 0 microversion: 1.36
Jun 14 18:08:53.582159 n-d-793621-6 devstack@placement-api.service[93199]: [pid: 93199|app: 0|req: 43/89] 10.222.0.10 () {64 vars in 1433 bytes} [Mon Jun 14 18:08:53 2021] PUT /placement/allocations/85b55d1b-4494-42dd-9a7c-8a527011eff1 => generated 0 bytes in 119 msecs (HTTP/1.1 204) 5 headers in 199 bytes (1 switches on core 0)
Jun 14 18:08:53.894457 n-d-793621-6 devstack@placement-api.service[93200]: DEBUG placement.requestlog [req-db9522fd-4a0e-40d4-a856-fc7db2d4f414 req-351bc86f-9877-44c6-a9e4-c917e5441f91 None None] Starting request: 10.222.0.26 "GET /placement/allocations/3556e55b-1d6b-4fa3-b9a6-1762fed48f4d" {{(pid=93200) __call__ /opt/stack/placement/placement/requestlog.py:55}}
Jun 14 18:08:53.936889 n-d-793621-6 devstack@placement-api.service[93200]: INFO placement.requestlog [req-db9522fd-4a0e-40d4-a856-fc7db2d4f414 req-351bc86f-9877-44c6-a9e4-c917e5441f91 service placement] 10.222.0.26 "GET /placement/allocations/3556e55b-1d6b-4fa3-b9a6-1762fed48f4d" status: 200 len: 259 microversion: 1.28
Jun 14 18:08:53.937993 n-d-793621-6 devstack@placement-api.service[93200]: [pid: 93200|app: 0|req: 47/90] 10.222.0.26 () {60 vars in 1378 bytes} [Mon Jun 14 18:08:53 2021] GET /placement/allocations/3556e55b-1d6b-4fa3-b9a6-1762fed48f4d => generated 259 bytes in 44 msecs (HTTP/1.1 200) 8 headers in 296 bytes (1 switches on core 0)
Jun 14 18:08:54.176982 n-d-793621-6 devstack@placement-api.service[93199]: DEBUG placement.requestlog [req-3c0fad18-a0f4-433e-9c03-93045e185287 req-be06c4d2-db3e-4980-b78e-d46fff96a246 None None] Starting request: 10.222.0.26 "GET /placement/allocations/85b55d1b-4494-42dd-9a7c-8a527011eff1" {{(pid=93199) __call__ /opt/stack/placement/placement/requestlog.py:55}}
Jun 14 18:08:54.203655 n-d-793621-6 devstack@placement-api.service[93199]: INFO placement.requestlog [req-3c0fad18-a0f4-433e-9c03-93045e185287 req-be06c4d2-db3e-4980-b78e-d46fff96a246 service placement] 10.222.0.26 "GET /placement/allocations/85b55d1b-4494-42dd-9a7c-8a527011eff1" status: 200 len: 259 microversion: 1.28
Jun 14 18:08:54.204156 n-d-793621-6 devstack@placement-api.service[93199]: [pid: 93199|app: 0|req: 44/91] 10.222.0.26 () {60 vars in 1378 bytes} [Mon Jun 14 18:08:54 2021] GET /placement/allocations/85b55d1b-4494-42dd-9a7c-8a527011eff1 => generated 259 bytes in 28 msecs (HTTP/1.1 200) 8 headers in 296 bytes (1 switches on core 0)
Jun 14 18:08:56.544606 n-d-793621-6 devstack@placement-api.service[93200]: DEBUG placement.requestlog [req-6cc13d08-eda0-4e80-ba51-cce4c1ecfee6 req-22eb8c5b-1e62-4a17-a435-6a5f5ea62f15 None None] Starting request: 10.222.0.26 "GET /placement/resource_providers/de7d70fd-0b10-4f37-b1ab-19f382a602f0/allocations" {{(pid=93200) __call__ /opt/stack/placement/placement/requestlog.py:55}}
Jun 14 18:08:56.572375 n-d-793621-6 devstack@placement-api.service[93200]: INFO placement.requestlog [req-6cc13d08-eda0-4e80-ba51-cce4c1ecfee6 req-22eb8c5b-1e62-4a17-a435-6a5f5ea62f15 service placement] 10.222.0.26 "GET /placement/resource_providers/de7d70fd-0b10-4f37-b1ab-19f382a602f0/allocations" status: 200 len: 255 microversion: 1.0
Jun 14 18:08:56.572640 n-d-793621-6 devstack@placement-api.service[93200]: [pid: 93200|app: 0|req: 48/92] 10.222.0.26 () {58 vars in 1391 bytes} [Mon Jun 14 18:08:56 2021] GET /placement/resource_providers/de7d70fd-0b10-4f37-b1ab-19f382a602f0/allocations => generated 255 bytes in 28 msecs (HTTP/1.1 200) 6 headers in 224 bytes (1 switches on core 0)
Jun 14 18:08:59.541694 n-d-793621-6 devstack@placement-api.service[93199]: DEBUG placement.requestlog [req-ec5aec15-8274-40e6-abde-d28335a96707 req-d0e666ae-88db-4de0-89ea-10546e6ca407 None None] Starting request: 10.222.0.23 "GET /placement/resource_providers/66d9d80b-a15a-4ea6-a350-6a22ad83da0e/allocations" {{(pid=93199) __call__ /opt/stack/placement/placement/requestlog.py:55}}
Jun 14 18:08:59.593847 n-d-793621-6 devstack@placement-api.service[93199]: INFO placement.requestlog [req-ec5aec15-8274-40e6-abde-d28335a96707 req-d0e666ae-88db-4de0-89ea-10546e6ca407 service placement] 10.222.0.23 "GET /placement/resource_providers/66d9d80b-a15a-4ea6-a350-6a22ad83da0e/allocations" status: 200 len: 153 microversion: 1.0
Jun 14 18:08:59.594701 n-d-793621-6 devstack@placement-api.service[93199]: [pid: 93199|app: 0|req: 45/93] 10.222.0.23 () {58 vars in 1391 bytes} [Mon Jun 14 18:08:59 2021] GET /placement/resource_providers/66d9d80b-a15a-4ea6-a350-6a22ad83da0e/allocations => generated 153 bytes in 53 msecs (HTTP/1.1 200) 6 headers in 224 bytes (1 switches on core 0)
Jun 14 18:09:02.817483 n-d-793621-6 devstack@placement-api.service[93200]: DEBUG placement.requestlog [req-1d321b8c-30fc-47c6-9986-881de9cfc1f0 req-d6fee444-b332-4447-9ece-f73d1508cc24 None None] Starting request: 10.222.0.10 "GET /placement/allocation_candidates?limit=1000&resources=DISK_GB%3A1%2CMEMORY_MB%3A1024%2CVCPU%3A1&root_required=%21COMPUTE_STATUS_DISABLED" {{(pid=93200) __call__ /opt/stack/placement/placement/requestlog.py:55}}
Jun 14 18:09:02.877719 n-d-793621-6 devstack@placement-api.service[93200]: DEBUG placement.objects.research_context [req-1d321b8c-30fc-47c6-9986-881de9cfc1f0 req-d6fee444-b332-4447-9ece-f73d1508cc24 service placement] getting providers with 1 DISK_GB {{(pid=93200) __init__ /opt/stack/placement/placement/objects/research_context.py:126}}
Jun 14 18:09:02.885343 n-d-793621-6 devstack@placement-api.service[93200]: DEBUG placement.objects.research_context [req-1d321b8c-30fc-47c6-9986-881de9cfc1f0 req-d6fee444-b332-4447-9ece-f73d1508cc24 service placement] getting providers with 1024 MEMORY_MB {{(pid=93200) __init__ /opt/stack/placement/placement/objects/research_context.py:126}}
Jun 14 18:09:02.896426 n-d-793621-6 devstack@placement-api.service[93200]: DEBUG placement.objects.research_context [req-1d321b8c-30fc-47c6-9986-881de9cfc1f0 req-d6fee444-b332-4447-9ece-f73d1508cc24 service placement] getting providers with 1 VCPU {{(pid=93200) __init__ /opt/stack/placement/placement/objects/research_context.py:126}}
Jun 14 18:09:02.912826 n-d-793621-6 devstack@placement-api.service[93200]: DEBUG placement.objects.research_context [req-1d321b8c-30fc-47c6-9986-881de9cfc1f0 req-d6fee444-b332-4447-9ece-f73d1508cc24 service placement] found 2 providers with available 1 DISK_GB {{(pid=93200) get_provider_ids_matching /opt/stack/placement/placement/objects/research_context.py:549}}
Jun 14 18:09:02.912826 n-d-793621-6 devstack@placement-api.service[93200]: DEBUG placement.objects.research_context [req-1d321b8c-30fc-47c6-9986-881de9cfc1f0 req-d6fee444-b332-4447-9ece-f73d1508cc24 service placement] found 2 providers with available 1024 MEMORY_MB {{(pid=93200) get_provider_ids_matching /opt/stack/placement/placement/objects/research_context.py:549}}
Jun 14 18:09:02.912826 n-d-793621-6 devstack@placement-api.service[93200]: DEBUG placement.objects.research_context [req-1d321b8c-30fc-47c6-9986-881de9cfc1f0 req-d6fee444-b332-4447-9ece-f73d1508cc24 service placement] found 2 providers after filtering by previous result {{(pid=93200) get_provider_ids_matching /opt/stack/placement/placement/objects/research_context.py:580}}
Jun 14 18:09:02.913371 n-d-793621-6 devstack@placement-api.service[93200]: DEBUG placement.objects.research_context [req-1d321b8c-30fc-47c6-9986-881de9cfc1f0 req-d6fee444-b332-4447-9ece-f73d1508cc24 service placement] found 2 providers with available 1 VCPU {{(pid=93200) get_provider_ids_matching /opt/stack/placement/placement/objects/research_context.py:549}}
Jun 14 18:09:02.913731 n-d-793621-6 devstack@placement-api.service[93200]: DEBUG placement.objects.research_context [req-1d321b8c-30fc-47c6-9986-881de9cfc1f0 req-d6fee444-b332-4447-9ece-f73d1508cc24 service placement] found 2 providers after filtering by previous result {{(pid=93200) get_provider_ids_matching /opt/stack/placement/placement/objects/research_context.py:580}}
Jun 14 18:09:02.940109 n-d-793621-6 devstack@placement-api.service[93200]: DEBUG placement.objects.allocation_candidate [req-1d321b8c-30fc-47c6-9986-881de9cfc1f0 req-d6fee444-b332-4447-9ece-f73d1508cc24 service placement] RequestGroup(use_same_provider=False, resources={DISK_GB:1, MEMORY_MB:1024, VCPU:1}, traits=[], aggregates=[]) (suffix '') returned 2 matches {{(pid=93200) _get_by_requests /opt/stack/placement/placement/objects/allocation_candidate.py:145}}
Jun 14 18:09:02.940627 n-d-793621-6 devstack@placement-api.service[93200]: DEBUG placement.objects.allocation_candidate [req-1d321b8c-30fc-47c6-9986-881de9cfc1f0 req-d6fee444-b332-4447-9ece-f73d1508cc24 service placement] Merging candidates yields 2 allocation requests and 2 provider summaries {{(pid=93200) _merge_candidates /opt/stack/placement/placement/objects/allocation_candidate.py:783}}
Jun 14 18:09:02.946429 n-d-793621-6 devstack@placement-api.service[93200]: INFO placement.requestlog [req-1d321b8c-30fc-47c6-9986-881de9cfc1f0 req-d6fee444-b332-4447-9ece-f73d1508cc24 service placement] 10.222.0.10 "GET /placement/allocation_candidates?limit=1000&resources=DISK_GB%3A1%2CMEMORY_MB%3A1024%2CVCPU%3A1&root_required=%21COMPUTE_STATUS_DISABLED" status: 200 len: 1309 microversion: 1.36
Jun 14 18:09:02.951784 n-d-793621-6 devstack@placement-api.service[93200]: [pid: 93200|app: 0|req: 49/94] 10.222.0.10 () {60 vars in 1506 bytes} [Mon Jun 14 18:09:02 2021] GET /placement/allocation_candidates?limit=1000&resources=DISK_GB%3A1%2CMEMORY_MB%3A1024%2CVCPU%3A1&root_required=%21COMPUTE_STATUS_DISABLED => generated 1309 bytes in 134 msecs (HTTP/1.1 200) 8 headers in 297 bytes (1 switches on core 0)
Jun 14 18:09:03.058606 n-d-793621-6 devstack@placement-api.service[93199]: DEBUG placement.requestlog [req-1d321b8c-30fc-47c6-9986-881de9cfc1f0 req-ca080de5-3203-4e6f-9a85-9ff4a0d8ae69 None None] Starting request: 10.222.0.10 "GET /placement/allocations/a686b7b1-7477-404d-bf8b-8e22fd9f97d6" {{(pid=93199) __call__ /opt/stack/placement/placement/requestlog.py:55}}
Jun 14 18:09:03.070494 n-d-793621-6 devstack@placement-api.service[93199]: INFO placement.requestlog [req-1d321b8c-30fc-47c6-9986-881de9cfc1f0 req-ca080de5-3203-4e6f-9a85-9ff4a0d8ae69 service placement] 10.222.0.10 "GET /placement/allocations/a686b7b1-7477-404d-bf8b-8e22fd9f97d6" status: 200 len: 19 microversion: 1.28
Jun 14 18:09:03.077080 n-d-793621-6 devstack@placement-api.service[93199]: [pid: 93199|app: 0|req: 46/95] 10.222.0.10 () {60 vars in 1380 bytes} [Mon Jun 14 18:09:03 2021] GET /placement/allocations/a686b7b1-7477-404d-bf8b-8e22fd9f97d6 => generated 19 bytes in 19 msecs (HTTP/1.1 200) 8 headers in 295 bytes (1 switches on core 0)
Jun 14 18:09:03.077687 n-d-793621-6 devstack@placement-api.service[93200]: DEBUG placement.requestlog [req-1d321b8c-30fc-47c6-9986-881de9cfc1f0 req-2f3e4869-bd58-4257-a8e6-d64c8a1779a5 None None] Starting request: 10.222.0.10 "PUT /placement/allocations/a686b7b1-7477-404d-bf8b-8e22fd9f97d6" {{(pid=93200) __call__ /opt/stack/placement/placement/requestlog.py:55}}
Jun 14 18:09:03.196862 n-d-793621-6 devstack@placement-api.service[93200]: DEBUG placement.handlers.allocation [req-1d321b8c-30fc-47c6-9986-881de9cfc1f0 req-2f3e4869-bd58-4257-a8e6-d64c8a1779a5 service placement] Successfully wrote allocations [, , ] {{(pid=93200) _create_allocations /opt/stack/placement/placement/handlers/allocation.py:435}}
Jun 14 18:09:03.197919 n-d-793621-6 devstack@placement-api.service[93200]: INFO placement.requestlog [req-1d321b8c-30fc-47c6-9986-881de9cfc1f0 req-2f3e4869-bd58-4257-a8e6-d64c8a1779a5 service placement] 10.222.0.10 "PUT /placement/allocations/a686b7b1-7477-404d-bf8b-8e22fd9f97d6" status: 204 len: 0 microversion: 1.36
Jun 14 18:09:03.199217 n-d-793621-6 devstack@placement-api.service[93200]: [pid: 93200|app: 0|req: 50/96] 10.222.0.10 () {64 vars in 1433 bytes} [Mon Jun 14 18:09:03 2021] PUT /placement/allocations/a686b7b1-7477-404d-bf8b-8e22fd9f97d6 => generated 0 bytes in 121 msecs (HTTP/1.1 204) 5 headers in 199 bytes (1 switches on core 0)
