Aug 22 13:23:17.781125 n-d-793621-33 devstack@placement-api.service[95109]: DEBUG placement.objects.research_context [req-c2d31010-d903-4b01-8a9e-01ea89a39ab7 req-963107f2-2135-4d39-a9b9-6426376495dc service placement] found 2 providers with available 1 DISK_GB {{(pid=95109) get_provider_ids_matching /opt/stack/placement/placement/objects/research_context.py:549}}
Aug 22 13:23:17.781633 n-d-793621-33 devstack@placement-api.service[95109]: DEBUG placement.objects.research_context [req-c2d31010-d903-4b01-8a9e-01ea89a39ab7 req-963107f2-2135-4d39-a9b9-6426376495dc service placement] found 2 providers with available 1024 MEMORY_MB {{(pid=95109) get_provider_ids_matching /opt/stack/placement/placement/objects/research_context.py:549}}
Aug 22 13:23:17.782086 n-d-793621-33 devstack@placement-api.service[95109]: DEBUG placement.objects.research_context [req-c2d31010-d903-4b01-8a9e-01ea89a39ab7 req-963107f2-2135-4d39-a9b9-6426376495dc service placement] found 2 providers after filtering by previous result {{(pid=95109) get_provider_ids_matching /opt/stack/placement/placement/objects/research_context.py:580}}
Aug 22 13:23:17.782520 n-d-793621-33 devstack@placement-api.service[95109]: DEBUG placement.objects.research_context [req-c2d31010-d903-4b01-8a9e-01ea89a39ab7 req-963107f2-2135-4d39-a9b9-6426376495dc service placement] found 2 providers with available 1 VCPU {{(pid=95109) get_provider_ids_matching /opt/stack/placement/placement/objects/research_context.py:549}}
Aug 22 13:23:17.783354 n-d-793621-33 devstack@placement-api.service[95109]: DEBUG placement.objects.research_context [req-c2d31010-d903-4b01-8a9e-01ea89a39ab7 req-963107f2-2135-4d39-a9b9-6426376495dc service placement] found 2 providers after filtering by previous result {{(pid=95109) get_provider_ids_matching /opt/stack/placement/placement/objects/research_context.py:580}}
Aug 22 13:23:17.800943 n-d-793621-33 devstack@placement-api.service[95109]: DEBUG placement.objects.allocation_candidate [req-c2d31010-d903-4b01-8a9e-01ea89a39ab7 req-963107f2-2135-4d39-a9b9-6426376495dc service placement] RequestGroup(use_same_provider=False, resources={DISK_GB:1, MEMORY_MB:1024, VCPU:1}, traits=[], aggregates=[]) (suffix '') returned 2 matches {{(pid=95109) _get_by_requests /opt/stack/placement/placement/objects/allocation_candidate.py:145}}
Aug 22 13:23:17.802175 n-d-793621-33 devstack@placement-api.service[95109]: DEBUG placement.objects.allocation_candidate [req-c2d31010-d903-4b01-8a9e-01ea89a39ab7 req-963107f2-2135-4d39-a9b9-6426376495dc service placement] Merging candidates yields 2 allocation requests and 2 provider summaries {{(pid=95109) _merge_candidates /opt/stack/placement/placement/objects/allocation_candidate.py:783}}
Aug 22 13:23:17.805723 n-d-793621-33 devstack@placement-api.service[95109]: INFO placement.requestlog [req-c2d31010-d903-4b01-8a9e-01ea89a39ab7 req-963107f2-2135-4d39-a9b9-6426376495dc service placement] 10.222.0.21 "GET /placement/allocation_candidates?limit=1000&resources=DISK_GB%3A1%2CMEMORY_MB%3A1024%2CVCPU%3A1&root_required=%21COMPUTE_STATUS_DISABLED" status: 200 len: 1309 microversion: 1.36
Aug 22 13:23:17.807629 n-d-793621-33 devstack@placement-api.service[95109]: [pid: 95109|app: 0|req: 91/190] 10.222.0.21 () {60 vars in 1507 bytes} [Sun Aug 22 13:23:17 2021] GET /placement/allocation_candidates?limit=1000&resources=DISK_GB%3A1%2CMEMORY_MB%3A1024%2CVCPU%3A1&root_required=%21COMPUTE_STATUS_DISABLED => generated 1309 bytes in 116 msecs (HTTP/1.1 200) 8 headers in 297 bytes (1 switches on core 0)
Aug 22 13:23:17.890609 n-d-793621-33 devstack@placement-api.service[95110]: DEBUG placement.requestlog [req-c2d31010-d903-4b01-8a9e-01ea89a39ab7 req-9f48346e-465f-424f-a238-fea535f058b9 None None] Starting request: 10.222.0.21 "GET /placement/allocations/eb39c6f9-9027-430b-968c-05f1b9810b4c" {{(pid=95110) __call__ /opt/stack/placement/placement/requestlog.py:55}}
Aug 22 13:23:17.904745 n-d-793621-33 devstack@placement-api.service[95110]: INFO placement.requestlog [req-c2d31010-d903-4b01-8a9e-01ea89a39ab7 req-9f48346e-465f-424f-a238-fea535f058b9 service placement] 10.222.0.21 "GET /placement/allocations/eb39c6f9-9027-430b-968c-05f1b9810b4c" status: 200 len: 19 microversion: 1.28
Aug 22 13:23:17.908410 n-d-793621-33 devstack@placement-api.service[95110]: [pid: 95110|app: 0|req: 100/191] 10.222.0.21 () {60 vars in 1381 bytes} [Sun Aug 22 13:23:17 2021] GET /placement/allocations/eb39c6f9-9027-430b-968c-05f1b9810b4c => generated 19 bytes in 19 msecs (HTTP/1.1 200) 8 headers in 295 bytes (1 switches on core 0)
Aug 22 13:23:17.913615 n-d-793621-33 devstack@placement-api.service[95109]: DEBUG placement.requestlog [req-c2d31010-d903-4b01-8a9e-01ea89a39ab7 req-c819486d-5d55-49e0-88eb-981129ff9831 None None] Starting request: 10.222.0.21 "PUT /placement/allocations/eb39c6f9-9027-430b-968c-05f1b9810b4c" {{(pid=95109) __call__ /opt/stack/placement/placement/requestlog.py:55}}
Aug 22 13:23:18.076579 n-d-793621-33 devstack@placement-api.service[95109]: DEBUG placement.handlers.allocation [req-c2d31010-d903-4b01-8a9e-01ea89a39ab7 req-c819486d-5d55-49e0-88eb-981129ff9831 service placement] Successfully wrote allocations [, , ] {{(pid=95109) _create_allocations /opt/stack/placement/placement/handlers/allocation.py:435}}
Aug 22 13:23:18.077338 n-d-793621-33 devstack@placement-api.service[95109]: INFO placement.requestlog [req-c2d31010-d903-4b01-8a9e-01ea89a39ab7 req-c819486d-5d55-49e0-88eb-981129ff9831 service placement] 10.222.0.21 "PUT /placement/allocations/eb39c6f9-9027-430b-968c-05f1b9810b4c" status: 204 len: 0 microversion: 1.36
Aug 22 13:23:18.087578 n-d-793621-33 devstack@placement-api.service[95109]: [pid: 95109|app: 0|req: 92/192] 10.222.0.21 () {64 vars in 1434 bytes} [Sun Aug 22 13:23:17 2021] PUT /placement/allocations/eb39c6f9-9027-430b-968c-05f1b9810b4c => generated 0 bytes in 169 msecs (HTTP/1.1 204) 5 headers in 199 bytes (2 switches on core 0)
Aug 22 13:23:18.511365 n-d-793621-33 devstack@placement-api.service[95110]: DEBUG placement.requestlog [req-c2d31010-d903-4b01-8a9e-01ea89a39ab7 req-8999a498-1759-46d4-a92e-2c53338f8cb3 None None] Starting request: 10.222.0.41 "GET /placement/allocations/eb39c6f9-9027-430b-968c-05f1b9810b4c" {{(pid=95110) __call__ /opt/stack/placement/placement/requestlog.py:55}}
Aug 22 13:23:18.548746 n-d-793621-33 devstack@placement-api.service[95110]: INFO placement.requestlog [req-c2d31010-d903-4b01-8a9e-01ea89a39ab7 req-8999a498-1759-46d4-a92e-2c53338f8cb3 service placement] 10.222.0.41 "GET /placement/allocations/eb39c6f9-9027-430b-968c-05f1b9810b4c" status: 200 len: 259 microversion: 1.28
Aug 22 13:23:18.549680 n-d-793621-33 devstack@placement-api.service[95110]: [pid: 95110|app: 0|req: 101/193] 10.222.0.41 () {60 vars in 1378 bytes} [Sun Aug 22 13:23:18 2021] GET /placement/allocations/eb39c6f9-9027-430b-968c-05f1b9810b4c => generated 259 bytes in 38 msecs (HTTP/1.1 200) 8 headers in 296 bytes (1 switches on core 0)
Aug 22 13:23:28.182136 n-d-793621-33 devstack@placement-api.service[95109]: DEBUG placement.requestlog [req-42005df2-9a5f-4dcd-8c9a-d956ba30e456 req-894b5a89-12cd-4301-866d-b8fcd37c62d3 None None] Starting request: 10.222.0.16 "GET /placement/allocations/f492287a-a9c4-4fd7-a5ee-af72bc128519" {{(pid=95109) __call__ /opt/stack/placement/placement/requestlog.py:55}}
Aug 22 13:23:28.217198 n-d-793621-33 devstack@placement-api.service[95109]: INFO placement.requestlog [req-42005df2-9a5f-4dcd-8c9a-d956ba30e456 req-894b5a89-12cd-4301-866d-b8fcd37c62d3 service placement] 10.222.0.16 "GET /placement/allocations/f492287a-a9c4-4fd7-a5ee-af72bc128519" status: 200 len: 259 microversion: 1.28
Aug 22 13:23:28.217679 n-d-793621-33 devstack@placement-api.service[95109]: [pid: 95109|app: 0|req: 93/194] 10.222.0.16 () {60 vars in 1378 bytes} [Sun Aug 22 13:23:28 2021] GET /placement/allocations/f492287a-a9c4-4fd7-a5ee-af72bc128519 => generated 259 bytes in 36 msecs (HTTP/1.1 200) 8 headers in 296 bytes (1 switches on core 0)
Aug 22 13:23:28.235904 n-d-793621-33 devstack@placement-api.service[95110]: DEBUG placement.requestlog [req-42005df2-9a5f-4dcd-8c9a-d956ba30e456 req-17664c74-682e-4af9-859c-46fda00b0d60 None None] Starting request: 10.222.0.16 "PUT /placement/allocations/f492287a-a9c4-4fd7-a5ee-af72bc128519" {{(pid=95110) __call__ /opt/stack/placement/placement/requestlog.py:55}}
Aug 22 13:23:28.315193 n-d-793621-33 devstack@placement-api.service[95110]: DEBUG placement.handlers.allocation [req-42005df2-9a5f-4dcd-8c9a-d956ba30e456 req-17664c74-682e-4af9-859c-46fda00b0d60 service placement] Successfully wrote allocations [, , ] {{(pid=95110) _create_allocations /opt/stack/placement/placement/handlers/allocation.py:435}}
Aug 22 13:23:28.316720 n-d-793621-33 devstack@placement-api.service[95110]: INFO placement.requestlog [req-42005df2-9a5f-4dcd-8c9a-d956ba30e456 req-17664c74-682e-4af9-859c-46fda00b0d60 service placement] 10.222.0.16 "PUT /placement/allocations/f492287a-a9c4-4fd7-a5ee-af72bc128519" status: 204 len: 0 microversion: 1.28
Aug 22 13:23:28.317469 n-d-793621-33 devstack@placement-api.service[95110]: [pid: 95110|app: 0|req: 102/195] 10.222.0.16 () {64 vars in 1431 bytes} [Sun Aug 22 13:23:28 2021] PUT /placement/allocations/f492287a-a9c4-4fd7-a5ee-af72bc128519 => generated 0 bytes in 82 msecs (HTTP/1.1 204) 5 headers in 199 bytes (1 switches on core 0)
Aug 22 13:23:29.297175 n-d-793621-33 devstack@placement-api.service[95109]: DEBUG placement.requestlog [req-78fa374d-6a4c-4acb-af59-1acc21ffccd5 req-539e6fdc-d4c9-405c-a309-1ab1d5072cd9 None None] Starting request: 10.222.0.41 "GET /placement/resource_providers/a5ac9eab-0b43-48ef-948b-6b70103b7f94/allocations" {{(pid=95109) __call__ /opt/stack/placement/placement/requestlog.py:55}}
Aug 22 13:23:29.352790 n-d-793621-33 devstack@placement-api.service[95109]: INFO placement.requestlog [req-78fa374d-6a4c-4acb-af59-1acc21ffccd5 req-539e6fdc-d4c9-405c-a309-1ab1d5072cd9 service placement] 10.222.0.41 "GET /placement/resource_providers/a5ac9eab-0b43-48ef-948b-6b70103b7f94/allocations" status: 200 len: 658 microversion: 1.0
Aug 22 13:23:29.357637 n-d-793621-33 devstack@placement-api.service[95109]: [pid: 95109|app: 0|req: 94/196] 10.222.0.41 () {58 vars in 1391 bytes} [Sun Aug 22 13:23:29 2021] GET /placement/resource_providers/a5ac9eab-0b43-48ef-948b-6b70103b7f94/allocations => generated 658 bytes in 61 msecs (HTTP/1.1 200) 6 headers in 224 bytes (2 switches on core 0)
Aug 22 13:23:29.829881 n-d-793621-33 devstack@placement-api.service[95110]: DEBUG placement.requestlog [req-78fa374d-6a4c-4acb-af59-1acc21ffccd5 req-d5f8f2ed-dbcd-4875-8960-e6086ea2b6a2 None None] Starting request: 10.222.0.41 "GET /placement/allocations/d0f9318c-5f72-4cb4-943c-5507be65ecb5" {{(pid=95110) __call__ /opt/stack/placement/placement/requestlog.py:55}}
Aug 22 13:23:29.856038 n-d-793621-33 devstack@placement-api.service[95110]: INFO placement.requestlog [req-78fa374d-6a4c-4acb-af59-1acc21ffccd5 req-d5f8f2ed-dbcd-4875-8960-e6086ea2b6a2 service placement] 10.222.0.41 "GET /placement/allocations/d0f9318c-5f72-4cb4-943c-5507be65ecb5" status: 200 len: 259 microversion: 1.28
Aug 22 13:23:29.857054 n-d-793621-33 devstack@placement-api.service[95110]: [pid: 95110|app: 0|req: 103/197] 10.222.0.41 () {60 vars in 1378 bytes} [Sun Aug 22 13:23:29 2021] GET /placement/allocations/d0f9318c-5f72-4cb4-943c-5507be65ecb5 => generated 259 bytes in 28 msecs (HTTP/1.1 200) 8 headers in 296 bytes (1 switches on core 0)
Aug 22 13:23:29.865977 n-d-793621-33 devstack@placement-api.service[95109]: DEBUG placement.requestlog [req-78fa374d-6a4c-4acb-af59-1acc21ffccd5 req-bbbe7ad3-c605-490f-b167-b1e67b489832 None None] Starting request: 10.222.0.41 "PUT /placement/allocations/d0f9318c-5f72-4cb4-943c-5507be65ecb5" {{(pid=95109) __call__ /opt/stack/placement/placement/requestlog.py:55}}
Aug 22 13:23:29.935032 n-d-793621-33 devstack@placement-api.service[95109]: DEBUG placement.handlers.allocation [req-78fa374d-6a4c-4acb-af59-1acc21ffccd5 req-bbbe7ad3-c605-490f-b167-b1e67b489832 service placement] Successfully wrote allocations [, , ] {{(pid=95109) _create_allocations /opt/stack/placement/placement/handlers/allocation.py:435}}
Aug 22 13:23:29.935818 n-d-793621-33 devstack@placement-api.service[95109]: INFO placement.requestlog [req-78fa374d-6a4c-4acb-af59-1acc21ffccd5 req-bbbe7ad3-c605-490f-b167-b1e67b489832 service placement] 10.222.0.41 "PUT /placement/allocations/d0f9318c-5f72-4cb4-943c-5507be65ecb5" status: 204 len: 0 microversion: 1.28
Aug 22 13:23:29.936326 n-d-793621-33 devstack@placement-api.service[95109]: [pid: 95109|app: 0|req: 95/198] 10.222.0.41 () {64 vars in 1431 bytes} [Sun Aug 22 13:23:29 2021] PUT /placement/allocations/d0f9318c-5f72-4cb4-943c-5507be65ecb5 => generated 0 bytes in 71 msecs (HTTP/1.1 204) 5 headers in 199 bytes (2 switches on core 0)
Aug 22 13:23:30.802197 n-d-793621-33 devstack@placement-api.service[95110]: DEBUG placement.requestlog [req-ad11080d-11a0-4544-ac47-2f26a4987db0 req-5a55937f-5132-454f-9dab-b633b5dea6a5 None None] Starting request: 10.222.0.16 "GET /placement/allocations/1381c6e8-9123-44f9-9bd7-30b5a2f31fa9" {{(pid=95110) __call__ /opt/stack/placement/placement/requestlog.py:55}}
Aug 22 13:23:30.818673 n-d-793621-33 devstack@placement-api.service[95110]: INFO placement.requestlog [req-ad11080d-11a0-4544-ac47-2f26a4987db0 req-5a55937f-5132-454f-9dab-b633b5dea6a5 service placement] 10.222.0.16 "GET /placement/allocations/1381c6e8-9123-44f9-9bd7-30b5a2f31fa9" status: 200 len: 259 microversion: 1.28
Aug 22 13:23:30.818917 n-d-793621-33 devstack@placement-api.service[95110]: [pid: 95110|app: 0|req: 104/199] 10.222.0.16 () {60 vars in 1378 bytes} [Sun Aug 22 13:23:30 2021] GET /placement/allocations/1381c6e8-9123-44f9-9bd7-30b5a2f31fa9 => generated 259 bytes in 17 msecs (HTTP/1.1 200) 8 headers in 296 bytes (1 switches on core 0)
Aug 22 13:23:30.863632 n-d-793621-33 devstack@placement-api.service[95109]: DEBUG placement.requestlog [req-ad11080d-11a0-4544-ac47-2f26a4987db0 req-fef6e83d-6b4f-48a7-87cb-1c4a1caba1e9 None None] Starting request: 10.222.0.16 "PUT /placement/allocations/1381c6e8-9123-44f9-9bd7-30b5a2f31fa9" {{(pid=95109) __call__ /opt/stack/placement/placement/requestlog.py:55}}
Aug 22 13:23:30.958166 n-d-793621-33 devstack@placement-api.service[95109]: DEBUG placement.handlers.allocation [req-ad11080d-11a0-4544-ac47-2f26a4987db0 req-fef6e83d-6b4f-48a7-87cb-1c4a1caba1e9 service placement] Successfully wrote allocations [, , ] {{(pid=95109) _create_allocations /opt/stack/placement/placement/handlers/allocation.py:435}}
Aug 22 13:23:30.959024 n-d-793621-33 devstack@placement-api.service[95109]: INFO placement.requestlog [req-ad11080d-11a0-4544-ac47-2f26a4987db0 req-fef6e83d-6b4f-48a7-87cb-1c4a1caba1e9 service placement] 10.222.0.16 "PUT /placement/allocations/1381c6e8-9123-44f9-9bd7-30b5a2f31fa9" status: 204 len: 0 microversion: 1.28
Aug 22 13:23:30.959556 n-d-793621-33 devstack@placement-api.service[95109]: [pid: 95109|app: 0|req: 96/200] 10.222.0.16 () {64 vars in 1431 bytes} [Sun Aug 22 13:23:30 2021] PUT /placement/allocations/1381c6e8-9123-44f9-9bd7-30b5a2f31fa9 => generated 0 bytes in 96 msecs (HTTP/1.1 204) 5 headers in 199 bytes (1 switches on core 0)
Aug 22 13:23:31.656917 n-d-793621-33 devstack@placement-api.service[95110]: DEBUG placement.requestlog [req-fee8960c-e334-4eaa-876b-c5c129f6dbe6 req-7b2c3964-ddbc-427a-95e2-deadd7875467 None None] Starting request: 10.222.0.21 "GET /placement/allocation_candidates?limit=1000&resources=DISK_GB%3A1%2CMEMORY_MB%3A1024%2CVCPU%3A1&root_required=%21COMPUTE_STATUS_DISABLED" {{(pid=95110) __call__ /opt/stack/placement/placement/requestlog.py:55}}
Aug 22 13:23:31.695835 n-d-793621-33 devstack@placement-api.service[95110]: DEBUG placement.objects.research_context [req-fee8960c-e334-4eaa-876b-c5c129f6dbe6 req-7b2c3964-ddbc-427a-95e2-deadd7875467 service placement] getting providers with 1 DISK_GB {{(pid=95110) __init__ /opt/stack/placement/placement/objects/research_context.py:126}}
Aug 22 13:23:31.703989 n-d-793621-33 devstack@placement-api.service[95110]: DEBUG placement.objects.research_context [req-fee8960c-e334-4eaa-876b-c5c129f6dbe6 req-7b2c3964-ddbc-427a-95e2-deadd7875467 service placement] getting providers with 1024 MEMORY_MB {{(pid=95110) __init__ /opt/stack/placement/placement/objects/research_context.py:126}}
Aug 22 13:23:31.710332 n-d-793621-33 devstack@placement-api.service[95110]: DEBUG placement.objects.research_context [req-fee8960c-e334-4eaa-876b-c5c129f6dbe6 req-7b2c3964-ddbc-427a-95e2-deadd7875467 service placement] getting providers with 1 VCPU {{(pid=95110) __init__ /opt/stack/placement/placement/objects/research_context.py:126}}
Aug 22 13:23:31.733513 n-d-793621-33 devstack@placement-api.service[95110]: DEBUG placement.objects.research_context [req-fee8960c-e334-4eaa-876b-c5c129f6dbe6 req-7b2c3964-ddbc-427a-95e2-deadd7875467 service placement] found 2 providers with available 1 DISK_GB {{(pid=95110) get_provider_ids_matching /opt/stack/placement/placement/objects/research_context.py:549}}
Aug 22 13:23:31.734022 n-d-793621-33 devstack@placement-api.service[95110]: DEBUG placement.objects.research_context [req-fee8960c-e334-4eaa-876b-c5c129f6dbe6 req-7b2c3964-ddbc-427a-95e2-deadd7875467 service placement] found 2 providers with available 1024 MEMORY_MB {{(pid=95110) get_provider_ids_matching /opt/stack/placement/placement/objects/research_context.py:549}}
Aug 22 13:23:31.734607 n-d-793621-33 devstack@placement-api.service[95110]: DEBUG placement.objects.research_context [req-fee8960c-e334-4eaa-876b-c5c129f6dbe6 req-7b2c3964-ddbc-427a-95e2-deadd7875467 service placement] found 2 providers after filtering by previous result {{(pid=95110) get_provider_ids_matching /opt/stack/placement/placement/objects/research_context.py:580}}
Aug 22 13:23:31.735026 n-d-793621-33 devstack@placement-api.service[95110]: DEBUG placement.objects.research_context [req-fee8960c-e334-4eaa-876b-c5c129f6dbe6 req-7b2c3964-ddbc-427a-95e2-deadd7875467 service placement] found 2 providers with available 1 VCPU {{(pid=95110) get_provider_ids_matching /opt/stack/placement/placement/objects/research_context.py:549}}
Aug 22 13:23:31.735478 n-d-793621-33 devstack@placement-api.service[95110]: DEBUG placement.objects.research_context [req-fee8960c-e334-4eaa-876b-c5c129f6dbe6 req-7b2c3964-ddbc-427a-95e2-deadd7875467 service placement] found 2 providers after filtering by previous result {{(pid=95110) get_provider_ids_matching /opt/stack/placement/placement/objects/research_context.py:580}}
Aug 22 13:23:31.749750 n-d-793621-33 devstack@placement-api.service[95109]: DEBUG placement.requestlog [req-33e5222d-8ca8-43fe-aece-e4a8214dcf32 req-91151c5a-ca9b-4400-9c08-bcf074ae3177 None None] Starting request: 10.222.0.21 "GET /placement/allocation_candidates?limit=1000&resources=DISK_GB%3A1%2CMEMORY_MB%3A1024%2CVCPU%3A1&root_required=%21COMPUTE_STATUS_DISABLED" {{(pid=95109) __call__ /opt/stack/placement/placement/requestlog.py:55}}
Aug 22 13:23:31.757887 n-d-793621-33 devstack@placement-api.service[95110]: DEBUG placement.objects.allocation_candidate [req-fee8960c-e334-4eaa-876b-c5c129f6dbe6 req-7b2c3964-ddbc-427a-95e2-deadd7875467 service placement] RequestGroup(use_same_provider=False, resources={DISK_GB:1, MEMORY_MB:1024, VCPU:1}, traits=[], aggregates=[]) (suffix '') returned 2 matches {{(pid=95110) _get_by_requests /opt/stack/placement/placement/objects/allocation_candidate.py:145}}
Aug 22 13:23:31.758413 n-d-793621-33 devstack@placement-api.service[95110]: DEBUG placement.objects.allocation_candidate [req-fee8960c-e334-4eaa-876b-c5c129f6dbe6 req-7b2c3964-ddbc-427a-95e2-deadd7875467 service placement] Merging candidates yields 2 allocation requests and 2 provider summaries {{(pid=95110) _merge_candidates /opt/stack/placement/placement/objects/allocation_candidate.py:783}}
Aug 22 13:23:31.760946 n-d-793621-33 devstack@placement-api.service[95110]: INFO placement.requestlog [req-fee8960c-e334-4eaa-876b-c5c129f6dbe6 req-7b2c3964-ddbc-427a-95e2-deadd7875467 service placement] 10.222.0.21 "GET /placement/allocation_candidates?limit=1000&resources=DISK_GB%3A1%2CMEMORY_MB%3A1024%2CVCPU%3A1&root_required=%21COMPUTE_STATUS_DISABLED" status: 200 len: 1309 microversion: 1.36
Aug 22 13:23:31.765455 n-d-793621-33 devstack@placement-api.service[95110]: [pid: 95110|app: 0|req: 105/201] 10.222.0.21 () {60 vars in 1507 bytes} [Sun Aug 22 13:23:31 2021] GET /placement/allocation_candidates?limit=1000&resources=DISK_GB%3A1%2CMEMORY_MB%3A1024%2CVCPU%3A1&root_required=%21COMPUTE_STATUS_DISABLED => generated 1309 bytes in 110 msecs (HTTP/1.1 200) 8 headers in 297 bytes (1 switches on core 0)
Aug 22 13:23:31.816051 n-d-793621-33 devstack@placement-api.service[95109]: DEBUG placement.objects.research_context [req-33e5222d-8ca8-43fe-aece-e4a8214dcf32 req-91151c5a-ca9b-4400-9c08-bcf074ae3177 service placement] getting providers with 1 DISK_GB {{(pid=95109) __init__ /opt/stack/placement/placement/objects/research_context.py:126}}
Aug 22 13:23:31.818846 n-d-793621-33 devstack@placement-api.service[95110]: DEBUG placement.requestlog [req-fee8960c-e334-4eaa-876b-c5c129f6dbe6 req-4fe08f39-00d4-42e5-b077-a59fcd1e8dac None None] Starting request: 10.222.0.21 "GET /placement/allocations/c34101a4-b788-43a2-8b7c-ba4b4b05535d" {{(pid=95110) __call__ /opt/stack/placement/placement/requestlog.py:55}}
Aug 22 13:23:31.823237 n-d-793621-33 devstack@placement-api.service[95109]: DEBUG placement.objects.research_context [req-33e5222d-8ca8-43fe-aece-e4a8214dcf32 req-91151c5a-ca9b-4400-9c08-bcf074ae3177 service placement] getting providers with 1024 MEMORY_MB {{(pid=95109) __init__ /opt/stack/placement/placement/objects/research_context.py:126}}
Aug 22 13:23:31.831386 n-d-793621-33 devstack@placement-api.service[95110]: INFO placement.requestlog [req-fee8960c-e334-4eaa-876b-c5c129f6dbe6 req-4fe08f39-00d4-42e5-b077-a59fcd1e8dac service placement] 10.222.0.21 "GET /placement/allocations/c34101a4-b788-43a2-8b7c-ba4b4b05535d" status: 200 len: 19 microversion: 1.28
Aug 22 13:23:31.832025 n-d-793621-33 devstack@placement-api.service[95110]: [pid: 95110|app: 0|req: 106/202] 10.222.0.21 () {60 vars in 1381 bytes} [Sun Aug 22 13:23:31 2021] GET /placement/allocations/c34101a4-b788-43a2-8b7c-ba4b4b05535d => generated 19 bytes in 13 msecs (HTTP/1.1 200) 8 headers in 295 bytes (2 switches on core 0)
Aug 22 13:23:31.832153 n-d-793621-33 devstack@placement-api.service[95109]: DEBUG placement.objects.research_context [req-33e5222d-8ca8-43fe-aece-e4a8214dcf32 req-91151c5a-ca9b-4400-9c08-bcf074ae3177 service placement] getting providers with 1 VCPU {{(pid=95109) __init__ /opt/stack/placement/placement/objects/research_context.py:126}}
Aug 22 13:23:31.838773 n-d-793621-33 devstack@placement-api.service[95109]: DEBUG placement.objects.research_context [req-33e5222d-8ca8-43fe-aece-e4a8214dcf32 req-91151c5a-ca9b-4400-9c08-bcf074ae3177 service placement] found 2 providers with available 1 DISK_GB {{(pid=95109) get_provider_ids_matching /opt/stack/placement/placement/objects/research_context.py:549}}
Aug 22 13:23:31.839055 n-d-793621-33 devstack@placement-api.service[95109]: DEBUG placement.objects.research_context [req-33e5222d-8ca8-43fe-aece-e4a8214dcf32 req-91151c5a-ca9b-4400-9c08-bcf074ae3177 service placement] found 2 providers with available 1024 MEMORY_MB {{(pid=95109) get_provider_ids_matching /opt/stack/placement/placement/objects/research_context.py:549}}
Aug 22 13:23:31.839202 n-d-793621-33 devstack@placement-api.service[95110]: DEBUG placement.requestlog [req-fee8960c-e334-4eaa-876b-c5c129f6dbe6 req-4ae9b679-f09f-47aa-b6bb-44423e7984df None None] Starting request: 10.222.0.21 "PUT /placement/allocations/c34101a4-b788-43a2-8b7c-ba4b4b05535d" {{(pid=95110) __call__ /opt/stack/placement/placement/requestlog.py:55}}
Aug 22 13:23:31.839338 n-d-793621-33 devstack@placement-api.service[95109]: DEBUG placement.objects.research_context [req-33e5222d-8ca8-43fe-aece-e4a8214dcf32 req-91151c5a-ca9b-4400-9c08-bcf074ae3177 service placement] found 2 providers after filtering by previous result {{(pid=95109) get_provider_ids_matching /opt/stack/placement/placement/objects/research_context.py:580}}
Aug 22 13:23:31.839586 n-d-793621-33 devstack@placement-api.service[95109]: DEBUG placement.objects.research_context [req-33e5222d-8ca8-43fe-aece-e4a8214dcf32 req-91151c5a-ca9b-4400-9c08-bcf074ae3177 service placement] found 2 providers with available 1 VCPU {{(pid=95109) get_provider_ids_matching /opt/stack/placement/placement/objects/research_context.py:549}}
Aug 22 13:23:31.839854 n-d-793621-33 devstack@placement-api.service[95109]: DEBUG placement.objects.research_context [req-33e5222d-8ca8-43fe-aece-e4a8214dcf32 req-91151c5a-ca9b-4400-9c08-bcf074ae3177 service placement] found 2 providers after filtering by previous result {{(pid=95109) get_provider_ids_matching /opt/stack/placement/placement/objects/research_context.py:580}}
Aug 22 13:23:31.853415 n-d-793621-33 devstack@placement-api.service[95109]: DEBUG placement.objects.allocation_candidate [req-33e5222d-8ca8-43fe-aece-e4a8214dcf32 req-91151c5a-ca9b-4400-9c08-bcf074ae3177 service placement] RequestGroup(use_same_provider=False, resources={DISK_GB:1, MEMORY_MB:1024, VCPU:1}, traits=[], aggregates=[]) (suffix '') returned 2 matches {{(pid=95109) _get_by_requests /opt/stack/placement/placement/objects/allocation_candidate.py:145}}
Aug 22 13:23:31.853794 n-d-793621-33 devstack@placement-api.service[95109]: DEBUG placement.objects.allocation_candidate [req-33e5222d-8ca8-43fe-aece-e4a8214dcf32 req-91151c5a-ca9b-4400-9c08-bcf074ae3177 service placement] Merging candidates yields 2 allocation requests and 2 provider summaries {{(pid=95109) _merge_candidates /opt/stack/placement/placement/objects/allocation_candidate.py:783}}
Aug 22 13:23:31.855351 n-d-793621-33 devstack@placement-api.service[95109]: INFO placement.requestlog [req-33e5222d-8ca8-43fe-aece-e4a8214dcf32 req-91151c5a-ca9b-4400-9c08-bcf074ae3177 service placement] 10.222.0.21 "GET /placement/allocation_candidates?limit=1000&resources=DISK_GB%3A1%2CMEMORY_MB%3A1024%2CVCPU%3A1&root_required=%21COMPUTE_STATUS_DISABLED" status: 200 len: 1309 microversion: 1.36
Aug 22 13:23:31.859992 n-d-793621-33 devstack@placement-api.service[95109]: [pid: 95109|app: 0|req: 97/203] 10.222.0.21 () {60 vars in 1507 bytes} [Sun Aug 22 13:23:31 2021] GET /placement/allocation_candidates?limit=1000&resources=DISK_GB%3A1%2CMEMORY_MB%3A1024%2CVCPU%3A1&root_required=%21COMPUTE_STATUS_DISABLED => generated 1309 bytes in 110 msecs (HTTP/1.1 200) 8 headers in 297 bytes (1 switches on core 0)
Aug 22 13:23:31.913939 n-d-793621-33 devstack@placement-api.service[95110]: DEBUG placement.handlers.allocation [req-fee8960c-e334-4eaa-876b-c5c129f6dbe6 req-4ae9b679-f09f-47aa-b6bb-44423e7984df service placement] Successfully wrote allocations [, , ] {{(pid=95110) _create_allocations /opt/stack/placement/placement/handlers/allocation.py:435}}
Aug 22 13:23:31.914456 n-d-793621-33 devstack@placement-api.service[95110]: INFO placement.requestlog [req-fee8960c-e334-4eaa-876b-c5c129f6dbe6 req-4ae9b679-f09f-47aa-b6bb-44423e7984df service placement] 10.222.0.21 "PUT /placement/allocations/c34101a4-b788-43a2-8b7c-ba4b4b05535d" status: 204 len: 0 microversion: 1.36
Aug 22 13:23:31.914869 n-d-793621-33 devstack@placement-api.service[95110]: [pid: 95110|app: 0|req: 107/204] 10.222.0.21 () {64 vars in 1434 bytes} [Sun Aug 22 13:23:31 2021] PUT /placement/allocations/c34101a4-b788-43a2-8b7c-ba4b4b05535d => generated 0 bytes in 76 msecs (HTTP/1.1 204) 5 headers in 199 bytes (2 switches on core 0)
Aug 22 13:23:31.918666 n-d-793621-33 devstack@placement-api.service[95109]: DEBUG placement.requestlog [req-33e5222d-8ca8-43fe-aece-e4a8214dcf32 req-dc58d257-05d3-4830-8d36-9b43b6099e42 None None] Starting request: 10.222.0.21 "GET /placement/allocations/9f404b95-2769-49fd-a4a3-e7fbf1298606" {{(pid=95109) __call__ /opt/stack/placement/placement/requestlog.py:55}}
Aug 22 13:23:31.931916 n-d-793621-33 devstack@placement-api.service[95109]: INFO placement.requestlog [req-33e5222d-8ca8-43fe-aece-e4a8214dcf32 req-dc58d257-05d3-4830-8d36-9b43b6099e42 service placement] 10.222.0.21 "GET /placement/allocations/9f404b95-2769-49fd-a4a3-e7fbf1298606" status: 200 len: 19 microversion: 1.28
Aug 22 13:23:31.938606 n-d-793621-33 devstack@placement-api.service[95110]: DEBUG placement.requestlog [req-33e5222d-8ca8-43fe-aece-e4a8214dcf32 req-a6c3498c-e5f8-47e4-8bda-6de6f473f9f8 None None] Starting request: 10.222.0.21 "PUT /placement/allocations/9f404b95-2769-49fd-a4a3-e7fbf1298606" {{(pid=95110) __call__ /opt/stack/placement/placement/requestlog.py:55}}
Aug 22 13:23:31.949753 n-d-793621-33 devstack@placement-api.service[95109]: [pid: 95109|app: 0|req: 98/205] 10.222.0.21 () {60 vars in 1381 bytes} [Sun Aug 22 13:23:31 2021] GET /placement/allocations/9f404b95-2769-49fd-a4a3-e7fbf1298606 => generated 19 bytes in 29 msecs (HTTP/1.1 200) 8 headers in 295 bytes (1 switches on core 0)
Aug 22 13:23:32.009567 n-d-793621-33 devstack@placement-api.service[95110]: DEBUG placement.handlers.allocation [req-33e5222d-8ca8-43fe-aece-e4a8214dcf32 req-a6c3498c-e5f8-47e4-8bda-6de6f473f9f8 service placement] Successfully wrote allocations [, , ] {{(pid=95110) _create_allocations /opt/stack/placement/placement/handlers/allocation.py:435}}
Aug 22 13:23:32.010629 n-d-793621-33 devstack@placement-api.service[95110]: INFO placement.requestlog [req-33e5222d-8ca8-43fe-aece-e4a8214dcf32 req-a6c3498c-e5f8-47e4-8bda-6de6f473f9f8 service placement] 10.222.0.21 "PUT /placement/allocations/9f404b95-2769-49fd-a4a3-e7fbf1298606" status: 204 len: 0 microversion: 1.36
Aug 22 13:23:32.011690 n-d-793621-33 devstack@placement-api.service[95110]: [pid: 95110|app: 0|req: 108/206] 10.222.0.21 () {64 vars in 1434 bytes} [Sun Aug 22 13:23:31 2021] PUT /placement/allocations/9f404b95-2769-49fd-a4a3-e7fbf1298606 => generated 0 bytes in 73 msecs (HTTP/1.1 204) 5 headers in 199 bytes (2 switches on core 0)
Aug 22 13:23:32.317347 n-d-793621-33 devstack@placement-api.service[95109]: DEBUG placement.requestlog [req-fee8960c-e334-4eaa-876b-c5c129f6dbe6 req-32c191f5-e312-4645-b152-c5e33055fb96 None None] Starting request: 10.222.0.41 "GET /placement/allocations/c34101a4-b788-43a2-8b7c-ba4b4b05535d" {{(pid=95109) __call__ /opt/stack/placement/placement/requestlog.py:55}}
Aug 22 13:23:32.406104 n-d-793621-33 devstack@placement-api.service[95110]: DEBUG placement.requestlog [req-33e5222d-8ca8-43fe-aece-e4a8214dcf32 req-1e39f66c-8b6e-4071-8866-f3647d2aa3f9 None None] Starting request: 10.222.0.41 "GET /placement/allocations/9f404b95-2769-49fd-a4a3-e7fbf1298606" {{(pid=95110) __call__ /opt/stack/placement/placement/requestlog.py:55}}
Aug 22 13:23:32.574900 n-d-793621-33 devstack@placement-api.service[95109]: INFO placement.requestlog [req-fee8960c-e334-4eaa-876b-c5c129f6dbe6 req-32c191f5-e312-4645-b152-c5e33055fb96 service placement] 10.222.0.41 "GET /placement/allocations/c34101a4-b788-43a2-8b7c-ba4b4b05535d" status: 200 len: 259 microversion: 1.28
Aug 22 13:23:32.576597 n-d-793621-33 devstack@placement-api.service[95109]: [pid: 95109|app: 0|req: 99/207] 10.222.0.41 () {60 vars in 1378 bytes} [Sun Aug 22 13:23:32 2021] GET /placement/allocations/c34101a4-b788-43a2-8b7c-ba4b4b05535d => generated 259 bytes in 260 msecs (HTTP/1.1 200) 8 headers in 296 bytes (1 switches on core 0)
Aug 22 13:23:32.642537 n-d-793621-33 devstack@placement-api.service[95110]: INFO placement.requestlog [req-33e5222d-8ca8-43fe-aece-e4a8214dcf32 req-1e39f66c-8b6e-4071-8866-f3647d2aa3f9 service placement] 10.222.0.41 "GET /placement/allocations/9f404b95-2769-49fd-a4a3-e7fbf1298606" status: 200 len: 259 microversion: 1.28
Aug 22 13:23:32.645524 n-d-793621-33 devstack@placement-api.service[95110]: [pid: 95110|app: 0|req: 109/208] 10.222.0.41 () {60 vars in 1378 bytes} [Sun Aug 22 13:23:32 2021] GET /placement/allocations/9f404b95-2769-49fd-a4a3-e7fbf1298606 => generated 259 bytes in 240 msecs (HTTP/1.1 200) 8 headers in 296 bytes (2 switches on core 0)
Aug 22 13:23:32.775238 n-d-793621-33 devstack@placement-api.service[95109]: DEBUG placement.requestlog [req-fee8960c-e334-4eaa-876b-c5c129f6dbe6 req-347b39a4-05fc-46d5-8b3d-60952657e17f None None] Starting request: 10.222.0.41 "GET /placement/resource_providers?in_tree=a5ac9eab-0b43-48ef-948b-6b70103b7f94" {{(pid=95109) __call__ /opt/stack/placement/placement/requestlog.py:55}}
Aug 22 13:23:32.800246 n-d-793621-33 devstack@placement-api.service[95110]: DEBUG placement.requestlog [req-bd32466f-38cb-487f-91ff-8e767cc49622 req-92f7db70-420f-4367-9b45-cfd6b3bb14d8 None None] Starting request: 10.222.0.21 "GET /placement/allocation_candidates?resources=DISK_GB%3A1%2CMEMORY_MB%3A1024%2CVCPU%3A1&root_required=%21COMPUTE_STATUS_DISABLED" {{(pid=95110) __call__ /opt/stack/placement/placement/requestlog.py:55}}
Aug 22 13:23:32.830051 n-d-793621-33 devstack@placement-api.service[95109]: INFO placement.requestlog [req-fee8960c-e334-4eaa-876b-c5c129f6dbe6 req-347b39a4-05fc-46d5-8b3d-60952657e17f service placement] 10.222.0.41 "GET /placement/resource_providers?in_tree=a5ac9eab-0b43-48ef-948b-6b70103b7f94" status: 200 len: 864 microversion: 1.14
Aug 22 13:23:32.830976 n-d-793621-33 devstack@placement-api.service[95109]: [pid: 95109|app: 0|req: 100/209] 10.222.0.41 () {60 vars in 1377 bytes} [Sun Aug 22 13:23:32 2021] GET /placement/resource_providers?in_tree=a5ac9eab-0b43-48ef-948b-6b70103b7f94 => generated 864 bytes in 56 msecs (HTTP/1.1 200) 6 headers in 225 bytes (1 switches on core 0)
Aug 22 13:23:32.840331 n-d-793621-33 devstack@placement-api.service[95109]: DEBUG placement.requestlog [req-fee8960c-e334-4eaa-876b-c5c129f6dbe6 req-174185c5-9ed4-44f4-b272-ff98ae064fd1 None None] Starting request: 10.222.0.41 "GET /placement/resource_providers/a5ac9eab-0b43-48ef-948b-6b70103b7f94/inventories" {{(pid=95109) __call__ /opt/stack/placement/placement/requestlog.py:55}}
Aug 22 13:23:32.854396 n-d-793621-33 devstack@placement-api.service[95110]: DEBUG placement.objects.research_context [req-bd32466f-38cb-487f-91ff-8e767cc49622 req-92f7db70-420f-4367-9b45-cfd6b3bb14d8 service placement] getting providers with 1 DISK_GB {{(pid=95110) __init__ /opt/stack/placement/placement/objects/research_context.py:126}}
Aug 22 13:23:32.872552 n-d-793621-33 devstack@placement-api.service[95110]: DEBUG placement.objects.research_context [req-bd32466f-38cb-487f-91ff-8e767cc49622 req-92f7db70-420f-4367-9b45-cfd6b3bb14d8 service placement] getting providers with 1024 MEMORY_MB {{(pid=95110) __init__ /opt/stack/placement/placement/objects/research_context.py:126}}
Aug 22 13:23:32.879363 n-d-793621-33 devstack@placement-api.service[95109]: INFO placement.requestlog [req-fee8960c-e334-4eaa-876b-c5c129f6dbe6 req-174185c5-9ed4-44f4-b272-ff98ae064fd1 service placement] 10.222.0.41 "GET /placement/resource_providers/a5ac9eab-0b43-48ef-948b-6b70103b7f94/inventories" status: 200 len: 398 microversion: 1.0
Aug 22 13:23:32.881781 n-d-793621-33 devstack@placement-api.service[95109]: [pid: 95109|app: 0|req: 101/210] 10.222.0.41 () {58 vars in 1391 bytes} [Sun Aug 22 13:23:32 2021] GET /placement/resource_providers/a5ac9eab-0b43-48ef-948b-6b70103b7f94/inventories => generated 398 bytes in 41 msecs (HTTP/1.1 200) 6 headers in 224 bytes (1 switches on core 0)
Aug 22 13:23:32.884550 n-d-793621-33 devstack@placement-api.service[95110]: DEBUG placement.objects.research_context [req-bd32466f-38cb-487f-91ff-8e767cc49622 req-92f7db70-420f-4367-9b45-cfd6b3bb14d8 service placement] getting providers with 1 VCPU {{(pid=95110) __init__ /opt/stack/placement/placement/objects/research_context.py:126}}
Aug 22 13:23:32.890957 n-d-793621-33 devstack@placement-api.service[95109]: DEBUG placement.requestlog [req-fee8960c-e334-4eaa-876b-c5c129f6dbe6 req-5289e4ea-e95e-4b3e-97fd-1ff7bb388725 None None] Starting request: 10.222.0.41 "GET /placement/resource_providers/a5ac9eab-0b43-48ef-948b-6b70103b7f94/aggregates" {{(pid=95109) __call__ /opt/stack/placement/placement/requestlog.py:55}}
Aug 22 13:23:32.908247 n-d-793621-33 devstack@placement-api.service[95110]: DEBUG placement.objects.research_context [req-bd32466f-38cb-487f-91ff-8e767cc49622 req-92f7db70-420f-4367-9b45-cfd6b3bb14d8 service placement] found 2 providers with available 1 DISK_GB {{(pid=95110) get_provider_ids_matching /opt/stack/placement/placement/objects/research_context.py:549}}
Aug 22 13:23:32.911436 n-d-793621-33 devstack@placement-api.service[95110]: DEBUG placement.objects.research_context [req-bd32466f-38cb-487f-91ff-8e767cc49622 req-92f7db70-420f-4367-9b45-cfd6b3bb14d8 service placement] found 2 providers with available 1024 MEMORY_MB {{(pid=95110) get_provider_ids_matching /opt/stack/placement/placement/objects/research_context.py:549}}
Aug 22 13:23:32.912187 n-d-793621-33 devstack@placement-api.service[95110]: DEBUG placement.objects.research_context [req-bd32466f-38cb-487f-91ff-8e767cc49622 req-92f7db70-420f-4367-9b45-cfd6b3bb14d8 service placement] found 2 providers after filtering by previous result {{(pid=95110) get_provider_ids_matching /opt/stack/placement/placement/objects/research_context.py:580}}
Aug 22 13:23:32.912477 n-d-793621-33 devstack@placement-api.service[95110]: DEBUG placement.objects.research_context [req-bd32466f-38cb-487f-91ff-8e767cc49622 req-92f7db70-420f-4367-9b45-cfd6b3bb14d8 service placement] found 2 providers with available 1 VCPU {{(pid=95110) get_provider_ids_matching /opt/stack/placement/placement/objects/research_context.py:549}}
Aug 22 13:23:32.912747 n-d-793621-33 devstack@placement-api.service[95110]: DEBUG placement.objects.research_context [req-bd32466f-38cb-487f-91ff-8e767cc49622 req-92f7db70-420f-4367-9b45-cfd6b3bb14d8 service placement] found 2 providers after filtering by previous result {{(pid=95110) get_provider_ids_matching /opt/stack/placement/placement/objects/research_context.py:580}}
Aug 22 13:23:32.925760 n-d-793621-33 devstack@placement-api.service[95109]: INFO placement.requestlog [req-fee8960c-e334-4eaa-876b-c5c129f6dbe6 req-5289e4ea-e95e-4b3e-97fd-1ff7bb388725 service placement] 10.222.0.41 "GET /placement/resource_providers/a5ac9eab-0b43-48ef-948b-6b70103b7f94/aggregates" status: 200 len: 54 microversion: 1.19
Aug 22 13:23:32.926346 n-d-793621-33 devstack@placement-api.service[95109]: [pid: 95109|app: 0|req: 102/211] 10.222.0.41 () {60 vars in 1432 bytes} [Sun Aug 22 13:23:32 2021] GET /placement/resource_providers/a5ac9eab-0b43-48ef-948b-6b70103b7f94/aggregates => generated 54 bytes in 35 msecs (HTTP/1.1 200) 8 headers in 295 bytes (2 switches on core 0)
Aug 22 13:23:32.929051 n-d-793621-33 devstack@placement-api.service[95110]: DEBUG placement.objects.allocation_candidate [req-bd32466f-38cb-487f-91ff-8e767cc49622 req-92f7db70-420f-4367-9b45-cfd6b3bb14d8 service placement] RequestGroup(use_same_provider=False, resources={DISK_GB:1, MEMORY_MB:1024, VCPU:1}, traits=[], aggregates=[]) (suffix '') returned 2 matches {{(pid=95110) _get_by_requests /opt/stack/placement/placement/objects/allocation_candidate.py:145}}
Aug 22 13:23:32.929640 n-d-793621-33 devstack@placement-api.service[95110]: DEBUG placement.objects.allocation_candidate [req-bd32466f-38cb-487f-91ff-8e767cc49622 req-92f7db70-420f-4367-9b45-cfd6b3bb14d8 service placement] Merging candidates yields 2 allocation requests and 2 provider summaries {{(pid=95110) _merge_candidates /opt/stack/placement/placement/objects/allocation_candidate.py:783}}
Aug 22 13:23:32.931935 n-d-793621-33 devstack@placement-api.service[95110]: INFO placement.requestlog [req-bd32466f-38cb-487f-91ff-8e767cc49622 req-92f7db70-420f-4367-9b45-cfd6b3bb14d8 service placement] 10.222.0.21 "GET /placement/allocation_candidates?resources=DISK_GB%3A1%2CMEMORY_MB%3A1024%2CVCPU%3A1&root_required=%21COMPUTE_STATUS_DISABLED" status: 200 len: 1309 microversion: 1.36
Aug 22 13:23:32.932666 n-d-793621-33 devstack@placement-api.service[95110]: [pid: 95110|app: 0|req: 110/212] 10.222.0.21 () {60 vars in 1485 bytes} [Sun Aug 22 13:23:32 2021] GET /placement/allocation_candidates?resources=DISK_GB%3A1%2CMEMORY_MB%3A1024%2CVCPU%3A1&root_required=%21COMPUTE_STATUS_DISABLED => generated 1309 bytes in 132 msecs (HTTP/1.1 200) 8 headers in 297 bytes (2 switches on core 0)
Aug 22 13:23:32.936974 n-d-793621-33 devstack@placement-api.service[95109]: DEBUG placement.requestlog [req-fee8960c-e334-4eaa-876b-c5c129f6dbe6 req-0cecc0b8-31ae-4468-b1f4-55f9c034d50c None None] Starting request: 10.222.0.41 "GET /placement/resource_providers/a5ac9eab-0b43-48ef-948b-6b70103b7f94/traits" {{(pid=95109) __call__ /opt/stack/placement/placement/requestlog.py:55}}
Aug 22 13:23:33.032161 n-d-793621-33 devstack@placement-api.service[95109]: INFO placement.requestlog [req-fee8960c-e334-4eaa-876b-c5c129f6dbe6 req-0cecc0b8-31ae-4468-b1f4-55f9c034d50c service placement] 10.222.0.41 "GET /placement/resource_providers/a5ac9eab-0b43-48ef-948b-6b70103b7f94/traits" status: 200 len: 212 microversion: 1.6
Aug 22 13:23:33.036660 n-d-793621-33 devstack@placement-api.service[95109]: [pid: 95109|app: 0|req: 103/213] 10.222.0.41 () {60 vars in 1419 bytes} [Sun Aug 22 13:23:32 2021] GET /placement/resource_providers/a5ac9eab-0b43-48ef-948b-6b70103b7f94/traits => generated 212 bytes in 100 msecs (HTTP/1.1 200) 6 headers in 224 bytes (1 switches on core 0)
Aug 22 13:23:33.083486 n-d-793621-33 devstack@placement-api.service[95110]: DEBUG placement.requestlog [req-bd32466f-38cb-487f-91ff-8e767cc49622 req-5a407032-966d-465f-b775-472d60174501 None None] Starting request: 10.222.0.21 "GET /placement/allocations/7527169d-b50d-419f-9520-bc68b4063b1e" {{(pid=95110) __call__ /opt/stack/placement/placement/requestlog.py:55}}
Aug 22 13:23:33.103932 n-d-793621-33 devstack@placement-api.service[95110]: INFO placement.requestlog [req-bd32466f-38cb-487f-91ff-8e767cc49622 req-5a407032-966d-465f-b775-472d60174501 service placement] 10.222.0.21 "GET /placement/allocations/7527169d-b50d-419f-9520-bc68b4063b1e" status: 200 len: 19 microversion: 1.28
Aug 22 13:23:33.106390 n-d-793621-33 devstack@placement-api.service[95110]: [pid: 95110|app: 0|req: 111/214] 10.222.0.21 () {60 vars in 1381 bytes} [Sun Aug 22 13:23:33 2021] GET /placement/allocations/7527169d-b50d-419f-9520-bc68b4063b1e => generated 19 bytes in 23 msecs (HTTP/1.1 200) 8 headers in 295 bytes (1 switches on core 0)
Aug 22 13:23:33.112835 n-d-793621-33 devstack@placement-api.service[95109]: DEBUG placement.requestlog [req-bd32466f-38cb-487f-91ff-8e767cc49622 req-694cc0f9-8234-46d4-a71b-f0dc181d2697 None None] Starting request: 10.222.0.21 "PUT /placement/allocations/7527169d-b50d-419f-9520-bc68b4063b1e" {{(pid=95109) __call__ /opt/stack/placement/placement/requestlog.py:55}}
Aug 22 13:23:33.188003 n-d-793621-33 devstack@placement-api.service[95109]: DEBUG placement.handlers.allocation [req-bd32466f-38cb-487f-91ff-8e767cc49622 req-694cc0f9-8234-46d4-a71b-f0dc181d2697 service placement] Successfully wrote allocations [, , ] {{(pid=95109) _create_allocations /opt/stack/placement/placement/handlers/allocation.py:435}}
Aug 22 13:23:33.188775 n-d-793621-33 devstack@placement-api.service[95109]: INFO placement.requestlog [req-bd32466f-38cb-487f-91ff-8e767cc49622 req-694cc0f9-8234-46d4-a71b-f0dc181d2697 service placement] 10.222.0.21 "PUT /placement/allocations/7527169d-b50d-419f-9520-bc68b4063b1e" status: 204 len: 0 microversion: 1.36
Aug 22 13:23:33.190049 n-d-793621-33 devstack@placement-api.service[95109]: [pid: 95109|app: 0|req: 104/215] 10.222.0.21 () {64 vars in 1434 bytes} [Sun Aug 22 13:23:33 2021] PUT /placement/allocations/7527169d-b50d-419f-9520-bc68b4063b1e => generated 0 bytes in 78 msecs (HTTP/1.1 204) 5 headers in 199 bytes (1 switches on core 0)
Aug 22 13:23:33.205579 n-d-793621-33 devstack@placement-api.service[95110]: DEBUG placement.requestlog [req-bd32466f-38cb-487f-91ff-8e767cc49622 req-6459b0b0-cb53-4630-8091-328bc1129d01 None None] Starting request: 10.222.0.21 "GET /placement/allocations/b5fae91d-e095-4a8b-a9cf-39bda265f757" {{(pid=95110) __call__ /opt/stack/placement/placement/requestlog.py:55}}
Aug 22 13:23:33.217517 n-d-793621-33 devstack@placement-api.service[95110]: INFO placement.requestlog [req-bd32466f-38cb-487f-91ff-8e767cc49622 req-6459b0b0-cb53-4630-8091-328bc1129d01 service placement] 10.222.0.21 "GET /placement/allocations/b5fae91d-e095-4a8b-a9cf-39bda265f757" status: 200 len: 19 microversion: 1.28
Aug 22 13:23:33.218426 n-d-793621-33 devstack@placement-api.service[95110]: [pid: 95110|app: 0|req: 112/216] 10.222.0.21 () {60 vars in 1381 bytes} [Sun Aug 22 13:23:33 2021] GET /placement/allocations/b5fae91d-e095-4a8b-a9cf-39bda265f757 => generated 19 bytes in 13 msecs (HTTP/1.1 200) 8 headers in 295 bytes (1 switches on core 0)
Aug 22 13:23:33.231230 n-d-793621-33 devstack@placement-api.service[95109]: DEBUG placement.requestlog [req-bd32466f-38cb-487f-91ff-8e767cc49622 req-f45a2156-eeb8-418d-8969-a650dc63ff02 None None] Starting request: 10.222.0.21 "PUT /placement/allocations/b5fae91d-e095-4a8b-a9cf-39bda265f757" {{(pid=95109) __call__ /opt/stack/placement/placement/requestlog.py:55}}
Aug 22 13:23:33.328696 n-d-793621-33 devstack@placement-api.service[95109]: DEBUG placement.handlers.allocation [req-bd32466f-38cb-487f-91ff-8e767cc49622 req-f45a2156-eeb8-418d-8969-a650dc63ff02 service placement] Successfully wrote allocations [, , ] {{(pid=95109) _create_allocations /opt/stack/placement/placement/handlers/allocation.py:435}}
Aug 22 13:23:33.329676 n-d-793621-33 devstack@placement-api.service[95109]: INFO placement.requestlog [req-bd32466f-38cb-487f-91ff-8e767cc49622 req-f45a2156-eeb8-418d-8969-a650dc63ff02 service placement] 10.222.0.21 "PUT /placement/allocations/b5fae91d-e095-4a8b-a9cf-39bda265f757" status: 204 len: 0 microversion: 1.36
Aug 22 13:23:33.330504 n-d-793621-33 devstack@placement-api.service[95109]: [pid: 95109|app: 0|req: 105/217] 10.222.0.21 () {64 vars in 1434 bytes} [Sun Aug 22 13:23:33 2021] PUT /placement/allocations/b5fae91d-e095-4a8b-a9cf-39bda265f757 => generated 0 bytes in 99 msecs (HTTP/1.1 204) 5 headers in 199 bytes (1 switches on core 0)
Aug 22 13:23:33.885470 n-d-793621-33 devstack@placement-api.service[95110]: DEBUG placement.requestlog [req-bd32466f-38cb-487f-91ff-8e767cc49622 req-f0fc965e-7db9-4502-b906-b6f19f2c75d8 None None] Starting request: 10.222.0.16 "GET /placement/allocations/7527169d-b50d-419f-9520-bc68b4063b1e" {{(pid=95110) __call__ /opt/stack/placement/placement/requestlog.py:55}}
Aug 22 13:23:33.904896 n-d-793621-33 devstack@placement-api.service[95110]: INFO placement.requestlog [req-bd32466f-38cb-487f-91ff-8e767cc49622 req-f0fc965e-7db9-4502-b906-b6f19f2c75d8 service placement] 10.222.0.16 "GET /placement/allocations/7527169d-b50d-419f-9520-bc68b4063b1e" status: 200 len: 259 microversion: 1.28
Aug 22 13:23:33.906481 n-d-793621-33 devstack@placement-api.service[95110]: [pid: 95110|app: 0|req: 113/218] 10.222.0.16 () {60 vars in 1378 bytes} [Sun Aug 22 13:23:33 2021] GET /placement/allocations/7527169d-b50d-419f-9520-bc68b4063b1e => generated 259 bytes in 21 msecs (HTTP/1.1 200) 8 headers in 296 bytes (1 switches on core 0)
Aug 22 13:23:34.055651 n-d-793621-33 devstack@placement-api.service[95109]: DEBUG placement.requestlog [req-bd32466f-38cb-487f-91ff-8e767cc49622 req-2eaf3703-b574-4782-b30f-4a4735a620b0 None None] Starting request: 10.222.0.41 "GET /placement/allocations/b5fae91d-e095-4a8b-a9cf-39bda265f757" {{(pid=95109) __call__ /opt/stack/placement/placement/requestlog.py:55}}
Aug 22 13:23:34.085723 n-d-793621-33 devstack@placement-api.service[95109]: INFO placement.requestlog [req-bd32466f-38cb-487f-91ff-8e767cc49622 req-2eaf3703-b574-4782-b30f-4a4735a620b0 service placement] 10.222.0.41 "GET /placement/allocations/b5fae91d-e095-4a8b-a9cf-39bda265f757" status: 200 len: 259 microversion: 1.28
Aug 22 13:23:34.086264 n-d-793621-33 devstack@placement-api.service[95109]: [pid: 95109|app: 0|req: 106/219] 10.222.0.41 () {60 vars in 1378 bytes} [Sun Aug 22 13:23:34 2021] GET /placement/allocations/b5fae91d-e095-4a8b-a9cf-39bda265f757 => generated 259 bytes in 31 msecs (HTTP/1.1 200) 8 headers in 296 bytes (1 switches on core 0)
Aug 22 13:23:34.808650 n-d-793621-33 devstack@placement-api.service[95110]: DEBUG placement.requestlog [req-d3904cd2-9803-44b5-9010-be7144c0010e req-00be1cac-c07c-4295-b7f7-8a30bad706cb None None] Starting request: 10.222.0.21 "GET /placement/allocation_candidates?limit=1000&resources=DISK_GB%3A2%2CMEMORY_MB%3A1024%2CVCPU%3A1&root_required=%21COMPUTE_STATUS_DISABLED" {{(pid=95110) __call__ /opt/stack/placement/placement/requestlog.py:55}}
Aug 22 13:23:34.868026 n-d-793621-33 devstack@placement-api.service[95110]: DEBUG placement.objects.research_context [req-d3904cd2-9803-44b5-9010-be7144c0010e req-00be1cac-c07c-4295-b7f7-8a30bad706cb service placement] getting providers with 2 DISK_GB {{(pid=95110) __init__ /opt/stack/placement/placement/objects/research_context.py:126}}
Aug 22 13:23:34.875490 n-d-793621-33 devstack@placement-api.service[95110]: DEBUG placement.objects.research_context [req-d3904cd2-9803-44b5-9010-be7144c0010e req-00be1cac-c07c-4295-b7f7-8a30bad706cb service placement] getting providers with 1024 MEMORY_MB {{(pid=95110) __init__ /opt/stack/placement/placement/objects/research_context.py:126}}
Aug 22 13:23:34.884163 n-d-793621-33 devstack@placement-api.service[95110]: DEBUG placement.objects.research_context [req-d3904cd2-9803-44b5-9010-be7144c0010e req-00be1cac-c07c-4295-b7f7-8a30bad706cb service placement] getting providers with 1 VCPU {{(pid=95110) __init__ /opt/stack/placement/placement/objects/research_context.py:126}}
Aug 22 13:23:34.895564 n-d-793621-33 devstack@placement-api.service[95110]: DEBUG placement.objects.research_context [req-d3904cd2-9803-44b5-9010-be7144c0010e req-00be1cac-c07c-4295-b7f7-8a30bad706cb service placement] found 2 providers with available 2 DISK_GB {{(pid=95110) get_provider_ids_matching /opt/stack/placement/placement/objects/research_context.py:549}}
