Aug 06 17:59:53.016440 n-d-793621-29 neutron-server[94122]: INFO neutron.wsgi [req-cccff901-f78e-4d2a-a8f7-13c50c2b8f71 req-e3dc963b-135c-471e-b362-1c3dc1ff818a tempest-LiveMigrationTest-1528369379 tempest-LiveMigrationTest-1528369379-project] 10.222.0.64 "GET /v2.0/ports?device_id=b20afb54-6a0c-4da9-a9e7-6da2c38e1c02 HTTP/1.1" status: 200 len: 210 time: 0.0921786
Aug 06 17:59:53.048008 n-d-793621-29 neutron-server[94121]: DEBUG neutron.wsgi [-] (94121) accepted ('10.222.0.64', 40394) {{(pid=94121) server /usr/local/lib/python3.8/dist-packages/eventlet/wsgi.py:982}}
Aug 06 17:59:53.056933 n-d-793621-29 neutron-server[94121]: DEBUG neutron.api.v2.base [None req-1161a315-e9cc-4d00-8a7e-f96f3870a7bf admin admin] Request body: {'network': {'name': 'tempest-ServersWithSpecificFlavorTestJSON-1880710827-network', 'tenant_id': '8c31c7c9d6224c6ba3a89cdc62ce4e6a'}} {{(pid=94121) prepare_request_body /opt/stack/neutron/neutron/api/v2/base.py:729}}
Aug 06 17:59:53.128349 n-d-793621-29 neutron-server[94121]: DEBUG neutron.pecan_wsgi.hooks.quota_enforcement [None req-1161a315-e9cc-4d00-8a7e-f96f3870a7bf admin admin] Made reservation on behalf of 8c31c7c9d6224c6ba3a89cdc62ce4e6a for: {'network': 1} {{(pid=94121) before /opt/stack/neutron/neutron/pecan_wsgi/hooks/quota_enforcement.py:53}}
Aug 06 17:59:53.131177 n-d-793621-29 neutron-server[94121]: DEBUG neutron_lib.callbacks.manager [None req-1161a315-e9cc-4d00-8a7e-f96f3870a7bf admin admin] Notify callbacks ['neutron.plugins.ml2.plugin.SecurityGroupDbMixin._ensure_default_security_group_handler-8027631'] for network, before_create {{(pid=94121) _notify_loop /usr/local/lib/python3.8/dist-packages/neutron_lib/callbacks/manager.py:192}}
Aug 06 17:59:53.151045 n-d-793621-29 neutron-server[94123]: DEBUG neutron.api.rpc.handlers.resources_rpc [None req-005a9384-f10f-42c8-8c86-b95bc724847d None None] Pushing event updated for resources: {'Port': ['ID=0ba88d92-fd8a-4b09-91b3-b1872becb583,revision_number=4']} {{(pid=94123) push /opt/stack/neutron/neutron/api/rpc/handlers/resources_rpc.py:237}}
Aug 06 17:59:53.186495 n-d-793621-29 neutron-server[94121]: DEBUG neutron_lib.callbacks.manager [None req-1161a315-e9cc-4d00-8a7e-f96f3870a7bf admin admin] Notify callbacks [] for security_group, before_create {{(pid=94121) _notify_loop /usr/local/lib/python3.8/dist-packages/neutron_lib/callbacks/manager.py:192}}
Aug 06 17:59:53.220128 n-d-793621-29 neutron-server[94122]: DEBUG neutron.wsgi [-] (94122) accepted ('10.222.0.64', 40398) {{(pid=94122) server /usr/local/lib/python3.8/dist-packages/eventlet/wsgi.py:982}}
Aug 06 17:59:53.240940 n-d-793621-29 neutron-server[94122]: DEBUG neutron_lib.callbacks.manager [None req-74070256-6aa5-4cde-9f26-750167f6bf30 admin admin] Notify callbacks [] for security_group, before_create {{(pid=94122) _notify_loop /usr/local/lib/python3.8/dist-packages/neutron_lib/callbacks/manager.py:192}}
Aug 06 17:59:53.263176 n-d-793621-29 neutron-server[94122]: DEBUG neutron_lib.callbacks.manager [req-2e993a7c-0589-45c9-aba0-a5ef0a0f0986 req-52d1ec00-49c5-4e58-8755-0dff55b93b07 tempest-LiveMigrationTest-1528369379 tempest-LiveMigrationTest-1528369379-project] Notify callbacks [] for port, precommit_create {{(pid=94122) _notify_loop /usr/local/lib/python3.8/dist-packages/neutron_lib/callbacks/manager.py:192}}
Aug 06 17:59:53.276190 n-d-793621-29 neutron-server[94123]: DEBUG neutron.db.l3_dvr_db [None req-9431a74c-0557-48dc-add0-de0546f1fe3b None None] Set router 665bc67f-02cf-422e-8a0c-c9ce8c28a55c gateway port host: n-d-793621-29 {{(pid=94123) _build_routers_list /opt/stack/neutron/neutron/db/l3_dvr_db.py:899}}
Aug 06 17:59:53.280644 n-d-793621-29 neutron-server[94121]: DEBUG neutron.pecan_wsgi.hooks.policy_enforcement [req-69c6c2c5-6299-404a-8588-2ead9f2b2481 req-aa4e57f3-8083-4b12-b79a-4aef3ed0ff89 tempest-DeleteServersAdminTestJSON-1445489194 tempest-DeleteServersAdminTestJSON-1445489194-project] Attributes excluded by policy engine: ['standard_attr_id', 'binding:profile', 'binding:host_id', 'binding:vif_type', 'binding:vif_details'] {{(pid=94121) _exclude_attributes_by_policy /opt/stack/neutron/neutron/pecan_wsgi/hooks/policy_enforcement.py:255}}
Aug 06 17:59:53.289353 n-d-793621-29 neutron-server[94121]: INFO neutron.wsgi [req-69c6c2c5-6299-404a-8588-2ead9f2b2481 req-aa4e57f3-8083-4b12-b79a-4aef3ed0ff89 tempest-DeleteServersAdminTestJSON-1445489194 tempest-DeleteServersAdminTestJSON-1445489194-project] 10.222.0.64 "GET /v2.0/ports?device_id=279ebf2d-760e-4e81-97a3-cadd5d93abfb HTTP/1.1" status: 200 len: 948 time: 0.1340277
Aug 06 17:59:53.334821 n-d-793621-29 neutron-server[94122]: DEBUG neutron_lib.callbacks.manager [req-2e993a7c-0589-45c9-aba0-a5ef0a0f0986 req-52d1ec00-49c5-4e58-8755-0dff55b93b07 tempest-LiveMigrationTest-1528369379 tempest-LiveMigrationTest-1528369379-project] Notify callbacks ['neutron.plugins.ml2.plugin.SecurityGroupServerNotifierRpcMixin._notify_sg_on_port_change-8027564', 'neutron.plugins.ml2.ovo_rpc._ObjectChangeHandler.handle_event-56291', 'neutron.api.rpc.agentnotifiers.dhcp_rpc_agent_api.DhcpAgentNotifyAPI._native_event_send_dhcp_notification-583258', 'neutron.db.l3_dvrscheduler_db._notify_l3_agent_new_port-8755202109148', 'neutron.services.segments.plugin.NovaSegmentNotifier._notify_port_created_or_deleted-3864523'] for port, after_create {{(pid=94122) _notify_loop /usr/local/lib/python3.8/dist-packages/neutron_lib/callbacks/manager.py:192}}
Aug 06 17:59:53.356701 n-d-793621-29 neutron-server[94121]: INFO neutron.wsgi [req-69c6c2c5-6299-404a-8588-2ead9f2b2481 req-117bfa4d-4f49-43df-8d3c-4b91a92bfad0 tempest-DeleteServersAdminTestJSON-1445489194 tempest-DeleteServersAdminTestJSON-1445489194-project] 10.222.0.64 "GET /v2.0/security-groups?id=169729c4-340a-46cb-8c7d-35b2b0bcdf71&fields=id&fields=name HTTP/1.1" status: 200 len: 286 time: 0.0531671
Aug 06 17:59:53.381638 n-d-793621-29 neutron-server[94122]: DEBUG neutron.scheduler.dhcp_agent_scheduler [req-2e993a7c-0589-45c9-aba0-a5ef0a0f0986 req-52d1ec00-49c5-4e58-8755-0dff55b93b07 tempest-LiveMigrationTest-1528369379 tempest-LiveMigrationTest-1528369379-project] Network c6c5e486-3ac7-4d07-93e3-3dbf6cf9578a is already hosted by enough agents. {{(pid=94122) _get_dhcp_agents_hosting_network /opt/stack/neutron/neutron/scheduler/dhcp_agent_scheduler.py:275}}
Aug 06 17:59:53.384783 n-d-793621-29 neutron-server[94122]: DEBUG neutron.scheduler.base_scheduler [req-2e993a7c-0589-45c9-aba0-a5ef0a0f0986 req-52d1ec00-49c5-4e58-8755-0dff55b93b07 tempest-LiveMigrationTest-1528369379 tempest-LiveMigrationTest-1528369379-project] Resources bound (agent type, host, resource id): {{(pid=94122) schedule /opt/stack/neutron/neutron/scheduler/base_scheduler.py:57}}
Aug 06 17:59:53.424381 n-d-793621-29 neutron-server[94121]: DEBUG neutron_lib.callbacks.manager [None req-1161a315-e9cc-4d00-8a7e-f96f3870a7bf admin admin] Notify callbacks [] for security_group, precommit_create {{(pid=94121) _notify_loop /usr/local/lib/python3.8/dist-packages/neutron_lib/callbacks/manager.py:192}}
Aug 06 17:59:53.434131 n-d-793621-29 neutron-server[94121]: DEBUG neutron_lib.callbacks.manager [None req-1161a315-e9cc-4d00-8a7e-f96f3870a7bf admin admin] Notify callbacks ['neutron.plugins.ml2.ovo_rpc._ObjectChangeHandler.handle_event-753113'] for security_group, after_create {{(pid=94121) _notify_loop /usr/local/lib/python3.8/dist-packages/neutron_lib/callbacks/manager.py:192}}
Aug 06 17:59:53.442262 n-d-793621-29 neutron-server[94122]: DEBUG neutron.db.l3_dvrscheduler_db [req-2e993a7c-0589-45c9-aba0-a5ef0a0f0986 req-52d1ec00-49c5-4e58-8755-0dff55b93b07 tempest-LiveMigrationTest-1528369379 tempest-LiveMigrationTest-1528369379-project] Received port after_create {{(pid=94122) _notify_l3_agent_new_port /opt/stack/neutron/neutron/db/l3_dvrscheduler_db.py:535}}
Aug 06 17:59:53.457039 n-d-793621-29 neutron-server[94122]: DEBUG neutron.wsgi [-] (94122) accepted ('10.222.0.64', 40406) {{(pid=94122) server /usr/local/lib/python3.8/dist-packages/eventlet/wsgi.py:982}}
Aug 06 17:59:53.469975 n-d-793621-29 neutron-server[94121]: DEBUG neutron.plugins.ml2.drivers.helpers [None req-1161a315-e9cc-4d00-8a7e-f96f3870a7bf admin admin] vlan segment allocate from pool success with {'vlan_id': 620, 'physical_network': 'physnet1'} {{(pid=94121) allocate_partially_specified_segment /opt/stack/neutron/neutron/plugins/ml2/drivers/helpers.py:153}}
Aug 06 17:59:53.483311 n-d-793621-29 neutron-server[94121]: DEBUG neutron_lib.callbacks.manager [None req-1161a315-e9cc-4d00-8a7e-f96f3870a7bf admin admin] Notify callbacks ['neutron.plugins.ml2.plugin.Ml2Plugin._handle_segment_change-8207097'] for segment, precommit_create {{(pid=94121) _notify_loop /usr/local/lib/python3.8/dist-packages/neutron_lib/callbacks/manager.py:192}}
Aug 06 17:59:53.485109 n-d-793621-29 neutron-server[94121]: INFO neutron.db.segments_db [None req-1161a315-e9cc-4d00-8a7e-f96f3870a7bf admin admin] Added segment 31f88b16-3273-4c50-a5dd-7d5ea800a043 of type vlan for network 9c3244ac-837a-4271-b4b3-ac1da0a2bb2a
Aug 06 17:59:53.494005 n-d-793621-29 neutron-server[94122]: DEBUG neutron.api.v2.base [None req-1d4146d6-b4ab-4c07-b141-ee63ce6b5478 admin admin] Request body: {'network': {'name': 'tempest-LiveAutoBlockMigrationV225Test-1769946440-network', 'tenant_id': '349c47189b8d4377b27ac1f2103849bc'}} {{(pid=94122) prepare_request_body /opt/stack/neutron/neutron/api/v2/base.py:729}}
Aug 06 17:59:53.548191 n-d-793621-29 neutron-server[94121]: DEBUG neutron_lib.callbacks.manager [None req-1161a315-e9cc-4d00-8a7e-f96f3870a7bf admin admin] Notify callbacks ['neutron.services.auto_allocate.db._ensure_external_network_default_value_callback-8755202093388'] for network, precommit_create {{(pid=94121) _notify_loop /usr/local/lib/python3.8/dist-packages/neutron_lib/callbacks/manager.py:192}}
Aug 06 17:59:53.567347 n-d-793621-29 neutron-server[94122]: DEBUG neutron.pecan_wsgi.hooks.policy_enforcement [req-2e993a7c-0589-45c9-aba0-a5ef0a0f0986 req-52d1ec00-49c5-4e58-8755-0dff55b93b07 tempest-LiveMigrationTest-1528369379 tempest-LiveMigrationTest-1528369379-project] Attributes excluded by policy engine: ['standard_attr_id', 'binding:profile', 'binding:host_id', 'binding:vif_type', 'binding:vif_details', 'network'] {{(pid=94122) _exclude_attributes_by_policy /opt/stack/neutron/neutron/pecan_wsgi/hooks/policy_enforcement.py:255}}
Aug 06 17:59:53.568180 n-d-793621-29 neutron-server[94122]: DEBUG neutron_lib.callbacks.manager [req-2e993a7c-0589-45c9-aba0-a5ef0a0f0986 req-52d1ec00-49c5-4e58-8755-0dff55b93b07 tempest-LiveMigrationTest-1528369379 tempest-LiveMigrationTest-1528369379-project] Notify callbacks ['neutron.notifiers.nova.Notifier._send_nova_notification-466899', 'neutron.api.rpc.agentnotifiers.dhcp_rpc_agent_api.DhcpAgentNotifyAPI._send_dhcp_notification-583236'] for port, before_response {{(pid=94122) _notify_loop /usr/local/lib/python3.8/dist-packages/neutron_lib/callbacks/manager.py:192}}
Aug 06 17:59:53.571264 n-d-793621-29 neutron-server[94122]: DEBUG neutron.api.rpc.handlers.resources_rpc [None req-52d1ec00-49c5-4e58-8755-0dff55b93b07 tempest-LiveMigrationTest-1528369379 tempest-LiveMigrationTest-1528369379-project] Pushing event updated for resources: {'Port': ['ID=960a5fbd-a684-4b30-be46-8b987497f746,revision_number=1']} {{(pid=94122) push /opt/stack/neutron/neutron/api/rpc/handlers/resources_rpc.py:237}}
Aug 06 17:59:53.577610 n-d-793621-29 neutron-server[94123]: DEBUG neutron.db.l3_hamode_db [None req-9431a74c-0557-48dc-add0-de0546f1fe3b None None] neutron.services.l3_router.l3_router_plugin.L3RouterPlugin method _process_sync_ha_data called with arguments (, [{'id': '665bc67f-02cf-422e-8a0c-c9ce8c28a55c', 'name': 'tempest-ServersWithSpecificFlavorTestJSON-247554664-router', 'tenant_id': '4f722b72d1a441d8b10f9fefcfbf283a', 'admin_state_up': True, 'status': 'ACTIVE', 'external_gateway_info': {'network_id': '765cf35c-2e01-4222-b4b4-47ccec64cd89', 'external_fixed_ips': [{'subnet_id': '0d82eaab-1a4f-4f51-be9d-9f9bae0ba199', 'ip_address': '172.25.3.164'}], 'enable_snat': True}, 'gw_port_id': 'a1035d4a-628e-4cf8-b9d1-6aa700673ab3', 'description': '', 'availability_zones': ['nova'], 'distributed': False, 'ha': False, 'ha_vr_id': 0, 'availability_zone_hints': [], 'routes': [], 'flavor_id': None, 'tags': [], 'created_at': '2021-08-06T17:59:32Z', 'updated_at': '2021-08-06T17:59:49Z', 'revision_number': 4, 'project_id': '4f722b72d1a441d8b10f9fefcfbf283a', 'gw_port': {'id': 'a1035d4a-628e-4cf8-b9d1-6aa700673ab3', 'name': '', 'network_id': '765cf35c-2e01-4222-b4b4-47ccec64cd89', 'tenant_id': '', 'mac_address': 'fa:16:3e:e1:8c:56', 'admin_state_up': True, 'status': 'ACTIVE', 'device_id': '665bc67f-02cf-422e-8a0c-c9ce8c28a55c', 'device_owner': 'network:router_gateway', 'standard_attr_id': 115, 'fixed_ips': [{'subnet_id': '0d82eaab-1a4f-4f51-be9d-9f9bae0ba199', 'ip_address': '172.25.3.164', 'prefixlen': 24}], 'allowed_address_pairs': [], 'extra_dhcp_opts': [], 'security_groups': [], 'description': '', 'binding:vnic_type': 'normal', 'binding:profile': {}, 'binding:host_id': 'n-d-793621-29', 'binding:vif_type': 'ovs', 'binding:vif_details': {'connectivity': 'l2', 'port_filter': True, 'ovs_hybrid_plug': False, 'datapath_type': 'system', 'bridge_name': 'br-int'}, 'port_security_enabled': False, 'tags': [], 'created_at': '2021-08-06T17:59:34Z', 'updated_at': '2021-08-06T17:59:46Z', 'revision_number': 4, 'project_id': '', 'subnets': [{'id': '0d82eaab-1a4f-4f51-be9d-9f9bae0ba199', 'cidr': '172.25.3.0/24', 'gateway_ip': '172.25.3.1', 'dns_nameservers': [], 'ipv6_ra_mode': None, 'subnetpool_id': None}], 'extra_subnets': [], 'address_scopes': {4: None, 6: None}, 'mtu': 1500}, 'enable_snat': True, 'gw_port_host': 'n-d-793621-29', '_interfaces': [{'id': '0ba88d92-fd8a-4b09-91b3-b1872becb583', 'name': '', 'network_id': 'e30cc2c6-39d6-4245-b28d-30561982cdd5', 'tenant_id': '4f722b72d1a441d8b10f9fefcfbf283a', 'mac_address': 'fa:16:3e:bb:6f:06', 'admin_state_up': True, 'status': 'DOWN', 'device_id': '665bc67f-02cf-422e-8a0c-c9ce8c28a55c', 'device_owner': 'network:router_interface', 'standard_attr_id': 151, 'fixed_ips': [{'subnet_id': 'd8377e3d-a8db-4328-bc04-ae0f69b8a38a', 'ip_address': '172.20.0.1', 'prefixlen': 28}], 'allowed_address_pairs': [], 'extra_dhcp_opts': [], 'security_groups': [], 'description': '', 'binding:vnic_type': 'normal', 'binding:profile': {}, 'binding:host_id': 'n-d-793621-29', 'binding:vif_type': 'ovs', 'binding:vif_details': {'connectivity': 'l2', 'port_filter': True, 'ovs_hybrid_plug': False, 'datapath_type': 'system', 'bridge_name': 'br-int'}, 'port_security_enabled': False, 'tags': [], 'created_at': '2021-08-06T17:59:46Z', 'updated_at': '2021-08-06T17:59:52Z', 'revision_number': 4, 'project_id': '4f722b72d1a441d8b10f9fefcfbf283a', 'subnets': [{'id': 'd8377e3d-a8db-4328-bc04-ae0f69b8a38a', 'cidr': '172.20.0.0/28', 'gateway_ip': '172.20.0.1', 'dns_nameservers': [], 'ipv6_ra_mode': None, 'subnetpool_id': None}], 'extra_subnets': [], 'address_scopes': {4: None, 6: None}, 'mtu': 1500}]}], 'n-d-793621-29', False) {} {{(pid=94123) wrapper /usr/local/lib/python3.8/dist-packages/oslo_log/helpers.py:65}}
Aug 06 17:59:53.600887 n-d-793621-29 neutron-server[94121]: DEBUG neutron_lib.callbacks.manager [None req-1161a315-e9cc-4d00-8a7e-f96f3870a7bf admin admin] Notify callbacks ['neutron.plugins.ml2.ovo_rpc._ObjectChangeHandler.handle_event-753074', 'neutron.api.rpc.agentnotifiers.dhcp_rpc_agent_api.DhcpAgentNotifyAPI._native_event_send_dhcp_notification-583258'] for network, after_create {{(pid=94121) _notify_loop /usr/local/lib/python3.8/dist-packages/neutron_lib/callbacks/manager.py:192}}
Aug 06 17:59:53.602534 n-d-793621-29 neutron-server[94121]: DEBUG neutron.pecan_wsgi.hooks.policy_enforcement [None req-1161a315-e9cc-4d00-8a7e-f96f3870a7bf admin admin] Attributes excluded by policy engine: ['standard_attr_id', 'vlan_transparent'] {{(pid=94121) _exclude_attributes_by_policy /opt/stack/neutron/neutron/pecan_wsgi/hooks/policy_enforcement.py:255}}
Aug 06 17:59:53.603202 n-d-793621-29 neutron-server[94121]: DEBUG neutron_lib.callbacks.manager [None req-1161a315-e9cc-4d00-8a7e-f96f3870a7bf admin admin] Notify callbacks ['neutron.api.rpc.agentnotifiers.dhcp_rpc_agent_api.DhcpAgentNotifyAPI._send_dhcp_notification-583236'] for network, before_response {{(pid=94121) _notify_loop /usr/local/lib/python3.8/dist-packages/neutron_lib/callbacks/manager.py:192}}
Aug 06 17:59:53.610853 n-d-793621-29 neutron-server[94121]: DEBUG neutron.api.rpc.handlers.resources_rpc [None req-1161a315-e9cc-4d00-8a7e-f96f3870a7bf admin admin] Pushing event updated for resources: {'SecurityGroup': ['ID=6a960bc3-c7f1-4a2d-ab85-7340bb9935fa,revision_number=1']} {{(pid=94121) push /opt/stack/neutron/neutron/api/rpc/handlers/resources_rpc.py:237}}
Aug 06 17:59:53.621060 n-d-793621-29 neutron-server[94123]: DEBUG neutron.api.rpc.handlers.l3_rpc [None req-9431a74c-0557-48dc-add0-de0546f1fe3b None None] The sync data for ids ['665bc67f-02cf-422e-8a0c-c9ce8c28a55c'] in n-d-793621-29 is: [{'id': '665bc67f-02cf-422e-8a0c-c9ce8c28a55c', 'name': 'tempest-ServersWithSpecificFlavorTestJSON-247554664-router', 'tenant_id': '4f722b72d1a441d8b10f9fefcfbf283a', 'admin_state_up': True, 'status': 'ACTIVE', 'external_gateway_info': {'network_id': '765cf35c-2e01-4222-b4b4-47ccec64cd89', 'external_fixed_ips': [{'subnet_id': '0d82eaab-1a4f-4f51-be9d-9f9bae0ba199', 'ip_address': '172.25.3.164'}], 'enable_snat': True}, 'gw_port_id': 'a1035d4a-628e-4cf8-b9d1-6aa700673ab3', 'description': '', 'availability_zones': ['nova'], 'distributed': False, 'ha': False, 'ha_vr_id': 0, 'availability_zone_hints': [], 'routes': [], 'flavor_id': None, 'tags': [], 'created_at': '2021-08-06T17:59:32Z', 'updated_at': '2021-08-06T17:59:49Z', 'revision_number': 4, 'project_id': '4f722b72d1a441d8b10f9fefcfbf283a', 'gw_port': {'id': 'a1035d4a-628e-4cf8-b9d1-6aa700673ab3', 'name': '', 'network_id': '765cf35c-2e01-4222-b4b4-47ccec64cd89', 'tenant_id': '', 'mac_address': 'fa:16:3e:e1:8c:56', 'admin_state_up': True, 'status': 'ACTIVE', 'device_id': '665bc67f-02cf-422e-8a0c-c9ce8c28a55c', 'device_owner': 'network:router_gateway', 'standard_attr_id': 115, 'fixed_ips': [{'subnet_id': '0d82eaab-1a4f-4f51-be9d-9f9bae0ba199', 'ip_address': '172.25.3.164', 'prefixlen': 24}], 'allowed_address_pairs': [], 'extra_dhcp_opts': [], 'security_groups': [], 'description': '', 'binding:vnic_type': 'normal', 'binding:profile': {}, 'binding:host_id': 'n-d-793621-29', 'binding:vif_type': 'ovs', 'binding:vif_details': {'connectivity': 'l2', 'port_filter': True, 'ovs_hybrid_plug': False, 'datapath_type': 'system', 'bridge_name': 'br-int'}, 'port_security_enabled': False, 'tags': [], 'created_at': '2021-08-06T17:59:34Z', 'updated_at': '2021-08-06T17:59:46Z', 'revision_number': 4, 'project_id': '', 'subnets': [{'id': '0d82eaab-1a4f-4f51-be9d-9f9bae0ba199', 'cidr': '172.25.3.0/24', 'gateway_ip': '172.25.3.1', 'dns_nameservers': [], 'ipv6_ra_mode': None, 'subnetpool_id': None}], 'extra_subnets': [], 'address_scopes': {4: None, 6: None}, 'mtu': 1500}, 'enable_snat': True, 'gw_port_host': 'n-d-793621-29', '_interfaces': [{'id': '0ba88d92-fd8a-4b09-91b3-b1872becb583', 'name': '', 'network_id': 'e30cc2c6-39d6-4245-b28d-30561982cdd5', 'tenant_id': '4f722b72d1a441d8b10f9fefcfbf283a', 'mac_address': 'fa:16:3e:bb:6f:06', 'admin_state_up': True, 'status': 'DOWN', 'device_id': '665bc67f-02cf-422e-8a0c-c9ce8c28a55c', 'device_owner': 'network:router_interface', 'standard_attr_id': 151, 'fixed_ips': [{'subnet_id': 'd8377e3d-a8db-4328-bc04-ae0f69b8a38a', 'ip_address': '172.20.0.1', 'prefixlen': 28}], 'allowed_address_pairs': [], 'extra_dhcp_opts': [], 'security_groups': [], 'description': '', 'binding:vnic_type': 'normal', 'binding:profile': {}, 'binding:host_id': 'n-d-793621-29', 'binding:vif_type': 'ovs', 'binding:vif_details': {'connectivity': 'l2', 'port_filter': True, 'ovs_hybrid_plug': False, 'datapath_type': 'system', 'bridge_name': 'br-int'}, 'port_security_enabled': False, 'tags': [], 'created_at': '2021-08-06T17:59:46Z', 'updated_at': '2021-08-06T17:59:52Z', 'revision_number': 4, 'project_id': '4f722b72d1a441d8b10f9fefcfbf283a', 'subnets': [{'id': 'd8377e3d-a8db-4328-bc04-ae0f69b8a38a', 'cidr': '172.20.0.0/28', 'gateway_ip': '172.20.0.1', 'dns_nameservers': [], 'ipv6_ra_mode': None, 'subnetpool_id': None}], 'extra_subnets': [], 'address_scopes': {4: None, 6: None}, 'mtu': 1500}]}] {{(pid=94123) sync_routers /opt/stack/neutron/neutron/api/rpc/handlers/l3_rpc.py:137}}
Aug 06 17:59:53.660824 n-d-793621-29 neutron-server[94122]: DEBUG neutron_lib.callbacks.manager [None req-74070256-6aa5-4cde-9f26-750167f6bf30 admin admin] Notify callbacks [] for security_group, precommit_create {{(pid=94122) _notify_loop /usr/local/lib/python3.8/dist-packages/neutron_lib/callbacks/manager.py:192}}
Aug 06 17:59:53.686518 n-d-793621-29 neutron-server[94122]: DEBUG neutron_lib.callbacks.manager [None req-74070256-6aa5-4cde-9f26-750167f6bf30 admin admin] Notify callbacks ['neutron.plugins.ml2.ovo_rpc._ObjectChangeHandler.handle_event-753113'] for security_group, after_create {{(pid=94122) _notify_loop /usr/local/lib/python3.8/dist-packages/neutron_lib/callbacks/manager.py:192}}
Aug 06 17:59:53.700573 n-d-793621-29 neutron-server[94122]: INFO neutron.wsgi [req-2e993a7c-0589-45c9-aba0-a5ef0a0f0986 req-52d1ec00-49c5-4e58-8755-0dff55b93b07 tempest-LiveMigrationTest-1528369379 tempest-LiveMigrationTest-1528369379-project] 10.222.0.16 "POST /v2.0/ports HTTP/1.1" status: 201 len: 933 time: 1.2984591
Aug 06 17:59:53.723500 n-d-793621-29 neutron-server[94122]: DEBUG neutron.api.v2.base [req-2e993a7c-0589-45c9-aba0-a5ef0a0f0986 req-b647a053-173a-4625-8980-9ed55162cc11 service neutron] Request body: {'port': {'device_id': 'b20afb54-6a0c-4da9-a9e7-6da2c38e1c02', 'device_owner': 'compute:nova', 'binding:host_id': 'n-h2-793621-29'}} {{(pid=94122) prepare_request_body /opt/stack/neutron/neutron/api/v2/base.py:729}}
Aug 06 17:59:53.745727 n-d-793621-29 neutron-server[94121]: INFO neutron.wsgi [None req-1161a315-e9cc-4d00-8a7e-f96f3870a7bf admin admin] 10.222.0.64 "POST /v2.0/networks HTTP/1.1" status: 201 len: 897 time: 0.6961820
Aug 06 17:59:53.747276 n-d-793621-29 neutron-server[94121]: DEBUG neutron.api.rpc.handlers.resources_rpc [None req-1161a315-e9cc-4d00-8a7e-f96f3870a7bf admin admin] Pushing event updated for resources: {'Network': ['ID=9c3244ac-837a-4271-b4b3-ac1da0a2bb2a,revision_number=1']} {{(pid=94121) push /opt/stack/neutron/neutron/api/rpc/handlers/resources_rpc.py:237}}
Aug 06 17:59:53.751470 n-d-793621-29 neutron-server[94121]: DEBUG neutron.wsgi [-] (94121) accepted ('10.222.0.64', 40412) {{(pid=94121) server /usr/local/lib/python3.8/dist-packages/eventlet/wsgi.py:982}}
Aug 06 17:59:53.756553 n-d-793621-29 neutron-server[94121]: DEBUG neutron.api.v2.base [None req-11e953ec-237e-4e9d-81af-07c22fae1c44 admin admin] Request body: {'subnet': {'network_id': '9c3244ac-837a-4271-b4b3-ac1da0a2bb2a', 'cidr': '172.20.0.0/28', 'name': 'tempest-ServersWithSpecificFlavorTestJSON-1880710827-subnet', 'tenant_id': '8c31c7c9d6224c6ba3a89cdc62ce4e6a', 'enable_dhcp': True, 'ip_version': 4}} {{(pid=94121) prepare_request_body /opt/stack/neutron/neutron/api/v2/base.py:729}}
Aug 06 17:59:53.767355 n-d-793621-29 neutron-server[94123]: DEBUG neutron.plugins.ml2.rpc [None req-181b1b67-59dc-416e-9773-9548e89b3e79 None None] Network 9c3244ac-837a-4271-b4b3-ac1da0a2bb2a details requested by agent ovs-agent-n-d-793621-29 with host n-d-793621-29 {{(pid=94123) get_network_details /opt/stack/neutron/neutron/plugins/ml2/rpc.py:248}}
Aug 06 17:59:53.820889 n-d-793621-29 neutron-server[94122]: INFO neutron.wsgi [None req-74070256-6aa5-4cde-9f26-750167f6bf30 admin admin] 10.222.0.64 "GET /v2.0/security-groups?tenant_id=1e2759fab37c40a9ba87e1fb14979aca&name=default HTTP/1.1" status: 200 len: 2979 time: 0.5958238
Aug 06 17:59:53.821041 n-d-793621-29 neutron-server[94121]: DEBUG neutron.wsgi [-] (94121) accepted ('10.222.0.64', 40418) {{(pid=94121) server /usr/local/lib/python3.8/dist-packages/eventlet/wsgi.py:982}}
Aug 06 17:59:53.868152 n-d-793621-29 neutron-server[94122]: DEBUG neutron.api.rpc.handlers.resources_rpc [None req-74070256-6aa5-4cde-9f26-750167f6bf30 admin admin] Pushing event updated for resources: {'SecurityGroup': ['ID=897447b8-2b9f-4fec-bb8f-4d7ac79db02c,revision_number=1']} {{(pid=94122) push /opt/stack/neutron/neutron/api/rpc/handlers/resources_rpc.py:237}}
Aug 06 17:59:53.906811 n-d-793621-29 neutron-server[94122]: DEBUG neutron.pecan_wsgi.hooks.quota_enforcement [None req-1d4146d6-b4ab-4c07-b141-ee63ce6b5478 admin admin] Made reservation on behalf of 349c47189b8d4377b27ac1f2103849bc for: {'network': 1} {{(pid=94122) before /opt/stack/neutron/neutron/pecan_wsgi/hooks/quota_enforcement.py:53}}
Aug 06 17:59:53.909077 n-d-793621-29 neutron-server[94122]: DEBUG neutron_lib.callbacks.manager [None req-1d4146d6-b4ab-4c07-b141-ee63ce6b5478 admin admin] Notify callbacks ['neutron.plugins.ml2.plugin.SecurityGroupDbMixin._ensure_default_security_group_handler-8027631'] for network, before_create {{(pid=94122) _notify_loop /usr/local/lib/python3.8/dist-packages/neutron_lib/callbacks/manager.py:192}}
Aug 06 17:59:53.929892 n-d-793621-29 neutron-server[94121]: DEBUG neutron_lib.callbacks.manager [None req-d60d4b81-2b72-4c13-b481-3ff9caf0d178 admin admin] Notify callbacks [] for security_group, before_delete {{(pid=94121) _notify_loop /usr/local/lib/python3.8/dist-packages/neutron_lib/callbacks/manager.py:192}}
Aug 06 17:59:53.941952 n-d-793621-29 neutron-server[94122]: DEBUG neutron_lib.callbacks.manager [None req-1d4146d6-b4ab-4c07-b141-ee63ce6b5478 admin admin] Notify callbacks [] for security_group, before_create {{(pid=94122) _notify_loop /usr/local/lib/python3.8/dist-packages/neutron_lib/callbacks/manager.py:192}}
Aug 06 17:59:53.948546 n-d-793621-29 neutron-server[94121]: DEBUG neutron.pecan_wsgi.hooks.quota_enforcement [None req-11e953ec-237e-4e9d-81af-07c22fae1c44 admin admin] Made reservation on behalf of 8c31c7c9d6224c6ba3a89cdc62ce4e6a for: {'subnet': 1} {{(pid=94121) before /opt/stack/neutron/neutron/pecan_wsgi/hooks/quota_enforcement.py:53}}
Aug 06 17:59:53.951162 n-d-793621-29 neutron-server[94121]: DEBUG neutron_lib.callbacks.manager [None req-11e953ec-237e-4e9d-81af-07c22fae1c44 admin admin] Notify callbacks ['neutron.services.segments.plugin.SegmentHostRoutes.host_routes_before_create-4103384'] for subnet, before_create {{(pid=94121) _notify_loop /usr/local/lib/python3.8/dist-packages/neutron_lib/callbacks/manager.py:192}}
Aug 06 17:59:53.962942 n-d-793621-29 neutron-server[94122]: DEBUG neutron_lib.callbacks.manager [req-2e993a7c-0589-45c9-aba0-a5ef0a0f0986 req-b647a053-173a-4625-8980-9ed55162cc11 service neutron] Notify callbacks ['neutron.plugins.ml2.plugin.SecurityGroupDbMixin._ensure_default_security_group_handler-8027631'] for port, before_update {{(pid=94122) _notify_loop /usr/local/lib/python3.8/dist-packages/neutron_lib/callbacks/manager.py:192}}
Aug 06 17:59:53.990395 n-d-793621-29 neutron-server[94123]: DEBUG neutron.plugins.ml2.rpc [None req-471c2be8-2017-4c66-a23a-bf85881972d1 None None] Device 4f91fe84-675f-45e2-8338-999e1eaf3ba4 details requested by agent hyperv_n-h2-793621-29 with host n-h2-793621-29 {{(pid=94123) get_device_details /opt/stack/neutron/neutron/plugins/ml2/rpc.py:102}}
Aug 06 17:59:54.000631 n-d-793621-29 neutron-server[94122]: DEBUG neutron.pecan_wsgi.hooks.policy_enforcement [req-34f06453-2129-4cfa-9023-7a1ef15c5231 req-70f7c027-0e1e-4ab9-a728-795d293378b7 tempest-AggregatesAdminTestJSON-482723892 tempest-AggregatesAdminTestJSON-482723892-project] Attributes excluded by policy engine: ['standard_attr_id', 'binding:profile', 'binding:host_id', 'binding:vif_type', 'binding:vif_details'] {{(pid=94122) _exclude_attributes_by_policy /opt/stack/neutron/neutron/pecan_wsgi/hooks/policy_enforcement.py:255}}
Aug 06 17:59:54.008500 n-d-793621-29 neutron-server[94122]: INFO neutron.wsgi [req-34f06453-2129-4cfa-9023-7a1ef15c5231 req-70f7c027-0e1e-4ab9-a728-795d293378b7 tempest-AggregatesAdminTestJSON-482723892 tempest-AggregatesAdminTestJSON-482723892-project] 10.222.0.64 "GET /v2.0/ports?device_id=70f83111-dc28-4d97-8867-e9565ebde415 HTTP/1.1" status: 200 len: 969 time: 0.2342737
Aug 06 17:59:54.064732 n-d-793621-29 neutron-server[94121]: DEBUG neutron_lib.callbacks.manager [None req-d60d4b81-2b72-4c13-b481-3ff9caf0d178 admin admin] Notify callbacks [] for security_group, precommit_delete {{(pid=94121) _notify_loop /usr/local/lib/python3.8/dist-packages/neutron_lib/callbacks/manager.py:192}}
Aug 06 17:59:54.189104 n-d-793621-29 neutron-server[94123]: DEBUG neutron.plugins.ml2.db [None req-471c2be8-2017-4c66-a23a-bf85881972d1 None None] For port 4f91fe84-675f-45e2-8338-999e1eaf3ba4, host n-h2-793621-29, got binding levels [PortBindingLevel(driver='hyperv',host='n-h2-793621-29',level=0,port_id=4f91fe84-675f-45e2-8338-999e1eaf3ba4,segment=NetworkSegment(44d4f79d-864f-4a3f-aac4-8d648d9301bb),segment_id=44d4f79d-864f-4a3f-aac4-8d648d9301bb)] {{(pid=94123) get_binding_level_objs /opt/stack/neutron/neutron/plugins/ml2/db.py:74}}
Aug 06 17:59:54.204781 n-d-793621-29 neutron-server[94123]: DEBUG neutron.plugins.ml2.rpc [None req-471c2be8-2017-4c66-a23a-bf85881972d1 None None] Returning: {'device': '4f91fe84-675f-45e2-8338-999e1eaf3ba4', 'network_id': 'f40c6da6-b89b-42cb-bffe-8a50253ec77c', 'port_id': '4f91fe84-675f-45e2-8338-999e1eaf3ba4', 'mac_address': 'fa:16:3e:dd:2c:71', 'admin_state_up': True, 'network_type': 'vlan', 'segmentation_id': 613, 'physical_network': 'physnet1', 'mtu': 1500, 'fixed_ips': [{'subnet_id': '43f06237-c5eb-4d64-b27f-e6132e99a5c9', 'ip_address': '192.168.233.220'}], 'device_owner': 'compute:nova', 'allowed_address_pairs': [], 'port_security_enabled': True, 'qos_policy_id': None, 'network_qos_policy_id': None, 'profile': {}, 'propagate_uplink_status': False} {{(pid=94123) _get_device_details /opt/stack/neutron/neutron/plugins/ml2/rpc.py:184}}
Aug 06 17:59:54.218812 n-d-793621-29 neutron-server[94122]: INFO neutron.wsgi [req-34f06453-2129-4cfa-9023-7a1ef15c5231 req-36ff3e4f-0af4-4f4b-a3eb-b25020462752 tempest-AggregatesAdminTestJSON-482723892 tempest-AggregatesAdminTestJSON-482723892-project] 10.222.0.64 "GET /v2.0/security-groups?id=141a5a36-cbfc-465f-afdf-cf0dc9da0c1b&fields=id&fields=name HTTP/1.1" status: 200 len: 286 time: 0.2059789
Aug 06 17:59:54.274214 n-d-793621-29 neutron-server[94121]: DEBUG neutron_lib.callbacks.manager [None req-d60d4b81-2b72-4c13-b481-3ff9caf0d178 admin admin] Notify callbacks ['neutron.plugins.ml2.ovo_rpc._ObjectChangeHandler.handle_event-753113'] for security_group, after_delete {{(pid=94121) _notify_loop /usr/local/lib/python3.8/dist-packages/neutron_lib/callbacks/manager.py:192}}
Aug 06 17:59:54.277215 n-d-793621-29 neutron-server[94121]: DEBUG neutron_lib.callbacks.manager [None req-d60d4b81-2b72-4c13-b481-3ff9caf0d178 admin admin] Notify callbacks [] for security_group, before_response {{(pid=94121) _notify_loop /usr/local/lib/python3.8/dist-packages/neutron_lib/callbacks/manager.py:192}}
Aug 06 17:59:54.282161 n-d-793621-29 neutron-server[94121]: INFO neutron.wsgi [None req-d60d4b81-2b72-4c13-b481-3ff9caf0d178 admin admin] 10.222.0.64 "DELETE /v2.0/security-groups/897447b8-2b9f-4fec-bb8f-4d7ac79db02c HTTP/1.1" status: 204 len: 168 time: 0.4599795
Aug 06 17:59:54.303372 n-d-793621-29 neutron-server[94121]: DEBUG neutron.api.rpc.handlers.resources_rpc [None req-d60d4b81-2b72-4c13-b481-3ff9caf0d178 admin admin] Pushing event deleted for resources: {'SecurityGroup': ['ID=897447b8-2b9f-4fec-bb8f-4d7ac79db02c,revision_number=None']} {{(pid=94121) push /opt/stack/neutron/neutron/api/rpc/handlers/resources_rpc.py:237}}
Aug 06 17:59:54.307129 n-d-793621-29 neutron-server[94123]: DEBUG neutron_lib.callbacks.manager [None req-471c2be8-2017-4c66-a23a-bf85881972d1 None None] Notify callbacks ['neutron.plugins.ml2.plugin.SecurityGroupDbMixin._ensure_default_security_group_handler-8027631'] for port, before_update {{(pid=94123) _notify_loop /usr/local/lib/python3.8/dist-packages/neutron_lib/callbacks/manager.py:192}}
Aug 06 17:59:54.360895 n-d-793621-29 neutron-server[94123]: DEBUG neutron.notifiers.nova [None req-471c2be8-2017-4c66-a23a-bf85881972d1 None None] Ignoring state change previous_port_status: DOWN current_port_status: BUILD port_id 4f91fe84-675f-45e2-8338-999e1eaf3ba4 {{(pid=94123) record_port_status_changed /opt/stack/neutron/neutron/notifiers/nova.py:224}}
Aug 06 17:59:54.392295 n-d-793621-29 neutron-server[94121]: DEBUG neutron.pecan_wsgi.hooks.policy_enforcement [req-b438b9cf-a33f-4b33-ae0d-bad85103c3ef req-818007c2-44af-4ee7-b1f1-4d3478e7ba52 tempest-LiveMigrationTest-1528369379 tempest-LiveMigrationTest-1528369379-project] Attributes excluded by policy engine: ['standard_attr_id', 'binding:profile', 'binding:host_id', 'binding:vif_type', 'binding:vif_details'] {{(pid=94121) _exclude_attributes_by_policy /opt/stack/neutron/neutron/pecan_wsgi/hooks/policy_enforcement.py:255}}
Aug 06 17:59:54.399367 n-d-793621-29 neutron-server[94123]: DEBUG neutron.plugins.ml2.db [None req-471c2be8-2017-4c66-a23a-bf85881972d1 None None] For port 4f91fe84-675f-45e2-8338-999e1eaf3ba4, host n-h2-793621-29, got binding levels [PortBindingLevel(driver='hyperv',host='n-h2-793621-29',level=0,port_id=4f91fe84-675f-45e2-8338-999e1eaf3ba4,segment=NetworkSegment(44d4f79d-864f-4a3f-aac4-8d648d9301bb),segment_id=44d4f79d-864f-4a3f-aac4-8d648d9301bb)] {{(pid=94123) get_binding_level_objs /opt/stack/neutron/neutron/plugins/ml2/db.py:74}}
Aug 06 17:59:54.401754 n-d-793621-29 neutron-server[94121]: INFO neutron.wsgi [req-b438b9cf-a33f-4b33-ae0d-bad85103c3ef req-818007c2-44af-4ee7-b1f1-4d3478e7ba52 tempest-LiveMigrationTest-1528369379 tempest-LiveMigrationTest-1528369379-project] 10.222.0.64 "GET /v2.0/ports?device_id=b20afb54-6a0c-4da9-a9e7-6da2c38e1c02 HTTP/1.1" status: 200 len: 931 time: 0.1916993
Aug 06 17:59:54.411429 n-d-793621-29 neutron-server[94123]: DEBUG neutron_lib.callbacks.manager [None req-471c2be8-2017-4c66-a23a-bf85881972d1 None None] Notify callbacks ['neutron.plugins.ml2.plugin.SecurityGroupServerNotifierRpcMixin._notify_sg_on_port_change-8027564', 'neutron.plugins.ml2.ovo_rpc._ObjectChangeHandler.handle_event-56291', 'neutron.api.rpc.agentnotifiers.dhcp_rpc_agent_api.DhcpAgentNotifyAPI._native_event_send_dhcp_notification-583258', 'neutron.db.l3_db.L3RpcNotifierMixin._notify_gateway_port_ip_changed-8755202594389', 'neutron.db.l3_dvrscheduler_db._notify_l3_agent_port_update-8755202109166', 'neutron.db.l3_hascheduler_db._notify_l3_agent_ha_port_update-8755202109188'] for port, after_update {{(pid=94123) _notify_loop /usr/local/lib/python3.8/dist-packages/neutron_lib/callbacks/manager.py:192}}
Aug 06 17:59:54.431185 n-d-793621-29 neutron-server[94121]: DEBUG neutron_lib.callbacks.manager [None req-11e953ec-237e-4e9d-81af-07c22fae1c44 admin admin] Notify callbacks ['neutron.plugins.ml2.ovo_rpc._ObjectChangeHandler.handle_event-744440', 'neutron.api.rpc.agentnotifiers.dhcp_rpc_agent_api.DhcpAgentNotifyAPI._native_event_send_dhcp_notification-583258', 'neutron.services.segments.plugin.NovaSegmentNotifier._notify_subnet_created-2714324', 'neutron.services.segments.plugin.SegmentHostRoutes.host_routes_after_create-4103402'] for subnet, after_create {{(pid=94121) _notify_loop /usr/local/lib/python3.8/dist-packages/neutron_lib/callbacks/manager.py:192}}
Aug 06 17:59:54.535189 n-d-793621-29 neutron-server[94121]: INFO neutron.wsgi [req-b438b9cf-a33f-4b33-ae0d-bad85103c3ef req-88a3ce82-7701-43f6-9463-df2b956bb514 tempest-LiveMigrationTest-1528369379 tempest-LiveMigrationTest-1528369379-project] 10.222.0.64 "GET /v2.0/security-groups?id=5c1dde13-6062-4c98-a39b-3aeb15d1593f&fields=id&fields=name HTTP/1.1" status: 200 len: 286 time: 0.1275201
Aug 06 17:59:54.559592 n-d-793621-29 neutron-server[94121]: DEBUG neutron.api.rpc.handlers.resources_rpc [None req-11e953ec-237e-4e9d-81af-07c22fae1c44 admin admin] Pushing event updated for resources: {'Subnet': ['ID=567c165b-1d55-4b0e-b58d-2f604d31765c,revision_number=0']} {{(pid=94121) push /opt/stack/neutron/neutron/api/rpc/handlers/resources_rpc.py:237}}
Aug 06 17:59:54.572386 n-d-793621-29 neutron-server[94121]: DEBUG neutron.plugins.ml2.drivers.mech_agent [None req-11e953ec-237e-4e9d-81af-07c22fae1c44 admin admin] Checking segment: {'id': '31f88b16-3273-4c50-a5dd-7d5ea800a043', 'network_type': 'vlan', 'physical_network': 'physnet1', 'segmentation_id': 620, 'network_id': '9c3244ac-837a-4271-b4b3-ac1da0a2bb2a'} for mappings: {'physnet1': 'br-data'} with network types: ['local', 'flat', 'vlan'] {{(pid=94121) check_segment_for_agent /opt/stack/neutron/neutron/plugins/ml2/drivers/mech_agent.py:352}}
Aug 06 17:59:54.575383 n-d-793621-29 neutron-server[94121]: DEBUG neutron.scheduler.dhcp_agent_scheduler [None req-11e953ec-237e-4e9d-81af-07c22fae1c44 admin admin] Network hostable DHCP agents. Network: 9c3244ac-837a-4271-b4b3-ac1da0a2bb2a, hostable agents: ['67f7c939-92a3-4a7b-825b-775217912d7b'], hosted agents: [] {{(pid=94121) _get_network_hostable_dhcp_agents /opt/stack/neutron/neutron/scheduler/dhcp_agent_scheduler.py:329}}
Aug 06 17:59:54.600755 n-d-793621-29 neutron-server[94123]: DEBUG neutron.plugins.ml2.rpc [None req-181b1b67-59dc-416e-9773-9548e89b3e79 None None] Device 0ba88d92-fd8a-4b09-91b3-b1872becb583 up at agent ovs-agent-n-d-793621-29 {{(pid=94123) update_device_up /opt/stack/neutron/neutron/plugins/ml2/rpc.py:296}}
Aug 06 17:59:54.607534 n-d-793621-29 neutron-server[94121]: DEBUG neutron.scheduler.dhcp_agent_scheduler [None req-11e953ec-237e-4e9d-81af-07c22fae1c44 admin admin] Network 9c3244ac-837a-4271-b4b3-ac1da0a2bb2a is scheduled to be hosted by DHCP agent 67f7c939-92a3-4a7b-825b-775217912d7b with binding_index 1 {{(pid=94121) bind /opt/stack/neutron/neutron/scheduler/dhcp_agent_scheduler.py:227}}
Aug 06 17:59:54.614229 n-d-793621-29 neutron-server[94123]: DEBUG neutron.api.rpc.handlers.resources_rpc [None req-471c2be8-2017-4c66-a23a-bf85881972d1 None None] Pushing event updated for resources: {'Port': ['ID=4f91fe84-675f-45e2-8338-999e1eaf3ba4,revision_number=4']} {{(pid=94123) push /opt/stack/neutron/neutron/api/rpc/handlers/resources_rpc.py:237}}
Aug 06 17:59:54.632967 n-d-793621-29 neutron-server[94121]: DEBUG neutron.scheduler.base_scheduler [None req-11e953ec-237e-4e9d-81af-07c22fae1c44 admin admin] Resources bound (agent type, host, resource id): (DHCP agent, n-d-793621-29, 9c3244ac-837a-4271-b4b3-ac1da0a2bb2a) {{(pid=94121) schedule /opt/stack/neutron/neutron/scheduler/base_scheduler.py:57}}
Aug 06 17:59:54.651805 n-d-793621-29 neutron-server[94121]: DEBUG neutron.pecan_wsgi.hooks.policy_enforcement [None req-11e953ec-237e-4e9d-81af-07c22fae1c44 admin admin] Attributes excluded by policy engine: ['standard_attr_id', 'shared', 'segment_id', 'network'] {{(pid=94121) _exclude_attributes_by_policy /opt/stack/neutron/neutron/pecan_wsgi/hooks/policy_enforcement.py:255}}
Aug 06 17:59:54.652268 n-d-793621-29 neutron-server[94121]: DEBUG neutron_lib.callbacks.manager [None req-11e953ec-237e-4e9d-81af-07c22fae1c44 admin admin] Notify callbacks ['neutron.api.rpc.agentnotifiers.dhcp_rpc_agent_api.DhcpAgentNotifyAPI._send_dhcp_notification-583236'] for subnet, before_response {{(pid=94121) _notify_loop /usr/local/lib/python3.8/dist-packages/neutron_lib/callbacks/manager.py:192}}
Aug 06 17:59:54.658311 n-d-793621-29 neutron-server[94123]: DEBUG neutron.api.rpc.handlers.dhcp_rpc [None req-6f79257d-ca9e-41fd-a319-1645203ebad6 None None] Network 9c3244ac-837a-4271-b4b3-ac1da0a2bb2a requested from n-d-793621-29 {{(pid=94123) get_network_info /opt/stack/neutron/neutron/api/rpc/handlers/dhcp_rpc.py:218}}
Aug 06 17:59:54.736203 n-d-793621-29 neutron-server[94122]: DEBUG neutron_lib.callbacks.manager [None req-1d4146d6-b4ab-4c07-b141-ee63ce6b5478 admin admin] Notify callbacks [] for security_group, precommit_create {{(pid=94122) _notify_loop /usr/local/lib/python3.8/dist-packages/neutron_lib/callbacks/manager.py:192}}
Aug 06 17:59:54.749057 n-d-793621-29 neutron-server[94122]: DEBUG neutron_lib.callbacks.manager [None req-1d4146d6-b4ab-4c07-b141-ee63ce6b5478 admin admin] Notify callbacks ['neutron.plugins.ml2.ovo_rpc._ObjectChangeHandler.handle_event-753113'] for security_group, after_create {{(pid=94122) _notify_loop /usr/local/lib/python3.8/dist-packages/neutron_lib/callbacks/manager.py:192}}
Aug 06 17:59:54.758248 n-d-793621-29 neutron-server[94121]: INFO neutron.wsgi [None req-11e953ec-237e-4e9d-81af-07c22fae1c44 admin admin] 10.222.0.64 "POST /v2.0/subnets HTTP/1.1" status: 201 len: 860 time: 1.0035472
Aug 06 17:59:54.758954 n-d-793621-29 neutron-server[94121]: DEBUG neutron.wsgi [-] (94121) accepted ('10.222.0.64', 40440) {{(pid=94121) server /usr/local/lib/python3.8/dist-packages/eventlet/wsgi.py:982}}
Aug 06 17:59:54.760924 n-d-793621-29 neutron-server[94123]: DEBUG neutron.plugins.ml2.rpc [None req-041f9f35-5bbc-44ae-84e0-4d0b8ad2b42d None None] Device 3b84558e-5e70-49b5-9725-ef5b02c17b76 details requested by agent hyperv_n-h1-793621-29 with host n-h1-793621-29 {{(pid=94123) get_device_details /opt/stack/neutron/neutron/plugins/ml2/rpc.py:102}}
Aug 06 17:59:54.763910 n-d-793621-29 neutron-server[94121]: DEBUG neutron.api.v2.base [None req-8243a364-653a-4549-8770-30cc3113d567 admin admin] Request body: {'router': {'name': 'tempest-ServersWithSpecificFlavorTestJSON-1880710827-router', 'tenant_id': '8c31c7c9d6224c6ba3a89cdc62ce4e6a', 'external_gateway_info': {'network_id': '765cf35c-2e01-4222-b4b4-47ccec64cd89'}}} {{(pid=94121) prepare_request_body /opt/stack/neutron/neutron/api/v2/base.py:729}}
Aug 06 17:59:54.813606 n-d-793621-29 neutron-server[94123]: DEBUG neutron.db.provisioning_blocks [None req-181b1b67-59dc-416e-9773-9548e89b3e79 None None] Provisioning for port 0ba88d92-fd8a-4b09-91b3-b1872becb583 completed by entity L2. {{(pid=94123) provisioning_complete /opt/stack/neutron/neutron/db/provisioning_blocks.py:133}}
Aug 06 17:59:54.816228 n-d-793621-29 neutron-server[94121]: DEBUG neutron_lib.callbacks.manager [None req-8243a364-653a-4549-8770-30cc3113d567 admin admin] Notify callbacks ['neutron.services.l3_router.l3_router_plugin.L3_HA_NAT_db_mixin._before_router_create_handler-722698', 'neutron.services.l3_router.service_providers.driver_controller.DriverController._check_router_request-1269'] for router, before_create {{(pid=94121) _notify_loop /usr/local/lib/python3.8/dist-packages/neutron_lib/callbacks/manager.py:192}}
Aug 06 17:59:54.817388 n-d-793621-29 neutron-server[94121]: DEBUG neutron_lib.callbacks.manager [None req-8243a364-653a-4549-8770-30cc3113d567 admin admin] Notify callbacks ['neutron.services.l3_router.l3_router_plugin.L3_HA_NAT_db_mixin._precommit_router_create-723448', 'neutron.services.l3_router.l3_router_plugin.DVRResourceOperationHandler._set_distributed_flag-729116', 'neutron.services.l3_router.l3_router_plugin.RouterAvailabilityZoneMixin._process_az_request-742816', 'neutron.services.l3_router.service_providers.driver_controller.DriverController._set_router_provider-1278'] for router, precommit_create {{(pid=94121) _notify_loop /usr/local/lib/python3.8/dist-packages/neutron_lib/callbacks/manager.py:192}}
Aug 06 17:59:54.845306 n-d-793621-29 neutron-server[94122]: DEBUG neutron.pecan_wsgi.hooks.policy_enforcement [req-e9b3544d-606e-4dc7-9019-d7ec8c258119 req-0304b107-2461-43e5-b3e0-825b5b7d1aa7 tempest-DeleteServersAdminTestJSON-1445489194 tempest-DeleteServersAdminTestJSON-1445489194-project] Attributes excluded by policy engine: ['standard_attr_id', 'binding:profile', 'binding:host_id', 'binding:vif_type', 'binding:vif_details'] {{(pid=94122) _exclude_attributes_by_policy /opt/stack/neutron/neutron/pecan_wsgi/hooks/policy_enforcement.py:255}}
Aug 06 17:59:54.847478 n-d-793621-29 neutron-server[94122]: INFO neutron.wsgi [req-e9b3544d-606e-4dc7-9019-d7ec8c258119 req-0304b107-2461-43e5-b3e0-825b5b7d1aa7 tempest-DeleteServersAdminTestJSON-1445489194 tempest-DeleteServersAdminTestJSON-1445489194-project] 10.222.0.64 "GET /v2.0/ports?device_id=279ebf2d-760e-4e81-97a3-cadd5d93abfb HTTP/1.1" status: 200 len: 949 time: 0.2880220
Aug 06 17:59:54.855612 n-d-793621-29 neutron-server[94122]: DEBUG neutron.plugins.ml2.drivers.helpers [None req-1d4146d6-b4ab-4c07-b141-ee63ce6b5478 admin admin] vlan segment allocate from pool success with {'vlan_id': 622, 'physical_network': 'physnet1'} {{(pid=94122) allocate_partially_specified_segment /opt/stack/neutron/neutron/plugins/ml2/drivers/helpers.py:153}}
Aug 06 17:59:54.869965 n-d-793621-29 neutron-server[94123]: DEBUG neutron.plugins.ml2.db [None req-471c2be8-2017-4c66-a23a-bf85881972d1 None None] get_ports_and_sgs() called for port_ids ['4f91fe84-675f-45e2-8338-999e1eaf3ba4'] {{(pid=94123) get_ports_and_sgs /opt/stack/neutron/neutron/plugins/ml2/db.py:156}}
Aug 06 17:59:54.900193 n-d-793621-29 neutron-server[94122]: DEBUG neutron.notifiers.nova [req-2e993a7c-0589-45c9-aba0-a5ef0a0f0986 req-b647a053-173a-4625-8980-9ed55162cc11 service neutron] Ignoring state change previous_port_status: DOWN current_port_status: DOWN port_id 960a5fbd-a684-4b30-be46-8b987497f746 {{(pid=94122) record_port_status_changed /opt/stack/neutron/neutron/notifiers/nova.py:224}}
Aug 06 17:59:54.931348 n-d-793621-29 neutron-server[94122]: DEBUG neutron_lib.callbacks.manager [req-2e993a7c-0589-45c9-aba0-a5ef0a0f0986 req-b647a053-173a-4625-8980-9ed55162cc11 service neutron] Notify callbacks [] for port, precommit_update {{(pid=94122) _notify_loop /usr/local/lib/python3.8/dist-packages/neutron_lib/callbacks/manager.py:192}}
Aug 06 17:59:54.935438 n-d-793621-29 neutron-server[94123]: DEBUG neutron.db.provisioning_blocks [None req-181b1b67-59dc-416e-9773-9548e89b3e79 None None] Provisioning complete for port 0ba88d92-fd8a-4b09-91b3-b1872becb583 triggered by entity L2. {{(pid=94123) provisioning_complete /opt/stack/neutron/neutron/db/provisioning_blocks.py:139}}
Aug 06 17:59:54.937639 n-d-793621-29 neutron-server[94123]: DEBUG neutron_lib.callbacks.manager [None req-181b1b67-59dc-416e-9773-9548e89b3e79 None None] Notify callbacks ['neutron.plugins.ml2.plugin.Ml2Plugin._port_provisioned-8003384'] for port, provisioning_complete {{(pid=94123) _notify_loop /usr/local/lib/python3.8/dist-packages/neutron_lib/callbacks/manager.py:192}}
Aug 06 17:59:54.954895 n-d-793621-29 neutron-server[94121]: DEBUG neutron_lib.callbacks.manager [None req-8243a364-653a-4549-8770-30cc3113d567 admin admin] Notify callbacks [] for router_controller, precommit_add_association {{(pid=94121) _notify_loop /usr/local/lib/python3.8/dist-packages/neutron_lib/callbacks/manager.py:192}}
Aug 06 17:59:54.958980 n-d-793621-29 neutron-server[94122]: DEBUG neutron.api.rpc.handlers.resources_rpc [None req-1d4146d6-b4ab-4c07-b141-ee63ce6b5478 admin admin] Pushing event updated for resources: {'SecurityGroup': ['ID=976cc7cf-086d-44b9-acf0-d140ca6183e7,revision_number=1']} {{(pid=94122) push /opt/stack/neutron/neutron/api/rpc/handlers/resources_rpc.py:237}}
Aug 06 17:59:54.962539 n-d-793621-29 neutron-server[94122]: DEBUG neutron_lib.callbacks.manager [None req-1d4146d6-b4ab-4c07-b141-ee63ce6b5478 admin admin] Notify callbacks ['neutron.plugins.ml2.plugin.Ml2Plugin._handle_segment_change-8207097'] for segment, precommit_create {{(pid=94122) _notify_loop /usr/local/lib/python3.8/dist-packages/neutron_lib/callbacks/manager.py:192}}
Aug 06 17:59:54.963064 n-d-793621-29 neutron-server[94122]: INFO neutron.db.segments_db [None req-1d4146d6-b4ab-4c07-b141-ee63ce6b5478 admin admin] Added segment 6956c447-de79-4bb3-bdae-acc27d3bd2ae of type vlan for network 9397dc38-1bd2-441d-a19d-f1dfa120122d
Aug 06 17:59:55.023749 n-d-793621-29 neutron-server[94122]: DEBUG neutron.db.provisioning_blocks [req-2e993a7c-0589-45c9-aba0-a5ef0a0f0986 req-b647a053-173a-4625-8980-9ed55162cc11 service neutron] Transition to ACTIVE for port object 960a5fbd-a684-4b30-be46-8b987497f746 will not be triggered until provisioned by entity L2. {{(pid=94122) add_provisioning_component /opt/stack/neutron/neutron/db/provisioning_blocks.py:73}}
Aug 06 17:59:55.048707 n-d-793621-29 neutron-server[94121]: DEBUG neutron.wsgi [-] (94121) accepted ('10.222.0.64', 40446) {{(pid=94121) server /usr/local/lib/python3.8/dist-packages/eventlet/wsgi.py:982}}
Aug 06 17:59:55.066406 n-d-793621-29 neutron-server[94122]: INFO neutron.wsgi [req-e9b3544d-606e-4dc7-9019-d7ec8c258119 req-ef8bb5f3-42be-4c78-b97d-374296f6bab2 tempest-DeleteServersAdminTestJSON-1445489194 tempest-DeleteServersAdminTestJSON-1445489194-project] 10.222.0.64 "GET /v2.0/security-groups?id=169729c4-340a-46cb-8c7d-35b2b0bcdf71&fields=id&fields=name HTTP/1.1" status: 200 len: 286 time: 0.2079477
Aug 06 17:59:55.072494 n-d-793621-29 neutron-server[94122]: DEBUG neutron_lib.callbacks.manager [req-2e993a7c-0589-45c9-aba0-a5ef0a0f0986 req-b647a053-173a-4625-8980-9ed55162cc11 service neutron] Notify callbacks ['neutron.plugins.ml2.plugin.SecurityGroupServerNotifierRpcMixin._notify_sg_on_port_change-8027564', 'neutron.plugins.ml2.ovo_rpc._ObjectChangeHandler.handle_event-56291', 'neutron.api.rpc.agentnotifiers.dhcp_rpc_agent_api.DhcpAgentNotifyAPI._native_event_send_dhcp_notification-583258', 'neutron.db.l3_db.L3RpcNotifierMixin._notify_gateway_port_ip_changed-8755202594389', 'neutron.db.l3_dvrscheduler_db._notify_l3_agent_port_update-8755202109166', 'neutron.db.l3_hascheduler_db._notify_l3_agent_ha_port_update-8755202109188', 'neutron.services.segments.plugin.NovaSegmentNotifier._notify_port_updated-3864514'] for port, after_update {{(pid=94122) _notify_loop /usr/local/lib/python3.8/dist-packages/neutron_lib/callbacks/manager.py:192}}
Aug 06 17:59:55.091992 n-d-793621-29 neutron-server[94122]: DEBUG neutron_lib.callbacks.manager [None req-1d4146d6-b4ab-4c07-b141-ee63ce6b5478 admin admin] Notify callbacks ['neutron.services.auto_allocate.db._ensure_external_network_default_value_callback-8755202093388'] for network, precommit_create {{(pid=94122) _notify_loop /usr/local/lib/python3.8/dist-packages/neutron_lib/callbacks/manager.py:192}}
