Jul 24 00:44:35.895618 n-d-793621-25 neutron-server[100464]: DEBUG neutron_lib.callbacks.manager [None req-54039207-c0f9-4be2-a0ad-2417ea2f99e4 admin admin] Notify callbacks ['neutron.services.auto_allocate.db._ensure_external_network_default_value_callback-8733254162270'] for network, precommit_create {{(pid=100464) _notify_loop /usr/local/lib/python3.8/dist-packages/neutron_lib/callbacks/manager.py:192}}
Jul 24 00:44:35.986612 n-d-793621-25 neutron-server[100464]: DEBUG neutron_lib.callbacks.manager [None req-54039207-c0f9-4be2-a0ad-2417ea2f99e4 admin admin] Notify callbacks ['neutron.plugins.ml2.ovo_rpc._ObjectChangeHandler.handle_event-551627', 'neutron.api.rpc.agentnotifiers.dhcp_rpc_agent_api.DhcpAgentNotifyAPI._native_event_send_dhcp_notification-582869'] for network, after_create {{(pid=100464) _notify_loop /usr/local/lib/python3.8/dist-packages/neutron_lib/callbacks/manager.py:192}}
Jul 24 00:44:35.988042 n-d-793621-25 neutron-server[100464]: DEBUG neutron.pecan_wsgi.hooks.policy_enforcement [None req-54039207-c0f9-4be2-a0ad-2417ea2f99e4 admin admin] Attributes excluded by policy engine: ['standard_attr_id', 'vlan_transparent'] {{(pid=100464) _exclude_attributes_by_policy /opt/stack/neutron/neutron/pecan_wsgi/hooks/policy_enforcement.py:255}}
Jul 24 00:44:35.988859 n-d-793621-25 neutron-server[100464]: DEBUG neutron_lib.callbacks.manager [None req-54039207-c0f9-4be2-a0ad-2417ea2f99e4 admin admin] Notify callbacks ['neutron.api.rpc.agentnotifiers.dhcp_rpc_agent_api.DhcpAgentNotifyAPI._send_dhcp_notification-582851'] for network, before_response {{(pid=100464) _notify_loop /usr/local/lib/python3.8/dist-packages/neutron_lib/callbacks/manager.py:192}}
Jul 24 00:44:36.040410 n-d-793621-25 neutron-server[100464]: INFO neutron.wsgi [None req-54039207-c0f9-4be2-a0ad-2417ea2f99e4 admin admin] 10.222.0.15 "POST /v2.0/networks HTTP/1.1" status: 201 len: 896 time: 1.3295069
Jul 24 00:44:36.047440 n-d-793621-25 neutron-server[100463]: DEBUG neutron.wsgi [-] (100463) accepted ('10.222.0.15', 43726) {{(pid=100463) server /usr/local/lib/python3.8/dist-packages/eventlet/wsgi.py:982}}
Jul 24 00:44:36.053416 n-d-793621-25 neutron-server[100463]: DEBUG neutron.api.v2.base [None req-9f61d146-49d1-4749-bebe-3703a30b330a admin admin] Request body: {'subnet': {'network_id': 'dce79d1a-19b5-4596-96e4-d04368356b25', 'cidr': '172.20.0.0/28', 'name': 'tempest-ServersWithSpecificFlavorTestJSON-782398877-subnet', 'tenant_id': 'c49dfe4b8b164c34b2cb1c242cf6f8a2', 'enable_dhcp': True, 'ip_version': 4}} {{(pid=100463) prepare_request_body /opt/stack/neutron/neutron/api/v2/base.py:729}}
Jul 24 00:44:36.106495 n-d-793621-25 neutron-server[100463]: DEBUG neutron.pecan_wsgi.hooks.quota_enforcement [None req-9f61d146-49d1-4749-bebe-3703a30b330a admin admin] Made reservation on behalf of c49dfe4b8b164c34b2cb1c242cf6f8a2 for: {'subnet': 1} {{(pid=100463) before /opt/stack/neutron/neutron/pecan_wsgi/hooks/quota_enforcement.py:53}}
Jul 24 00:44:36.110370 n-d-793621-25 neutron-server[100463]: DEBUG neutron_lib.callbacks.manager [None req-9f61d146-49d1-4749-bebe-3703a30b330a admin admin] Notify callbacks [] for subnet, before_create {{(pid=100463) _notify_loop /usr/local/lib/python3.8/dist-packages/neutron_lib/callbacks/manager.py:192}}
Jul 24 00:44:36.131181 n-d-793621-25 neutron-server[100463]: DEBUG novaclient.v2.client [-] RESP: [200] Connection: close Content-Length: 179 Content-Type: application/json Date: Sat, 24 Jul 2021 00:44:35 GMT OpenStack-API-Version: compute 2.1 Server: Apache/2.4.41 (Ubuntu) Vary: OpenStack-API-Version,X-OpenStack-Nova-API-Version X-OpenStack-Nova-API-Version: 2.1 x-compute-request-id: req-8ef3f1f7-4262-46d2-be43-5cc60cb05827 x-openstack-request-id: req-8ef3f1f7-4262-46d2-be43-5cc60cb05827 {{(pid=100463) _http_log_response /usr/local/lib/python3.8/dist-packages/keystoneauth1/session.py:550}}
Jul 24 00:44:36.131784 n-d-793621-25 neutron-server[100463]: DEBUG novaclient.v2.client [-] RESP BODY: {"events": [{"name": "network-changed", "server_uuid": "dd5f6686-18be-4d4e-b65a-99ab2bef6a02", "tag": "f70811fe-451e-4760-a467-78fa3843ae07", "status": "completed", "code": 200}]} {{(pid=100463) _http_log_response /usr/local/lib/python3.8/dist-packages/keystoneauth1/session.py:582}}
Jul 24 00:44:36.132476 n-d-793621-25 neutron-server[100463]: DEBUG novaclient.v2.client [-] POST call to compute for http://10.222.0.15/compute/v2.1/os-server-external-events used request id req-8ef3f1f7-4262-46d2-be43-5cc60cb05827 {{(pid=100463) request /usr/local/lib/python3.8/dist-packages/keystoneauth1/session.py:954}}
Jul 24 00:44:36.132949 n-d-793621-25 neutron-server[100463]: INFO neutron.notifiers.nova [-] Nova event response: {'name': 'network-changed', 'server_uuid': 'dd5f6686-18be-4d4e-b65a-99ab2bef6a02', 'tag': 'f70811fe-451e-4760-a467-78fa3843ae07', 'status': 'completed', 'code': 200}
Jul 24 00:44:36.204932 n-d-793621-25 neutron-server[100464]: DEBUG neutron.api.rpc.handlers.resources_rpc [None req-54039207-c0f9-4be2-a0ad-2417ea2f99e4 admin admin] Pushing event updated for resources: {'Network': ['ID=dce79d1a-19b5-4596-96e4-d04368356b25,revision_number=1']} {{(pid=100464) push /opt/stack/neutron/neutron/api/rpc/handlers/resources_rpc.py:237}}
Jul 24 00:44:36.234237 n-d-793621-25 neutron-server[100465]: DEBUG neutron.plugins.ml2.rpc [None req-0ca5951b-83b9-4e0c-9464-ebe292d96817 None None] Network dce79d1a-19b5-4596-96e4-d04368356b25 details requested by agent ovs-agent-n-d-793621-25 with host n-d-793621-25 {{(pid=100465) get_network_details /opt/stack/neutron/neutron/plugins/ml2/rpc.py:248}}
Jul 24 00:44:36.441152 n-d-793621-25 neutron-server[100463]: DEBUG neutron.pecan_wsgi.hooks.policy_enforcement [req-8f590cdc-4d27-4b97-bd9f-0b847faf86ed req-bdeb3eb0-fe93-43bb-aa40-125275545ac3 tempest-DeleteServersAdminTestJSON-31832976 tempest-DeleteServersAdminTestJSON-31832976-project] Attributes excluded by policy engine: ['standard_attr_id', 'binding:profile', 'binding:host_id', 'binding:vif_type', 'binding:vif_details'] {{(pid=100463) _exclude_attributes_by_policy /opt/stack/neutron/neutron/pecan_wsgi/hooks/policy_enforcement.py:255}}
Jul 24 00:44:36.449136 n-d-793621-25 neutron-server[100463]: INFO neutron.wsgi [req-8f590cdc-4d27-4b97-bd9f-0b847faf86ed req-bdeb3eb0-fe93-43bb-aa40-125275545ac3 tempest-DeleteServersAdminTestJSON-31832976 tempest-DeleteServersAdminTestJSON-31832976-project] 10.222.0.15 "GET /v2.0/ports?device_id=b97d9681-63ce-4227-87b4-86d90ed3f9b0 HTTP/1.1" status: 200 len: 936 time: 0.2169302
Jul 24 00:44:36.531117 n-d-793621-25 neutron-server[100463]: INFO neutron.wsgi [req-8f590cdc-4d27-4b97-bd9f-0b847faf86ed req-bfdbac34-eb7f-4b34-b238-f42a154dd592 tempest-DeleteServersAdminTestJSON-31832976 tempest-DeleteServersAdminTestJSON-31832976-project] 10.222.0.15 "GET /v2.0/security-groups?id=a51518ca-40a1-45d1-b717-9d8ebb1403c3&fields=id&fields=name HTTP/1.1" status: 200 len: 286 time: 0.0801468
Jul 24 00:44:36.556562 n-d-793621-25 neutron-server[100463]: DEBUG neutron_lib.callbacks.manager [None req-9f61d146-49d1-4749-bebe-3703a30b330a admin admin] Notify callbacks ['neutron.plugins.ml2.ovo_rpc._ObjectChangeHandler.handle_event-525939', 'neutron.api.rpc.agentnotifiers.dhcp_rpc_agent_api.DhcpAgentNotifyAPI._native_event_send_dhcp_notification-582869'] for subnet, after_create {{(pid=100463) _notify_loop /usr/local/lib/python3.8/dist-packages/neutron_lib/callbacks/manager.py:192}}
Jul 24 00:44:36.772196 n-d-793621-25 neutron-server[100463]: DEBUG neutron.api.rpc.handlers.resources_rpc [None req-9f61d146-49d1-4749-bebe-3703a30b330a admin admin] Pushing event updated for resources: {'Subnet': ['ID=9be57270-14e1-41b6-9949-cbee1e39a6d3,revision_number=0']} {{(pid=100463) push /opt/stack/neutron/neutron/api/rpc/handlers/resources_rpc.py:237}}
Jul 24 00:44:36.797328 n-d-793621-25 neutron-server[100463]: DEBUG neutron.plugins.ml2.drivers.mech_agent [None req-9f61d146-49d1-4749-bebe-3703a30b330a admin admin] Checking segment: {'id': '29cb724a-e429-44ff-9956-950fa3e91043', 'network_type': 'vlan', 'physical_network': 'physnet1', 'segmentation_id': 132, 'network_id': 'dce79d1a-19b5-4596-96e4-d04368356b25'} for mappings: {'physnet1': 'br-data'} with network types: ['local', 'flat', 'vlan'] {{(pid=100463) check_segment_for_agent /opt/stack/neutron/neutron/plugins/ml2/drivers/mech_agent.py:352}}
Jul 24 00:44:36.798409 n-d-793621-25 neutron-server[100463]: DEBUG neutron.scheduler.dhcp_agent_scheduler [None req-9f61d146-49d1-4749-bebe-3703a30b330a admin admin] Network hostable DHCP agents. Network: dce79d1a-19b5-4596-96e4-d04368356b25, hostable agents: ['71841212-9da3-4061-aa01-18bcbaf6b281'], hosted agents: [] {{(pid=100463) _get_network_hostable_dhcp_agents /opt/stack/neutron/neutron/scheduler/dhcp_agent_scheduler.py:329}}
Jul 24 00:44:36.859277 n-d-793621-25 neutron-server[100463]: DEBUG neutron.scheduler.dhcp_agent_scheduler [None req-9f61d146-49d1-4749-bebe-3703a30b330a admin admin] Network dce79d1a-19b5-4596-96e4-d04368356b25 is scheduled to be hosted by DHCP agent 71841212-9da3-4061-aa01-18bcbaf6b281 with binding_index 1 {{(pid=100463) bind /opt/stack/neutron/neutron/scheduler/dhcp_agent_scheduler.py:227}}
Jul 24 00:44:36.892043 n-d-793621-25 neutron-server[100463]: DEBUG neutron.scheduler.base_scheduler [None req-9f61d146-49d1-4749-bebe-3703a30b330a admin admin] Resources bound (agent type, host, resource id): (DHCP agent, n-d-793621-25, dce79d1a-19b5-4596-96e4-d04368356b25) {{(pid=100463) schedule /opt/stack/neutron/neutron/scheduler/base_scheduler.py:57}}
Jul 24 00:44:36.905033 n-d-793621-25 neutron-server[100463]: DEBUG neutron.pecan_wsgi.hooks.policy_enforcement [None req-9f61d146-49d1-4749-bebe-3703a30b330a admin admin] Attributes excluded by policy engine: ['standard_attr_id', 'shared', 'network'] {{(pid=100463) _exclude_attributes_by_policy /opt/stack/neutron/neutron/pecan_wsgi/hooks/policy_enforcement.py:255}}
Jul 24 00:44:36.916112 n-d-793621-25 neutron-server[100465]: DEBUG neutron.api.rpc.handlers.dhcp_rpc [None req-e4c7880d-17dd-449a-9792-76bd93baeabb None None] Network dce79d1a-19b5-4596-96e4-d04368356b25 requested from n-d-793621-25 {{(pid=100465) get_network_info /opt/stack/neutron/neutron/api/rpc/handlers/dhcp_rpc.py:218}}
Jul 24 00:44:36.916478 n-d-793621-25 neutron-server[100463]: DEBUG neutron_lib.callbacks.manager [None req-9f61d146-49d1-4749-bebe-3703a30b330a admin admin] Notify callbacks ['neutron.api.rpc.agentnotifiers.dhcp_rpc_agent_api.DhcpAgentNotifyAPI._send_dhcp_notification-582851'] for subnet, before_response {{(pid=100463) _notify_loop /usr/local/lib/python3.8/dist-packages/neutron_lib/callbacks/manager.py:192}}
Jul 24 00:44:36.951983 n-d-793621-25 neutron-server[100464]: DEBUG neutron.wsgi [-] (100464) accepted ('10.222.0.15', 43750) {{(pid=100464) server /usr/local/lib/python3.8/dist-packages/eventlet/wsgi.py:982}}
Jul 24 00:44:36.955429 n-d-793621-25 neutron-server[100463]: INFO neutron.wsgi [None req-9f61d146-49d1-4749-bebe-3703a30b330a admin admin] 10.222.0.15 "POST /v2.0/subnets HTTP/1.1" status: 201 len: 859 time: 0.9061990
Jul 24 00:44:36.958731 n-d-793621-25 neutron-server[100464]: DEBUG neutron.api.v2.base [None req-7a6f11f4-8bfd-48a0-ad6c-7138c8bd7d21 admin admin] Request body: {'router': {'name': 'tempest-ServersWithSpecificFlavorTestJSON-782398877-router', 'tenant_id': 'c49dfe4b8b164c34b2cb1c242cf6f8a2', 'external_gateway_info': {'network_id': '40bbd28f-8fcb-4e05-bf09-d2c97ff8bf83'}}} {{(pid=100464) prepare_request_body /opt/stack/neutron/neutron/api/v2/base.py:729}}
Jul 24 00:44:37.042953 n-d-793621-25 neutron-server[100464]: DEBUG neutron_lib.callbacks.manager [None req-7a6f11f4-8bfd-48a0-ad6c-7138c8bd7d21 admin admin] Notify callbacks ['neutron.services.l3_router.l3_router_plugin.L3_HA_NAT_db_mixin._before_router_create-692115', 'neutron.services.l3_router.service_providers.driver_controller.DriverController._check_router_request-5786'] for router, before_create {{(pid=100464) _notify_loop /usr/local/lib/python3.8/dist-packages/neutron_lib/callbacks/manager.py:192}}
Jul 24 00:44:37.051443 n-d-793621-25 neutron-server[100464]: DEBUG neutron_lib.callbacks.manager [None req-7a6f11f4-8bfd-48a0-ad6c-7138c8bd7d21 admin admin] Notify callbacks ['neutron.services.l3_router.l3_router_plugin.L3_HA_NAT_db_mixin._precommit_router_create-692212', 'neutron.services.l3_router.l3_router_plugin.DVRResourceOperationHandler._set_distributed_flag-692576', 'neutron.services.l3_router.l3_router_plugin.RouterAvailabilityZoneMixin._process_az_request-699980', 'neutron.services.l3_router.service_providers.driver_controller.DriverController._set_router_provider-5781'] for router, precommit_create {{(pid=100464) _notify_loop /usr/local/lib/python3.8/dist-packages/neutron_lib/callbacks/manager.py:192}}
Jul 24 00:44:37.208414 n-d-793621-25 neutron-server[100464]: DEBUG neutron_lib.callbacks.manager [None req-7a6f11f4-8bfd-48a0-ad6c-7138c8bd7d21 admin admin] Notify callbacks [] for router_controller, precommit_add_association {{(pid=100464) _notify_loop /usr/local/lib/python3.8/dist-packages/neutron_lib/callbacks/manager.py:192}}
Jul 24 00:44:37.346218 n-d-793621-25 neutron-server[100465]: DEBUG neutron.api.rpc.handlers.dhcp_rpc [None req-479d59c3-e6d8-41c9-9a6e-a04cd9f03473 None None] Create dhcp port {'port': {'name': '', 'admin_state_up': True, 'device_id': 'dhcp2db1bba0-e9c3-5c07-8db2-1fb46eb2cfd6-dce79d1a-19b5-4596-96e4-d04368356b25', 'network_id': 'dce79d1a-19b5-4596-96e4-d04368356b25', 'tenant_id': 'c49dfe4b8b164c34b2cb1c242cf6f8a2', 'fixed_ips': [{'subnet_id': '9be57270-14e1-41b6-9949-cbee1e39a6d3'}]}} from n-d-793621-25. {{(pid=100465) create_dhcp_port /opt/stack/neutron/neutron/api/rpc/handlers/dhcp_rpc.py:285}}
Jul 24 00:44:37.347141 n-d-793621-25 neutron-server[100465]: DEBUG neutron_lib.callbacks.manager [None req-479d59c3-e6d8-41c9-9a6e-a04cd9f03473 None None] Notify callbacks ['neutron.plugins.ml2.plugin.SecurityGroupDbMixin._ensure_default_security_group_handler-1613528'] for port, before_create {{(pid=100465) _notify_loop /usr/local/lib/python3.8/dist-packages/neutron_lib/callbacks/manager.py:192}}
Jul 24 00:44:37.558272 n-d-793621-25 neutron-server[100464]: DEBUG neutron_lib.callbacks.manager [None req-7a6f11f4-8bfd-48a0-ad6c-7138c8bd7d21 admin admin] Notify callbacks ['neutron.services.l3_router.l3_router_plugin.DVRResourceOperationHandler._handle_distributed_migration-692574', 'neutron.services.l3_router.l3_router_plugin.L3_HA_NAT_db_mixin._validate_migration-692097', 'neutron.services.l3_router.service_providers.driver_controller.DriverController._update_router_provider-5767'] for router, precommit_update {{(pid=100464) _notify_loop /usr/local/lib/python3.8/dist-packages/neutron_lib/callbacks/manager.py:192}}
Jul 24 00:44:37.591622 n-d-793621-25 neutron-server[100464]: DEBUG neutron.pecan_wsgi.hooks.policy_enforcement [req-463ba95f-5918-45f9-a7a5-c103cd65c426 req-1a38b796-f02e-4646-8b7f-d855cfde8b07 tempest-AggregatesAdminTestJSON-1697856788 tempest-AggregatesAdminTestJSON-1697856788-project] Attributes excluded by policy engine: ['standard_attr_id', 'binding:profile', 'binding:host_id', 'binding:vif_type', 'binding:vif_details'] {{(pid=100464) _exclude_attributes_by_policy /opt/stack/neutron/neutron/pecan_wsgi/hooks/policy_enforcement.py:255}}
Jul 24 00:44:37.594636 n-d-793621-25 neutron-server[100464]: INFO neutron.wsgi [req-463ba95f-5918-45f9-a7a5-c103cd65c426 req-1a38b796-f02e-4646-8b7f-d855cfde8b07 tempest-AggregatesAdminTestJSON-1697856788 tempest-AggregatesAdminTestJSON-1697856788-project] 10.222.0.15 "GET /v2.0/ports?device_id=dd5f6686-18be-4d4e-b65a-99ab2bef6a02 HTTP/1.1" status: 200 len: 970 time: 0.6121857
Jul 24 00:44:37.627604 n-d-793621-25 neutron-server[100465]: DEBUG neutron.db.db_base_plugin_common [None req-479d59c3-e6d8-41c9-9a6e-a04cd9f03473 None None] Allocated IP 172.20.0.2 (dce79d1a-19b5-4596-96e4-d04368356b25/9be57270-14e1-41b6-9949-cbee1e39a6d3/8a1337e8-c08f-4882-b40b-b06f1b75684d) {{(pid=100465) _store_ip_allocation /opt/stack/neutron/neutron/db/db_base_plugin_common.py:131}}
Jul 24 00:44:37.763119 n-d-793621-25 neutron-server[100464]: INFO neutron.wsgi [req-463ba95f-5918-45f9-a7a5-c103cd65c426 req-fa2c8ddd-2b10-4b65-9bd5-4a03c84f081e tempest-AggregatesAdminTestJSON-1697856788 tempest-AggregatesAdminTestJSON-1697856788-project] 10.222.0.15 "GET /v2.0/security-groups?id=4d028efe-3833-4141-95a3-fc26455fa55e&fields=id&fields=name HTTP/1.1" status: 200 len: 286 time: 0.1610739
Jul 24 00:44:37.885465 n-d-793621-25 neutron-server[100463]: DEBUG neutron.pecan_wsgi.hooks.policy_enforcement [req-9e735691-c24e-456a-810b-d180db922b0a req-c434779a-c5d5-46ba-bbf8-2f1b09ee8b18 tempest-DeleteServersAdminTestJSON-31832976 tempest-DeleteServersAdminTestJSON-31832976-project] Attributes excluded by policy engine: ['standard_attr_id', 'binding:profile', 'binding:host_id', 'binding:vif_type', 'binding:vif_details'] {{(pid=100463) _exclude_attributes_by_policy /opt/stack/neutron/neutron/pecan_wsgi/hooks/policy_enforcement.py:255}}
Jul 24 00:44:37.900895 n-d-793621-25 neutron-server[100463]: INFO neutron.wsgi [req-9e735691-c24e-456a-810b-d180db922b0a req-c434779a-c5d5-46ba-bbf8-2f1b09ee8b18 tempest-DeleteServersAdminTestJSON-31832976 tempest-DeleteServersAdminTestJSON-31832976-project] 10.222.0.15 "GET /v2.0/ports?device_id=b97d9681-63ce-4227-87b4-86d90ed3f9b0 HTTP/1.1" status: 200 len: 936 time: 0.1528797
Jul 24 00:44:37.960374 n-d-793621-25 neutron-server[100463]: INFO neutron.wsgi [req-9e735691-c24e-456a-810b-d180db922b0a req-3fcf46d6-0073-4927-8e3a-1e1d71f00618 tempest-DeleteServersAdminTestJSON-31832976 tempest-DeleteServersAdminTestJSON-31832976-project] 10.222.0.15 "GET /v2.0/security-groups?id=a51518ca-40a1-45d1-b717-9d8ebb1403c3&fields=id&fields=name HTTP/1.1" status: 200 len: 286 time: 0.0464792
Jul 24 00:44:38.100115 n-d-793621-25 neutron-server[100465]: DEBUG neutron_lib.callbacks.manager [None req-479d59c3-e6d8-41c9-9a6e-a04cd9f03473 None None] Notify callbacks [] for port, precommit_create {{(pid=100465) _notify_loop /usr/local/lib/python3.8/dist-packages/neutron_lib/callbacks/manager.py:192}}
Jul 24 00:44:38.118904 n-d-793621-25 neutron-server[100465]: DEBUG neutron.db.provisioning_blocks [None req-479d59c3-e6d8-41c9-9a6e-a04cd9f03473 None None] Transition to ACTIVE for port object 8a1337e8-c08f-4882-b40b-b06f1b75684d will not be triggered until provisioned by entity L2. {{(pid=100465) add_provisioning_component /opt/stack/neutron/neutron/db/provisioning_blocks.py:73}}
Jul 24 00:44:38.156910 n-d-793621-25 neutron-server[100465]: DEBUG neutron.db.provisioning_blocks [None req-479d59c3-e6d8-41c9-9a6e-a04cd9f03473 None None] Transition to ACTIVE for port object 8a1337e8-c08f-4882-b40b-b06f1b75684d will not be triggered until provisioned by entity DHCP. {{(pid=100465) add_provisioning_component /opt/stack/neutron/neutron/db/provisioning_blocks.py:73}}
Jul 24 00:44:38.172069 n-d-793621-25 neutron-server[100465]: DEBUG neutron_lib.callbacks.manager [None req-479d59c3-e6d8-41c9-9a6e-a04cd9f03473 None None] Notify callbacks ['neutron.plugins.ml2.plugin.SecurityGroupServerNotifierRpcMixin._notify_sg_on_port_change-1613471', 'neutron.plugins.ml2.ovo_rpc._ObjectChangeHandler.handle_event-166965', 'neutron.api.rpc.agentnotifiers.dhcp_rpc_agent_api.DhcpAgentNotifyAPI._native_event_send_dhcp_notification-582869', 'neutron.db.l3_dvrscheduler_db._notify_l3_agent_new_port-8733254176997'] for port, after_create {{(pid=100465) _notify_loop /usr/local/lib/python3.8/dist-packages/neutron_lib/callbacks/manager.py:192}}
Jul 24 00:44:38.219911 n-d-793621-25 neutron-server[100465]: DEBUG neutron.scheduler.dhcp_agent_scheduler [None req-479d59c3-e6d8-41c9-9a6e-a04cd9f03473 None None] Network dce79d1a-19b5-4596-96e4-d04368356b25 is already hosted by enough agents. {{(pid=100465) _get_dhcp_agents_hosting_network /opt/stack/neutron/neutron/scheduler/dhcp_agent_scheduler.py:275}}
Jul 24 00:44:38.225433 n-d-793621-25 neutron-server[100465]: DEBUG neutron.scheduler.base_scheduler [None req-479d59c3-e6d8-41c9-9a6e-a04cd9f03473 None None] Resources bound (agent type, host, resource id): {{(pid=100465) schedule /opt/stack/neutron/neutron/scheduler/base_scheduler.py:57}}
Jul 24 00:44:38.229632 n-d-793621-25 neutron-server[100465]: DEBUG neutron.db.l3_dvrscheduler_db [None req-479d59c3-e6d8-41c9-9a6e-a04cd9f03473 None None] Received port after_create {{(pid=100465) _notify_l3_agent_new_port /opt/stack/neutron/neutron/db/l3_dvrscheduler_db.py:535}}
Jul 24 00:44:38.237504 n-d-793621-25 neutron-server[100465]: DEBUG neutron.api.rpc.handlers.resources_rpc [None req-479d59c3-e6d8-41c9-9a6e-a04cd9f03473 None None] Pushing event updated for resources: {'Port': ['ID=8a1337e8-c08f-4882-b40b-b06f1b75684d,revision_number=1']} {{(pid=100465) push /opt/stack/neutron/neutron/api/rpc/handlers/resources_rpc.py:237}}
Jul 24 00:44:38.281992 n-d-793621-25 neutron-server[100464]: DEBUG neutron_lib.callbacks.manager [None req-7a6f11f4-8bfd-48a0-ad6c-7138c8bd7d21 admin admin] Notify callbacks [] for router_gateway, before_create {{(pid=100464) _notify_loop /usr/local/lib/python3.8/dist-packages/neutron_lib/callbacks/manager.py:192}}
Jul 24 00:44:38.292208 n-d-793621-25 neutron-server[100465]: DEBUG neutron.api.rpc.callbacks.version_manager [None req-479d59c3-e6d8-41c9-9a6e-a04cd9f03473 None None] Version for resource type AddressGroup changed None to 1.2 on consumer Open vSwitch agent@n-d-793621-25 {{(pid=100465) _set_version /opt/stack/neutron/neutron/api/rpc/callbacks/version_manager.py:113}}
Jul 24 00:44:38.292566 n-d-793621-25 neutron-server[100465]: DEBUG neutron.api.rpc.callbacks.version_manager [None req-479d59c3-e6d8-41c9-9a6e-a04cd9f03473 None None] Version for resource type ConntrackHelper changed None to 1.0 on consumer Open vSwitch agent@n-d-793621-25 {{(pid=100465) _set_version /opt/stack/neutron/neutron/api/rpc/callbacks/version_manager.py:113}}
Jul 24 00:44:38.292909 n-d-793621-25 neutron-server[100465]: DEBUG neutron.api.rpc.callbacks.version_manager [None req-479d59c3-e6d8-41c9-9a6e-a04cd9f03473 None None] Version for resource type Log changed None to 1.0 on consumer Open vSwitch agent@n-d-793621-25 {{(pid=100465) _set_version /opt/stack/neutron/neutron/api/rpc/callbacks/version_manager.py:113}}
Jul 24 00:44:38.301108 n-d-793621-25 neutron-server[100465]: DEBUG neutron.api.rpc.callbacks.version_manager [None req-479d59c3-e6d8-41c9-9a6e-a04cd9f03473 None None] Version for resource type Network changed None to 1.1 on consumer Open vSwitch agent@n-d-793621-25 {{(pid=100465) _set_version /opt/stack/neutron/neutron/api/rpc/callbacks/version_manager.py:113}}
Jul 24 00:44:38.305716 n-d-793621-25 neutron-server[100465]: DEBUG neutron.api.rpc.callbacks.version_manager [None req-479d59c3-e6d8-41c9-9a6e-a04cd9f03473 None None] Version for resource type Port changed None to 1.7 on consumer Open vSwitch agent@n-d-793621-25 {{(pid=100465) _set_version /opt/stack/neutron/neutron/api/rpc/callbacks/version_manager.py:113}}
Jul 24 00:44:38.306177 n-d-793621-25 neutron-server[100465]: DEBUG neutron.api.rpc.callbacks.version_manager [None req-479d59c3-e6d8-41c9-9a6e-a04cd9f03473 None None] Version for resource type PortForwarding changed None to 1.2 on consumer Open vSwitch agent@n-d-793621-25 {{(pid=100465) _set_version /opt/stack/neutron/neutron/api/rpc/callbacks/version_manager.py:113}}
Jul 24 00:44:38.306529 n-d-793621-25 neutron-server[100465]: DEBUG neutron.api.rpc.callbacks.version_manager [None req-479d59c3-e6d8-41c9-9a6e-a04cd9f03473 None None] Version for resource type QosPolicy changed None to 1.8 on consumer Open vSwitch agent@n-d-793621-25 {{(pid=100465) _set_version /opt/stack/neutron/neutron/api/rpc/callbacks/version_manager.py:113}}
Jul 24 00:44:38.306902 n-d-793621-25 neutron-server[100465]: DEBUG neutron.api.rpc.callbacks.version_manager [None req-479d59c3-e6d8-41c9-9a6e-a04cd9f03473 None None] Version for resource type SecurityGroup changed None to 1.4 on consumer Open vSwitch agent@n-d-793621-25 {{(pid=100465) _set_version /opt/stack/neutron/neutron/api/rpc/callbacks/version_manager.py:113}}
Jul 24 00:44:38.307244 n-d-793621-25 neutron-server[100465]: DEBUG neutron.api.rpc.callbacks.version_manager [None req-479d59c3-e6d8-41c9-9a6e-a04cd9f03473 None None] Version for resource type SecurityGroupRule changed None to 1.2 on consumer Open vSwitch agent@n-d-793621-25 {{(pid=100465) _set_version /opt/stack/neutron/neutron/api/rpc/callbacks/version_manager.py:113}}
Jul 24 00:44:38.307578 n-d-793621-25 neutron-server[100465]: DEBUG neutron.api.rpc.callbacks.version_manager [None req-479d59c3-e6d8-41c9-9a6e-a04cd9f03473 None None] Version for resource type SubPort changed None to 1.0 on consumer Open vSwitch agent@n-d-793621-25 {{(pid=100465) _set_version /opt/stack/neutron/neutron/api/rpc/callbacks/version_manager.py:113}}
Jul 24 00:44:38.307909 n-d-793621-25 neutron-server[100465]: DEBUG neutron.api.rpc.callbacks.version_manager [None req-479d59c3-e6d8-41c9-9a6e-a04cd9f03473 None None] Version for resource type Subnet changed None to 1.1 on consumer Open vSwitch agent@n-d-793621-25 {{(pid=100465) _set_version /opt/stack/neutron/neutron/api/rpc/callbacks/version_manager.py:113}}
Jul 24 00:44:38.309588 n-d-793621-25 neutron-server[100465]: DEBUG neutron.api.rpc.callbacks.version_manager [None req-479d59c3-e6d8-41c9-9a6e-a04cd9f03473 None None] Version for resource type Trunk changed None to 1.1 on consumer Open vSwitch agent@n-d-793621-25 {{(pid=100465) _set_version /opt/stack/neutron/neutron/api/rpc/callbacks/version_manager.py:113}}
Jul 24 00:44:38.310516 n-d-793621-25 neutron-server[100465]: DEBUG neutron.api.rpc.callbacks.version_manager [None req-479d59c3-e6d8-41c9-9a6e-a04cd9f03473 None None] Tracked resource versions report:
Jul 24 00:44:38.310516 n-d-793621-25 neutron-server[100465]: pushed versions:
Jul 24 00:44:38.310516 n-d-793621-25 neutron-server[100465]: { 'AddressGroup': {'1.2'},
Jul 24 00:44:38.310516 n-d-793621-25 neutron-server[100465]: 'ConntrackHelper': {'1.0'},
Jul 24 00:44:38.310516 n-d-793621-25 neutron-server[100465]: 'Log': {'1.0'},
Jul 24 00:44:38.310516 n-d-793621-25 neutron-server[100465]: 'Network': {'1.1'},
Jul 24 00:44:38.310516 n-d-793621-25 neutron-server[100465]: 'Port': {'1.7'},
Jul 24 00:44:38.310516 n-d-793621-25 neutron-server[100465]: 'PortForwarding': {'1.2'},
Jul 24 00:44:38.310516 n-d-793621-25 neutron-server[100465]: 'QosPolicy': {'1.8'},
Jul 24 00:44:38.310516 n-d-793621-25 neutron-server[100465]: 'SecurityGroup': {'1.4'},
Jul 24 00:44:38.310516 n-d-793621-25 neutron-server[100465]: 'SecurityGroupRule': {'1.2'},
Jul 24 00:44:38.310516 n-d-793621-25 neutron-server[100465]: 'SubPort': {'1.0'},
Jul 24 00:44:38.310516 n-d-793621-25 neutron-server[100465]: 'Subnet': {'1.1'},
Jul 24 00:44:38.310516 n-d-793621-25 neutron-server[100465]: 'Trunk': {'1.1'}}
Jul 24 00:44:38.310516 n-d-793621-25 neutron-server[100465]: consumer versions:
Jul 24 00:44:38.310516 n-d-793621-25 neutron-server[100465]: { DHCP agent@n-d-793621-25: {},
Jul 24 00:44:38.310516 n-d-793621-25 neutron-server[100465]: HyperV agent@n-h1-793621-25: {},
Jul 24 00:44:38.310516 n-d-793621-25 neutron-server[100465]: HyperV agent@n-h2-793621-25: {},
Jul 24 00:44:38.310516 n-d-793621-25 neutron-server[100465]: L3 agent@n-d-793621-25: {},
Jul 24 00:44:38.310516 n-d-793621-25 neutron-server[100465]: Metadata agent@n-d-793621-25: {},
Jul 24 00:44:38.310516 n-d-793621-25 neutron-server[100465]: Metering agent@n-d-793621-25: {},
Jul 24 00:44:38.310516 n-d-793621-25 neutron-server[100465]: Open vSwitch agent@n-d-793621-25: { 'AddressGroup': '1.2',
Jul 24 00:44:38.310516 n-d-793621-25 neutron-server[100465]: 'ConntrackHelper': '1.0',
Jul 24 00:44:38.310516 n-d-793621-25 neutron-server[100465]: 'Log': '1.0',
Jul 24 00:44:38.310516 n-d-793621-25 neutron-server[100465]: 'Network': '1.1',
Jul 24 00:44:38.310516 n-d-793621-25 neutron-server[100465]: 'Port': '1.7',
Jul 24 00:44:38.310516 n-d-793621-25 neutron-server[100465]: 'PortForwarding': '1.2',
Jul 24 00:44:38.310516 n-d-793621-25 neutron-server[100465]: 'QosPolicy': '1.8',
Jul 24 00:44:38.310516 n-d-793621-25 neutron-server[100465]: 'SecurityGroup': '1.4',
Jul 24 00:44:38.310516 n-d-793621-25 neutron-server[100465]: 'SecurityGroupRule': '1.2',
Jul 24 00:44:38.310516 n-d-793621-25 neutron-server[100465]: 'SubPort': '1.0',
Jul 24 00:44:38.310516 n-d-793621-25 neutron-server[100465]: 'Subnet': '1.1',
Jul 24 00:44:38.310516 n-d-793621-25 neutron-server[100465]: 'Trunk': '1.1'}}
Jul 24 00:44:38.310516 n-d-793621-25 neutron-server[100465]: {{(pid=100465) report /opt/stack/neutron/neutron/api/rpc/callbacks/version_manager.py:175}}
Jul 24 00:44:38.335607 n-d-793621-25 neutron-server[100464]: DEBUG neutron_lib.callbacks.manager [None req-7a6f11f4-8bfd-48a0-ad6c-7138c8bd7d21 admin admin] Notify callbacks ['neutron.plugins.ml2.plugin.SecurityGroupDbMixin._ensure_default_security_group_handler-1613528'] for port, before_create {{(pid=100464) _notify_loop /usr/local/lib/python3.8/dist-packages/neutron_lib/callbacks/manager.py:192}}
Jul 24 00:44:38.398559 n-d-793621-25 neutron-server[100465]: DEBUG neutron.plugins.ml2.managers [None req-479d59c3-e6d8-41c9-9a6e-a04cd9f03473 None None] Attempting to bind port 8a1337e8-c08f-4882-b40b-b06f1b75684d on host n-d-793621-25 for vnic_type normal with profile {{(pid=100465) bind_port /opt/stack/neutron/neutron/plugins/ml2/managers.py:790}}
Jul 24 00:44:38.399425 n-d-793621-25 neutron-server[100465]: DEBUG neutron.plugins.ml2.managers [None req-479d59c3-e6d8-41c9-9a6e-a04cd9f03473 None None] Attempting to bind port 8a1337e8-c08f-4882-b40b-b06f1b75684d by drivers openvswitch,hyperv on host n-d-793621-25 at level 0 using segments [{'id': '29cb724a-e429-44ff-9956-950fa3e91043', 'network_type': 'vlan', 'physical_network': 'physnet1', 'segmentation_id': 132, 'network_id': 'dce79d1a-19b5-4596-96e4-d04368356b25'}] {{(pid=100465) _bind_port_level /opt/stack/neutron/neutron/plugins/ml2/managers.py:815}}
Jul 24 00:44:38.399425 n-d-793621-25 neutron-server[100465]: DEBUG neutron.plugins.ml2.drivers.mech_agent [None req-479d59c3-e6d8-41c9-9a6e-a04cd9f03473 None None] Attempting to bind port 8a1337e8-c08f-4882-b40b-b06f1b75684d on network dce79d1a-19b5-4596-96e4-d04368356b25 {{(pid=100465) bind_port /opt/stack/neutron/neutron/plugins/ml2/drivers/mech_agent.py:85}}
Jul 24 00:44:38.412984 n-d-793621-25 neutron-server[100465]: DEBUG neutron.plugins.ml2.drivers.mech_agent [None req-479d59c3-e6d8-41c9-9a6e-a04cd9f03473 None None] Checking agent: {'id': '9088323b-e3da-4cb7-aa0a-416712fdb59c', 'agent_type': 'Open vSwitch agent', 'binary': 'neutron-openvswitch-agent', 'topic': 'N/A', 'host': 'n-d-793621-25', 'admin_state_up': True, 'created_at': datetime.datetime(2021, 7, 24, 0, 34, 48), 'started_at': datetime.datetime(2021, 7, 24, 0, 35, 18), 'heartbeat_timestamp': datetime.datetime(2021, 7, 24, 0, 44, 18), 'description': None, 'resources_synced': None, 'availability_zone': None, 'alive': True, 'configurations': {'arp_responder_enabled': False, 'baremetal_smartnic': False, 'bridge_mappings': {'physnet1': 'br-data'}, 'datapath_type': 'system', 'devices': 0, 'enable_distributed_routing': False, 'extensions': [], 'in_distributed_mode': False, 'integration_bridge': 'br-int', 'l2_population': False, 'log_agent_heartbeats': False, 'ovs_capabilities': {'datapath_types': ['netdev', 'system'], 'iface_types': ['erspan', 'geneve', 'gre', 'internal', 'ip6erspan', 'ip6gre', 'lisp', 'patch', 'stt', 'system', 'tap', 'vxlan']}, 'ovs_hybrid_plug': False, 'resource_provider_bandwidths': {}, 'resource_provider_hypervisors': {'br-data': 'n-d-793621-25'}, 'resource_provider_inventory_defaults': {'allocation_ratio': 1.0, 'min_unit': 1, 'step_size': 1, 'reserved': 0}, 'tunnel_types': [], 'tunneling_ip': None, 'vhostuser_socket_dir': '/var/run/openvswitch'}, 'resource_versions': {'AddressGroup': '1.2', 'ConntrackHelper': '1.0', 'Log': '1.0', 'Network': '1.1', 'Port': '1.7', 'PortForwarding': '1.2', 'QosPolicy': '1.8', 'SecurityGroup': '1.4', 'SecurityGroupRule': '1.2', 'SubPort': '1.0', 'Subnet': '1.1', 'Trunk': '1.1'}} {{(pid=100465) bind_port /opt/stack/neutron/neutron/plugins/ml2/drivers/mech_agent.py:104}}
Jul 24 00:44:38.413268 n-d-793621-25 neutron-server[100465]: DEBUG neutron.plugins.ml2.drivers.mech_agent [None req-479d59c3-e6d8-41c9-9a6e-a04cd9f03473 None None] Checking segment: {'id': '29cb724a-e429-44ff-9956-950fa3e91043', 'network_type': 'vlan', 'physical_network': 'physnet1', 'segmentation_id': 132, 'network_id': 'dce79d1a-19b5-4596-96e4-d04368356b25'} for mappings: {'physnet1': 'br-data'} with network types: ['local', 'flat', 'vlan'] {{(pid=100465) check_segment_for_agent /opt/stack/neutron/neutron/plugins/ml2/drivers/mech_agent.py:352}}
Jul 24 00:44:38.413766 n-d-793621-25 neutron-server[100465]: DEBUG neutron_lib.callbacks.manager [None req-479d59c3-e6d8-41c9-9a6e-a04cd9f03473 None None] Notify callbacks [] for ovs_bridge_name, before_read {{(pid=100465) _notify_loop /usr/local/lib/python3.8/dist-packages/neutron_lib/callbacks/manager.py:192}}
Jul 24 00:44:38.414393 n-d-793621-25 neutron-server[100465]: DEBUG neutron.plugins.ml2.drivers.mech_agent [None req-479d59c3-e6d8-41c9-9a6e-a04cd9f03473 None None] Bound using segment: {'id': '29cb724a-e429-44ff-9956-950fa3e91043', 'network_type': 'vlan', 'physical_network': 'physnet1', 'segmentation_id': 132, 'network_id': 'dce79d1a-19b5-4596-96e4-d04368356b25'} {{(pid=100465) bind_port /opt/stack/neutron/neutron/plugins/ml2/drivers/mech_agent.py:114}}
Jul 24 00:44:38.415132 n-d-793621-25 neutron-server[100465]: DEBUG neutron.plugins.ml2.managers [None req-479d59c3-e6d8-41c9-9a6e-a04cd9f03473 None None] Bound port: 8a1337e8-c08f-4882-b40b-b06f1b75684d, host: n-d-793621-25, vif_type: ovs, vif_details: {"connectivity": "l2", "port_filter": true, "ovs_hybrid_plug": false, "datapath_type": "system", "bridge_name": "br-int"}, binding_levels: [{'bound_driver': 'openvswitch', 'bound_segment': {'id': '29cb724a-e429-44ff-9956-950fa3e91043', 'network_type': 'vlan', 'physical_network': 'physnet1', 'segmentation_id': 132, 'network_id': 'dce79d1a-19b5-4596-96e4-d04368356b25'}}] {{(pid=100465) _bind_port_level /opt/stack/neutron/neutron/plugins/ml2/managers.py:928}}
Jul 24 00:44:38.415623 n-d-793621-25 neutron-server[100465]: DEBUG neutron_lib.callbacks.manager [None req-479d59c3-e6d8-41c9-9a6e-a04cd9f03473 None None] Notify callbacks ['neutron.plugins.ml2.plugin.SecurityGroupDbMixin._ensure_default_security_group_handler-1613528'] for port, before_update {{(pid=100465) _notify_loop /usr/local/lib/python3.8/dist-packages/neutron_lib/callbacks/manager.py:192}}
Jul 24 00:44:38.581618 n-d-793621-25 neutron-server[100465]: DEBUG neutron.plugins.ml2.db [None req-479d59c3-e6d8-41c9-9a6e-a04cd9f03473 None None] For port 8a1337e8-c08f-4882-b40b-b06f1b75684d, host n-d-793621-25, cleared binding levels {{(pid=100465) clear_binding_levels /opt/stack/neutron/neutron/plugins/ml2/db.py:87}}
Jul 24 00:44:38.589658 n-d-793621-25 neutron-server[100465]: DEBUG neutron.plugins.ml2.db [None req-479d59c3-e6d8-41c9-9a6e-a04cd9f03473 None None] For port 8a1337e8-c08f-4882-b40b-b06f1b75684d, host n-d-793621-25, set binding levels [PortBindingLevel(driver='openvswitch',host='n-d-793621-25',level=0,port_id=8a1337e8-c08f-4882-b40b-b06f1b75684d,segment=NetworkSegment(29cb724a-e429-44ff-9956-950fa3e91043),segment_id=29cb724a-e429-44ff-9956-950fa3e91043)] {{(pid=100465) set_binding_levels /opt/stack/neutron/neutron/plugins/ml2/db.py:59}}
Jul 24 00:44:38.599429 n-d-793621-25 neutron-server[100465]: DEBUG neutron_lib.callbacks.manager [None req-479d59c3-e6d8-41c9-9a6e-a04cd9f03473 None None] Notify callbacks ['neutron.plugins.ml2.plugin.SecurityGroupServerNotifierRpcMixin._notify_sg_on_port_change-1613471', 'neutron.plugins.ml2.ovo_rpc._ObjectChangeHandler.handle_event-166965', 'neutron.api.rpc.agentnotifiers.dhcp_rpc_agent_api.DhcpAgentNotifyAPI._native_event_send_dhcp_notification-582869', 'neutron.db.l3_db.L3RpcNotifierMixin._notify_gateway_port_ip_changed-8733254583884', 'neutron.db.l3_dvrscheduler_db._notify_l3_agent_port_update-8733254177015', 'neutron.db.l3_hascheduler_db._notify_l3_agent_ha_port_update-8733254179085'] for port, after_update {{(pid=100465) _notify_loop /usr/local/lib/python3.8/dist-packages/neutron_lib/callbacks/manager.py:192}}
Jul 24 00:44:38.601080 n-d-793621-25 neutron-server[100464]: DEBUG neutron.db.db_base_plugin_common [None req-7a6f11f4-8bfd-48a0-ad6c-7138c8bd7d21 admin admin] Allocated IP 172.25.2.194 (40bbd28f-8fcb-4e05-bf09-d2c97ff8bf83/beed438e-63d8-40a9-85e1-c3bec7e50757/b250a86f-11b6-4f6f-9d2d-f659ace64b98) {{(pid=100464) _store_ip_allocation /opt/stack/neutron/neutron/db/db_base_plugin_common.py:131}}
Jul 24 00:44:38.747735 n-d-793621-25 neutron-server[100465]: DEBUG neutron.api.rpc.handlers.resources_rpc [None req-479d59c3-e6d8-41c9-9a6e-a04cd9f03473 None None] Pushing event updated for resources: {'Port': ['ID=8a1337e8-c08f-4882-b40b-b06f1b75684d,revision_number=2']} {{(pid=100465) push /opt/stack/neutron/neutron/api/rpc/handlers/resources_rpc.py:237}}
Jul 24 00:44:38.887002 n-d-793621-25 neutron-server[100464]: DEBUG neutron_lib.callbacks.manager [None req-7a6f11f4-8bfd-48a0-ad6c-7138c8bd7d21 admin admin] Notify callbacks [] for port, precommit_create {{(pid=100464) _notify_loop /usr/local/lib/python3.8/dist-packages/neutron_lib/callbacks/manager.py:192}}
Jul 24 00:44:39.013417 n-d-793621-25 neutron-server[100464]: DEBUG neutron_lib.callbacks.manager [None req-7a6f11f4-8bfd-48a0-ad6c-7138c8bd7d21 admin admin] Notify callbacks ['neutron.plugins.ml2.plugin.SecurityGroupServerNotifierRpcMixin._notify_sg_on_port_change-1613471', 'neutron.plugins.ml2.ovo_rpc._ObjectChangeHandler.handle_event-166965', 'neutron.api.rpc.agentnotifiers.dhcp_rpc_agent_api.DhcpAgentNotifyAPI._native_event_send_dhcp_notification-582869', 'neutron.db.l3_dvrscheduler_db._notify_l3_agent_new_port-8733254176997'] for port, after_create {{(pid=100464) _notify_loop /usr/local/lib/python3.8/dist-packages/neutron_lib/callbacks/manager.py:192}}
Jul 24 00:44:39.067301 n-d-793621-25 neutron-server[100464]: DEBUG neutron.pecan_wsgi.hooks.policy_enforcement [req-f21f4240-81b0-4f3d-a1a1-576b1ba05c5a req-e602fc50-a6ba-4bfb-bd19-7bc6e8aa9af1 tempest-AggregatesAdminTestJSON-1697856788 tempest-AggregatesAdminTestJSON-1697856788-project] Attributes excluded by policy engine: ['standard_attr_id', 'binding:profile', 'binding:host_id', 'binding:vif_type', 'binding:vif_details'] {{(pid=100464) _exclude_attributes_by_policy /opt/stack/neutron/neutron/pecan_wsgi/hooks/policy_enforcement.py:255}}
Jul 24 00:44:39.074790 n-d-793621-25 neutron-server[100464]: INFO neutron.wsgi [req-f21f4240-81b0-4f3d-a1a1-576b1ba05c5a req-e602fc50-a6ba-4bfb-bd19-7bc6e8aa9af1 tempest-AggregatesAdminTestJSON-1697856788 tempest-AggregatesAdminTestJSON-1697856788-project] 10.222.0.15 "GET /v2.0/ports?device_id=dd5f6686-18be-4d4e-b65a-99ab2bef6a02 HTTP/1.1" status: 200 len: 970 time: 0.1615450
Jul 24 00:44:39.125165 n-d-793621-25 neutron-server[100464]: DEBUG neutron.scheduler.dhcp_agent_scheduler [None req-7a6f11f4-8bfd-48a0-ad6c-7138c8bd7d21 admin admin] Network 40bbd28f-8fcb-4e05-bf09-d2c97ff8bf83 is already hosted by enough agents. {{(pid=100464) _get_dhcp_agents_hosting_network /opt/stack/neutron/neutron/scheduler/dhcp_agent_scheduler.py:275}}
Jul 24 00:44:39.134504 n-d-793621-25 neutron-server[100464]: DEBUG neutron.scheduler.base_scheduler [None req-7a6f11f4-8bfd-48a0-ad6c-7138c8bd7d21 admin admin] Resources bound (agent type, host, resource id): {{(pid=100464) schedule /opt/stack/neutron/neutron/scheduler/base_scheduler.py:57}}
Jul 24 00:44:39.148231 n-d-793621-25 neutron-server[100464]: DEBUG neutron.db.l3_dvrscheduler_db [None req-7a6f11f4-8bfd-48a0-ad6c-7138c8bd7d21 admin admin] Received port after_create {{(pid=100464) _notify_l3_agent_new_port /opt/stack/neutron/neutron/db/l3_dvrscheduler_db.py:535}}
Jul 24 00:44:39.157579 n-d-793621-25 neutron-server[100464]: DEBUG neutron.api.rpc.handlers.resources_rpc [None req-7a6f11f4-8bfd-48a0-ad6c-7138c8bd7d21 admin admin] Pushing event updated for resources: {'Port': ['ID=b250a86f-11b6-4f6f-9d2d-f659ace64b98,revision_number=1']} {{(pid=100464) push /opt/stack/neutron/neutron/api/rpc/handlers/resources_rpc.py:237}}
Jul 24 00:44:39.404403 n-d-793621-25 neutron-server[100464]: INFO neutron.wsgi [req-f21f4240-81b0-4f3d-a1a1-576b1ba05c5a req-bb64856e-3280-41a0-9e79-6c6b746d23a7 tempest-AggregatesAdminTestJSON-1697856788 tempest-AggregatesAdminTestJSON-1697856788-project] 10.222.0.15 "GET /v2.0/security-groups?id=4d028efe-3833-4141-95a3-fc26455fa55e&fields=id&fields=name HTTP/1.1" status: 200 len: 286 time: 0.3282735
Jul 24 00:44:39.444777 n-d-793621-25 neutron-server[100463]: DEBUG neutron.pecan_wsgi.hooks.policy_enforcement [req-c00fb800-c1b1-4300-8bf6-ba58c558508e req-230809a0-ae87-48a3-8dd5-1a8891272d10 tempest-DeleteServersAdminTestJSON-31832976 tempest-DeleteServersAdminTestJSON-31832976-project] Attributes excluded by policy engine: ['standard_attr_id', 'binding:profile', 'binding:host_id', 'binding:vif_type', 'binding:vif_details'] {{(pid=100463) _exclude_attributes_by_policy /opt/stack/neutron/neutron/pecan_wsgi/hooks/policy_enforcement.py:255}}
Jul 24 00:44:39.453321 n-d-793621-25 neutron-server[100463]: INFO neutron.wsgi [req-c00fb800-c1b1-4300-8bf6-ba58c558508e req-230809a0-ae87-48a3-8dd5-1a8891272d10 tempest-DeleteServersAdminTestJSON-31832976 tempest-DeleteServersAdminTestJSON-31832976-project] 10.222.0.15 "GET /v2.0/ports?device_id=b97d9681-63ce-4227-87b4-86d90ed3f9b0 HTTP/1.1" status: 200 len: 936 time: 0.2737882
Jul 24 00:44:39.502614 n-d-793621-25 neutron-server[100463]: INFO neutron.wsgi [req-c00fb800-c1b1-4300-8bf6-ba58c558508e req-9dbc907d-774f-402f-bec8-3e8cba4ef8de tempest-DeleteServersAdminTestJSON-31832976 tempest-DeleteServersAdminTestJSON-31832976-project] 10.222.0.15 "GET /v2.0/security-groups?id=a51518ca-40a1-45d1-b717-9d8ebb1403c3&fields=id&fields=name HTTP/1.1" status: 200 len: 286 time: 0.0480559
Jul 24 00:44:39.734977 n-d-793621-25 neutron-server[100464]: DEBUG neutron_lib.callbacks.manager [None req-7a6f11f4-8bfd-48a0-ad6c-7138c8bd7d21 admin admin] Notify callbacks [] for router_gateway, after_create {{(pid=100464) _notify_loop /usr/local/lib/python3.8/dist-packages/neutron_lib/callbacks/manager.py:192}}
Jul 24 00:44:39.992020 n-d-793621-25 neutron-server[100464]: DEBUG neutron.api.v2.base [req-f713e342-ef71-420b-b32c-56ff0c4a5b39 req-e556bea0-ae38-4268-bc8d-5d5b5aeae3ef tempest-SecurityGroupsTestAdminJSON-301527773 tempest-SecurityGroupsTestAdminJSON-301527773-project] Request body: {'security_group': {'name': 'tempest-securitygroup-781884454', 'description': 'tempest-description-699103780'}} {{(pid=100464) prepare_request_body /opt/stack/neutron/neutron/api/v2/base.py:729}}
Jul 24 00:44:40.040354 n-d-793621-25 neutron-server[100464]: DEBUG neutron_lib.callbacks.manager [req-f713e342-ef71-420b-b32c-56ff0c4a5b39 req-e556bea0-ae38-4268-bc8d-5d5b5aeae3ef tempest-SecurityGroupsTestAdminJSON-301527773 tempest-SecurityGroupsTestAdminJSON-301527773-project] Notify callbacks [] for security_group, before_create {{(pid=100464) _notify_loop /usr/local/lib/python3.8/dist-packages/neutron_lib/callbacks/manager.py:192}}
Jul 24 00:44:40.053303 n-d-793621-25 neutron-server[100464]: DEBUG neutron_lib.callbacks.manager [req-f713e342-ef71-420b-b32c-56ff0c4a5b39 req-e556bea0-ae38-4268-bc8d-5d5b5aeae3ef tempest-SecurityGroupsTestAdminJSON-301527773 tempest-SecurityGroupsTestAdminJSON-301527773-project] Notify callbacks [] for security_group, before_create {{(pid=100464) _notify_loop /usr/local/lib/python3.8/dist-packages/neutron_lib/callbacks/manager.py:192}}
Jul 24 00:44:40.081662 n-d-793621-25 neutron-server[100464]: DEBUG neutron_lib.callbacks.manager [None req-7a6f11f4-8bfd-48a0-ad6c-7138c8bd7d21 admin admin] Notify callbacks ['neutron.services.l3_router.l3_router_plugin.L3_HA_NAT_db_mixin._after_router_create-692120', 'neutron.services.l3_router.l3_router_plugin.DVRResourceOperationHandler._create_snat_interfaces_after_change-692533'] for router, after_create {{(pid=100464) _notify_loop /usr/local/lib/python3.8/dist-packages/neutron_lib/callbacks/manager.py:192}}
Jul 24 00:44:40.239253 n-d-793621-25 neutron-server[100463]: DEBUG neutron.api.v2.base [req-84928c94-1458-4ce6-8389-5ef5ac0809a5 req-b0d67292-71d3-441d-b1d4-07b88333648d service neutron] Request body: {'port': {'device_id': 'b97d9681-63ce-4227-87b4-86d90ed3f9b0', 'device_owner': 'compute:tempest-test_az-1511452927', 'binding:host_id': 'n-h2-793621-25'}} {{(pid=100463) prepare_request_body /opt/stack/neutron/neutron/api/v2/base.py:729}}
Jul 24 00:44:40.356312 n-d-793621-25 neutron-server[100465]: DEBUG neutron.api.rpc.handlers.dhcp_rpc [None req-c893ce8f-4738-4c15-93c8-43bc4a5ad466 None None] Network dce79d1a-19b5-4596-96e4-d04368356b25 requested from n-d-793621-25 {{(pid=100465) get_network_info /opt/stack/neutron/neutron/api/rpc/handlers/dhcp_rpc.py:218}}
Jul 24 00:44:40.357673 n-d-793621-25 neutron-server[100464]: DEBUG neutron_lib.callbacks.manager [req-f713e342-ef71-420b-b32c-56ff0c4a5b39 req-e556bea0-ae38-4268-bc8d-5d5b5aeae3ef tempest-SecurityGroupsTestAdminJSON-301527773 tempest-SecurityGroupsTestAdminJSON-301527773-project] Notify callbacks [] for security_group, precommit_create {{(pid=100464) _notify_loop /usr/local/lib/python3.8/dist-packages/neutron_lib/callbacks/manager.py:192}}
Jul 24 00:44:40.377483 n-d-793621-25 neutron-server[100464]: DEBUG neutron_lib.callbacks.manager [req-f713e342-ef71-420b-b32c-56ff0c4a5b39 req-e556bea0-ae38-4268-bc8d-5d5b5aeae3ef tempest-SecurityGroupsTestAdminJSON-301527773 tempest-SecurityGroupsTestAdminJSON-301527773-project] Notify callbacks ['neutron.plugins.ml2.ovo_rpc._ObjectChangeHandler.handle_event-551577'] for security_group, after_create {{(pid=100464) _notify_loop /usr/local/lib/python3.8/dist-packages/neutron_lib/callbacks/manager.py:192}}
Jul 24 00:44:40.414293 n-d-793621-25 neutron-server[100463]: DEBUG neutron_lib.callbacks.manager [req-84928c94-1458-4ce6-8389-5ef5ac0809a5 req-b0d67292-71d3-441d-b1d4-07b88333648d service neutron] Notify callbacks ['neutron.plugins.ml2.plugin.SecurityGroupDbMixin._ensure_default_security_group_handler-1613528'] for port, before_update {{(pid=100463) _notify_loop /usr/local/lib/python3.8/dist-packages/neutron_lib/callbacks/manager.py:192}}
Jul 24 00:44:40.444509 n-d-793621-25 neutron-server[100465]: DEBUG neutron.db.provisioning_blocks [None req-bd82ed6e-2393-4c37-9ac2-68562ec07786 None None] Provisioning for port 8a1337e8-c08f-4882-b40b-b06f1b75684d completed by entity DHCP. {{(pid=100465) provisioning_complete /opt/stack/neutron/neutron/db/provisioning_blocks.py:133}}
Jul 24 00:44:40.492617 n-d-793621-25 neutron-server[100464]: DEBUG neutron.scheduler.l3_agent_scheduler [None req-7a6f11f4-8bfd-48a0-ad6c-7138c8bd7d21 admin admin] Router ccec94e2-51a8-407b-b985-d864d380ad48 is scheduled to L3 agent d70fca46-8f8f-49fc-8e22-8db8746cbd2c with binding_index 1 {{(pid=100464) bind_router /opt/stack/neutron/neutron/scheduler/l3_agent_scheduler.py:210}}
Jul 24 00:44:40.540571 n-d-793621-25 neutron-server[100464]: DEBUG neutron.api.rpc.handlers.resources_rpc [None req-e556bea0-ae38-4268-bc8d-5d5b5aeae3ef tempest-SecurityGroupsTestAdminJSON-301527773 tempest-SecurityGroupsTestAdminJSON-301527773-project] Pushing event updated for resources: {'SecurityGroup': ['ID=cc4ab8bf-30f7-445a-9e06-9b796e56c1cc,revision_number=1']} {{(pid=100464) push /opt/stack/neutron/neutron/api/rpc/handlers/resources_rpc.py:237}}
Jul 24 00:44:40.759893 n-d-793621-25 neutron-server[100463]: DEBUG neutron.pecan_wsgi.hooks.policy_enforcement [req-a58c3efb-7079-4524-a822-ba8bfb155eb2 req-b364ebc5-2d1c-43e1-bd48-e90ed4d94fb1 service neutron] Attributes excluded by policy engine: ['standard_attr_id'] {{(pid=100463) _exclude_attributes_by_policy /opt/stack/neutron/neutron/pecan_wsgi/hooks/policy_enforcement.py:255}}
Jul 24 00:44:40.771447 n-d-793621-25 neutron-server[100464]: DEBUG neutron_lib.callbacks.manager [req-f713e342-ef71-420b-b32c-56ff0c4a5b39 req-e556bea0-ae38-4268-bc8d-5d5b5aeae3ef tempest-SecurityGroupsTestAdminJSON-301527773 tempest-SecurityGroupsTestAdminJSON-301527773-project] Notify callbacks [] for security_group, precommit_create {{(pid=100464) _notify_loop /usr/local/lib/python3.8/dist-packages/neutron_lib/callbacks/manager.py:192}}
Jul 24 00:44:40.776309 n-d-793621-25 neutron-server[100463]: INFO neutron.wsgi [req-a58c3efb-7079-4524-a822-ba8bfb155eb2 req-b364ebc5-2d1c-43e1-bd48-e90ed4d94fb1 service neutron] 10.222.0.11 "GET /v2.0/ports?tenant_id=6e80fafdeac34457a466c8523e0a2412&device_id=dd5f6686-18be-4d4e-b65a-99ab2bef6a02 HTTP/1.1" status: 200 len: 1122 time: 0.4345822
Jul 24 00:44:40.791030 n-d-793621-25 neutron-server[100464]: DEBUG neutron_lib.callbacks.manager [req-f713e342-ef71-420b-b32c-56ff0c4a5b39 req-e556bea0-ae38-4268-bc8d-5d5b5aeae3ef tempest-SecurityGroupsTestAdminJSON-301527773 tempest-SecurityGroupsTestAdminJSON-301527773-project] Notify callbacks ['neutron.plugins.ml2.ovo_rpc._ObjectChangeHandler.handle_event-551577'] for security_group, after_create {{(pid=100464) _notify_loop /usr/local/lib/python3.8/dist-packages/neutron_lib/callbacks/manager.py:192}}
Jul 24 00:44:40.818542 n-d-793621-25 neutron-server[100465]: DEBUG neutron.plugins.ml2.rpc [None req-0ca5951b-83b9-4e0c-9464-ebe292d96817 None None] Device 8a1337e8-c08f-4882-b40b-b06f1b75684d up at agent ovs-agent-n-d-793621-25 {{(pid=100465) update_device_up /opt/stack/neutron/neutron/plugins/ml2/rpc.py:296}}
Jul 24 00:44:40.838138 n-d-793621-25 neutron-server[100463]: INFO neutron.wsgi [req-a58c3efb-7079-4524-a822-ba8bfb155eb2 req-37b6a804-328f-4e5a-847d-789c97de0002 service neutron] 10.222.0.11 "GET /v2.0/networks?tenant_id=6e80fafdeac34457a466c8523e0a2412&shared=False HTTP/1.1" status: 200 len: 213 time: 0.0609338
