Jul 09 21:03:45.997173 n-d-793621-12 devstack@placement-api.service[101278]: INFO placement.requestlog [req-27f2b88a-a60a-418e-aeeb-44cc7e5acb3b req-355a1bc4-45f0-4602-958a-fd89177cc43b service placement] 10.222.0.49 "GET /placement/resource_providers/6e096e5c-1c90-4e62-b765-2c82790c8e40/aggregates" status: 200 len: 91 microversion: 1.19
Jul 09 21:03:46.003869 n-d-793621-12 devstack@placement-api.service[101278]: [pid: 101278|app: 0|req: 16/31] 10.222.0.49 () {60 vars in 1426 bytes} [Fri Jul 9 21:03:45 2021] GET /placement/resource_providers/6e096e5c-1c90-4e62-b765-2c82790c8e40/aggregates => generated 91 bytes in 30 msecs (HTTP/1.1 200) 8 headers in 295 bytes (2 switches on core 0)
Jul 09 21:03:46.004690 n-d-793621-12 devstack@placement-api.service[101278]: DEBUG placement.requestlog [req-27f2b88a-a60a-418e-aeeb-44cc7e5acb3b req-bc0ef0a3-1d37-4e74-9da6-c1fd78b65cbe None None] Starting request: 10.222.0.49 "PUT /placement/resource_providers/6e096e5c-1c90-4e62-b765-2c82790c8e40/aggregates" {{(pid=101278) __call__ /opt/stack/placement/placement/requestlog.py:55}}
Jul 09 21:03:46.022363 n-d-793621-12 devstack@placement-api.service[101278]: DEBUG placement.objects.resource_provider [req-27f2b88a-a60a-418e-aeeb-44cc7e5acb3b req-bc0ef0a3-1d37-4e74-9da6-c1fd78b65cbe service placement] Setting aggregates for provider 6e096e5c-1c90-4e62-b765-2c82790c8e40. Successfully disassociated aggregate a1dd8a57-dc71-4b3f-aa55-db37358ff180. {{(pid=101278) _set_aggregates /opt/stack/placement/placement/objects/resource_provider.py:402}}
Jul 09 21:03:46.132487 n-d-793621-12 devstack@placement-api.service[101278]: INFO placement.requestlog [req-27f2b88a-a60a-418e-aeeb-44cc7e5acb3b req-bc0ef0a3-1d37-4e74-9da6-c1fd78b65cbe service placement] 10.222.0.49 "PUT /placement/resource_providers/6e096e5c-1c90-4e62-b765-2c82790c8e40/aggregates" status: 200 len: 53 microversion: 1.19
Jul 09 21:03:46.133077 n-d-793621-12 devstack@placement-api.service[101278]: [pid: 101278|app: 0|req: 17/32] 10.222.0.49 () {64 vars in 1478 bytes} [Fri Jul 9 21:03:46 2021] PUT /placement/resource_providers/6e096e5c-1c90-4e62-b765-2c82790c8e40/aggregates => generated 53 bytes in 129 msecs (HTTP/1.1 200) 8 headers in 295 bytes (1 switches on core 0)
Jul 09 21:03:46.260886 n-d-793621-12 devstack@placement-api.service[101279]: DEBUG placement.handlers.allocation [req-bedbb532-5fc9-4fd4-99a2-c5dfc776e3e6 req-5bcbf445-0ef4-4b12-99d9-63c3929b331a service placement] Successfully wrote allocations [, , ] {{(pid=101279) _create_allocations /opt/stack/placement/placement/handlers/allocation.py:435}}
Jul 09 21:03:46.261619 n-d-793621-12 devstack@placement-api.service[101279]: INFO placement.requestlog [req-bedbb532-5fc9-4fd4-99a2-c5dfc776e3e6 req-5bcbf445-0ef4-4b12-99d9-63c3929b331a service placement] 10.222.0.49 "PUT /placement/allocations/69a9bd09-8fe6-4c70-b9ec-87923050666b" status: 204 len: 0 microversion: 1.36
Jul 09 21:03:46.261883 n-d-793621-12 devstack@placement-api.service[101279]: [pid: 101279|app: 0|req: 16/33] 10.222.0.49 () {64 vars in 1434 bytes} [Fri Jul 9 21:03:45 2021] PUT /placement/allocations/69a9bd09-8fe6-4c70-b9ec-87923050666b => generated 0 bytes in 411 msecs (HTTP/1.1 204) 5 headers in 199 bytes (1 switches on core 0)
Jul 09 21:03:48.161806 n-d-793621-12 devstack@placement-api.service[101278]: DEBUG placement.requestlog [None req-fd88e1c6-8180-453d-97d4-d023e8996170 None None] Starting request: 10.222.0.49 "GET /placement/" {{(pid=101278) __call__ /opt/stack/placement/placement/requestlog.py:55}}
Jul 09 21:03:48.163660 n-d-793621-12 devstack@placement-api.service[101278]: INFO placement.requestlog [None req-fd88e1c6-8180-453d-97d4-d023e8996170 None None] 10.222.0.49 "GET /placement/" status: 200 len: 136 microversion: 1.0
Jul 09 21:03:48.163849 n-d-793621-12 devstack@placement-api.service[101278]: [pid: 101278|app: 0|req: 18/34] 10.222.0.49 () {54 vars in 907 bytes} [Fri Jul 9 21:03:48 2021] GET /placement => generated 136 bytes in 2 msecs (HTTP/1.1 200) 6 headers in 224 bytes (1 switches on core 0)
Jul 09 21:03:48.178891 n-d-793621-12 devstack@placement-api.service[101279]: DEBUG placement.requestlog [req-4a842cc6-a7ae-4880-a9a1-a6afec52313d req-40eb644a-2793-4e90-adc8-7e31d67433e5 None None] Starting request: 10.222.0.49 "GET /placement/resource_providers?name=n-h1-793621-12" {{(pid=101279) __call__ /opt/stack/placement/placement/requestlog.py:55}}
Jul 09 21:03:48.214350 n-d-793621-12 devstack@placement-api.service[101278]: DEBUG placement.requestlog [req-bedbb532-5fc9-4fd4-99a2-c5dfc776e3e6 req-14130c6e-e17c-4c95-92b7-319be65d95d0 None None] Starting request: 10.222.0.60 "GET /placement/allocations/69a9bd09-8fe6-4c70-b9ec-87923050666b" {{(pid=101278) __call__ /opt/stack/placement/placement/requestlog.py:55}}
Jul 09 21:03:48.235759 n-d-793621-12 devstack@placement-api.service[101278]: INFO placement.requestlog [req-bedbb532-5fc9-4fd4-99a2-c5dfc776e3e6 req-14130c6e-e17c-4c95-92b7-319be65d95d0 service placement] 10.222.0.60 "GET /placement/allocations/69a9bd09-8fe6-4c70-b9ec-87923050666b" status: 200 len: 258 microversion: 1.28
Jul 09 21:03:48.236049 n-d-793621-12 devstack@placement-api.service[101278]: [pid: 101278|app: 0|req: 19/35] 10.222.0.60 () {60 vars in 1378 bytes} [Fri Jul 9 21:03:48 2021] GET /placement/allocations/69a9bd09-8fe6-4c70-b9ec-87923050666b => generated 258 bytes in 23 msecs (HTTP/1.1 200) 8 headers in 296 bytes (2 switches on core 0)
Jul 09 21:03:48.610473 n-d-793621-12 devstack@placement-api.service[101279]: INFO placement.requestlog [req-4a842cc6-a7ae-4880-a9a1-a6afec52313d req-40eb644a-2793-4e90-adc8-7e31d67433e5 service placement] 10.222.0.49 "GET /placement/resource_providers?name=n-h1-793621-12" status: 200 len: 441 microversion: 1.0
Jul 09 21:03:48.612749 n-d-793621-12 devstack@placement-api.service[101279]: [pid: 101279|app: 0|req: 17/36] 10.222.0.49 () {58 vars in 1277 bytes} [Fri Jul 9 21:03:48 2021] GET /placement/resource_providers?name=n-h1-793621-12 => generated 441 bytes in 432 msecs (HTTP/1.1 200) 6 headers in 224 bytes (1 switches on core 0)
Jul 09 21:03:48.617237 n-d-793621-12 devstack@placement-api.service[101278]: DEBUG placement.requestlog [req-4a842cc6-a7ae-4880-a9a1-a6afec52313d req-1a1fcd20-8946-453c-b083-a04da11978ff None None] Starting request: 10.222.0.49 "GET /placement/resource_providers/6e096e5c-1c90-4e62-b765-2c82790c8e40/aggregates" {{(pid=101278) __call__ /opt/stack/placement/placement/requestlog.py:55}}
Jul 09 21:03:48.640588 n-d-793621-12 devstack@placement-api.service[101278]: INFO placement.requestlog [req-4a842cc6-a7ae-4880-a9a1-a6afec52313d req-1a1fcd20-8946-453c-b083-a04da11978ff service placement] 10.222.0.49 "GET /placement/resource_providers/6e096e5c-1c90-4e62-b765-2c82790c8e40/aggregates" status: 200 len: 53 microversion: 1.19
Jul 09 21:03:48.641336 n-d-793621-12 devstack@placement-api.service[101278]: [pid: 101278|app: 0|req: 20/37] 10.222.0.49 () {60 vars in 1426 bytes} [Fri Jul 9 21:03:48 2021] GET /placement/resource_providers/6e096e5c-1c90-4e62-b765-2c82790c8e40/aggregates => generated 53 bytes in 24 msecs (HTTP/1.1 200) 8 headers in 295 bytes (1 switches on core 0)
Jul 09 21:03:48.647570 n-d-793621-12 devstack@placement-api.service[101279]: DEBUG placement.requestlog [req-4a842cc6-a7ae-4880-a9a1-a6afec52313d req-38fce0f2-4af8-4c89-8ddd-de4c150c0730 None None] Starting request: 10.222.0.49 "PUT /placement/resource_providers/6e096e5c-1c90-4e62-b765-2c82790c8e40/aggregates" {{(pid=101279) __call__ /opt/stack/placement/placement/requestlog.py:55}}
Jul 09 21:03:48.663853 n-d-793621-12 devstack@placement-api.service[101279]: DEBUG placement.objects.resource_provider [req-4a842cc6-a7ae-4880-a9a1-a6afec52313d req-38fce0f2-4af8-4c89-8ddd-de4c150c0730 service placement] _ensure_aggregate() did not find aggregate 7fd66aee-1701-49ff-a9f7-284c44fb668a. Attempting to create it. {{(pid=101279) _ensure_aggregate /opt/stack/placement/placement/objects/resource_provider.py:319}}
Jul 09 21:03:48.665809 n-d-793621-12 devstack@placement-api.service[101279]: DEBUG placement.objects.resource_provider [req-4a842cc6-a7ae-4880-a9a1-a6afec52313d req-38fce0f2-4af8-4c89-8ddd-de4c150c0730 service placement] _ensure_aggregate() created new aggregate 7fd66aee-1701-49ff-a9f7-284c44fb668a (id=2). {{(pid=101279) _ensure_aggregate /opt/stack/placement/placement/objects/resource_provider.py:325}}
Jul 09 21:03:48.667067 n-d-793621-12 devstack@placement-api.service[101279]: DEBUG placement.objects.resource_provider [req-4a842cc6-a7ae-4880-a9a1-a6afec52313d req-38fce0f2-4af8-4c89-8ddd-de4c150c0730 service placement] Setting aggregates for provider 6e096e5c-1c90-4e62-b765-2c82790c8e40. Successfully associated aggregate 7fd66aee-1701-49ff-a9f7-284c44fb668a. {{(pid=101279) _set_aggregates /opt/stack/placement/placement/objects/resource_provider.py:387}}
Jul 09 21:03:48.773244 n-d-793621-12 devstack@placement-api.service[101279]: INFO placement.requestlog [req-4a842cc6-a7ae-4880-a9a1-a6afec52313d req-38fce0f2-4af8-4c89-8ddd-de4c150c0730 service placement] 10.222.0.49 "PUT /placement/resource_providers/6e096e5c-1c90-4e62-b765-2c82790c8e40/aggregates" status: 200 len: 91 microversion: 1.19
Jul 09 21:03:48.777353 n-d-793621-12 devstack@placement-api.service[101279]: [pid: 101279|app: 0|req: 18/38] 10.222.0.49 () {64 vars in 1478 bytes} [Fri Jul 9 21:03:48 2021] PUT /placement/resource_providers/6e096e5c-1c90-4e62-b765-2c82790c8e40/aggregates => generated 91 bytes in 126 msecs (HTTP/1.1 200) 8 headers in 295 bytes (1 switches on core 0)
Jul 09 21:03:50.984714 n-d-793621-12 devstack@placement-api.service[101278]: DEBUG placement.requestlog [req-0fc2d58a-a642-468c-9880-8319adbbd1e6 req-9aba1ba6-5068-48cc-b964-ef94d5faf4c8 None None] Starting request: 10.222.0.49 "GET /placement/allocation_candidates?limit=1000&resources=DISK_GB%3A1%2CMEMORY_MB%3A1024%2CVCPU%3A1&root_required=%21COMPUTE_STATUS_DISABLED" {{(pid=101278) __call__ /opt/stack/placement/placement/requestlog.py:55}}
Jul 09 21:03:51.056706 n-d-793621-12 devstack@placement-api.service[101278]: DEBUG placement.objects.research_context [req-0fc2d58a-a642-468c-9880-8319adbbd1e6 req-9aba1ba6-5068-48cc-b964-ef94d5faf4c8 service placement] getting providers with 1 DISK_GB {{(pid=101278) __init__ /opt/stack/placement/placement/objects/research_context.py:126}}
Jul 09 21:03:51.090348 n-d-793621-12 devstack@placement-api.service[101278]: DEBUG placement.objects.research_context [req-0fc2d58a-a642-468c-9880-8319adbbd1e6 req-9aba1ba6-5068-48cc-b964-ef94d5faf4c8 service placement] getting providers with 1024 MEMORY_MB {{(pid=101278) __init__ /opt/stack/placement/placement/objects/research_context.py:126}}
Jul 09 21:03:51.109717 n-d-793621-12 devstack@placement-api.service[101278]: DEBUG placement.objects.research_context [req-0fc2d58a-a642-468c-9880-8319adbbd1e6 req-9aba1ba6-5068-48cc-b964-ef94d5faf4c8 service placement] getting providers with 1 VCPU {{(pid=101278) __init__ /opt/stack/placement/placement/objects/research_context.py:126}}
Jul 09 21:03:51.135284 n-d-793621-12 devstack@placement-api.service[101278]: DEBUG placement.objects.research_context [req-0fc2d58a-a642-468c-9880-8319adbbd1e6 req-9aba1ba6-5068-48cc-b964-ef94d5faf4c8 service placement] found 2 providers with available 1 DISK_GB {{(pid=101278) get_provider_ids_matching /opt/stack/placement/placement/objects/research_context.py:549}}
Jul 09 21:03:51.135702 n-d-793621-12 devstack@placement-api.service[101278]: DEBUG placement.objects.research_context [req-0fc2d58a-a642-468c-9880-8319adbbd1e6 req-9aba1ba6-5068-48cc-b964-ef94d5faf4c8 service placement] found 2 providers with available 1024 MEMORY_MB {{(pid=101278) get_provider_ids_matching /opt/stack/placement/placement/objects/research_context.py:549}}
Jul 09 21:03:51.136413 n-d-793621-12 devstack@placement-api.service[101278]: DEBUG placement.objects.research_context [req-0fc2d58a-a642-468c-9880-8319adbbd1e6 req-9aba1ba6-5068-48cc-b964-ef94d5faf4c8 service placement] found 2 providers after filtering by previous result {{(pid=101278) get_provider_ids_matching /opt/stack/placement/placement/objects/research_context.py:580}}
Jul 09 21:03:51.136677 n-d-793621-12 devstack@placement-api.service[101278]: DEBUG placement.objects.research_context [req-0fc2d58a-a642-468c-9880-8319adbbd1e6 req-9aba1ba6-5068-48cc-b964-ef94d5faf4c8 service placement] found 2 providers with available 1 VCPU {{(pid=101278) get_provider_ids_matching /opt/stack/placement/placement/objects/research_context.py:549}}
Jul 09 21:03:51.136941 n-d-793621-12 devstack@placement-api.service[101278]: DEBUG placement.objects.research_context [req-0fc2d58a-a642-468c-9880-8319adbbd1e6 req-9aba1ba6-5068-48cc-b964-ef94d5faf4c8 service placement] found 2 providers after filtering by previous result {{(pid=101278) get_provider_ids_matching /opt/stack/placement/placement/objects/research_context.py:580}}
Jul 09 21:03:51.168626 n-d-793621-12 devstack@placement-api.service[101278]: DEBUG placement.objects.allocation_candidate [req-0fc2d58a-a642-468c-9880-8319adbbd1e6 req-9aba1ba6-5068-48cc-b964-ef94d5faf4c8 service placement] RequestGroup(use_same_provider=False, resources={DISK_GB:1, MEMORY_MB:1024, VCPU:1}, traits=[], aggregates=[]) (suffix '') returned 2 matches {{(pid=101278) _get_by_requests /opt/stack/placement/placement/objects/allocation_candidate.py:145}}
Jul 09 21:03:51.168994 n-d-793621-12 devstack@placement-api.service[101278]: DEBUG placement.objects.allocation_candidate [req-0fc2d58a-a642-468c-9880-8319adbbd1e6 req-9aba1ba6-5068-48cc-b964-ef94d5faf4c8 service placement] Merging candidates yields 2 allocation requests and 2 provider summaries {{(pid=101278) _merge_candidates /opt/stack/placement/placement/objects/allocation_candidate.py:783}}
Jul 09 21:03:51.170841 n-d-793621-12 devstack@placement-api.service[101278]: INFO placement.requestlog [req-0fc2d58a-a642-468c-9880-8319adbbd1e6 req-9aba1ba6-5068-48cc-b964-ef94d5faf4c8 service placement] 10.222.0.49 "GET /placement/allocation_candidates?limit=1000&resources=DISK_GB%3A1%2CMEMORY_MB%3A1024%2CVCPU%3A1&root_required=%21COMPUTE_STATUS_DISABLED" status: 200 len: 1306 microversion: 1.36
Jul 09 21:03:51.171223 n-d-793621-12 devstack@placement-api.service[101278]: [pid: 101278|app: 0|req: 21/39] 10.222.0.49 () {60 vars in 1507 bytes} [Fri Jul 9 21:03:50 2021] GET /placement/allocation_candidates?limit=1000&resources=DISK_GB%3A1%2CMEMORY_MB%3A1024%2CVCPU%3A1&root_required=%21COMPUTE_STATUS_DISABLED => generated 1306 bytes in 187 msecs (HTTP/1.1 200) 8 headers in 297 bytes (1 switches on core 0)
Jul 09 21:03:51.497294 n-d-793621-12 devstack@placement-api.service[101279]: DEBUG placement.requestlog [req-0fc2d58a-a642-468c-9880-8319adbbd1e6 req-0ca44dad-f7d6-47a0-8ac9-245307d2e2a1 None None] Starting request: 10.222.0.49 "GET /placement/allocations/b77243fe-8828-4b23-8e5b-9c3b65596fa5" {{(pid=101279) __call__ /opt/stack/placement/placement/requestlog.py:55}}
Jul 09 21:03:51.512796 n-d-793621-12 devstack@placement-api.service[101279]: INFO placement.requestlog [req-0fc2d58a-a642-468c-9880-8319adbbd1e6 req-0ca44dad-f7d6-47a0-8ac9-245307d2e2a1 service placement] 10.222.0.49 "GET /placement/allocations/b77243fe-8828-4b23-8e5b-9c3b65596fa5" status: 200 len: 19 microversion: 1.28
Jul 09 21:03:51.518964 n-d-793621-12 devstack@placement-api.service[101279]: [pid: 101279|app: 0|req: 19/40] 10.222.0.49 () {60 vars in 1381 bytes} [Fri Jul 9 21:03:51 2021] GET /placement/allocations/b77243fe-8828-4b23-8e5b-9c3b65596fa5 => generated 19 bytes in 17 msecs (HTTP/1.1 200) 8 headers in 295 bytes (1 switches on core 0)
Jul 09 21:03:51.520730 n-d-793621-12 devstack@placement-api.service[101278]: DEBUG placement.requestlog [req-0fc2d58a-a642-468c-9880-8319adbbd1e6 req-a9c5b806-4d5a-48ea-acbb-51b135e90a87 None None] Starting request: 10.222.0.49 "PUT /placement/allocations/b77243fe-8828-4b23-8e5b-9c3b65596fa5" {{(pid=101278) __call__ /opt/stack/placement/placement/requestlog.py:55}}
Jul 09 21:03:52.001084 n-d-793621-12 devstack@placement-api.service[101278]: DEBUG placement.handlers.allocation [req-0fc2d58a-a642-468c-9880-8319adbbd1e6 req-a9c5b806-4d5a-48ea-acbb-51b135e90a87 service placement] Successfully wrote allocations [, , ] {{(pid=101278) _create_allocations /opt/stack/placement/placement/handlers/allocation.py:435}}
Jul 09 21:03:52.002536 n-d-793621-12 devstack@placement-api.service[101278]: INFO placement.requestlog [req-0fc2d58a-a642-468c-9880-8319adbbd1e6 req-a9c5b806-4d5a-48ea-acbb-51b135e90a87 service placement] 10.222.0.49 "PUT /placement/allocations/b77243fe-8828-4b23-8e5b-9c3b65596fa5" status: 204 len: 0 microversion: 1.36
Jul 09 21:03:52.003401 n-d-793621-12 devstack@placement-api.service[101278]: [pid: 101278|app: 0|req: 22/41] 10.222.0.49 () {64 vars in 1434 bytes} [Fri Jul 9 21:03:51 2021] PUT /placement/allocations/b77243fe-8828-4b23-8e5b-9c3b65596fa5 => generated 0 bytes in 483 msecs (HTTP/1.1 204) 5 headers in 199 bytes (1 switches on core 0)
Jul 09 21:03:54.399707 n-d-793621-12 devstack@placement-api.service[101279]: DEBUG placement.requestlog [req-0fc2d58a-a642-468c-9880-8319adbbd1e6 req-6c03f069-325d-4b0a-8707-ba8afdb40325 None None] Starting request: 10.222.0.53 "GET /placement/allocations/b77243fe-8828-4b23-8e5b-9c3b65596fa5" {{(pid=101279) __call__ /opt/stack/placement/placement/requestlog.py:55}}
Jul 09 21:03:54.443695 n-d-793621-12 devstack@placement-api.service[101279]: INFO placement.requestlog [req-0fc2d58a-a642-468c-9880-8319adbbd1e6 req-6c03f069-325d-4b0a-8707-ba8afdb40325 service placement] 10.222.0.53 "GET /placement/allocations/b77243fe-8828-4b23-8e5b-9c3b65596fa5" status: 200 len: 258 microversion: 1.28
Jul 09 21:03:54.444188 n-d-793621-12 devstack@placement-api.service[101279]: [pid: 101279|app: 0|req: 20/42] 10.222.0.53 () {60 vars in 1378 bytes} [Fri Jul 9 21:03:54 2021] GET /placement/allocations/b77243fe-8828-4b23-8e5b-9c3b65596fa5 => generated 258 bytes in 45 msecs (HTTP/1.1 200) 8 headers in 296 bytes (2 switches on core 0)
Jul 09 21:04:17.557519 n-d-793621-12 devstack@placement-api.service[101278]: DEBUG placement.requestlog [req-5af758d3-7c5e-44da-a198-6e1b90ee8649 req-d359b1e5-c70b-42d8-b4ea-257ae92f6f1f None None] Starting request: 10.222.0.49 "GET /placement/allocation_candidates?limit=1000&resources=DISK_GB%3A1%2CMEMORY_MB%3A1024%2CVCPU%3A1&root_required=%21COMPUTE_STATUS_DISABLED" {{(pid=101278) __call__ /opt/stack/placement/placement/requestlog.py:55}}
Jul 09 21:04:17.608040 n-d-793621-12 devstack@placement-api.service[101278]: DEBUG placement.objects.research_context [req-5af758d3-7c5e-44da-a198-6e1b90ee8649 req-d359b1e5-c70b-42d8-b4ea-257ae92f6f1f service placement] getting providers with 1 DISK_GB {{(pid=101278) __init__ /opt/stack/placement/placement/objects/research_context.py:126}}
Jul 09 21:04:17.613736 n-d-793621-12 devstack@placement-api.service[101278]: DEBUG placement.objects.research_context [req-5af758d3-7c5e-44da-a198-6e1b90ee8649 req-d359b1e5-c70b-42d8-b4ea-257ae92f6f1f service placement] getting providers with 1024 MEMORY_MB {{(pid=101278) __init__ /opt/stack/placement/placement/objects/research_context.py:126}}
Jul 09 21:04:17.620125 n-d-793621-12 devstack@placement-api.service[101278]: DEBUG placement.objects.research_context [req-5af758d3-7c5e-44da-a198-6e1b90ee8649 req-d359b1e5-c70b-42d8-b4ea-257ae92f6f1f service placement] getting providers with 1 VCPU {{(pid=101278) __init__ /opt/stack/placement/placement/objects/research_context.py:126}}
Jul 09 21:04:17.625857 n-d-793621-12 devstack@placement-api.service[101278]: DEBUG placement.objects.research_context [req-5af758d3-7c5e-44da-a198-6e1b90ee8649 req-d359b1e5-c70b-42d8-b4ea-257ae92f6f1f service placement] found 2 providers with available 1 DISK_GB {{(pid=101278) get_provider_ids_matching /opt/stack/placement/placement/objects/research_context.py:549}}
Jul 09 21:04:17.626164 n-d-793621-12 devstack@placement-api.service[101278]: DEBUG placement.objects.research_context [req-5af758d3-7c5e-44da-a198-6e1b90ee8649 req-d359b1e5-c70b-42d8-b4ea-257ae92f6f1f service placement] found 2 providers with available 1024 MEMORY_MB {{(pid=101278) get_provider_ids_matching /opt/stack/placement/placement/objects/research_context.py:549}}
Jul 09 21:04:17.626820 n-d-793621-12 devstack@placement-api.service[101278]: DEBUG placement.objects.research_context [req-5af758d3-7c5e-44da-a198-6e1b90ee8649 req-d359b1e5-c70b-42d8-b4ea-257ae92f6f1f service placement] found 2 providers after filtering by previous result {{(pid=101278) get_provider_ids_matching /opt/stack/placement/placement/objects/research_context.py:580}}
Jul 09 21:04:17.627226 n-d-793621-12 devstack@placement-api.service[101278]: DEBUG placement.objects.research_context [req-5af758d3-7c5e-44da-a198-6e1b90ee8649 req-d359b1e5-c70b-42d8-b4ea-257ae92f6f1f service placement] found 2 providers with available 1 VCPU {{(pid=101278) get_provider_ids_matching /opt/stack/placement/placement/objects/research_context.py:549}}
Jul 09 21:04:17.627642 n-d-793621-12 devstack@placement-api.service[101278]: DEBUG placement.objects.research_context [req-5af758d3-7c5e-44da-a198-6e1b90ee8649 req-d359b1e5-c70b-42d8-b4ea-257ae92f6f1f service placement] found 2 providers after filtering by previous result {{(pid=101278) get_provider_ids_matching /opt/stack/placement/placement/objects/research_context.py:580}}
Jul 09 21:04:17.640564 n-d-793621-12 devstack@placement-api.service[101278]: DEBUG placement.objects.allocation_candidate [req-5af758d3-7c5e-44da-a198-6e1b90ee8649 req-d359b1e5-c70b-42d8-b4ea-257ae92f6f1f service placement] RequestGroup(use_same_provider=False, resources={DISK_GB:1, MEMORY_MB:1024, VCPU:1}, traits=[], aggregates=[]) (suffix '') returned 2 matches {{(pid=101278) _get_by_requests /opt/stack/placement/placement/objects/allocation_candidate.py:145}}
Jul 09 21:04:17.641121 n-d-793621-12 devstack@placement-api.service[101278]: DEBUG placement.objects.allocation_candidate [req-5af758d3-7c5e-44da-a198-6e1b90ee8649 req-d359b1e5-c70b-42d8-b4ea-257ae92f6f1f service placement] Merging candidates yields 2 allocation requests and 2 provider summaries {{(pid=101278) _merge_candidates /opt/stack/placement/placement/objects/allocation_candidate.py:783}}
Jul 09 21:04:17.642829 n-d-793621-12 devstack@placement-api.service[101278]: INFO placement.requestlog [req-5af758d3-7c5e-44da-a198-6e1b90ee8649 req-d359b1e5-c70b-42d8-b4ea-257ae92f6f1f service placement] 10.222.0.49 "GET /placement/allocation_candidates?limit=1000&resources=DISK_GB%3A1%2CMEMORY_MB%3A1024%2CVCPU%3A1&root_required=%21COMPUTE_STATUS_DISABLED" status: 200 len: 1309 microversion: 1.36
Jul 09 21:04:17.647517 n-d-793621-12 devstack@placement-api.service[101278]: [pid: 101278|app: 0|req: 23/43] 10.222.0.49 () {60 vars in 1507 bytes} [Fri Jul 9 21:04:17 2021] GET /placement/allocation_candidates?limit=1000&resources=DISK_GB%3A1%2CMEMORY_MB%3A1024%2CVCPU%3A1&root_required=%21COMPUTE_STATUS_DISABLED => generated 1309 bytes in 90 msecs (HTTP/1.1 200) 8 headers in 297 bytes (1 switches on core 0)
Jul 09 21:04:17.701646 n-d-793621-12 devstack@placement-api.service[101279]: DEBUG placement.requestlog [req-5af758d3-7c5e-44da-a198-6e1b90ee8649 req-c4251010-df1c-40ad-b868-30b98aeaac60 None None] Starting request: 10.222.0.49 "GET /placement/allocations/7b61e3ea-cee8-487f-bd07-abe4677fc4fb" {{(pid=101279) __call__ /opt/stack/placement/placement/requestlog.py:55}}
Jul 09 21:04:17.712302 n-d-793621-12 devstack@placement-api.service[101279]: INFO placement.requestlog [req-5af758d3-7c5e-44da-a198-6e1b90ee8649 req-c4251010-df1c-40ad-b868-30b98aeaac60 service placement] 10.222.0.49 "GET /placement/allocations/7b61e3ea-cee8-487f-bd07-abe4677fc4fb" status: 200 len: 19 microversion: 1.28
Jul 09 21:04:17.715001 n-d-793621-12 devstack@placement-api.service[101279]: [pid: 101279|app: 0|req: 21/44] 10.222.0.49 () {60 vars in 1381 bytes} [Fri Jul 9 21:04:17 2021] GET /placement/allocations/7b61e3ea-cee8-487f-bd07-abe4677fc4fb => generated 19 bytes in 13 msecs (HTTP/1.1 200) 8 headers in 295 bytes (1 switches on core 0)
Jul 09 21:04:17.717954 n-d-793621-12 devstack@placement-api.service[101278]: DEBUG placement.requestlog [req-5af758d3-7c5e-44da-a198-6e1b90ee8649 req-505fb4b3-2393-4f38-906b-b076bd731a64 None None] Starting request: 10.222.0.49 "PUT /placement/allocations/7b61e3ea-cee8-487f-bd07-abe4677fc4fb" {{(pid=101278) __call__ /opt/stack/placement/placement/requestlog.py:55}}
Jul 09 21:04:18.221350 n-d-793621-12 devstack@placement-api.service[101278]: DEBUG placement.handlers.allocation [req-5af758d3-7c5e-44da-a198-6e1b90ee8649 req-505fb4b3-2393-4f38-906b-b076bd731a64 service placement] Successfully wrote allocations [, , ] {{(pid=101278) _create_allocations /opt/stack/placement/placement/handlers/allocation.py:435}}
Jul 09 21:04:18.226037 n-d-793621-12 devstack@placement-api.service[101278]: INFO placement.requestlog [req-5af758d3-7c5e-44da-a198-6e1b90ee8649 req-505fb4b3-2393-4f38-906b-b076bd731a64 service placement] 10.222.0.49 "PUT /placement/allocations/7b61e3ea-cee8-487f-bd07-abe4677fc4fb" status: 204 len: 0 microversion: 1.36
Jul 09 21:04:18.226037 n-d-793621-12 devstack@placement-api.service[101278]: [pid: 101278|app: 0|req: 24/45] 10.222.0.49 () {64 vars in 1434 bytes} [Fri Jul 9 21:04:17 2021] PUT /placement/allocations/7b61e3ea-cee8-487f-bd07-abe4677fc4fb => generated 0 bytes in 505 msecs (HTTP/1.1 204) 5 headers in 199 bytes (1 switches on core 0)
Jul 09 21:04:19.341318 n-d-793621-12 devstack@placement-api.service[101279]: DEBUG placement.requestlog [req-5af758d3-7c5e-44da-a198-6e1b90ee8649 req-355d401a-4786-4eae-9821-82d8a57ca727 None None] Starting request: 10.222.0.60 "GET /placement/allocations/7b61e3ea-cee8-487f-bd07-abe4677fc4fb" {{(pid=101279) __call__ /opt/stack/placement/placement/requestlog.py:55}}
Jul 09 21:04:19.369820 n-d-793621-12 devstack@placement-api.service[101279]: INFO placement.requestlog [req-5af758d3-7c5e-44da-a198-6e1b90ee8649 req-355d401a-4786-4eae-9821-82d8a57ca727 service placement] 10.222.0.60 "GET /placement/allocations/7b61e3ea-cee8-487f-bd07-abe4677fc4fb" status: 200 len: 258 microversion: 1.28
Jul 09 21:04:19.371543 n-d-793621-12 devstack@placement-api.service[101279]: [pid: 101279|app: 0|req: 22/46] 10.222.0.60 () {60 vars in 1378 bytes} [Fri Jul 9 21:04:19 2021] GET /placement/allocations/7b61e3ea-cee8-487f-bd07-abe4677fc4fb => generated 258 bytes in 30 msecs (HTTP/1.1 200) 8 headers in 296 bytes (1 switches on core 0)
Jul 09 21:04:22.375901 n-d-793621-12 devstack@placement-api.service[101278]: DEBUG placement.requestlog [req-43ace1f9-8672-46c1-903c-b6367e30d4d7 req-b92aae92-6fd0-4755-9083-5ed3fa96b4a5 None None] Starting request: 10.222.0.49 "GET /placement/allocation_candidates?limit=1000&resources=DISK_GB%3A1%2CMEMORY_MB%3A1024%2CVCPU%3A1&root_required=%21COMPUTE_STATUS_DISABLED" {{(pid=101278) __call__ /opt/stack/placement/placement/requestlog.py:55}}
Jul 09 21:04:22.441420 n-d-793621-12 devstack@placement-api.service[101278]: DEBUG placement.objects.research_context [req-43ace1f9-8672-46c1-903c-b6367e30d4d7 req-b92aae92-6fd0-4755-9083-5ed3fa96b4a5 service placement] getting providers with 1 DISK_GB {{(pid=101278) __init__ /opt/stack/placement/placement/objects/research_context.py:126}}
Jul 09 21:04:22.449946 n-d-793621-12 devstack@placement-api.service[101278]: DEBUG placement.objects.research_context [req-43ace1f9-8672-46c1-903c-b6367e30d4d7 req-b92aae92-6fd0-4755-9083-5ed3fa96b4a5 service placement] getting providers with 1024 MEMORY_MB {{(pid=101278) __init__ /opt/stack/placement/placement/objects/research_context.py:126}}
Jul 09 21:04:22.456084 n-d-793621-12 devstack@placement-api.service[101278]: DEBUG placement.objects.research_context [req-43ace1f9-8672-46c1-903c-b6367e30d4d7 req-b92aae92-6fd0-4755-9083-5ed3fa96b4a5 service placement] getting providers with 1 VCPU {{(pid=101278) __init__ /opt/stack/placement/placement/objects/research_context.py:126}}
Jul 09 21:04:22.463268 n-d-793621-12 devstack@placement-api.service[101278]: DEBUG placement.objects.research_context [req-43ace1f9-8672-46c1-903c-b6367e30d4d7 req-b92aae92-6fd0-4755-9083-5ed3fa96b4a5 service placement] found 2 providers with available 1 DISK_GB {{(pid=101278) get_provider_ids_matching /opt/stack/placement/placement/objects/research_context.py:549}}
Jul 09 21:04:22.463783 n-d-793621-12 devstack@placement-api.service[101278]: DEBUG placement.objects.research_context [req-43ace1f9-8672-46c1-903c-b6367e30d4d7 req-b92aae92-6fd0-4755-9083-5ed3fa96b4a5 service placement] found 2 providers with available 1024 MEMORY_MB {{(pid=101278) get_provider_ids_matching /opt/stack/placement/placement/objects/research_context.py:549}}
Jul 09 21:04:22.464383 n-d-793621-12 devstack@placement-api.service[101278]: DEBUG placement.objects.research_context [req-43ace1f9-8672-46c1-903c-b6367e30d4d7 req-b92aae92-6fd0-4755-9083-5ed3fa96b4a5 service placement] found 2 providers after filtering by previous result {{(pid=101278) get_provider_ids_matching /opt/stack/placement/placement/objects/research_context.py:580}}
Jul 09 21:04:22.464822 n-d-793621-12 devstack@placement-api.service[101278]: DEBUG placement.objects.research_context [req-43ace1f9-8672-46c1-903c-b6367e30d4d7 req-b92aae92-6fd0-4755-9083-5ed3fa96b4a5 service placement] found 2 providers with available 1 VCPU {{(pid=101278) get_provider_ids_matching /opt/stack/placement/placement/objects/research_context.py:549}}
Jul 09 21:04:22.465280 n-d-793621-12 devstack@placement-api.service[101278]: DEBUG placement.objects.research_context [req-43ace1f9-8672-46c1-903c-b6367e30d4d7 req-b92aae92-6fd0-4755-9083-5ed3fa96b4a5 service placement] found 2 providers after filtering by previous result {{(pid=101278) get_provider_ids_matching /opt/stack/placement/placement/objects/research_context.py:580}}
Jul 09 21:04:22.476586 n-d-793621-12 devstack@placement-api.service[101278]: DEBUG placement.objects.allocation_candidate [req-43ace1f9-8672-46c1-903c-b6367e30d4d7 req-b92aae92-6fd0-4755-9083-5ed3fa96b4a5 service placement] RequestGroup(use_same_provider=False, resources={DISK_GB:1, MEMORY_MB:1024, VCPU:1}, traits=[], aggregates=[]) (suffix '') returned 2 matches {{(pid=101278) _get_by_requests /opt/stack/placement/placement/objects/allocation_candidate.py:145}}
Jul 09 21:04:22.477301 n-d-793621-12 devstack@placement-api.service[101278]: DEBUG placement.objects.allocation_candidate [req-43ace1f9-8672-46c1-903c-b6367e30d4d7 req-b92aae92-6fd0-4755-9083-5ed3fa96b4a5 service placement] Merging candidates yields 2 allocation requests and 2 provider summaries {{(pid=101278) _merge_candidates /opt/stack/placement/placement/objects/allocation_candidate.py:783}}
Jul 09 21:04:22.478889 n-d-793621-12 devstack@placement-api.service[101278]: INFO placement.requestlog [req-43ace1f9-8672-46c1-903c-b6367e30d4d7 req-b92aae92-6fd0-4755-9083-5ed3fa96b4a5 service placement] 10.222.0.49 "GET /placement/allocation_candidates?limit=1000&resources=DISK_GB%3A1%2CMEMORY_MB%3A1024%2CVCPU%3A1&root_required=%21COMPUTE_STATUS_DISABLED" status: 200 len: 1309 microversion: 1.36
Jul 09 21:04:22.479574 n-d-793621-12 devstack@placement-api.service[101278]: [pid: 101278|app: 0|req: 25/47] 10.222.0.49 () {60 vars in 1507 bytes} [Fri Jul 9 21:04:22 2021] GET /placement/allocation_candidates?limit=1000&resources=DISK_GB%3A1%2CMEMORY_MB%3A1024%2CVCPU%3A1&root_required=%21COMPUTE_STATUS_DISABLED => generated 1309 bytes in 104 msecs (HTTP/1.1 200) 8 headers in 297 bytes (1 switches on core 0)
Jul 09 21:04:22.573741 n-d-793621-12 devstack@placement-api.service[101279]: DEBUG placement.requestlog [req-43ace1f9-8672-46c1-903c-b6367e30d4d7 req-3b2de5e4-a3cb-40f3-8e99-5afcffcd27a0 None None] Starting request: 10.222.0.49 "GET /placement/allocations/d5cebcc7-6a9b-42c8-89a6-a9df96f68854" {{(pid=101279) __call__ /opt/stack/placement/placement/requestlog.py:55}}
Jul 09 21:04:22.595155 n-d-793621-12 devstack@placement-api.service[101279]: INFO placement.requestlog [req-43ace1f9-8672-46c1-903c-b6367e30d4d7 req-3b2de5e4-a3cb-40f3-8e99-5afcffcd27a0 service placement] 10.222.0.49 "GET /placement/allocations/d5cebcc7-6a9b-42c8-89a6-a9df96f68854" status: 200 len: 19 microversion: 1.28
Jul 09 21:04:22.596691 n-d-793621-12 devstack@placement-api.service[101279]: [pid: 101279|app: 0|req: 23/48] 10.222.0.49 () {60 vars in 1381 bytes} [Fri Jul 9 21:04:22 2021] GET /placement/allocations/d5cebcc7-6a9b-42c8-89a6-a9df96f68854 => generated 19 bytes in 23 msecs (HTTP/1.1 200) 8 headers in 295 bytes (1 switches on core 0)
Jul 09 21:04:22.602355 n-d-793621-12 devstack@placement-api.service[101278]: DEBUG placement.requestlog [req-43ace1f9-8672-46c1-903c-b6367e30d4d7 req-ac096c51-a148-43a5-84e3-7f144c0dc3ab None None] Starting request: 10.222.0.49 "PUT /placement/allocations/d5cebcc7-6a9b-42c8-89a6-a9df96f68854" {{(pid=101278) __call__ /opt/stack/placement/placement/requestlog.py:55}}
Jul 09 21:04:23.020731 n-d-793621-12 devstack@placement-api.service[101278]: DEBUG placement.handlers.allocation [req-43ace1f9-8672-46c1-903c-b6367e30d4d7 req-ac096c51-a148-43a5-84e3-7f144c0dc3ab service placement] Successfully wrote allocations [, , ] {{(pid=101278) _create_allocations /opt/stack/placement/placement/handlers/allocation.py:435}}
Jul 09 21:04:23.022076 n-d-793621-12 devstack@placement-api.service[101278]: INFO placement.requestlog [req-43ace1f9-8672-46c1-903c-b6367e30d4d7 req-ac096c51-a148-43a5-84e3-7f144c0dc3ab service placement] 10.222.0.49 "PUT /placement/allocations/d5cebcc7-6a9b-42c8-89a6-a9df96f68854" status: 204 len: 0 microversion: 1.36
Jul 09 21:04:23.022653 n-d-793621-12 devstack@placement-api.service[101278]: [pid: 101278|app: 0|req: 26/49] 10.222.0.49 () {64 vars in 1434 bytes} [Fri Jul 9 21:04:22 2021] PUT /placement/allocations/d5cebcc7-6a9b-42c8-89a6-a9df96f68854 => generated 0 bytes in 421 msecs (HTTP/1.1 204) 5 headers in 199 bytes (2 switches on core 0)
Jul 09 21:04:23.662190 n-d-793621-12 devstack@placement-api.service[101279]: DEBUG placement.requestlog [req-0a432eb0-4f45-4169-814a-6fa9c85f8176 req-93c0021b-e706-4935-9424-9e274fc5db18 None None] Starting request: 10.222.0.49 "GET /placement/allocation_candidates?limit=1000&resources=DISK_GB%3A1%2CMEMORY_MB%3A1024%2CVCPU%3A1&root_required=%21COMPUTE_STATUS_DISABLED" {{(pid=101279) __call__ /opt/stack/placement/placement/requestlog.py:55}}
Jul 09 21:04:23.717843 n-d-793621-12 devstack@placement-api.service[101279]: DEBUG placement.objects.research_context [req-0a432eb0-4f45-4169-814a-6fa9c85f8176 req-93c0021b-e706-4935-9424-9e274fc5db18 service placement] getting providers with 1 DISK_GB {{(pid=101279) __init__ /opt/stack/placement/placement/objects/research_context.py:126}}
Jul 09 21:04:23.728889 n-d-793621-12 devstack@placement-api.service[101279]: DEBUG placement.objects.research_context [req-0a432eb0-4f45-4169-814a-6fa9c85f8176 req-93c0021b-e706-4935-9424-9e274fc5db18 service placement] getting providers with 1024 MEMORY_MB {{(pid=101279) __init__ /opt/stack/placement/placement/objects/research_context.py:126}}
Jul 09 21:04:23.735944 n-d-793621-12 devstack@placement-api.service[101279]: DEBUG placement.objects.research_context [req-0a432eb0-4f45-4169-814a-6fa9c85f8176 req-93c0021b-e706-4935-9424-9e274fc5db18 service placement] getting providers with 1 VCPU {{(pid=101279) __init__ /opt/stack/placement/placement/objects/research_context.py:126}}
Jul 09 21:04:23.748381 n-d-793621-12 devstack@placement-api.service[101279]: DEBUG placement.objects.research_context [req-0a432eb0-4f45-4169-814a-6fa9c85f8176 req-93c0021b-e706-4935-9424-9e274fc5db18 service placement] found 2 providers with available 1 DISK_GB {{(pid=101279) get_provider_ids_matching /opt/stack/placement/placement/objects/research_context.py:549}}
Jul 09 21:04:23.748982 n-d-793621-12 devstack@placement-api.service[101279]: DEBUG placement.objects.research_context [req-0a432eb0-4f45-4169-814a-6fa9c85f8176 req-93c0021b-e706-4935-9424-9e274fc5db18 service placement] found 2 providers with available 1024 MEMORY_MB {{(pid=101279) get_provider_ids_matching /opt/stack/placement/placement/objects/research_context.py:549}}
Jul 09 21:04:23.749616 n-d-793621-12 devstack@placement-api.service[101279]: DEBUG placement.objects.research_context [req-0a432eb0-4f45-4169-814a-6fa9c85f8176 req-93c0021b-e706-4935-9424-9e274fc5db18 service placement] found 2 providers after filtering by previous result {{(pid=101279) get_provider_ids_matching /opt/stack/placement/placement/objects/research_context.py:580}}
Jul 09 21:04:23.750089 n-d-793621-12 devstack@placement-api.service[101279]: DEBUG placement.objects.research_context [req-0a432eb0-4f45-4169-814a-6fa9c85f8176 req-93c0021b-e706-4935-9424-9e274fc5db18 service placement] found 2 providers with available 1 VCPU {{(pid=101279) get_provider_ids_matching /opt/stack/placement/placement/objects/research_context.py:549}}
Jul 09 21:04:23.750679 n-d-793621-12 devstack@placement-api.service[101279]: DEBUG placement.objects.research_context [req-0a432eb0-4f45-4169-814a-6fa9c85f8176 req-93c0021b-e706-4935-9424-9e274fc5db18 service placement] found 2 providers after filtering by previous result {{(pid=101279) get_provider_ids_matching /opt/stack/placement/placement/objects/research_context.py:580}}
Jul 09 21:04:23.767444 n-d-793621-12 devstack@placement-api.service[101279]: DEBUG placement.objects.allocation_candidate [req-0a432eb0-4f45-4169-814a-6fa9c85f8176 req-93c0021b-e706-4935-9424-9e274fc5db18 service placement] RequestGroup(use_same_provider=False, resources={DISK_GB:1, MEMORY_MB:1024, VCPU:1}, traits=[], aggregates=[]) (suffix '') returned 2 matches {{(pid=101279) _get_by_requests /opt/stack/placement/placement/objects/allocation_candidate.py:145}}
Jul 09 21:04:23.767999 n-d-793621-12 devstack@placement-api.service[101279]: DEBUG placement.objects.allocation_candidate [req-0a432eb0-4f45-4169-814a-6fa9c85f8176 req-93c0021b-e706-4935-9424-9e274fc5db18 service placement] Merging candidates yields 2 allocation requests and 2 provider summaries {{(pid=101279) _merge_candidates /opt/stack/placement/placement/objects/allocation_candidate.py:783}}
Jul 09 21:04:23.770193 n-d-793621-12 devstack@placement-api.service[101279]: INFO placement.requestlog [req-0a432eb0-4f45-4169-814a-6fa9c85f8176 req-93c0021b-e706-4935-9424-9e274fc5db18 service placement] 10.222.0.49 "GET /placement/allocation_candidates?limit=1000&resources=DISK_GB%3A1%2CMEMORY_MB%3A1024%2CVCPU%3A1&root_required=%21COMPUTE_STATUS_DISABLED" status: 200 len: 1309 microversion: 1.36
Jul 09 21:04:23.770943 n-d-793621-12 devstack@placement-api.service[101279]: [pid: 101279|app: 0|req: 24/50] 10.222.0.49 () {60 vars in 1507 bytes} [Fri Jul 9 21:04:23 2021] GET /placement/allocation_candidates?limit=1000&resources=DISK_GB%3A1%2CMEMORY_MB%3A1024%2CVCPU%3A1&root_required=%21COMPUTE_STATUS_DISABLED => generated 1309 bytes in 109 msecs (HTTP/1.1 200) 8 headers in 297 bytes (1 switches on core 0)
Jul 09 21:04:23.844703 n-d-793621-12 devstack@placement-api.service[101278]: DEBUG placement.requestlog [req-0a432eb0-4f45-4169-814a-6fa9c85f8176 req-e422de48-b94e-4dc0-b35a-7dcc862e3875 None None] Starting request: 10.222.0.49 "GET /placement/allocations/644edb2c-4f9d-466e-8d60-27a18cee52a7" {{(pid=101278) __call__ /opt/stack/placement/placement/requestlog.py:55}}
Jul 09 21:04:23.867406 n-d-793621-12 devstack@placement-api.service[101278]: INFO placement.requestlog [req-0a432eb0-4f45-4169-814a-6fa9c85f8176 req-e422de48-b94e-4dc0-b35a-7dcc862e3875 service placement] 10.222.0.49 "GET /placement/allocations/644edb2c-4f9d-466e-8d60-27a18cee52a7" status: 200 len: 19 microversion: 1.28
Jul 09 21:04:23.867648 n-d-793621-12 devstack@placement-api.service[101278]: [pid: 101278|app: 0|req: 27/51] 10.222.0.49 () {60 vars in 1381 bytes} [Fri Jul 9 21:04:23 2021] GET /placement/allocations/644edb2c-4f9d-466e-8d60-27a18cee52a7 => generated 19 bytes in 23 msecs (HTTP/1.1 200) 8 headers in 295 bytes (1 switches on core 0)
Jul 09 21:04:23.878710 n-d-793621-12 devstack@placement-api.service[101279]: DEBUG placement.requestlog [req-0a432eb0-4f45-4169-814a-6fa9c85f8176 req-80759f8a-d341-4ade-ac89-a690963c666b None None] Starting request: 10.222.0.49 "PUT /placement/allocations/644edb2c-4f9d-466e-8d60-27a18cee52a7" {{(pid=101279) __call__ /opt/stack/placement/placement/requestlog.py:55}}
Jul 09 21:04:24.113087 n-d-793621-12 devstack@placement-api.service[101279]: DEBUG placement.handlers.allocation [req-0a432eb0-4f45-4169-814a-6fa9c85f8176 req-80759f8a-d341-4ade-ac89-a690963c666b service placement] Successfully wrote allocations [, , ] {{(pid=101279) _create_allocations /opt/stack/placement/placement/handlers/allocation.py:435}}
Jul 09 21:04:24.113686 n-d-793621-12 devstack@placement-api.service[101279]: INFO placement.requestlog [req-0a432eb0-4f45-4169-814a-6fa9c85f8176 req-80759f8a-d341-4ade-ac89-a690963c666b service placement] 10.222.0.49 "PUT /placement/allocations/644edb2c-4f9d-466e-8d60-27a18cee52a7" status: 204 len: 0 microversion: 1.36
Jul 09 21:04:24.114080 n-d-793621-12 devstack@placement-api.service[101279]: [pid: 101279|app: 0|req: 25/52] 10.222.0.49 () {64 vars in 1434 bytes} [Fri Jul 9 21:04:23 2021] PUT /placement/allocations/644edb2c-4f9d-466e-8d60-27a18cee52a7 => generated 0 bytes in 236 msecs (HTTP/1.1 204) 5 headers in 199 bytes (2 switches on core 0)
Jul 09 21:04:24.257294 n-d-793621-12 devstack@placement-api.service[101278]: DEBUG placement.requestlog [req-43ace1f9-8672-46c1-903c-b6367e30d4d7 req-2b853aba-ab8f-4228-8889-a3b2f0880207 None None] Starting request: 10.222.0.53 "GET /placement/allocations/d5cebcc7-6a9b-42c8-89a6-a9df96f68854" {{(pid=101278) __call__ /opt/stack/placement/placement/requestlog.py:55}}
Jul 09 21:04:24.274789 n-d-793621-12 devstack@placement-api.service[101278]: INFO placement.requestlog [req-43ace1f9-8672-46c1-903c-b6367e30d4d7 req-2b853aba-ab8f-4228-8889-a3b2f0880207 service placement] 10.222.0.53 "GET /placement/allocations/d5cebcc7-6a9b-42c8-89a6-a9df96f68854" status: 200 len: 258 microversion: 1.28
Jul 09 21:04:24.275682 n-d-793621-12 devstack@placement-api.service[101278]: [pid: 101278|app: 0|req: 28/53] 10.222.0.53 () {60 vars in 1378 bytes} [Fri Jul 9 21:04:24 2021] GET /placement/allocations/d5cebcc7-6a9b-42c8-89a6-a9df96f68854 => generated 258 bytes in 19 msecs (HTTP/1.1 200) 8 headers in 296 bytes (1 switches on core 0)
Jul 09 21:04:24.943695 n-d-793621-12 devstack@placement-api.service[101279]: DEBUG placement.requestlog [req-f3877c30-5510-4809-a3d9-a4b6c8cbe2ab req-c76da247-74d5-4a6b-a725-2aaa9242c3e8 None None] Starting request: 10.222.0.53 "GET /placement/resource_providers/6e096e5c-1c90-4e62-b765-2c82790c8e40/allocations" {{(pid=101279) __call__ /opt/stack/placement/placement/requestlog.py:55}}
Jul 09 21:04:24.966509 n-d-793621-12 devstack@placement-api.service[101279]: INFO placement.requestlog [req-f3877c30-5510-4809-a3d9-a4b6c8cbe2ab req-c76da247-74d5-4a6b-a725-2aaa9242c3e8 service placement] 10.222.0.53 "GET /placement/resource_providers/6e096e5c-1c90-4e62-b765-2c82790c8e40/allocations" status: 200 len: 355 microversion: 1.0
Jul 09 21:04:24.967027 n-d-793621-12 devstack@placement-api.service[101279]: [pid: 101279|app: 0|req: 26/54] 10.222.0.53 () {58 vars in 1391 bytes} [Fri Jul 9 21:04:24 2021] GET /placement/resource_providers/6e096e5c-1c90-4e62-b765-2c82790c8e40/allocations => generated 355 bytes in 23 msecs (HTTP/1.1 200) 6 headers in 224 bytes (1 switches on core 0)
Jul 09 21:04:25.078945 n-d-793621-12 devstack@placement-api.service[101278]: DEBUG placement.requestlog [req-0a432eb0-4f45-4169-814a-6fa9c85f8176 req-5e3c67d1-a62e-4570-88e4-18afa2aef5a1 None None] Starting request: 10.222.0.53 "GET /placement/allocations/644edb2c-4f9d-466e-8d60-27a18cee52a7" {{(pid=101278) __call__ /opt/stack/placement/placement/requestlog.py:55}}
Jul 09 21:04:25.099456 n-d-793621-12 devstack@placement-api.service[101278]: INFO placement.requestlog [req-0a432eb0-4f45-4169-814a-6fa9c85f8176 req-5e3c67d1-a62e-4570-88e4-18afa2aef5a1 service placement] 10.222.0.53 "GET /placement/allocations/644edb2c-4f9d-466e-8d60-27a18cee52a7" status: 200 len: 258 microversion: 1.28
Jul 09 21:04:25.100082 n-d-793621-12 devstack@placement-api.service[101278]: [pid: 101278|app: 0|req: 29/55] 10.222.0.53 () {60 vars in 1378 bytes} [Fri Jul 9 21:04:25 2021] GET /placement/allocations/644edb2c-4f9d-466e-8d60-27a18cee52a7 => generated 258 bytes in 21 msecs (HTTP/1.1 200) 8 headers in 296 bytes (2 switches on core 0)
Jul 09 21:04:25.959496 n-d-793621-12 devstack@placement-api.service[101279]: DEBUG placement.requestlog [req-bdf54858-27f0-4acd-802b-aa3f54d4ae23 req-91a2815e-bce4-4c0c-9051-57f2d1f87cce None None] Starting request: 10.222.0.49 "GET /placement/resource_providers?name=n-h1-793621-12" {{(pid=101279) __call__ /opt/stack/placement/placement/requestlog.py:55}}
Jul 09 21:04:25.970007 n-d-793621-12 devstack@placement-api.service[101279]: INFO placement.requestlog [req-bdf54858-27f0-4acd-802b-aa3f54d4ae23 req-91a2815e-bce4-4c0c-9051-57f2d1f87cce service placement] 10.222.0.49 "GET /placement/resource_providers?name=n-h1-793621-12" status: 200 len: 441 microversion: 1.0
Jul 09 21:04:25.970372 n-d-793621-12 devstack@placement-api.service[101279]: [pid: 101279|app: 0|req: 27/56] 10.222.0.49 () {58 vars in 1277 bytes} [Fri Jul 9 21:04:25 2021] GET /placement/resource_providers?name=n-h1-793621-12 => generated 441 bytes in 11 msecs (HTTP/1.1 200) 6 headers in 224 bytes (1 switches on core 0)
Jul 09 21:04:25.977836 n-d-793621-12 devstack@placement-api.service[101278]: DEBUG placement.requestlog [req-bdf54858-27f0-4acd-802b-aa3f54d4ae23 req-dfeae63b-fab4-48a2-8c24-ae40beb1856f None None] Starting request: 10.222.0.49 "GET /placement/resource_providers/6e096e5c-1c90-4e62-b765-2c82790c8e40/aggregates" {{(pid=101278) __call__ /opt/stack/placement/placement/requestlog.py:55}}
Jul 09 21:04:25.990461 n-d-793621-12 devstack@placement-api.service[101278]: INFO placement.requestlog [req-bdf54858-27f0-4acd-802b-aa3f54d4ae23 req-dfeae63b-fab4-48a2-8c24-ae40beb1856f service placement] 10.222.0.49 "GET /placement/resource_providers/6e096e5c-1c90-4e62-b765-2c82790c8e40/aggregates" status: 200 len: 91 microversion: 1.19
Jul 09 21:04:25.990674 n-d-793621-12 devstack@placement-api.service[101278]: [pid: 101278|app: 0|req: 30/57] 10.222.0.49 () {60 vars in 1426 bytes} [Fri Jul 9 21:04:25 2021] GET /placement/resource_providers/6e096e5c-1c90-4e62-b765-2c82790c8e40/aggregates => generated 91 bytes in 13 msecs (HTTP/1.1 200) 8 headers in 295 bytes (1 switches on core 0)
Jul 09 21:04:25.997301 n-d-793621-12 devstack@placement-api.service[101279]: DEBUG placement.requestlog [req-bdf54858-27f0-4acd-802b-aa3f54d4ae23 req-874c2d5f-10ff-4505-ae53-2b2669f8fd65 None None] Starting request: 10.222.0.49 "PUT /placement/resource_providers/6e096e5c-1c90-4e62-b765-2c82790c8e40/aggregates" {{(pid=101279) __call__ /opt/stack/placement/placement/requestlog.py:55}}
Jul 09 21:04:26.012838 n-d-793621-12 devstack@placement-api.service[101279]: DEBUG placement.objects.resource_provider [req-bdf54858-27f0-4acd-802b-aa3f54d4ae23 req-874c2d5f-10ff-4505-ae53-2b2669f8fd65 service placement] Setting aggregates for provider 6e096e5c-1c90-4e62-b765-2c82790c8e40. Successfully disassociated aggregate 7fd66aee-1701-49ff-a9f7-284c44fb668a. {{(pid=101279) _set_aggregates /opt/stack/placement/placement/objects/resource_provider.py:402}}
Jul 09 21:04:26.121682 n-d-793621-12 devstack@placement-api.service[101279]: INFO placement.requestlog [req-bdf54858-27f0-4acd-802b-aa3f54d4ae23 req-874c2d5f-10ff-4505-ae53-2b2669f8fd65 service placement] 10.222.0.49 "PUT /placement/resource_providers/6e096e5c-1c90-4e62-b765-2c82790c8e40/aggregates" status: 200 len: 53 microversion: 1.19
Jul 09 21:04:26.122155 n-d-793621-12 devstack@placement-api.service[101279]: [pid: 101279|app: 0|req: 28/58] 10.222.0.49 () {64 vars in 1478 bytes} [Fri Jul 9 21:04:25 2021] PUT /placement/resource_providers/6e096e5c-1c90-4e62-b765-2c82790c8e40/aggregates => generated 53 bytes in 125 msecs (HTTP/1.1 200) 8 headers in 295 bytes (2 switches on core 0)
Jul 09 21:04:27.641429 n-d-793621-12 devstack@placement-api.service[101278]: DEBUG placement.requestlog [req-64b99366-b29b-4f98-b8d3-59587daa12d2 req-2dce48ca-f53a-4d10-a2f5-a1ba887cf431 None None] Starting request: 10.222.0.49 "GET /placement/resource_providers?name=n-h1-793621-12" {{(pid=101278) __call__ /opt/stack/placement/placement/requestlog.py:55}}
Jul 09 21:04:27.659429 n-d-793621-12 devstack@placement-api.service[101278]: INFO placement.requestlog [req-64b99366-b29b-4f98-b8d3-59587daa12d2 req-2dce48ca-f53a-4d10-a2f5-a1ba887cf431 service placement] 10.222.0.49 "GET /placement/resource_providers?name=n-h1-793621-12" status: 200 len: 441 microversion: 1.0
Jul 09 21:04:27.660236 n-d-793621-12 devstack@placement-api.service[101278]: [pid: 101278|app: 0|req: 31/59] 10.222.0.49 () {58 vars in 1277 bytes} [Fri Jul 9 21:04:27 2021] GET /placement/resource_providers?name=n-h1-793621-12 => generated 441 bytes in 20 msecs (HTTP/1.1 200) 6 headers in 224 bytes (1 switches on core 0)
Jul 09 21:04:27.668048 n-d-793621-12 devstack@placement-api.service[101279]: DEBUG placement.requestlog [req-64b99366-b29b-4f98-b8d3-59587daa12d2 req-8dfa6601-1e94-4344-afb6-8008da869956 None None] Starting request: 10.222.0.49 "GET /placement/resource_providers/6e096e5c-1c90-4e62-b765-2c82790c8e40/aggregates" {{(pid=101279) __call__ /opt/stack/placement/placement/requestlog.py:55}}
Jul 09 21:04:27.693046 n-d-793621-12 devstack@placement-api.service[101279]: INFO placement.requestlog [req-64b99366-b29b-4f98-b8d3-59587daa12d2 req-8dfa6601-1e94-4344-afb6-8008da869956 service placement] 10.222.0.49 "GET /placement/resource_providers/6e096e5c-1c90-4e62-b765-2c82790c8e40/aggregates" status: 200 len: 53 microversion: 1.19
