Jul 08 21:02:49.191340 n-d-793621-10 devstack@n-api.service[126574]: DEBUG nova.api.openstack.wsgi [None req-8c967fa7-3ecd-4579-8fb3-7e5023e93446 tempest-HostsAdminNegativeTestJSON-1813837069 tempest-HostsAdminNegativeTestJSON-1813837069-project-admin] Calling method '.version_select at 0x7f6ce5e66820>' {{(pid=126574) _process_stack /opt/stack/nova/nova/api/openstack/wsgi.py:513}}
Jul 08 21:02:49.202885 n-d-793621-10 devstack@n-api.service[126574]: INFO nova.api.openstack.wsgi [None req-8c967fa7-3ecd-4579-8fb3-7e5023e93446 tempest-HostsAdminNegativeTestJSON-1813837069 tempest-HostsAdminNegativeTestJSON-1813837069-project-admin] HTTP exception thrown: Host 'nonexistent_hostname' is not mapped to any cell
Jul 08 21:02:49.203395 n-d-793621-10 devstack@n-api.service[126574]: DEBUG nova.api.openstack.wsgi [None req-8c967fa7-3ecd-4579-8fb3-7e5023e93446 tempest-HostsAdminNegativeTestJSON-1813837069 tempest-HostsAdminNegativeTestJSON-1813837069-project-admin] Returning 404 to user: Host 'nonexistent_hostname' is not mapped to any cell {{(pid=126574) __call__ /opt/stack/nova/nova/api/openstack/wsgi.py:927}}
Jul 08 21:02:49.204504 n-d-793621-10 devstack@n-api.service[126574]: INFO nova.api.openstack.requestlog [None req-8c967fa7-3ecd-4579-8fb3-7e5023e93446 tempest-HostsAdminNegativeTestJSON-1813837069 tempest-HostsAdminNegativeTestJSON-1813837069-project-admin] 10.222.0.73 "GET /compute/v2.1/os-hosts/nonexistent_hostname/startup" status: 404 len: 99 microversion: 2.1 time: 0.019419
Jul 08 21:02:49.205608 n-d-793621-10 devstack@n-api.service[126574]: [pid: 126574|app: 0|req: 71/168] 10.222.0.73 () {58 vars in 1215 bytes} [Thu Jul 8 21:02:49 2021] GET /compute/v2.1/os-hosts/nonexistent_hostname/startup => generated 99 bytes in 21 msecs (HTTP/1.1 404) 9 headers in 378 bytes (1 switches on core 0)
Jul 08 21:02:49.215428 n-d-793621-10 devstack@n-api.service[126574]: DEBUG nova.api.openstack.wsgi [None req-862dbdac-fa1e-43aa-bc6b-30e0b07e68ae tempest-HostsAdminNegativeTestJSON-1813837069 tempest-HostsAdminNegativeTestJSON-1813837069-project-admin] Action: 'update', calling method: .version_select at 0x7f6ce5ea8d30>, body: {"status": "enable", "maintenance_mode": "invalid"} {{(pid=126574) _process_stack /opt/stack/nova/nova/api/openstack/wsgi.py:511}}
Jul 08 21:02:49.216691 n-d-793621-10 devstack@n-api.service[126574]: DEBUG nova.api.openstack.wsgi [None req-862dbdac-fa1e-43aa-bc6b-30e0b07e68ae tempest-HostsAdminNegativeTestJSON-1813837069 tempest-HostsAdminNegativeTestJSON-1813837069-project-admin] Returning 400 to user: Invalid input for field/attribute maintenance_mode. Value: invalid. 'invalid' is not one of ['enable', 'disable', 'Enable', 'Disable', 'ENABLE', 'DISABLE'] {{(pid=126574) __call__ /opt/stack/nova/nova/api/openstack/wsgi.py:927}}
Jul 08 21:02:49.217598 n-d-793621-10 devstack@n-api.service[126574]: INFO nova.api.openstack.requestlog [None req-862dbdac-fa1e-43aa-bc6b-30e0b07e68ae tempest-HostsAdminNegativeTestJSON-1813837069 tempest-HostsAdminNegativeTestJSON-1813837069-project-admin] 10.222.0.73 "PUT /compute/v2.1/os-hosts/n-d-793621-10" status: 400 len: 199 microversion: 2.1 time: 0.006503
Jul 08 21:02:49.218725 n-d-793621-10 devstack@n-api.service[126574]: [pid: 126574|app: 0|req: 72/169] 10.222.0.73 () {60 vars in 1190 bytes} [Thu Jul 8 21:02:49 2021] PUT /compute/v2.1/os-hosts/n-d-793621-10 => generated 199 bytes in 8 msecs (HTTP/1.1 400) 9 headers in 381 bytes (1 switches on core 0)
Jul 08 21:02:49.241418 n-d-793621-10 devstack@n-api.service[126574]: DEBUG nova.api.openstack.wsgi [None req-3128c403-fe52-4f70-b22f-5f805c4c0081 tempest-HostsAdminNegativeTestJSON-1813837069 tempest-HostsAdminNegativeTestJSON-1813837069-project-admin] Action: 'update', calling method: .version_select at 0x7f6ce5e35940>, body: {"status": "invalid", "maintenance_mode": "enable"} {{(pid=126574) _process_stack /opt/stack/nova/nova/api/openstack/wsgi.py:511}}
Jul 08 21:02:49.245938 n-d-793621-10 devstack@n-api.service[126574]: DEBUG nova.api.openstack.wsgi [None req-3128c403-fe52-4f70-b22f-5f805c4c0081 tempest-HostsAdminNegativeTestJSON-1813837069 tempest-HostsAdminNegativeTestJSON-1813837069-project-admin] Returning 400 to user: Invalid input for field/attribute status. Value: invalid. 'invalid' is not one of ['enable', 'disable', 'Enable', 'Disable', 'ENABLE', 'DISABLE'] {{(pid=126574) __call__ /opt/stack/nova/nova/api/openstack/wsgi.py:927}}
Jul 08 21:02:49.246746 n-d-793621-10 devstack@n-api.service[126574]: INFO nova.api.openstack.requestlog [None req-3128c403-fe52-4f70-b22f-5f805c4c0081 tempest-HostsAdminNegativeTestJSON-1813837069 tempest-HostsAdminNegativeTestJSON-1813837069-project-admin] 10.222.0.73 "PUT /compute/v2.1/os-hosts/n-d-793621-10" status: 400 len: 189 microversion: 2.1 time: 0.022166
Jul 08 21:02:49.247682 n-d-793621-10 devstack@n-api.service[126574]: [pid: 126574|app: 0|req: 73/170] 10.222.0.73 () {60 vars in 1190 bytes} [Thu Jul 8 21:02:49 2021] PUT /compute/v2.1/os-hosts/n-d-793621-10 => generated 189 bytes in 23 msecs (HTTP/1.1 400) 9 headers in 381 bytes (1 switches on core 0)
Jul 08 21:02:49.261027 n-d-793621-10 devstack@n-api.service[126575]: INFO nova.api.openstack.requestlog [None req-dff36c0e-20c5-4fe3-861b-6feeefb8364e tempest-FlavorsAccessNegativeTestJSON-943564725 tempest-FlavorsAccessNegativeTestJSON-943564725-project-admin] 10.222.0.73 "POST /compute/v2.1/flavors" status: 200 len: 436 microversion: 2.1 time: 0.110338
Jul 08 21:02:49.261581 n-d-793621-10 devstack@n-api.service[126575]: [pid: 126575|app: 0|req: 98/171] 10.222.0.73 () {60 vars in 1147 bytes} [Thu Jul 8 21:02:49 2021] POST /compute/v2.1/flavors => generated 436 bytes in 112 msecs (HTTP/1.1 200) 9 headers in 357 bytes (2 switches on core 0)
Jul 08 21:02:49.267728 n-d-793621-10 devstack@n-api.service[126574]: DEBUG nova.api.openstack.wsgi [None req-e6d51772-90f1-4601-98fa-1069a50b7ec2 tempest-HostsAdminNegativeTestJSON-298118002 tempest-HostsAdminNegativeTestJSON-298118002-project] Action: 'update', calling method: .version_select at 0x7f6ce5e35280>, body: {"status": "enable", "maintenance_mode": "enable"} {{(pid=126574) _process_stack /opt/stack/nova/nova/api/openstack/wsgi.py:511}}
Jul 08 21:02:49.269088 n-d-793621-10 devstack@n-api.service[126574]: /usr/local/lib/python3.8/dist-packages/oslo_policy/policy.py:1064: UserWarning: Policy os_compute_api:os-hosts:update failed scope check. The token used to make the request was project scoped but the policy requires ['system'] scope. This behavior may change in the future where using the intended scope is required
Jul 08 21:02:49.269088 n-d-793621-10 devstack@n-api.service[126574]: warnings.warn(msg)
Jul 08 21:02:49.270376 n-d-793621-10 devstack@n-api.service[126574]: DEBUG nova.policy [None req-e6d51772-90f1-4601-98fa-1069a50b7ec2 tempest-HostsAdminNegativeTestJSON-298118002 tempest-HostsAdminNegativeTestJSON-298118002-project] Policy check for os_compute_api:os-hosts:update failed with credentials {'is_admin': False, 'user_id': '56102110fa3345c0a5fc52d6134dafc5', 'user_domain_id': 'default', 'system_scope': None, 'domain_id': None, 'project_id': 'cea7d6015eeb4149b98d93474d52b4c3', 'project_domain_id': 'default', 'roles': ['member', 'reader'], 'is_admin_project': True, 'service_user_id': None, 'service_user_domain_id': None, 'service_project_id': None, 'service_project_domain_id': None, 'service_roles': []} {{(pid=126574) authorize /opt/stack/nova/nova/policy.py:199}}
Jul 08 21:02:49.271185 n-d-793621-10 devstack@n-api.service[126574]: DEBUG nova.api.openstack.wsgi [None req-e6d51772-90f1-4601-98fa-1069a50b7ec2 tempest-HostsAdminNegativeTestJSON-298118002 tempest-HostsAdminNegativeTestJSON-298118002-project] Returning 403 to user: Policy doesn't allow os_compute_api:os-hosts:update to be performed. {{(pid=126574) __call__ /opt/stack/nova/nova/api/openstack/wsgi.py:927}}
Jul 08 21:02:49.278269 n-d-793621-10 devstack@n-api.service[126574]: INFO nova.api.openstack.requestlog [None req-e6d51772-90f1-4601-98fa-1069a50b7ec2 tempest-HostsAdminNegativeTestJSON-298118002 tempest-HostsAdminNegativeTestJSON-298118002-project] 10.222.0.73 "PUT /compute/v2.1/os-hosts/n-d-793621-10" status: 403 len: 111 microversion: 2.1 time: 0.009086
Jul 08 21:02:49.279264 n-d-793621-10 devstack@n-api.service[126574]: [pid: 126574|app: 0|req: 74/172] 10.222.0.73 () {60 vars in 1190 bytes} [Thu Jul 8 21:02:49 2021] PUT /compute/v2.1/os-hosts/n-d-793621-10 => generated 111 bytes in 22 msecs (HTTP/1.1 403) 9 headers in 379 bytes (1 switches on core 0)
Jul 08 21:02:49.289603 n-d-793621-10 devstack@n-api.service[126574]: DEBUG nova.api.openstack.wsgi [None req-193cdf03-87c4-4a70-8d03-8d59d98f6077 tempest-HostsAdminNegativeTestJSON-1813837069 tempest-HostsAdminNegativeTestJSON-1813837069-project-admin] Action: 'update', calling method: .version_select at 0x7f6ce5e66670>, body: {"status": null, "maintenance_mode": null} {{(pid=126574) _process_stack /opt/stack/nova/nova/api/openstack/wsgi.py:511}}
Jul 08 21:02:49.290955 n-d-793621-10 devstack@n-api.service[126574]: DEBUG nova.api.openstack.wsgi [None req-193cdf03-87c4-4a70-8d03-8d59d98f6077 tempest-HostsAdminNegativeTestJSON-1813837069 tempest-HostsAdminNegativeTestJSON-1813837069-project-admin] Returning 400 to user: Invalid input for field/attribute status. Value: None. None is not of type 'string' {{(pid=126574) __call__ /opt/stack/nova/nova/api/openstack/wsgi.py:927}}
Jul 08 21:02:49.292066 n-d-793621-10 devstack@n-api.service[126574]: INFO nova.api.openstack.requestlog [None req-193cdf03-87c4-4a70-8d03-8d59d98f6077 tempest-HostsAdminNegativeTestJSON-1813837069 tempest-HostsAdminNegativeTestJSON-1813837069-project-admin] 10.222.0.73 "PUT /compute/v2.1/os-hosts/n-d-793621-10" status: 400 len: 127 microversion: 2.1 time: 0.006617
Jul 08 21:02:49.292842 n-d-793621-10 devstack@n-api.service[126574]: [pid: 126574|app: 0|req: 75/173] 10.222.0.73 () {60 vars in 1190 bytes} [Thu Jul 8 21:02:49 2021] PUT /compute/v2.1/os-hosts/n-d-793621-10 => generated 127 bytes in 8 msecs (HTTP/1.1 400) 9 headers in 381 bytes (2 switches on core 0)
Jul 08 21:02:49.306706 n-d-793621-10 devstack@n-api.service[126574]: DEBUG nova.api.openstack.wsgi [None req-a747b2af-489d-4b83-9868-e8389b3f73ae tempest-HostsAdminNegativeTestJSON-1813837069 tempest-HostsAdminNegativeTestJSON-1813837069-project-admin] Action: 'update', calling method: .version_select at 0x7f6ce5e11af0>, body: {"status": "enable", "maintenance_mode": "enable"} {{(pid=126574) _process_stack /opt/stack/nova/nova/api/openstack/wsgi.py:511}}
Jul 08 21:02:49.309879 n-d-793621-10 devstack@n-api.service[126574]: INFO nova.api.openstack.compute.hosts [None req-a747b2af-489d-4b83-9868-e8389b3f73ae tempest-HostsAdminNegativeTestJSON-1813837069 tempest-HostsAdminNegativeTestJSON-1813837069-project-admin] Enabling host nonexistent_hostname.
Jul 08 21:02:49.318969 n-d-793621-10 devstack@n-api.service[126574]: INFO nova.api.openstack.wsgi [None req-a747b2af-489d-4b83-9868-e8389b3f73ae tempest-HostsAdminNegativeTestJSON-1813837069 tempest-HostsAdminNegativeTestJSON-1813837069-project-admin] HTTP exception thrown: Host 'nonexistent_hostname' is not mapped to any cell
Jul 08 21:02:49.320092 n-d-793621-10 devstack@n-api.service[126574]: DEBUG nova.api.openstack.wsgi [None req-a747b2af-489d-4b83-9868-e8389b3f73ae tempest-HostsAdminNegativeTestJSON-1813837069 tempest-HostsAdminNegativeTestJSON-1813837069-project-admin] Returning 404 to user: Host 'nonexistent_hostname' is not mapped to any cell {{(pid=126574) __call__ /opt/stack/nova/nova/api/openstack/wsgi.py:927}}
Jul 08 21:02:49.324025 n-d-793621-10 devstack@n-api.service[126574]: INFO nova.api.openstack.requestlog [None req-a747b2af-489d-4b83-9868-e8389b3f73ae tempest-HostsAdminNegativeTestJSON-1813837069 tempest-HostsAdminNegativeTestJSON-1813837069-project-admin] 10.222.0.73 "PUT /compute/v2.1/os-hosts/nonexistent_hostname" status: 404 len: 99 microversion: 2.1 time: 0.018806
Jul 08 21:02:49.325133 n-d-793621-10 devstack@n-api.service[126574]: [pid: 126574|app: 0|req: 76/174] 10.222.0.73 () {60 vars in 1211 bytes} [Thu Jul 8 21:02:49 2021] PUT /compute/v2.1/os-hosts/nonexistent_hostname => generated 99 bytes in 24 msecs (HTTP/1.1 404) 9 headers in 378 bytes (1 switches on core 0)
Jul 08 21:02:49.366757 n-d-793621-10 devstack@n-api.service[126574]: DEBUG nova.api.openstack.wsgi [None req-b2d82f2b-727d-45ff-a65b-da1f0d326a27 tempest-AggregatesAdminTestJSON-1705649229 tempest-AggregatesAdminTestJSON-1705649229-project] Calling method '>' {{(pid=126574) _process_stack /opt/stack/nova/nova/api/openstack/wsgi.py:513}}
Jul 08 21:02:49.367599 n-d-793621-10 devstack@n-api.service[126574]: DEBUG nova.compute.api [None req-b2d82f2b-727d-45ff-a65b-da1f0d326a27 tempest-AggregatesAdminTestJSON-1705649229 tempest-AggregatesAdminTestJSON-1705649229-project] [instance: 8534a217-2c78-489f-8983-4fdb8fd92dce] Fetching instance by UUID {{(pid=126574) get /opt/stack/nova/nova/compute/api.py:2801}}
Jul 08 21:02:49.374702 n-d-793621-10 devstack@n-api.service[126574]: DEBUG oslo_concurrency.lockutils [None req-b2d82f2b-727d-45ff-a65b-da1f0d326a27 tempest-AggregatesAdminTestJSON-1705649229 tempest-AggregatesAdminTestJSON-1705649229-project] Lock "1fd8373c-fd58-46a6-9b47-4c24343ef830" acquired by "nova.context.set_target_cell..get_or_set_cached_cell_and_set_connections" :: waited 0.000s {{(pid=126574) inner /usr/local/lib/python3.8/dist-packages/oslo_concurrency/lockutils.py:355}}
Jul 08 21:02:49.375159 n-d-793621-10 devstack@n-api.service[126574]: DEBUG oslo_concurrency.lockutils [None req-b2d82f2b-727d-45ff-a65b-da1f0d326a27 tempest-AggregatesAdminTestJSON-1705649229 tempest-AggregatesAdminTestJSON-1705649229-project] Lock "1fd8373c-fd58-46a6-9b47-4c24343ef830" released by "nova.context.set_target_cell..get_or_set_cached_cell_and_set_connections" :: held 0.001s {{(pid=126574) inner /usr/local/lib/python3.8/dist-packages/oslo_concurrency/lockutils.py:367}}
Jul 08 21:02:49.376118 n-d-793621-10 devstack@n-api.service[126574]: DEBUG oslo_concurrency.lockutils [None req-b2d82f2b-727d-45ff-a65b-da1f0d326a27 tempest-AggregatesAdminTestJSON-1705649229 tempest-AggregatesAdminTestJSON-1705649229-project] Lock "1fd8373c-fd58-46a6-9b47-4c24343ef830" acquired by "nova.context.set_target_cell..get_or_set_cached_cell_and_set_connections" :: waited 0.000s {{(pid=126574) inner /usr/local/lib/python3.8/dist-packages/oslo_concurrency/lockutils.py:355}}
Jul 08 21:02:49.376557 n-d-793621-10 devstack@n-api.service[126574]: DEBUG oslo_concurrency.lockutils [None req-b2d82f2b-727d-45ff-a65b-da1f0d326a27 tempest-AggregatesAdminTestJSON-1705649229 tempest-AggregatesAdminTestJSON-1705649229-project] Lock "1fd8373c-fd58-46a6-9b47-4c24343ef830" released by "nova.context.set_target_cell..get_or_set_cached_cell_and_set_connections" :: held 0.000s {{(pid=126574) inner /usr/local/lib/python3.8/dist-packages/oslo_concurrency/lockutils.py:367}}
Jul 08 21:02:49.381825 n-d-793621-10 devstack@n-api.service[126574]: /opt/stack/nova/nova/db/sqlalchemy/api.py:1385: SAWarning: TypeDecorator SoftDeleteInteger() will not produce a cache key because the ``cache_ok`` flag is not set to True. Set this flag to True if this type object's state is safe to use in a cache key, or False to disable this warning.
Jul 08 21:02:49.381825 n-d-793621-10 devstack@n-api.service[126574]: result = _build_instance_get(context, columns_to_join=columns_to_join).\
Jul 08 21:02:49.501267 n-d-793621-10 devstack@n-api.service[126575]: DEBUG nova.api.openstack.wsgi [None req-f28eea29-7fb1-4118-b501-749a41864fa6 tempest-FlavorsAccessNegativeTestJSON-1145437809 tempest-FlavorsAccessNegativeTestJSON-1145437809-project] Action: 'action', calling method: >, body: {"addTenantAccess": {"tenant": "ddac6b38fee34268a43f45205cb08f59"}} {{(pid=126575) _process_stack /opt/stack/nova/nova/api/openstack/wsgi.py:511}}
Jul 08 21:02:49.502807 n-d-793621-10 devstack@n-api.service[126575]: /usr/local/lib/python3.8/dist-packages/oslo_policy/policy.py:1064: UserWarning: Policy os_compute_api:os-flavor-access:add_tenant_access failed scope check. The token used to make the request was project scoped but the policy requires ['system'] scope. This behavior may change in the future where using the intended scope is required
Jul 08 21:02:49.502807 n-d-793621-10 devstack@n-api.service[126575]: warnings.warn(msg)
Jul 08 21:02:49.503845 n-d-793621-10 devstack@n-api.service[126575]: DEBUG nova.policy [None req-f28eea29-7fb1-4118-b501-749a41864fa6 tempest-FlavorsAccessNegativeTestJSON-1145437809 tempest-FlavorsAccessNegativeTestJSON-1145437809-project] Policy check for os_compute_api:os-flavor-access:add_tenant_access failed with credentials {'is_admin': False, 'user_id': 'e6a9dfa5fd5b4f8eaf10f71c175fe72c', 'user_domain_id': 'default', 'system_scope': None, 'domain_id': None, 'project_id': 'ddac6b38fee34268a43f45205cb08f59', 'project_domain_id': 'default', 'roles': ['member', 'reader'], 'is_admin_project': True, 'service_user_id': None, 'service_user_domain_id': None, 'service_project_id': None, 'service_project_domain_id': None, 'service_roles': []} {{(pid=126575) authorize /opt/stack/nova/nova/policy.py:199}}
Jul 08 21:02:49.504567 n-d-793621-10 devstack@n-api.service[126575]: DEBUG nova.api.openstack.wsgi [None req-f28eea29-7fb1-4118-b501-749a41864fa6 tempest-FlavorsAccessNegativeTestJSON-1145437809 tempest-FlavorsAccessNegativeTestJSON-1145437809-project] Returning 403 to user: Policy doesn't allow os_compute_api:os-flavor-access:add_tenant_access to be performed. {{(pid=126575) __call__ /opt/stack/nova/nova/api/openstack/wsgi.py:927}}
Jul 08 21:02:49.505575 n-d-793621-10 devstack@n-api.service[126575]: INFO nova.api.openstack.requestlog [None req-f28eea29-7fb1-4118-b501-749a41864fa6 tempest-FlavorsAccessNegativeTestJSON-1145437809 tempest-FlavorsAccessNegativeTestJSON-1145437809-project] 10.222.0.73 "POST /compute/v2.1/flavors/311750963/action" status: 403 len: 130 microversion: 2.1 time: 0.232421
Jul 08 21:02:49.506557 n-d-793621-10 devstack@n-api.service[126575]: [pid: 126575|app: 0|req: 99/175] 10.222.0.73 () {60 vars in 1197 bytes} [Thu Jul 8 21:02:49 2021] POST /compute/v2.1/flavors/311750963/action => generated 130 bytes in 234 msecs (HTTP/1.1 403) 9 headers in 379 bytes (1 switches on core 0)
Jul 08 21:02:49.517121 n-d-793621-10 devstack@n-api.service[126575]: DEBUG nova.api.openstack.wsgi [None req-67e6665d-5cb9-44c2-b533-5ad8270c2e90 tempest-FlavorsAccessNegativeTestJSON-943564725 tempest-FlavorsAccessNegativeTestJSON-943564725-project-admin] Calling method '>' {{(pid=126575) _process_stack /opt/stack/nova/nova/api/openstack/wsgi.py:513}}
Jul 08 21:02:49.610753 n-d-793621-10 devstack@n-api.service[126575]: INFO nova.api.openstack.requestlog [None req-67e6665d-5cb9-44c2-b533-5ad8270c2e90 tempest-FlavorsAccessNegativeTestJSON-943564725 tempest-FlavorsAccessNegativeTestJSON-943564725-project-admin] 10.222.0.73 "DELETE /compute/v2.1/flavors/311750963" status: 202 len: 0 microversion: 2.1 time: 0.099729
Jul 08 21:02:49.611802 n-d-793621-10 devstack@n-api.service[126575]: [pid: 126575|app: 0|req: 100/176] 10.222.0.73 () {58 vars in 1158 bytes} [Thu Jul 8 21:02:49 2021] DELETE /compute/v2.1/flavors/311750963 => generated 0 bytes in 102 msecs (HTTP/1.1 202) 9 headers in 361 bytes (2 switches on core 0)
Jul 08 21:02:49.619899 n-d-793621-10 devstack@n-api.service[126575]: DEBUG nova.api.openstack.wsgi [None req-587bc840-8d39-4a85-a262-2a7024a075be tempest-FlavorsAccessNegativeTestJSON-943564725 tempest-FlavorsAccessNegativeTestJSON-943564725-project-admin] Calling method '>' {{(pid=126575) _process_stack /opt/stack/nova/nova/api/openstack/wsgi.py:513}}
Jul 08 21:02:49.633308 n-d-793621-10 devstack@n-api.service[126574]: DEBUG nova.policy [None req-b2d82f2b-727d-45ff-a65b-da1f0d326a27 tempest-AggregatesAdminTestJSON-1705649229 tempest-AggregatesAdminTestJSON-1705649229-project] Policy check for os_compute_api:os-extended-server-attributes failed with credentials {'is_admin': False, 'user_id': 'a2576742749147a0b0214584f3a23c48', 'user_domain_id': 'default', 'system_scope': None, 'domain_id': None, 'project_id': 'fe00ae0eab8846a38b07ab11fb0f733d', 'project_domain_id': 'default', 'roles': ['member', 'reader'], 'is_admin_project': True, 'service_user_id': None, 'service_user_domain_id': None, 'service_project_id': None, 'service_project_domain_id': None, 'service_roles': []} {{(pid=126574) authorize /opt/stack/nova/nova/policy.py:199}}
Jul 08 21:02:49.636054 n-d-793621-10 devstack@n-api.service[126574]: /opt/stack/nova/nova/db/sqlalchemy/api.py:3000: SAWarning: TypeDecorator SoftDeleteInteger() will not produce a cache key because the ``cache_ok`` flag is not set to True. Set this flag to True if this type object's state is safe to use in a cache key, or False to disable this warning.
Jul 08 21:02:49.636054 n-d-793621-10 devstack@n-api.service[126574]: return _block_device_mapping_get_query(context).filter(
Jul 08 21:02:49.642317 n-d-793621-10 devstack@n-api.service[126575]: INFO nova.api.openstack.requestlog [None req-587bc840-8d39-4a85-a262-2a7024a075be tempest-FlavorsAccessNegativeTestJSON-943564725 tempest-FlavorsAccessNegativeTestJSON-943564725-project-admin] 10.222.0.73 "GET /compute/v2.1/flavors/detail" status: 200 len: 4991 microversion: 2.1 time: 0.026162
Jul 08 21:02:49.643151 n-d-793621-10 devstack@n-api.service[126575]: [pid: 126575|app: 0|req: 101/177] 10.222.0.73 () {58 vars in 1146 bytes} [Thu Jul 8 21:02:49 2021] GET /compute/v2.1/flavors/detail => generated 4991 bytes in 28 msecs (HTTP/1.1 200) 9 headers in 358 bytes (2 switches on core 0)
Jul 08 21:02:49.654758 n-d-793621-10 devstack@n-api.service[126574]: INFO nova.api.openstack.requestlog [None req-b2d82f2b-727d-45ff-a65b-da1f0d326a27 tempest-AggregatesAdminTestJSON-1705649229 tempest-AggregatesAdminTestJSON-1705649229-project] 10.222.0.73 "GET /compute/v2.1/servers/8534a217-2c78-489f-8983-4fdb8fd92dce" status: 200 len: 1337 microversion: 2.1 time: 0.291560
Jul 08 21:02:49.655642 n-d-793621-10 devstack@n-api.service[126574]: [pid: 126574|app: 0|req: 77/178] 10.222.0.73 () {58 vars in 1236 bytes} [Thu Jul 8 21:02:49 2021] GET /compute/v2.1/servers/8534a217-2c78-489f-8983-4fdb8fd92dce => generated 1337 bytes in 293 msecs (HTTP/1.1 200) 9 headers in 358 bytes (2 switches on core 0)
Jul 08 21:02:49.658984 n-d-793621-10 devstack@n-api.service[126575]: DEBUG nova.api.openstack.wsgi [None req-c3e715cd-5b39-4e04-bbe0-9f7b0211da19 tempest-FlavorsAccessNegativeTestJSON-943564725 tempest-FlavorsAccessNegativeTestJSON-943564725-project-admin] Action: 'create', calling method: >, body: {"flavor": {"ram": 512, "vcpus": 1, "disk": 10, "name": "tempest-FlavorsAccessNegativeTestJSON-flavor-1717799827", "id": 52567588, "os-flavor-access:is_public": "False"}} {{(pid=126575) _process_stack /opt/stack/nova/nova/api/openstack/wsgi.py:511}}
Jul 08 21:02:49.747343 n-d-793621-10 devstack@n-api.service[126575]: INFO nova.api.openstack.requestlog [None req-c3e715cd-5b39-4e04-bbe0-9f7b0211da19 tempest-FlavorsAccessNegativeTestJSON-943564725 tempest-FlavorsAccessNegativeTestJSON-943564725-project-admin] 10.222.0.73 "POST /compute/v2.1/flavors" status: 200 len: 433 microversion: 2.1 time: 0.092658
Jul 08 21:02:49.748046 n-d-793621-10 devstack@n-api.service[126575]: [pid: 126575|app: 0|req: 102/179] 10.222.0.73 () {60 vars in 1147 bytes} [Thu Jul 8 21:02:49 2021] POST /compute/v2.1/flavors => generated 433 bytes in 94 msecs (HTTP/1.1 200) 9 headers in 357 bytes (1 switches on core 0)
Jul 08 21:02:49.767076 n-d-793621-10 devstack@n-api.service[126574]: DEBUG nova.api.openstack.wsgi [None req-f1a5e64f-a46d-4bbf-99b3-b520352706a6 tempest-FlavorsAccessNegativeTestJSON-943564725 tempest-FlavorsAccessNegativeTestJSON-943564725-project-admin] Action: 'action', calling method: >, body: {"addTenantAccess": {"tenant": "ddac6b38fee34268a43f45205cb08f59"}} {{(pid=126574) _process_stack /opt/stack/nova/nova/api/openstack/wsgi.py:511}}
Jul 08 21:02:49.768527 n-d-793621-10 devstack@n-api.service[126574]: /usr/local/lib/python3.8/dist-packages/oslo_policy/policy.py:1064: UserWarning: Policy os_compute_api:os-flavor-access:add_tenant_access failed scope check. The token used to make the request was project scoped but the policy requires ['system'] scope. This behavior may change in the future where using the intended scope is required
Jul 08 21:02:49.768527 n-d-793621-10 devstack@n-api.service[126574]: warnings.warn(msg)
Jul 08 21:02:49.962788 n-d-793621-10 devstack@n-api.service[126575]: DEBUG nova.api.openstack.wsgi [None req-52b2b868-790d-4800-97fc-e67102cc51ca tempest-DeleteServersAdminTestJSON-587566650 tempest-DeleteServersAdminTestJSON-587566650-project] Calling method '>' {{(pid=126575) _process_stack /opt/stack/nova/nova/api/openstack/wsgi.py:513}}
Jul 08 21:02:49.963574 n-d-793621-10 devstack@n-api.service[126575]: DEBUG nova.compute.api [None req-52b2b868-790d-4800-97fc-e67102cc51ca tempest-DeleteServersAdminTestJSON-587566650 tempest-DeleteServersAdminTestJSON-587566650-project] [instance: 2113718a-1100-46fe-82b1-87bf703c53ce] Fetching instance by UUID {{(pid=126575) get /opt/stack/nova/nova/compute/api.py:2801}}
Jul 08 21:02:49.978776 n-d-793621-10 devstack@n-api.service[126575]: DEBUG oslo_concurrency.lockutils [None req-52b2b868-790d-4800-97fc-e67102cc51ca tempest-DeleteServersAdminTestJSON-587566650 tempest-DeleteServersAdminTestJSON-587566650-project] Lock "1fd8373c-fd58-46a6-9b47-4c24343ef830" acquired by "nova.context.set_target_cell..get_or_set_cached_cell_and_set_connections" :: waited 0.000s {{(pid=126575) inner /usr/local/lib/python3.8/dist-packages/oslo_concurrency/lockutils.py:355}}
Jul 08 21:02:49.986183 n-d-793621-10 devstack@n-api.service[126575]: DEBUG oslo_concurrency.lockutils [None req-52b2b868-790d-4800-97fc-e67102cc51ca tempest-DeleteServersAdminTestJSON-587566650 tempest-DeleteServersAdminTestJSON-587566650-project] Lock "1fd8373c-fd58-46a6-9b47-4c24343ef830" released by "nova.context.set_target_cell..get_or_set_cached_cell_and_set_connections" :: held 0.002s {{(pid=126575) inner /usr/local/lib/python3.8/dist-packages/oslo_concurrency/lockutils.py:367}}
Jul 08 21:02:49.986183 n-d-793621-10 devstack@n-api.service[126575]: DEBUG oslo_concurrency.lockutils [None req-52b2b868-790d-4800-97fc-e67102cc51ca tempest-DeleteServersAdminTestJSON-587566650 tempest-DeleteServersAdminTestJSON-587566650-project] Lock "1fd8373c-fd58-46a6-9b47-4c24343ef830" acquired by "nova.context.set_target_cell..get_or_set_cached_cell_and_set_connections" :: waited 0.000s {{(pid=126575) inner /usr/local/lib/python3.8/dist-packages/oslo_concurrency/lockutils.py:355}}
Jul 08 21:02:49.986183 n-d-793621-10 devstack@n-api.service[126575]: DEBUG oslo_concurrency.lockutils [None req-52b2b868-790d-4800-97fc-e67102cc51ca tempest-DeleteServersAdminTestJSON-587566650 tempest-DeleteServersAdminTestJSON-587566650-project] Lock "1fd8373c-fd58-46a6-9b47-4c24343ef830" released by "nova.context.set_target_cell..get_or_set_cached_cell_and_set_connections" :: held 0.000s {{(pid=126575) inner /usr/local/lib/python3.8/dist-packages/oslo_concurrency/lockutils.py:367}}
Jul 08 21:02:49.987878 n-d-793621-10 devstack@n-api.service[126575]: /opt/stack/nova/nova/db/sqlalchemy/api.py:1385: SAWarning: TypeDecorator SoftDeleteInteger() will not produce a cache key because the ``cache_ok`` flag is not set to True. Set this flag to True if this type object's state is safe to use in a cache key, or False to disable this warning.
Jul 08 21:02:49.987878 n-d-793621-10 devstack@n-api.service[126575]: result = _build_instance_get(context, columns_to_join=columns_to_join).\
Jul 08 21:02:50.043041 n-d-793621-10 devstack@n-api.service[126574]: INFO nova.api.openstack.requestlog [None req-f1a5e64f-a46d-4bbf-99b3-b520352706a6 tempest-FlavorsAccessNegativeTestJSON-943564725 tempest-FlavorsAccessNegativeTestJSON-943564725-project-admin] 10.222.0.73 "POST /compute/v2.1/flavors/52567588/action" status: 200 len: 95 microversion: 2.1 time: 0.280708
Jul 08 21:02:50.049772 n-d-793621-10 devstack@n-api.service[126574]: [pid: 126574|app: 0|req: 78/180] 10.222.0.73 () {60 vars in 1194 bytes} [Thu Jul 8 21:02:49 2021] POST /compute/v2.1/flavors/52567588/action => generated 95 bytes in 282 msecs (HTTP/1.1 200) 9 headers in 356 bytes (2 switches on core 0)
Jul 08 21:02:50.055789 n-d-793621-10 devstack@n-api.service[126574]: DEBUG nova.api.openstack.wsgi [None req-8ad826ff-566e-49bd-8890-7b3158bc96e6 tempest-FlavorsAccessNegativeTestJSON-1145437809 tempest-FlavorsAccessNegativeTestJSON-1145437809-project] Action: 'action', calling method: >, body: {"removeTenantAccess": {"tenant": "ddac6b38fee34268a43f45205cb08f59"}} {{(pid=126574) _process_stack /opt/stack/nova/nova/api/openstack/wsgi.py:511}}
Jul 08 21:02:50.058855 n-d-793621-10 devstack@n-api.service[126574]: /usr/local/lib/python3.8/dist-packages/oslo_policy/policy.py:1064: UserWarning: Policy os_compute_api:os-flavor-access:remove_tenant_access failed scope check. The token used to make the request was project scoped but the policy requires ['system'] scope. This behavior may change in the future where using the intended scope is required
Jul 08 21:02:50.058855 n-d-793621-10 devstack@n-api.service[126574]: warnings.warn(msg)
Jul 08 21:02:50.060959 n-d-793621-10 devstack@n-api.service[126574]: DEBUG nova.policy [None req-8ad826ff-566e-49bd-8890-7b3158bc96e6 tempest-FlavorsAccessNegativeTestJSON-1145437809 tempest-FlavorsAccessNegativeTestJSON-1145437809-project] Policy check for os_compute_api:os-flavor-access:remove_tenant_access failed with credentials {'is_admin': False, 'user_id': 'e6a9dfa5fd5b4f8eaf10f71c175fe72c', 'user_domain_id': 'default', 'system_scope': None, 'domain_id': None, 'project_id': 'ddac6b38fee34268a43f45205cb08f59', 'project_domain_id': 'default', 'roles': ['member', 'reader'], 'is_admin_project': True, 'service_user_id': None, 'service_user_domain_id': None, 'service_project_id': None, 'service_project_domain_id': None, 'service_roles': []} {{(pid=126574) authorize /opt/stack/nova/nova/policy.py:199}}
Jul 08 21:02:50.062844 n-d-793621-10 devstack@n-api.service[126574]: DEBUG nova.api.openstack.wsgi [None req-8ad826ff-566e-49bd-8890-7b3158bc96e6 tempest-FlavorsAccessNegativeTestJSON-1145437809 tempest-FlavorsAccessNegativeTestJSON-1145437809-project] Returning 403 to user: Policy doesn't allow os_compute_api:os-flavor-access:remove_tenant_access to be performed. {{(pid=126574) __call__ /opt/stack/nova/nova/api/openstack/wsgi.py:927}}
Jul 08 21:02:50.063640 n-d-793621-10 devstack@n-api.service[126574]: INFO nova.api.openstack.requestlog [None req-8ad826ff-566e-49bd-8890-7b3158bc96e6 tempest-FlavorsAccessNegativeTestJSON-1145437809 tempest-FlavorsAccessNegativeTestJSON-1145437809-project] 10.222.0.73 "POST /compute/v2.1/flavors/52567588/action" status: 403 len: 133 microversion: 2.1 time: 0.012784
Jul 08 21:02:50.065624 n-d-793621-10 devstack@n-api.service[126574]: [pid: 126574|app: 0|req: 79/181] 10.222.0.73 () {60 vars in 1194 bytes} [Thu Jul 8 21:02:50 2021] POST /compute/v2.1/flavors/52567588/action => generated 133 bytes in 15 msecs (HTTP/1.1 403) 9 headers in 379 bytes (1 switches on core 0)
Jul 08 21:02:50.072411 n-d-793621-10 devstack@n-api.service[126574]: DEBUG nova.api.openstack.wsgi [None req-c18ce38c-03f9-4a0a-b23c-84d1bf43e340 tempest-FlavorsAccessNegativeTestJSON-943564725 tempest-FlavorsAccessNegativeTestJSON-943564725-project-admin] Action: 'action', calling method: >, body: {"removeTenantAccess": {"tenant": "ddac6b38fee34268a43f45205cb08f59"}} {{(pid=126574) _process_stack /opt/stack/nova/nova/api/openstack/wsgi.py:511}}
Jul 08 21:02:50.306036 n-d-793621-10 devstack@n-api.service[126575]: DEBUG nova.policy [None req-52b2b868-790d-4800-97fc-e67102cc51ca tempest-DeleteServersAdminTestJSON-587566650 tempest-DeleteServersAdminTestJSON-587566650-project] Policy check for os_compute_api:os-extended-server-attributes failed with credentials {'is_admin': False, 'user_id': 'e20f1e16a2464399af51f46c09747ed8', 'user_domain_id': 'default', 'system_scope': None, 'domain_id': None, 'project_id': '95c449b933334f4db5369ac9b800249d', 'project_domain_id': 'default', 'roles': ['member', 'reader'], 'is_admin_project': True, 'service_user_id': None, 'service_user_domain_id': None, 'service_project_id': None, 'service_project_domain_id': None, 'service_roles': []} {{(pid=126575) authorize /opt/stack/nova/nova/policy.py:199}}
Jul 08 21:02:50.313015 n-d-793621-10 devstack@n-api.service[126575]: /opt/stack/nova/nova/db/sqlalchemy/api.py:3000: SAWarning: TypeDecorator SoftDeleteInteger() will not produce a cache key because the ``cache_ok`` flag is not set to True. Set this flag to True if this type object's state is safe to use in a cache key, or False to disable this warning.
Jul 08 21:02:50.313015 n-d-793621-10 devstack@n-api.service[126575]: return _block_device_mapping_get_query(context).filter(
Jul 08 21:02:50.317664 n-d-793621-10 devstack@n-api.service[126575]: INFO nova.api.openstack.requestlog [None req-52b2b868-790d-4800-97fc-e67102cc51ca tempest-DeleteServersAdminTestJSON-587566650 tempest-DeleteServersAdminTestJSON-587566650-project] 10.222.0.73 "GET /compute/v2.1/servers/2113718a-1100-46fe-82b1-87bf703c53ce" status: 200 len: 1341 microversion: 2.1 time: 0.358618
Jul 08 21:02:50.327772 n-d-793621-10 devstack@n-api.service[126575]: [pid: 126575|app: 0|req: 103/182] 10.222.0.73 () {58 vars in 1236 bytes} [Thu Jul 8 21:02:49 2021] GET /compute/v2.1/servers/2113718a-1100-46fe-82b1-87bf703c53ce => generated 1341 bytes in 370 msecs (HTTP/1.1 200) 9 headers in 358 bytes (1 switches on core 0)
Jul 08 21:02:50.416612 n-d-793621-10 devstack@n-api.service[126574]: INFO nova.api.openstack.requestlog [None req-c18ce38c-03f9-4a0a-b23c-84d1bf43e340 tempest-FlavorsAccessNegativeTestJSON-943564725 tempest-FlavorsAccessNegativeTestJSON-943564725-project-admin] 10.222.0.73 "POST /compute/v2.1/flavors/52567588/action" status: 200 len: 21 microversion: 2.1 time: 0.347493
Jul 08 21:02:50.417597 n-d-793621-10 devstack@n-api.service[126574]: [pid: 126574|app: 0|req: 80/183] 10.222.0.73 () {60 vars in 1194 bytes} [Thu Jul 8 21:02:50 2021] POST /compute/v2.1/flavors/52567588/action => generated 21 bytes in 350 msecs (HTTP/1.1 200) 9 headers in 356 bytes (1 switches on core 0)
Jul 08 21:02:50.427823 n-d-793621-10 devstack@n-api.service[126575]: DEBUG nova.api.openstack.wsgi [None req-7e066d70-bfa0-4cb8-9bc6-01f577f9c812 tempest-FlavorsAccessNegativeTestJSON-943564725 tempest-FlavorsAccessNegativeTestJSON-943564725-project-admin] Calling method '>' {{(pid=126575) _process_stack /opt/stack/nova/nova/api/openstack/wsgi.py:513}}
Jul 08 21:02:50.429453 n-d-793621-10 devstack@n-api.service[126575]: /usr/local/lib/python3.8/dist-packages/oslo_policy/policy.py:1064: UserWarning: Policy os_compute_api:os-flavor-manage:delete failed scope check. The token used to make the request was project scoped but the policy requires ['system'] scope. This behavior may change in the future where using the intended scope is required
Jul 08 21:02:50.429453 n-d-793621-10 devstack@n-api.service[126575]: warnings.warn(msg)
Jul 08 21:02:50.548325 n-d-793621-10 devstack@n-api.service[126575]: INFO nova.api.openstack.requestlog [None req-7e066d70-bfa0-4cb8-9bc6-01f577f9c812 tempest-FlavorsAccessNegativeTestJSON-943564725 tempest-FlavorsAccessNegativeTestJSON-943564725-project-admin] 10.222.0.73 "DELETE /compute/v2.1/flavors/52567588" status: 202 len: 0 microversion: 2.1 time: 0.125319
Jul 08 21:02:50.549502 n-d-793621-10 devstack@n-api.service[126575]: [pid: 126575|app: 0|req: 104/184] 10.222.0.73 () {58 vars in 1155 bytes} [Thu Jul 8 21:02:50 2021] DELETE /compute/v2.1/flavors/52567588 => generated 0 bytes in 127 msecs (HTTP/1.1 202) 9 headers in 361 bytes (2 switches on core 0)
Jul 08 21:02:50.558787 n-d-793621-10 devstack@n-api.service[126574]: DEBUG nova.api.openstack.wsgi [None req-a9ba4b17-4f65-40f2-8d69-663d80bb9b89 tempest-FlavorsAccessNegativeTestJSON-943564725 tempest-FlavorsAccessNegativeTestJSON-943564725-project-admin] Calling method '>' {{(pid=126574) _process_stack /opt/stack/nova/nova/api/openstack/wsgi.py:513}}
Jul 08 21:02:50.585573 n-d-793621-10 devstack@n-api.service[126574]: INFO nova.api.openstack.requestlog [None req-a9ba4b17-4f65-40f2-8d69-663d80bb9b89 tempest-FlavorsAccessNegativeTestJSON-943564725 tempest-FlavorsAccessNegativeTestJSON-943564725-project-admin] 10.222.0.73 "GET /compute/v2.1/flavors/detail" status: 200 len: 4991 microversion: 2.1 time: 0.031898
Jul 08 21:02:50.586751 n-d-793621-10 devstack@n-api.service[126574]: [pid: 126574|app: 0|req: 81/185] 10.222.0.73 () {58 vars in 1146 bytes} [Thu Jul 8 21:02:50 2021] GET /compute/v2.1/flavors/detail => generated 4991 bytes in 34 msecs (HTTP/1.1 200) 9 headers in 358 bytes (1 switches on core 0)
Jul 08 21:02:50.606825 n-d-793621-10 devstack@n-api.service[126575]: DEBUG nova.api.openstack.wsgi [None req-2754e93b-cef3-4eb7-b300-de7d9e2df596 tempest-FlavorsAccessNegativeTestJSON-943564725 tempest-FlavorsAccessNegativeTestJSON-943564725-project-admin] Action: 'create', calling method: >, body: {"flavor": {"ram": 512, "vcpus": 1, "disk": 10, "name": "tempest-FlavorsAccessNegativeTestJSON-flavor-2005691656", "id": 827211893, "os-flavor-access:is_public": "False"}} {{(pid=126575) _process_stack /opt/stack/nova/nova/api/openstack/wsgi.py:511}}
Jul 08 21:02:50.609375 n-d-793621-10 devstack@n-api.service[126575]: /usr/local/lib/python3.8/dist-packages/oslo_policy/policy.py:1064: UserWarning: Policy os_compute_api:os-flavor-manage:create failed scope check. The token used to make the request was project scoped but the policy requires ['system'] scope. This behavior may change in the future where using the intended scope is required
Jul 08 21:02:50.609375 n-d-793621-10 devstack@n-api.service[126575]: warnings.warn(msg)
Jul 08 21:02:50.672646 n-d-793621-10 devstack@n-api.service[126574]: DEBUG nova.api.openstack.wsgi [None req-50152969-9f3b-4116-afbc-a2f910491e10 tempest-AggregatesAdminTestJSON-1705649229 tempest-AggregatesAdminTestJSON-1705649229-project] Calling method '>' {{(pid=126574) _process_stack /opt/stack/nova/nova/api/openstack/wsgi.py:513}}
Jul 08 21:02:50.673291 n-d-793621-10 devstack@n-api.service[126574]: DEBUG nova.compute.api [None req-50152969-9f3b-4116-afbc-a2f910491e10 tempest-AggregatesAdminTestJSON-1705649229 tempest-AggregatesAdminTestJSON-1705649229-project] [instance: 8534a217-2c78-489f-8983-4fdb8fd92dce] Fetching instance by UUID {{(pid=126574) get /opt/stack/nova/nova/compute/api.py:2801}}
Jul 08 21:02:50.680572 n-d-793621-10 devstack@n-api.service[126574]: DEBUG oslo_concurrency.lockutils [None req-50152969-9f3b-4116-afbc-a2f910491e10 tempest-AggregatesAdminTestJSON-1705649229 tempest-AggregatesAdminTestJSON-1705649229-project] Lock "1fd8373c-fd58-46a6-9b47-4c24343ef830" acquired by "nova.context.set_target_cell..get_or_set_cached_cell_and_set_connections" :: waited 0.000s {{(pid=126574) inner /usr/local/lib/python3.8/dist-packages/oslo_concurrency/lockutils.py:355}}
Jul 08 21:02:50.691043 n-d-793621-10 devstack@n-api.service[126575]: INFO nova.api.openstack.requestlog [None req-2754e93b-cef3-4eb7-b300-de7d9e2df596 tempest-FlavorsAccessNegativeTestJSON-943564725 tempest-FlavorsAccessNegativeTestJSON-943564725-project-admin] 10.222.0.73 "POST /compute/v2.1/flavors" status: 200 len: 436 microversion: 2.1 time: 0.090911
Jul 08 21:02:50.691816 n-d-793621-10 devstack@n-api.service[126575]: [pid: 126575|app: 0|req: 105/186] 10.222.0.73 () {60 vars in 1147 bytes} [Thu Jul 8 21:02:50 2021] POST /compute/v2.1/flavors => generated 436 bytes in 92 msecs (HTTP/1.1 200) 9 headers in 357 bytes (1 switches on core 0)
Jul 08 21:02:50.692305 n-d-793621-10 devstack@n-api.service[126574]: DEBUG oslo_concurrency.lockutils [None req-50152969-9f3b-4116-afbc-a2f910491e10 tempest-AggregatesAdminTestJSON-1705649229 tempest-AggregatesAdminTestJSON-1705649229-project] Lock "1fd8373c-fd58-46a6-9b47-4c24343ef830" released by "nova.context.set_target_cell..get_or_set_cached_cell_and_set_connections" :: held 0.001s {{(pid=126574) inner /usr/local/lib/python3.8/dist-packages/oslo_concurrency/lockutils.py:367}}
Jul 08 21:02:50.693500 n-d-793621-10 devstack@n-api.service[126574]: DEBUG oslo_concurrency.lockutils [None req-50152969-9f3b-4116-afbc-a2f910491e10 tempest-AggregatesAdminTestJSON-1705649229 tempest-AggregatesAdminTestJSON-1705649229-project] Lock "1fd8373c-fd58-46a6-9b47-4c24343ef830" acquired by "nova.context.set_target_cell..get_or_set_cached_cell_and_set_connections" :: waited 0.000s {{(pid=126574) inner /usr/local/lib/python3.8/dist-packages/oslo_concurrency/lockutils.py:355}}
Jul 08 21:02:50.693947 n-d-793621-10 devstack@n-api.service[126574]: DEBUG oslo_concurrency.lockutils [None req-50152969-9f3b-4116-afbc-a2f910491e10 tempest-AggregatesAdminTestJSON-1705649229 tempest-AggregatesAdminTestJSON-1705649229-project] Lock "1fd8373c-fd58-46a6-9b47-4c24343ef830" released by "nova.context.set_target_cell..get_or_set_cached_cell_and_set_connections" :: held 0.001s {{(pid=126574) inner /usr/local/lib/python3.8/dist-packages/oslo_concurrency/lockutils.py:367}}
Jul 08 21:02:50.702722 n-d-793621-10 devstack@n-api.service[126575]: DEBUG nova.api.openstack.wsgi [None req-6452cfbf-bdc5-436e-a559-3f585c003b87 tempest-FlavorsAccessNegativeTestJSON-943564725 tempest-FlavorsAccessNegativeTestJSON-943564725-project-admin] Action: 'action', calling method: >, body: {"removeTenantAccess": {"tenant": "514376f005614e74a035cd9885365fcb"}} {{(pid=126575) _process_stack /opt/stack/nova/nova/api/openstack/wsgi.py:511}}
Jul 08 21:02:50.703468 n-d-793621-10 devstack@n-api.service[126574]: /opt/stack/nova/nova/db/sqlalchemy/api.py:1385: SAWarning: TypeDecorator SoftDeleteInteger() will not produce a cache key because the ``cache_ok`` flag is not set to True. Set this flag to True if this type object's state is safe to use in a cache key, or False to disable this warning.
Jul 08 21:02:50.703468 n-d-793621-10 devstack@n-api.service[126574]: result = _build_instance_get(context, columns_to_join=columns_to_join).\
Jul 08 21:02:50.705101 n-d-793621-10 devstack@n-api.service[126575]: /usr/local/lib/python3.8/dist-packages/oslo_policy/policy.py:1064: UserWarning: Policy os_compute_api:os-flavor-access:remove_tenant_access failed scope check. The token used to make the request was project scoped but the policy requires ['system'] scope. This behavior may change in the future where using the intended scope is required
Jul 08 21:02:50.705101 n-d-793621-10 devstack@n-api.service[126575]: warnings.warn(msg)
Jul 08 21:02:51.023446 n-d-793621-10 devstack@n-api.service[126575]: INFO nova.api.openstack.wsgi [None req-6452cfbf-bdc5-436e-a559-3f585c003b87 tempest-FlavorsAccessNegativeTestJSON-943564725 tempest-FlavorsAccessNegativeTestJSON-943564725-project-admin] HTTP exception thrown: Flavor access not found for 32 / 514376f005614e74a035cd9885365fcb combination.
Jul 08 21:02:51.024458 n-d-793621-10 devstack@n-api.service[126575]: DEBUG nova.api.openstack.wsgi [None req-6452cfbf-bdc5-436e-a559-3f585c003b87 tempest-FlavorsAccessNegativeTestJSON-943564725 tempest-FlavorsAccessNegativeTestJSON-943564725-project-admin] Returning 404 to user: Flavor access not found for 32 / 514376f005614e74a035cd9885365fcb combination. {{(pid=126575) __call__ /opt/stack/nova/nova/api/openstack/wsgi.py:927}}
Jul 08 21:02:51.025415 n-d-793621-10 devstack@n-api.service[126575]: INFO nova.api.openstack.requestlog [None req-6452cfbf-bdc5-436e-a559-3f585c003b87 tempest-FlavorsAccessNegativeTestJSON-943564725 tempest-FlavorsAccessNegativeTestJSON-943564725-project-admin] 10.222.0.73 "POST /compute/v2.1/flavors/827211893/action" status: 404 len: 124 microversion: 2.1 time: 0.327296
Jul 08 21:02:51.026060 n-d-793621-10 devstack@n-api.service[126575]: [pid: 126575|app: 0|req: 106/187] 10.222.0.73 () {60 vars in 1197 bytes} [Thu Jul 8 21:02:50 2021] POST /compute/v2.1/flavors/827211893/action => generated 124 bytes in 328 msecs (HTTP/1.1 404) 9 headers in 379 bytes (2 switches on core 0)
Jul 08 21:02:51.037331 n-d-793621-10 devstack@n-api.service[126575]: DEBUG nova.api.openstack.wsgi [None req-839505b2-e719-4f33-a4c7-ab980086cc0b tempest-FlavorsAccessNegativeTestJSON-943564725 tempest-FlavorsAccessNegativeTestJSON-943564725-project-admin] Calling method '>' {{(pid=126575) _process_stack /opt/stack/nova/nova/api/openstack/wsgi.py:513}}
Jul 08 21:02:51.089536 n-d-793621-10 devstack@n-api.service[126574]: DEBUG nova.policy [None req-50152969-9f3b-4116-afbc-a2f910491e10 tempest-AggregatesAdminTestJSON-1705649229 tempest-AggregatesAdminTestJSON-1705649229-project] Policy check for os_compute_api:os-extended-server-attributes failed with credentials {'is_admin': False, 'user_id': 'a2576742749147a0b0214584f3a23c48', 'user_domain_id': 'default', 'system_scope': None, 'domain_id': None, 'project_id': 'fe00ae0eab8846a38b07ab11fb0f733d', 'project_domain_id': 'default', 'roles': ['member', 'reader'], 'is_admin_project': True, 'service_user_id': None, 'service_user_domain_id': None, 'service_project_id': None, 'service_project_domain_id': None, 'service_roles': []} {{(pid=126574) authorize /opt/stack/nova/nova/policy.py:199}}
Jul 08 21:02:51.092195 n-d-793621-10 devstack@n-api.service[126574]: /opt/stack/nova/nova/db/sqlalchemy/api.py:3000: SAWarning: TypeDecorator SoftDeleteInteger() will not produce a cache key because the ``cache_ok`` flag is not set to True. Set this flag to True if this type object's state is safe to use in a cache key, or False to disable this warning.
Jul 08 21:02:51.092195 n-d-793621-10 devstack@n-api.service[126574]: return _block_device_mapping_get_query(context).filter(
Jul 08 21:02:51.122288 n-d-793621-10 devstack@n-api.service[126574]: INFO nova.api.openstack.requestlog [None req-50152969-9f3b-4116-afbc-a2f910491e10 tempest-AggregatesAdminTestJSON-1705649229 tempest-AggregatesAdminTestJSON-1705649229-project] 10.222.0.73 "GET /compute/v2.1/servers/8534a217-2c78-489f-8983-4fdb8fd92dce" status: 200 len: 1337 microversion: 2.1 time: 0.454256
Jul 08 21:02:51.126088 n-d-793621-10 devstack@n-api.service[126574]: [pid: 126574|app: 0|req: 82/188] 10.222.0.73 () {58 vars in 1236 bytes} [Thu Jul 8 21:02:50 2021] GET /compute/v2.1/servers/8534a217-2c78-489f-8983-4fdb8fd92dce => generated 1337 bytes in 456 msecs (HTTP/1.1 200) 9 headers in 358 bytes (1 switches on core 0)
Jul 08 21:02:51.152283 n-d-793621-10 devstack@n-api.service[126575]: INFO nova.api.openstack.requestlog [None req-839505b2-e719-4f33-a4c7-ab980086cc0b tempest-FlavorsAccessNegativeTestJSON-943564725 tempest-FlavorsAccessNegativeTestJSON-943564725-project-admin] 10.222.0.73 "DELETE /compute/v2.1/flavors/827211893" status: 202 len: 0 microversion: 2.1 time: 0.120863
Jul 08 21:02:51.153255 n-d-793621-10 devstack@n-api.service[126575]: [pid: 126575|app: 0|req: 107/189] 10.222.0.73 () {58 vars in 1158 bytes} [Thu Jul 8 21:02:51 2021] DELETE /compute/v2.1/flavors/827211893 => generated 0 bytes in 123 msecs (HTTP/1.1 202) 9 headers in 361 bytes (2 switches on core 0)
Jul 08 21:02:51.161986 n-d-793621-10 devstack@n-api.service[126574]: DEBUG nova.api.openstack.wsgi [None req-afe8ceb0-f575-4df3-8b4a-05cff330a608 tempest-FlavorsAccessNegativeTestJSON-943564725 tempest-FlavorsAccessNegativeTestJSON-943564725-project-admin] Calling method '>' {{(pid=126574) _process_stack /opt/stack/nova/nova/api/openstack/wsgi.py:513}}
Jul 08 21:02:51.185270 n-d-793621-10 devstack@n-api.service[126574]: INFO nova.api.openstack.requestlog [None req-afe8ceb0-f575-4df3-8b4a-05cff330a608 tempest-FlavorsAccessNegativeTestJSON-943564725 tempest-FlavorsAccessNegativeTestJSON-943564725-project-admin] 10.222.0.73 "GET /compute/v2.1/flavors/detail" status: 200 len: 4991 microversion: 2.1 time: 0.027092
Jul 08 21:02:51.186996 n-d-793621-10 devstack@n-api.service[126574]: [pid: 126574|app: 0|req: 83/190] 10.222.0.73 () {58 vars in 1146 bytes} [Thu Jul 8 21:02:51 2021] GET /compute/v2.1/flavors/detail => generated 4991 bytes in 30 msecs (HTTP/1.1 200) 9 headers in 358 bytes (2 switches on core 0)
Jul 08 21:02:51.338245 n-d-793621-10 devstack@n-api.service[126575]: DEBUG nova.api.openstack.wsgi [None req-fe7bc614-53ac-43ac-bd19-e79a66af1b41 tempest-DeleteServersAdminTestJSON-587566650 tempest-DeleteServersAdminTestJSON-587566650-project] Calling method '>' {{(pid=126575) _process_stack /opt/stack/nova/nova/api/openstack/wsgi.py:513}}
Jul 08 21:02:51.338995 n-d-793621-10 devstack@n-api.service[126575]: DEBUG nova.compute.api [None req-fe7bc614-53ac-43ac-bd19-e79a66af1b41 tempest-DeleteServersAdminTestJSON-587566650 tempest-DeleteServersAdminTestJSON-587566650-project] [instance: 2113718a-1100-46fe-82b1-87bf703c53ce] Fetching instance by UUID {{(pid=126575) get /opt/stack/nova/nova/compute/api.py:2801}}
Jul 08 21:02:51.349173 n-d-793621-10 devstack@n-api.service[126575]: DEBUG oslo_concurrency.lockutils [None req-fe7bc614-53ac-43ac-bd19-e79a66af1b41 tempest-DeleteServersAdminTestJSON-587566650 tempest-DeleteServersAdminTestJSON-587566650-project] Lock "1fd8373c-fd58-46a6-9b47-4c24343ef830" acquired by "nova.context.set_target_cell..get_or_set_cached_cell_and_set_connections" :: waited 0.000s {{(pid=126575) inner /usr/local/lib/python3.8/dist-packages/oslo_concurrency/lockutils.py:355}}
Jul 08 21:02:51.349619 n-d-793621-10 devstack@n-api.service[126575]: DEBUG oslo_concurrency.lockutils [None req-fe7bc614-53ac-43ac-bd19-e79a66af1b41 tempest-DeleteServersAdminTestJSON-587566650 tempest-DeleteServersAdminTestJSON-587566650-project] Lock "1fd8373c-fd58-46a6-9b47-4c24343ef830" released by "nova.context.set_target_cell..get_or_set_cached_cell_and_set_connections" :: held 0.001s {{(pid=126575) inner /usr/local/lib/python3.8/dist-packages/oslo_concurrency/lockutils.py:367}}
