Jul 15 23:14:27.956848 n-d-793620-9 devstack@placement-api.service[94392]: INFO placement.requestlog [req-6a0c8d53-f7a4-40a9-9738-d75efb5cc178 req-4b032234-ab7e-4349-8943-39dba983815c service placement] 10.222.0.58 "GET /placement/resource_providers?name=n-h1-793620-9" status: 200 len: 440 microversion: 1.0
Jul 15 23:14:27.964108 n-d-793620-9 devstack@placement-api.service[94392]: [pid: 94392|app: 0|req: 17/33] 10.222.0.58 () {58 vars in 1275 bytes} [Thu Jul 15 23:14:27 2021] GET /placement/resource_providers?name=n-h1-793620-9 => generated 440 bytes in 38 msecs (HTTP/1.1 200) 6 headers in 224 bytes (2 switches on core 0)
Jul 15 23:14:27.964945 n-d-793620-9 devstack@placement-api.service[94392]: DEBUG placement.requestlog [req-6a0c8d53-f7a4-40a9-9738-d75efb5cc178 req-1b110677-b9ed-4603-b3a1-276b80a1fc02 None None] Starting request: 10.222.0.58 "GET /placement/resource_providers/a4bdb7ad-677c-4a99-a8e3-bc5c93dc0adf/aggregates" {{(pid=94392) __call__ /opt/stack/placement/placement/requestlog.py:55}}
Jul 15 23:14:27.990730 n-d-793620-9 devstack@placement-api.service[94391]: INFO placement.requestlog [req-1fc3933c-6124-45ff-861d-7e603875ab9b req-09a81895-f7cc-4a12-8340-9997155db17d service placement] 10.222.0.58 "GET /placement/allocations/956ed948-6c20-484d-ac98-1dd2c8c0bb7a" status: 200 len: 19 microversion: 1.28
Jul 15 23:14:27.993096 n-d-793620-9 devstack@placement-api.service[94391]: [pid: 94391|app: 0|req: 17/34] 10.222.0.58 () {60 vars in 1381 bytes} [Thu Jul 15 23:14:27 2021] GET /placement/allocations/956ed948-6c20-484d-ac98-1dd2c8c0bb7a => generated 19 bytes in 426 msecs (HTTP/1.1 200) 8 headers in 295 bytes (1 switches on core 0)
Jul 15 23:14:27.994265 n-d-793620-9 devstack@placement-api.service[94392]: INFO placement.requestlog [req-6a0c8d53-f7a4-40a9-9738-d75efb5cc178 req-1b110677-b9ed-4603-b3a1-276b80a1fc02 service placement] 10.222.0.58 "GET /placement/resource_providers/a4bdb7ad-677c-4a99-a8e3-bc5c93dc0adf/aggregates" status: 200 len: 53 microversion: 1.19
Jul 15 23:14:28.002850 n-d-793620-9 devstack@placement-api.service[94391]: DEBUG placement.requestlog [req-1fc3933c-6124-45ff-861d-7e603875ab9b req-ec13f178-dfac-4a8d-8b1a-ab7f2ec76293 None None] Starting request: 10.222.0.58 "PUT /placement/allocations/956ed948-6c20-484d-ac98-1dd2c8c0bb7a" {{(pid=94391) __call__ /opt/stack/placement/placement/requestlog.py:55}}
Jul 15 23:14:28.003999 n-d-793620-9 devstack@placement-api.service[94392]: [pid: 94392|app: 0|req: 18/35] 10.222.0.58 () {60 vars in 1426 bytes} [Thu Jul 15 23:14:27 2021] GET /placement/resource_providers/a4bdb7ad-677c-4a99-a8e3-bc5c93dc0adf/aggregates => generated 53 bytes in 39 msecs (HTTP/1.1 200) 8 headers in 295 bytes (1 switches on core 0)
Jul 15 23:14:28.006765 n-d-793620-9 devstack@placement-api.service[94392]: DEBUG placement.requestlog [req-6a0c8d53-f7a4-40a9-9738-d75efb5cc178 req-bbf2a6da-0e72-46e4-b55e-c47dfe69aaa0 None None] Starting request: 10.222.0.58 "PUT /placement/resource_providers/a4bdb7ad-677c-4a99-a8e3-bc5c93dc0adf/aggregates" {{(pid=94392) __call__ /opt/stack/placement/placement/requestlog.py:55}}
Jul 15 23:14:28.036169 n-d-793620-9 devstack@placement-api.service[94392]: DEBUG placement.objects.resource_provider [req-6a0c8d53-f7a4-40a9-9738-d75efb5cc178 req-bbf2a6da-0e72-46e4-b55e-c47dfe69aaa0 service placement] _ensure_aggregate() did not find aggregate 5131e899-b1bc-4a0e-ad5c-e71647a9958a. Attempting to create it. {{(pid=94392) _ensure_aggregate /opt/stack/placement/placement/objects/resource_provider.py:319}}
Jul 15 23:14:28.040279 n-d-793620-9 devstack@placement-api.service[94392]: DEBUG placement.objects.resource_provider [req-6a0c8d53-f7a4-40a9-9738-d75efb5cc178 req-bbf2a6da-0e72-46e4-b55e-c47dfe69aaa0 service placement] _ensure_aggregate() created new aggregate 5131e899-b1bc-4a0e-ad5c-e71647a9958a (id=2). {{(pid=94392) _ensure_aggregate /opt/stack/placement/placement/objects/resource_provider.py:325}}
Jul 15 23:14:28.044736 n-d-793620-9 devstack@placement-api.service[94392]: DEBUG placement.objects.resource_provider [req-6a0c8d53-f7a4-40a9-9738-d75efb5cc178 req-bbf2a6da-0e72-46e4-b55e-c47dfe69aaa0 service placement] Setting aggregates for provider a4bdb7ad-677c-4a99-a8e3-bc5c93dc0adf. Successfully associated aggregate 5131e899-b1bc-4a0e-ad5c-e71647a9958a. {{(pid=94392) _set_aggregates /opt/stack/placement/placement/objects/resource_provider.py:387}}
Jul 15 23:14:28.051016 n-d-793620-9 devstack@placement-api.service[94392]: INFO placement.requestlog [req-6a0c8d53-f7a4-40a9-9738-d75efb5cc178 req-bbf2a6da-0e72-46e4-b55e-c47dfe69aaa0 service placement] 10.222.0.58 "PUT /placement/resource_providers/a4bdb7ad-677c-4a99-a8e3-bc5c93dc0adf/aggregates" status: 200 len: 91 microversion: 1.19
Jul 15 23:14:28.063384 n-d-793620-9 devstack@placement-api.service[94392]: [pid: 94392|app: 0|req: 19/36] 10.222.0.58 () {64 vars in 1478 bytes} [Thu Jul 15 23:14:28 2021] PUT /placement/resource_providers/a4bdb7ad-677c-4a99-a8e3-bc5c93dc0adf/aggregates => generated 91 bytes in 58 msecs (HTTP/1.1 200) 8 headers in 295 bytes (1 switches on core 0)
Jul 15 23:14:28.180627 n-d-793620-9 devstack@placement-api.service[94391]: DEBUG placement.handlers.allocation [req-1fc3933c-6124-45ff-861d-7e603875ab9b req-ec13f178-dfac-4a8d-8b1a-ab7f2ec76293 service placement] Successfully wrote allocations [, , ] {{(pid=94391) _create_allocations /opt/stack/placement/placement/handlers/allocation.py:435}}
Jul 15 23:14:28.181206 n-d-793620-9 devstack@placement-api.service[94391]: INFO placement.requestlog [req-1fc3933c-6124-45ff-861d-7e603875ab9b req-ec13f178-dfac-4a8d-8b1a-ab7f2ec76293 service placement] 10.222.0.58 "PUT /placement/allocations/956ed948-6c20-484d-ac98-1dd2c8c0bb7a" status: 204 len: 0 microversion: 1.35
Jul 15 23:14:28.181802 n-d-793620-9 devstack@placement-api.service[94391]: [pid: 94391|app: 0|req: 18/37] 10.222.0.58 () {64 vars in 1434 bytes} [Thu Jul 15 23:14:28 2021] PUT /placement/allocations/956ed948-6c20-484d-ac98-1dd2c8c0bb7a => generated 0 bytes in 179 msecs (HTTP/1.1 204) 5 headers in 199 bytes (1 switches on core 0)
Jul 15 23:14:28.999193 n-d-793620-9 devstack@placement-api.service[94392]: DEBUG placement.requestlog [req-1fc3933c-6124-45ff-861d-7e603875ab9b req-37fe8806-c867-48e9-a73a-27d14bcff29d None None] Starting request: 10.222.0.65 "GET /placement/allocations/956ed948-6c20-484d-ac98-1dd2c8c0bb7a" {{(pid=94392) __call__ /opt/stack/placement/placement/requestlog.py:55}}
Jul 15 23:14:29.042039 n-d-793620-9 devstack@placement-api.service[94392]: INFO placement.requestlog [req-1fc3933c-6124-45ff-861d-7e603875ab9b req-37fe8806-c867-48e9-a73a-27d14bcff29d service placement] 10.222.0.65 "GET /placement/allocations/956ed948-6c20-484d-ac98-1dd2c8c0bb7a" status: 200 len: 258 microversion: 1.28
Jul 15 23:14:29.042655 n-d-793620-9 devstack@placement-api.service[94392]: [pid: 94392|app: 0|req: 20/38] 10.222.0.65 () {60 vars in 1378 bytes} [Thu Jul 15 23:14:28 2021] GET /placement/allocations/956ed948-6c20-484d-ac98-1dd2c8c0bb7a => generated 258 bytes in 43 msecs (HTTP/1.1 200) 8 headers in 296 bytes (1 switches on core 0)
Jul 15 23:14:29.176960 n-d-793620-9 devstack@placement-api.service[94391]: DEBUG placement.requestlog [req-d1afaf98-ae7d-4bea-a181-93172c2daf65 req-f77f3788-f93e-4c11-a6d0-c73e24fda928 None None] Starting request: 10.222.0.58 "GET /placement/allocation_candidates?limit=1000&resources=DISK_GB%3A1%2CMEMORY_MB%3A1024%2CVCPU%3A1&root_required=%21COMPUTE_STATUS_DISABLED" {{(pid=94391) __call__ /opt/stack/placement/placement/requestlog.py:55}}
Jul 15 23:14:29.247521 n-d-793620-9 devstack@placement-api.service[94391]: DEBUG placement.objects.research_context [req-d1afaf98-ae7d-4bea-a181-93172c2daf65 req-f77f3788-f93e-4c11-a6d0-c73e24fda928 service placement] getting providers with 1 DISK_GB {{(pid=94391) __init__ /opt/stack/placement/placement/objects/research_context.py:126}}
Jul 15 23:14:29.268214 n-d-793620-9 devstack@placement-api.service[94391]: DEBUG placement.objects.research_context [req-d1afaf98-ae7d-4bea-a181-93172c2daf65 req-f77f3788-f93e-4c11-a6d0-c73e24fda928 service placement] getting providers with 1024 MEMORY_MB {{(pid=94391) __init__ /opt/stack/placement/placement/objects/research_context.py:126}}
Jul 15 23:14:29.290777 n-d-793620-9 devstack@placement-api.service[94391]: DEBUG placement.objects.research_context [req-d1afaf98-ae7d-4bea-a181-93172c2daf65 req-f77f3788-f93e-4c11-a6d0-c73e24fda928 service placement] getting providers with 1 VCPU {{(pid=94391) __init__ /opt/stack/placement/placement/objects/research_context.py:126}}
Jul 15 23:14:29.297745 n-d-793620-9 devstack@placement-api.service[94391]: DEBUG placement.objects.research_context [req-d1afaf98-ae7d-4bea-a181-93172c2daf65 req-f77f3788-f93e-4c11-a6d0-c73e24fda928 service placement] found 2 providers with available 1 DISK_GB {{(pid=94391) get_provider_ids_matching /opt/stack/placement/placement/objects/research_context.py:549}}
Jul 15 23:14:29.298307 n-d-793620-9 devstack@placement-api.service[94391]: DEBUG placement.objects.research_context [req-d1afaf98-ae7d-4bea-a181-93172c2daf65 req-f77f3788-f93e-4c11-a6d0-c73e24fda928 service placement] found 2 providers with available 1024 MEMORY_MB {{(pid=94391) get_provider_ids_matching /opt/stack/placement/placement/objects/research_context.py:549}}
Jul 15 23:14:29.298587 n-d-793620-9 devstack@placement-api.service[94391]: DEBUG placement.objects.research_context [req-d1afaf98-ae7d-4bea-a181-93172c2daf65 req-f77f3788-f93e-4c11-a6d0-c73e24fda928 service placement] found 2 providers after filtering by previous result {{(pid=94391) get_provider_ids_matching /opt/stack/placement/placement/objects/research_context.py:580}}
Jul 15 23:14:29.298846 n-d-793620-9 devstack@placement-api.service[94391]: DEBUG placement.objects.research_context [req-d1afaf98-ae7d-4bea-a181-93172c2daf65 req-f77f3788-f93e-4c11-a6d0-c73e24fda928 service placement] found 2 providers with available 1 VCPU {{(pid=94391) get_provider_ids_matching /opt/stack/placement/placement/objects/research_context.py:549}}
Jul 15 23:14:29.299111 n-d-793620-9 devstack@placement-api.service[94391]: DEBUG placement.objects.research_context [req-d1afaf98-ae7d-4bea-a181-93172c2daf65 req-f77f3788-f93e-4c11-a6d0-c73e24fda928 service placement] found 2 providers after filtering by previous result {{(pid=94391) get_provider_ids_matching /opt/stack/placement/placement/objects/research_context.py:580}}
Jul 15 23:14:29.320411 n-d-793620-9 devstack@placement-api.service[94391]: DEBUG placement.objects.allocation_candidate [req-d1afaf98-ae7d-4bea-a181-93172c2daf65 req-f77f3788-f93e-4c11-a6d0-c73e24fda928 service placement] RequestGroup(use_same_provider=False, resources={DISK_GB:1, MEMORY_MB:1024, VCPU:1}, traits=[], aggregates=[]) (suffix '') returned 2 matches {{(pid=94391) _get_by_requests /opt/stack/placement/placement/objects/allocation_candidate.py:145}}
Jul 15 23:14:29.322706 n-d-793620-9 devstack@placement-api.service[94391]: DEBUG placement.objects.allocation_candidate [req-d1afaf98-ae7d-4bea-a181-93172c2daf65 req-f77f3788-f93e-4c11-a6d0-c73e24fda928 service placement] Merging candidates yields 2 allocation requests and 2 provider summaries {{(pid=94391) _merge_candidates /opt/stack/placement/placement/objects/allocation_candidate.py:783}}
Jul 15 23:14:29.324677 n-d-793620-9 devstack@placement-api.service[94391]: INFO placement.requestlog [req-d1afaf98-ae7d-4bea-a181-93172c2daf65 req-f77f3788-f93e-4c11-a6d0-c73e24fda928 service placement] 10.222.0.58 "GET /placement/allocation_candidates?limit=1000&resources=DISK_GB%3A1%2CMEMORY_MB%3A1024%2CVCPU%3A1&root_required=%21COMPUTE_STATUS_DISABLED" status: 200 len: 1306 microversion: 1.35
Jul 15 23:14:29.327373 n-d-793620-9 devstack@placement-api.service[94391]: [pid: 94391|app: 0|req: 19/39] 10.222.0.58 () {60 vars in 1507 bytes} [Thu Jul 15 23:14:29 2021] GET /placement/allocation_candidates?limit=1000&resources=DISK_GB%3A1%2CMEMORY_MB%3A1024%2CVCPU%3A1&root_required=%21COMPUTE_STATUS_DISABLED => generated 1306 bytes in 150 msecs (HTTP/1.1 200) 8 headers in 297 bytes (1 switches on core 0)
Jul 15 23:14:29.559415 n-d-793620-9 devstack@placement-api.service[94392]: DEBUG placement.requestlog [req-d1afaf98-ae7d-4bea-a181-93172c2daf65 req-bc1d3626-d081-45e6-9eaa-31a9ccadf132 None None] Starting request: 10.222.0.58 "GET /placement/allocations/20d856e5-8163-48d8-b936-d7a125f5a1e4" {{(pid=94392) __call__ /opt/stack/placement/placement/requestlog.py:55}}
Jul 15 23:14:29.584967 n-d-793620-9 devstack@placement-api.service[94392]: INFO placement.requestlog [req-d1afaf98-ae7d-4bea-a181-93172c2daf65 req-bc1d3626-d081-45e6-9eaa-31a9ccadf132 service placement] 10.222.0.58 "GET /placement/allocations/20d856e5-8163-48d8-b936-d7a125f5a1e4" status: 200 len: 19 microversion: 1.28
Jul 15 23:14:29.586535 n-d-793620-9 devstack@placement-api.service[94392]: [pid: 94392|app: 0|req: 21/40] 10.222.0.58 () {60 vars in 1381 bytes} [Thu Jul 15 23:14:29 2021] GET /placement/allocations/20d856e5-8163-48d8-b936-d7a125f5a1e4 => generated 19 bytes in 27 msecs (HTTP/1.1 200) 8 headers in 295 bytes (1 switches on core 0)
Jul 15 23:14:29.595214 n-d-793620-9 devstack@placement-api.service[94391]: DEBUG placement.requestlog [req-d1afaf98-ae7d-4bea-a181-93172c2daf65 req-6946ed78-4972-49ca-b442-92a5bb85d3f0 None None] Starting request: 10.222.0.58 "PUT /placement/allocations/20d856e5-8163-48d8-b936-d7a125f5a1e4" {{(pid=94391) __call__ /opt/stack/placement/placement/requestlog.py:55}}
Jul 15 23:14:29.701137 n-d-793620-9 devstack@placement-api.service[94391]: DEBUG placement.handlers.allocation [req-d1afaf98-ae7d-4bea-a181-93172c2daf65 req-6946ed78-4972-49ca-b442-92a5bb85d3f0 service placement] Successfully wrote allocations [, , ] {{(pid=94391) _create_allocations /opt/stack/placement/placement/handlers/allocation.py:435}}
Jul 15 23:14:29.702596 n-d-793620-9 devstack@placement-api.service[94391]: INFO placement.requestlog [req-d1afaf98-ae7d-4bea-a181-93172c2daf65 req-6946ed78-4972-49ca-b442-92a5bb85d3f0 service placement] 10.222.0.58 "PUT /placement/allocations/20d856e5-8163-48d8-b936-d7a125f5a1e4" status: 204 len: 0 microversion: 1.35
Jul 15 23:14:29.702922 n-d-793620-9 devstack@placement-api.service[94391]: [pid: 94391|app: 0|req: 20/41] 10.222.0.58 () {64 vars in 1434 bytes} [Thu Jul 15 23:14:29 2021] PUT /placement/allocations/20d856e5-8163-48d8-b936-d7a125f5a1e4 => generated 0 bytes in 108 msecs (HTTP/1.1 204) 5 headers in 199 bytes (1 switches on core 0)
Jul 15 23:14:30.770771 n-d-793620-9 devstack@placement-api.service[94392]: DEBUG placement.requestlog [req-d1afaf98-ae7d-4bea-a181-93172c2daf65 req-ffb7dfdd-4849-4853-9d07-b410996ce592 None None] Starting request: 10.222.0.66 "GET /placement/allocations/20d856e5-8163-48d8-b936-d7a125f5a1e4" {{(pid=94392) __call__ /opt/stack/placement/placement/requestlog.py:55}}
Jul 15 23:14:30.791991 n-d-793620-9 devstack@placement-api.service[94392]: INFO placement.requestlog [req-d1afaf98-ae7d-4bea-a181-93172c2daf65 req-ffb7dfdd-4849-4853-9d07-b410996ce592 service placement] 10.222.0.66 "GET /placement/allocations/20d856e5-8163-48d8-b936-d7a125f5a1e4" status: 200 len: 258 microversion: 1.28
Jul 15 23:14:30.792806 n-d-793620-9 devstack@placement-api.service[94392]: [pid: 94392|app: 0|req: 22/42] 10.222.0.66 () {60 vars in 1378 bytes} [Thu Jul 15 23:14:30 2021] GET /placement/allocations/20d856e5-8163-48d8-b936-d7a125f5a1e4 => generated 258 bytes in 22 msecs (HTTP/1.1 200) 8 headers in 296 bytes (1 switches on core 0)
Jul 15 23:14:52.707040 n-d-793620-9 devstack@placement-api.service[94391]: DEBUG placement.requestlog [req-5235935c-bb22-46e7-abc2-c21cdf3491b6 req-fa2b1663-ec45-4a30-a3ed-296b4cfe2824 None None] Starting request: 10.222.0.58 "GET /placement/allocation_candidates?limit=1000&resources=DISK_GB%3A1%2CMEMORY_MB%3A1024%2CVCPU%3A1&root_required=%21COMPUTE_STATUS_DISABLED" {{(pid=94391) __call__ /opt/stack/placement/placement/requestlog.py:55}}
Jul 15 23:14:52.743218 n-d-793620-9 devstack@placement-api.service[94391]: DEBUG placement.objects.research_context [req-5235935c-bb22-46e7-abc2-c21cdf3491b6 req-fa2b1663-ec45-4a30-a3ed-296b4cfe2824 service placement] getting providers with 1 DISK_GB {{(pid=94391) __init__ /opt/stack/placement/placement/objects/research_context.py:126}}
Jul 15 23:14:52.750608 n-d-793620-9 devstack@placement-api.service[94391]: DEBUG placement.objects.research_context [req-5235935c-bb22-46e7-abc2-c21cdf3491b6 req-fa2b1663-ec45-4a30-a3ed-296b4cfe2824 service placement] getting providers with 1024 MEMORY_MB {{(pid=94391) __init__ /opt/stack/placement/placement/objects/research_context.py:126}}
Jul 15 23:14:52.756548 n-d-793620-9 devstack@placement-api.service[94391]: DEBUG placement.objects.research_context [req-5235935c-bb22-46e7-abc2-c21cdf3491b6 req-fa2b1663-ec45-4a30-a3ed-296b4cfe2824 service placement] getting providers with 1 VCPU {{(pid=94391) __init__ /opt/stack/placement/placement/objects/research_context.py:126}}
Jul 15 23:14:52.762775 n-d-793620-9 devstack@placement-api.service[94391]: DEBUG placement.objects.research_context [req-5235935c-bb22-46e7-abc2-c21cdf3491b6 req-fa2b1663-ec45-4a30-a3ed-296b4cfe2824 service placement] found 2 providers with available 1 DISK_GB {{(pid=94391) get_provider_ids_matching /opt/stack/placement/placement/objects/research_context.py:549}}
Jul 15 23:14:52.763270 n-d-793620-9 devstack@placement-api.service[94391]: DEBUG placement.objects.research_context [req-5235935c-bb22-46e7-abc2-c21cdf3491b6 req-fa2b1663-ec45-4a30-a3ed-296b4cfe2824 service placement] found 2 providers with available 1024 MEMORY_MB {{(pid=94391) get_provider_ids_matching /opt/stack/placement/placement/objects/research_context.py:549}}
Jul 15 23:14:52.763793 n-d-793620-9 devstack@placement-api.service[94391]: DEBUG placement.objects.research_context [req-5235935c-bb22-46e7-abc2-c21cdf3491b6 req-fa2b1663-ec45-4a30-a3ed-296b4cfe2824 service placement] found 2 providers after filtering by previous result {{(pid=94391) get_provider_ids_matching /opt/stack/placement/placement/objects/research_context.py:580}}
Jul 15 23:14:52.764735 n-d-793620-9 devstack@placement-api.service[94391]: DEBUG placement.objects.research_context [req-5235935c-bb22-46e7-abc2-c21cdf3491b6 req-fa2b1663-ec45-4a30-a3ed-296b4cfe2824 service placement] found 2 providers with available 1 VCPU {{(pid=94391) get_provider_ids_matching /opt/stack/placement/placement/objects/research_context.py:549}}
Jul 15 23:14:52.765182 n-d-793620-9 devstack@placement-api.service[94391]: DEBUG placement.objects.research_context [req-5235935c-bb22-46e7-abc2-c21cdf3491b6 req-fa2b1663-ec45-4a30-a3ed-296b4cfe2824 service placement] found 2 providers after filtering by previous result {{(pid=94391) get_provider_ids_matching /opt/stack/placement/placement/objects/research_context.py:580}}
Jul 15 23:14:52.776766 n-d-793620-9 devstack@placement-api.service[94391]: DEBUG placement.objects.allocation_candidate [req-5235935c-bb22-46e7-abc2-c21cdf3491b6 req-fa2b1663-ec45-4a30-a3ed-296b4cfe2824 service placement] RequestGroup(use_same_provider=False, resources={DISK_GB:1, MEMORY_MB:1024, VCPU:1}, traits=[], aggregates=[]) (suffix '') returned 2 matches {{(pid=94391) _get_by_requests /opt/stack/placement/placement/objects/allocation_candidate.py:145}}
Jul 15 23:14:52.777319 n-d-793620-9 devstack@placement-api.service[94391]: DEBUG placement.objects.allocation_candidate [req-5235935c-bb22-46e7-abc2-c21cdf3491b6 req-fa2b1663-ec45-4a30-a3ed-296b4cfe2824 service placement] Merging candidates yields 2 allocation requests and 2 provider summaries {{(pid=94391) _merge_candidates /opt/stack/placement/placement/objects/allocation_candidate.py:783}}
Jul 15 23:14:52.779347 n-d-793620-9 devstack@placement-api.service[94391]: INFO placement.requestlog [req-5235935c-bb22-46e7-abc2-c21cdf3491b6 req-fa2b1663-ec45-4a30-a3ed-296b4cfe2824 service placement] 10.222.0.58 "GET /placement/allocation_candidates?limit=1000&resources=DISK_GB%3A1%2CMEMORY_MB%3A1024%2CVCPU%3A1&root_required=%21COMPUTE_STATUS_DISABLED" status: 200 len: 1309 microversion: 1.35
Jul 15 23:14:52.780121 n-d-793620-9 devstack@placement-api.service[94391]: [pid: 94391|app: 0|req: 21/43] 10.222.0.58 () {60 vars in 1507 bytes} [Thu Jul 15 23:14:52 2021] GET /placement/allocation_candidates?limit=1000&resources=DISK_GB%3A1%2CMEMORY_MB%3A1024%2CVCPU%3A1&root_required=%21COMPUTE_STATUS_DISABLED => generated 1309 bytes in 73 msecs (HTTP/1.1 200) 8 headers in 297 bytes (1 switches on core 0)
Jul 15 23:14:52.838968 n-d-793620-9 devstack@placement-api.service[94392]: DEBUG placement.requestlog [req-5235935c-bb22-46e7-abc2-c21cdf3491b6 req-e65f26b7-2a56-40de-ae61-2ff24e99a679 None None] Starting request: 10.222.0.58 "GET /placement/allocations/40d067a3-5aad-4bff-9edc-26b44ce75aa1" {{(pid=94392) __call__ /opt/stack/placement/placement/requestlog.py:55}}
Jul 15 23:14:52.849908 n-d-793620-9 devstack@placement-api.service[94392]: INFO placement.requestlog [req-5235935c-bb22-46e7-abc2-c21cdf3491b6 req-e65f26b7-2a56-40de-ae61-2ff24e99a679 service placement] 10.222.0.58 "GET /placement/allocations/40d067a3-5aad-4bff-9edc-26b44ce75aa1" status: 200 len: 19 microversion: 1.28
Jul 15 23:14:52.855975 n-d-793620-9 devstack@placement-api.service[94391]: DEBUG placement.requestlog [req-5235935c-bb22-46e7-abc2-c21cdf3491b6 req-ce556c11-23de-46f3-960f-6b9ed42fc352 None None] Starting request: 10.222.0.58 "PUT /placement/allocations/40d067a3-5aad-4bff-9edc-26b44ce75aa1" {{(pid=94391) __call__ /opt/stack/placement/placement/requestlog.py:55}}
Jul 15 23:14:52.860457 n-d-793620-9 devstack@placement-api.service[94392]: [pid: 94392|app: 0|req: 23/44] 10.222.0.58 () {60 vars in 1381 bytes} [Thu Jul 15 23:14:52 2021] GET /placement/allocations/40d067a3-5aad-4bff-9edc-26b44ce75aa1 => generated 19 bytes in 22 msecs (HTTP/1.1 200) 8 headers in 295 bytes (1 switches on core 0)
Jul 15 23:14:52.939651 n-d-793620-9 devstack@placement-api.service[94391]: DEBUG placement.handlers.allocation [req-5235935c-bb22-46e7-abc2-c21cdf3491b6 req-ce556c11-23de-46f3-960f-6b9ed42fc352 service placement] Successfully wrote allocations [, , ] {{(pid=94391) _create_allocations /opt/stack/placement/placement/handlers/allocation.py:435}}
Jul 15 23:14:52.940414 n-d-793620-9 devstack@placement-api.service[94391]: INFO placement.requestlog [req-5235935c-bb22-46e7-abc2-c21cdf3491b6 req-ce556c11-23de-46f3-960f-6b9ed42fc352 service placement] 10.222.0.58 "PUT /placement/allocations/40d067a3-5aad-4bff-9edc-26b44ce75aa1" status: 204 len: 0 microversion: 1.35
Jul 15 23:14:52.941338 n-d-793620-9 devstack@placement-api.service[94391]: [pid: 94391|app: 0|req: 22/45] 10.222.0.58 () {64 vars in 1434 bytes} [Thu Jul 15 23:14:52 2021] PUT /placement/allocations/40d067a3-5aad-4bff-9edc-26b44ce75aa1 => generated 0 bytes in 85 msecs (HTTP/1.1 204) 5 headers in 199 bytes (2 switches on core 0)
Jul 15 23:14:53.386825 n-d-793620-9 devstack@placement-api.service[94392]: DEBUG placement.requestlog [req-5235935c-bb22-46e7-abc2-c21cdf3491b6 req-be9e17be-4442-46f9-874a-6d5905bcba2d None None] Starting request: 10.222.0.65 "GET /placement/allocations/40d067a3-5aad-4bff-9edc-26b44ce75aa1" {{(pid=94392) __call__ /opt/stack/placement/placement/requestlog.py:55}}
Jul 15 23:14:53.408002 n-d-793620-9 devstack@placement-api.service[94392]: INFO placement.requestlog [req-5235935c-bb22-46e7-abc2-c21cdf3491b6 req-be9e17be-4442-46f9-874a-6d5905bcba2d service placement] 10.222.0.65 "GET /placement/allocations/40d067a3-5aad-4bff-9edc-26b44ce75aa1" status: 200 len: 258 microversion: 1.28
Jul 15 23:14:53.408327 n-d-793620-9 devstack@placement-api.service[94392]: [pid: 94392|app: 0|req: 24/46] 10.222.0.65 () {60 vars in 1378 bytes} [Thu Jul 15 23:14:53 2021] GET /placement/allocations/40d067a3-5aad-4bff-9edc-26b44ce75aa1 => generated 258 bytes in 22 msecs (HTTP/1.1 200) 8 headers in 296 bytes (2 switches on core 0)
Jul 15 23:14:54.054188 n-d-793620-9 devstack@placement-api.service[94391]: DEBUG placement.requestlog [req-ec80d973-0dbf-4dde-b1d2-62d350f8984d req-ad1680fa-454c-4722-9374-616ccc23ea77 None None] Starting request: 10.222.0.58 "GET /placement/allocation_candidates?limit=1000&resources=DISK_GB%3A1%2CMEMORY_MB%3A1024%2CVCPU%3A1&root_required=%21COMPUTE_STATUS_DISABLED" {{(pid=94391) __call__ /opt/stack/placement/placement/requestlog.py:55}}
Jul 15 23:14:54.105091 n-d-793620-9 devstack@placement-api.service[94391]: DEBUG placement.objects.research_context [req-ec80d973-0dbf-4dde-b1d2-62d350f8984d req-ad1680fa-454c-4722-9374-616ccc23ea77 service placement] getting providers with 1 DISK_GB {{(pid=94391) __init__ /opt/stack/placement/placement/objects/research_context.py:126}}
Jul 15 23:14:54.119251 n-d-793620-9 devstack@placement-api.service[94391]: DEBUG placement.objects.research_context [req-ec80d973-0dbf-4dde-b1d2-62d350f8984d req-ad1680fa-454c-4722-9374-616ccc23ea77 service placement] getting providers with 1024 MEMORY_MB {{(pid=94391) __init__ /opt/stack/placement/placement/objects/research_context.py:126}}
Jul 15 23:14:54.130957 n-d-793620-9 devstack@placement-api.service[94391]: DEBUG placement.objects.research_context [req-ec80d973-0dbf-4dde-b1d2-62d350f8984d req-ad1680fa-454c-4722-9374-616ccc23ea77 service placement] getting providers with 1 VCPU {{(pid=94391) __init__ /opt/stack/placement/placement/objects/research_context.py:126}}
Jul 15 23:14:54.140219 n-d-793620-9 devstack@placement-api.service[94391]: DEBUG placement.objects.research_context [req-ec80d973-0dbf-4dde-b1d2-62d350f8984d req-ad1680fa-454c-4722-9374-616ccc23ea77 service placement] found 2 providers with available 1 DISK_GB {{(pid=94391) get_provider_ids_matching /opt/stack/placement/placement/objects/research_context.py:549}}
Jul 15 23:14:54.140673 n-d-793620-9 devstack@placement-api.service[94391]: DEBUG placement.objects.research_context [req-ec80d973-0dbf-4dde-b1d2-62d350f8984d req-ad1680fa-454c-4722-9374-616ccc23ea77 service placement] found 2 providers with available 1024 MEMORY_MB {{(pid=94391) get_provider_ids_matching /opt/stack/placement/placement/objects/research_context.py:549}}
Jul 15 23:14:54.141118 n-d-793620-9 devstack@placement-api.service[94391]: DEBUG placement.objects.research_context [req-ec80d973-0dbf-4dde-b1d2-62d350f8984d req-ad1680fa-454c-4722-9374-616ccc23ea77 service placement] found 2 providers after filtering by previous result {{(pid=94391) get_provider_ids_matching /opt/stack/placement/placement/objects/research_context.py:580}}
Jul 15 23:14:54.141514 n-d-793620-9 devstack@placement-api.service[94391]: DEBUG placement.objects.research_context [req-ec80d973-0dbf-4dde-b1d2-62d350f8984d req-ad1680fa-454c-4722-9374-616ccc23ea77 service placement] found 2 providers with available 1 VCPU {{(pid=94391) get_provider_ids_matching /opt/stack/placement/placement/objects/research_context.py:549}}
Jul 15 23:14:54.141896 n-d-793620-9 devstack@placement-api.service[94391]: DEBUG placement.objects.research_context [req-ec80d973-0dbf-4dde-b1d2-62d350f8984d req-ad1680fa-454c-4722-9374-616ccc23ea77 service placement] found 2 providers after filtering by previous result {{(pid=94391) get_provider_ids_matching /opt/stack/placement/placement/objects/research_context.py:580}}
Jul 15 23:14:54.154762 n-d-793620-9 devstack@placement-api.service[94391]: DEBUG placement.objects.allocation_candidate [req-ec80d973-0dbf-4dde-b1d2-62d350f8984d req-ad1680fa-454c-4722-9374-616ccc23ea77 service placement] RequestGroup(use_same_provider=False, resources={DISK_GB:1, MEMORY_MB:1024, VCPU:1}, traits=[], aggregates=[]) (suffix '') returned 2 matches {{(pid=94391) _get_by_requests /opt/stack/placement/placement/objects/allocation_candidate.py:145}}
Jul 15 23:14:54.155466 n-d-793620-9 devstack@placement-api.service[94391]: DEBUG placement.objects.allocation_candidate [req-ec80d973-0dbf-4dde-b1d2-62d350f8984d req-ad1680fa-454c-4722-9374-616ccc23ea77 service placement] Merging candidates yields 2 allocation requests and 2 provider summaries {{(pid=94391) _merge_candidates /opt/stack/placement/placement/objects/allocation_candidate.py:783}}
Jul 15 23:14:54.157384 n-d-793620-9 devstack@placement-api.service[94391]: INFO placement.requestlog [req-ec80d973-0dbf-4dde-b1d2-62d350f8984d req-ad1680fa-454c-4722-9374-616ccc23ea77 service placement] 10.222.0.58 "GET /placement/allocation_candidates?limit=1000&resources=DISK_GB%3A1%2CMEMORY_MB%3A1024%2CVCPU%3A1&root_required=%21COMPUTE_STATUS_DISABLED" status: 200 len: 1309 microversion: 1.35
Jul 15 23:14:54.158062 n-d-793620-9 devstack@placement-api.service[94391]: [pid: 94391|app: 0|req: 23/47] 10.222.0.58 () {60 vars in 1507 bytes} [Thu Jul 15 23:14:54 2021] GET /placement/allocation_candidates?limit=1000&resources=DISK_GB%3A1%2CMEMORY_MB%3A1024%2CVCPU%3A1&root_required=%21COMPUTE_STATUS_DISABLED => generated 1309 bytes in 105 msecs (HTTP/1.1 200) 8 headers in 297 bytes (1 switches on core 0)
Jul 15 23:14:54.297226 n-d-793620-9 devstack@placement-api.service[94392]: DEBUG placement.requestlog [req-ec80d973-0dbf-4dde-b1d2-62d350f8984d req-a47db58d-5783-47e3-9b7a-0a631e3554fd None None] Starting request: 10.222.0.58 "GET /placement/allocations/4548a209-1521-4dcc-acc0-2bf12deec475" {{(pid=94392) __call__ /opt/stack/placement/placement/requestlog.py:55}}
Jul 15 23:14:54.309733 n-d-793620-9 devstack@placement-api.service[94392]: INFO placement.requestlog [req-ec80d973-0dbf-4dde-b1d2-62d350f8984d req-a47db58d-5783-47e3-9b7a-0a631e3554fd service placement] 10.222.0.58 "GET /placement/allocations/4548a209-1521-4dcc-acc0-2bf12deec475" status: 200 len: 19 microversion: 1.28
Jul 15 23:14:54.314002 n-d-793620-9 devstack@placement-api.service[94392]: [pid: 94392|app: 0|req: 25/48] 10.222.0.58 () {60 vars in 1381 bytes} [Thu Jul 15 23:14:54 2021] GET /placement/allocations/4548a209-1521-4dcc-acc0-2bf12deec475 => generated 19 bytes in 16 msecs (HTTP/1.1 200) 8 headers in 295 bytes (1 switches on core 0)
Jul 15 23:14:54.320409 n-d-793620-9 devstack@placement-api.service[94391]: DEBUG placement.requestlog [req-ec80d973-0dbf-4dde-b1d2-62d350f8984d req-5d1d3eab-5c1f-4c32-bb01-12eaee2ea675 None None] Starting request: 10.222.0.58 "PUT /placement/allocations/4548a209-1521-4dcc-acc0-2bf12deec475" {{(pid=94391) __call__ /opt/stack/placement/placement/requestlog.py:55}}
Jul 15 23:14:54.455665 n-d-793620-9 devstack@placement-api.service[94391]: DEBUG placement.handlers.allocation [req-ec80d973-0dbf-4dde-b1d2-62d350f8984d req-5d1d3eab-5c1f-4c32-bb01-12eaee2ea675 service placement] Successfully wrote allocations [, , ] {{(pid=94391) _create_allocations /opt/stack/placement/placement/handlers/allocation.py:435}}
Jul 15 23:14:54.456303 n-d-793620-9 devstack@placement-api.service[94391]: INFO placement.requestlog [req-ec80d973-0dbf-4dde-b1d2-62d350f8984d req-5d1d3eab-5c1f-4c32-bb01-12eaee2ea675 service placement] 10.222.0.58 "PUT /placement/allocations/4548a209-1521-4dcc-acc0-2bf12deec475" status: 204 len: 0 microversion: 1.35
Jul 15 23:14:54.457750 n-d-793620-9 devstack@placement-api.service[94391]: [pid: 94391|app: 0|req: 24/49] 10.222.0.58 () {64 vars in 1434 bytes} [Thu Jul 15 23:14:54 2021] PUT /placement/allocations/4548a209-1521-4dcc-acc0-2bf12deec475 => generated 0 bytes in 137 msecs (HTTP/1.1 204) 5 headers in 199 bytes (1 switches on core 0)
Jul 15 23:14:54.961834 n-d-793620-9 devstack@placement-api.service[94392]: DEBUG placement.requestlog [req-ec80d973-0dbf-4dde-b1d2-62d350f8984d req-6896a765-4622-484a-972f-b4ee45cc26d9 None None] Starting request: 10.222.0.66 "GET /placement/allocations/4548a209-1521-4dcc-acc0-2bf12deec475" {{(pid=94392) __call__ /opt/stack/placement/placement/requestlog.py:55}}
Jul 15 23:14:54.994527 n-d-793620-9 devstack@placement-api.service[94392]: INFO placement.requestlog [req-ec80d973-0dbf-4dde-b1d2-62d350f8984d req-6896a765-4622-484a-972f-b4ee45cc26d9 service placement] 10.222.0.66 "GET /placement/allocations/4548a209-1521-4dcc-acc0-2bf12deec475" status: 200 len: 258 microversion: 1.28
Jul 15 23:14:54.994898 n-d-793620-9 devstack@placement-api.service[94392]: [pid: 94392|app: 0|req: 26/50] 10.222.0.66 () {60 vars in 1378 bytes} [Thu Jul 15 23:14:54 2021] GET /placement/allocations/4548a209-1521-4dcc-acc0-2bf12deec475 => generated 258 bytes in 33 msecs (HTTP/1.1 200) 8 headers in 296 bytes (1 switches on core 0)
Jul 15 23:15:00.634212 n-d-793620-9 devstack@placement-api.service[94391]: DEBUG placement.requestlog [req-e8ca39d1-ad30-40c7-b732-2b0ecdfe657b req-cb704d1b-01ef-42be-8c95-e4d52dbaac69 None None] Starting request: 10.222.0.58 "GET /placement/resource_providers?name=n-h1-793620-9" {{(pid=94391) __call__ /opt/stack/placement/placement/requestlog.py:55}}
Jul 15 23:15:00.645562 n-d-793620-9 devstack@placement-api.service[94391]: INFO placement.requestlog [req-e8ca39d1-ad30-40c7-b732-2b0ecdfe657b req-cb704d1b-01ef-42be-8c95-e4d52dbaac69 service placement] 10.222.0.58 "GET /placement/resource_providers?name=n-h1-793620-9" status: 200 len: 440 microversion: 1.0
Jul 15 23:15:00.646077 n-d-793620-9 devstack@placement-api.service[94391]: [pid: 94391|app: 0|req: 25/51] 10.222.0.58 () {58 vars in 1275 bytes} [Thu Jul 15 23:15:00 2021] GET /placement/resource_providers?name=n-h1-793620-9 => generated 440 bytes in 12 msecs (HTTP/1.1 200) 6 headers in 224 bytes (1 switches on core 0)
Jul 15 23:15:00.655077 n-d-793620-9 devstack@placement-api.service[94392]: DEBUG placement.requestlog [req-e8ca39d1-ad30-40c7-b732-2b0ecdfe657b req-6123386d-5acd-4085-8c4d-b5514e37e244 None None] Starting request: 10.222.0.58 "GET /placement/resource_providers/a4bdb7ad-677c-4a99-a8e3-bc5c93dc0adf/aggregates" {{(pid=94392) __call__ /opt/stack/placement/placement/requestlog.py:55}}
Jul 15 23:15:00.669228 n-d-793620-9 devstack@placement-api.service[94392]: INFO placement.requestlog [req-e8ca39d1-ad30-40c7-b732-2b0ecdfe657b req-6123386d-5acd-4085-8c4d-b5514e37e244 service placement] 10.222.0.58 "GET /placement/resource_providers/a4bdb7ad-677c-4a99-a8e3-bc5c93dc0adf/aggregates" status: 200 len: 91 microversion: 1.19
Jul 15 23:15:00.669704 n-d-793620-9 devstack@placement-api.service[94392]: [pid: 94392|app: 0|req: 27/52] 10.222.0.58 () {60 vars in 1426 bytes} [Thu Jul 15 23:15:00 2021] GET /placement/resource_providers/a4bdb7ad-677c-4a99-a8e3-bc5c93dc0adf/aggregates => generated 91 bytes in 15 msecs (HTTP/1.1 200) 8 headers in 295 bytes (1 switches on core 0)
Jul 15 23:15:00.676829 n-d-793620-9 devstack@placement-api.service[94391]: DEBUG placement.requestlog [req-e8ca39d1-ad30-40c7-b732-2b0ecdfe657b req-ef0c5181-0042-4fc5-abcf-00e3ff76e0fc None None] Starting request: 10.222.0.58 "PUT /placement/resource_providers/a4bdb7ad-677c-4a99-a8e3-bc5c93dc0adf/aggregates" {{(pid=94391) __call__ /opt/stack/placement/placement/requestlog.py:55}}
Jul 15 23:15:00.713313 n-d-793620-9 devstack@placement-api.service[94391]: DEBUG placement.objects.resource_provider [req-e8ca39d1-ad30-40c7-b732-2b0ecdfe657b req-ef0c5181-0042-4fc5-abcf-00e3ff76e0fc service placement] Setting aggregates for provider a4bdb7ad-677c-4a99-a8e3-bc5c93dc0adf. Successfully disassociated aggregate 5131e899-b1bc-4a0e-ad5c-e71647a9958a. {{(pid=94391) _set_aggregates /opt/stack/placement/placement/objects/resource_provider.py:402}}
Jul 15 23:15:00.718581 n-d-793620-9 devstack@placement-api.service[94391]: INFO placement.requestlog [req-e8ca39d1-ad30-40c7-b732-2b0ecdfe657b req-ef0c5181-0042-4fc5-abcf-00e3ff76e0fc service placement] 10.222.0.58 "PUT /placement/resource_providers/a4bdb7ad-677c-4a99-a8e3-bc5c93dc0adf/aggregates" status: 200 len: 53 microversion: 1.19
Jul 15 23:15:00.718581 n-d-793620-9 devstack@placement-api.service[94391]: [pid: 94391|app: 0|req: 26/53] 10.222.0.58 () {64 vars in 1478 bytes} [Thu Jul 15 23:15:00 2021] PUT /placement/resource_providers/a4bdb7ad-677c-4a99-a8e3-bc5c93dc0adf/aggregates => generated 53 bytes in 42 msecs (HTTP/1.1 200) 8 headers in 295 bytes (1 switches on core 0)
Jul 15 23:15:00.961972 n-d-793620-9 devstack@placement-api.service[94392]: DEBUG placement.requestlog [req-e8d76cf8-3c56-469d-aab6-2cb8cd30d3bd req-044c1c0d-df67-4769-a5e3-dbf49f70401c None None] Starting request: 10.222.0.58 "GET /placement/resource_providers?name=n-h1-793620-9" {{(pid=94392) __call__ /opt/stack/placement/placement/requestlog.py:55}}
Jul 15 23:15:00.976522 n-d-793620-9 devstack@placement-api.service[94392]: INFO placement.requestlog [req-e8d76cf8-3c56-469d-aab6-2cb8cd30d3bd req-044c1c0d-df67-4769-a5e3-dbf49f70401c service placement] 10.222.0.58 "GET /placement/resource_providers?name=n-h1-793620-9" status: 200 len: 440 microversion: 1.0
Jul 15 23:15:00.982601 n-d-793620-9 devstack@placement-api.service[94392]: [pid: 94392|app: 0|req: 28/54] 10.222.0.58 () {58 vars in 1275 bytes} [Thu Jul 15 23:15:00 2021] GET /placement/resource_providers?name=n-h1-793620-9 => generated 440 bytes in 21 msecs (HTTP/1.1 200) 6 headers in 224 bytes (1 switches on core 0)
Jul 15 23:15:00.983811 n-d-793620-9 devstack@placement-api.service[94391]: DEBUG placement.requestlog [req-e8d76cf8-3c56-469d-aab6-2cb8cd30d3bd req-880c4630-8c8f-4b0c-a1de-06f58eb1a44e None None] Starting request: 10.222.0.58 "GET /placement/resource_providers/a4bdb7ad-677c-4a99-a8e3-bc5c93dc0adf/aggregates" {{(pid=94391) __call__ /opt/stack/placement/placement/requestlog.py:55}}
Jul 15 23:15:01.010829 n-d-793620-9 devstack@placement-api.service[94391]: INFO placement.requestlog [req-e8d76cf8-3c56-469d-aab6-2cb8cd30d3bd req-880c4630-8c8f-4b0c-a1de-06f58eb1a44e service placement] 10.222.0.58 "GET /placement/resource_providers/a4bdb7ad-677c-4a99-a8e3-bc5c93dc0adf/aggregates" status: 200 len: 53 microversion: 1.19
Jul 15 23:15:01.012119 n-d-793620-9 devstack@placement-api.service[94391]: [pid: 94391|app: 0|req: 27/55] 10.222.0.58 () {60 vars in 1426 bytes} [Thu Jul 15 23:15:00 2021] GET /placement/resource_providers/a4bdb7ad-677c-4a99-a8e3-bc5c93dc0adf/aggregates => generated 53 bytes in 29 msecs (HTTP/1.1 200) 8 headers in 295 bytes (2 switches on core 0)
Jul 15 23:15:01.021215 n-d-793620-9 devstack@placement-api.service[94392]: DEBUG placement.requestlog [req-e8d76cf8-3c56-469d-aab6-2cb8cd30d3bd req-03e020d7-6c5e-40d1-bb83-5f9ac42e9540 None None] Starting request: 10.222.0.58 "PUT /placement/resource_providers/a4bdb7ad-677c-4a99-a8e3-bc5c93dc0adf/aggregates" {{(pid=94392) __call__ /opt/stack/placement/placement/requestlog.py:55}}
Jul 15 23:15:01.041454 n-d-793620-9 devstack@placement-api.service[94392]: DEBUG placement.objects.resource_provider [req-e8d76cf8-3c56-469d-aab6-2cb8cd30d3bd req-03e020d7-6c5e-40d1-bb83-5f9ac42e9540 service placement] _ensure_aggregate() did not find aggregate b156e5b3-e1fa-44e4-99fe-18d01d1359b8. Attempting to create it. {{(pid=94392) _ensure_aggregate /opt/stack/placement/placement/objects/resource_provider.py:319}}
Jul 15 23:15:01.042912 n-d-793620-9 devstack@placement-api.service[94392]: DEBUG placement.objects.resource_provider [req-e8d76cf8-3c56-469d-aab6-2cb8cd30d3bd req-03e020d7-6c5e-40d1-bb83-5f9ac42e9540 service placement] _ensure_aggregate() created new aggregate b156e5b3-e1fa-44e4-99fe-18d01d1359b8 (id=3). {{(pid=94392) _ensure_aggregate /opt/stack/placement/placement/objects/resource_provider.py:325}}
Jul 15 23:15:01.044590 n-d-793620-9 devstack@placement-api.service[94392]: DEBUG placement.objects.resource_provider [req-e8d76cf8-3c56-469d-aab6-2cb8cd30d3bd req-03e020d7-6c5e-40d1-bb83-5f9ac42e9540 service placement] Setting aggregates for provider a4bdb7ad-677c-4a99-a8e3-bc5c93dc0adf. Successfully associated aggregate b156e5b3-e1fa-44e4-99fe-18d01d1359b8. {{(pid=94392) _set_aggregates /opt/stack/placement/placement/objects/resource_provider.py:387}}
Jul 15 23:15:01.053438 n-d-793620-9 devstack@placement-api.service[94392]: INFO placement.requestlog [req-e8d76cf8-3c56-469d-aab6-2cb8cd30d3bd req-03e020d7-6c5e-40d1-bb83-5f9ac42e9540 service placement] 10.222.0.58 "PUT /placement/resource_providers/a4bdb7ad-677c-4a99-a8e3-bc5c93dc0adf/aggregates" status: 200 len: 91 microversion: 1.19
Jul 15 23:15:01.054472 n-d-793620-9 devstack@placement-api.service[94392]: [pid: 94392|app: 0|req: 29/56] 10.222.0.58 () {64 vars in 1478 bytes} [Thu Jul 15 23:15:01 2021] PUT /placement/resource_providers/a4bdb7ad-677c-4a99-a8e3-bc5c93dc0adf/aggregates => generated 91 bytes in 34 msecs (HTTP/1.1 200) 8 headers in 295 bytes (2 switches on core 0)
Jul 15 23:15:01.323356 n-d-793620-9 devstack@placement-api.service[94391]: DEBUG placement.requestlog [req-4c4bde29-900c-4a07-a328-41151cd57ee9 req-9aa96dbf-c8ba-4008-9022-81955c45fc86 None None] Starting request: 10.222.0.58 "GET /placement/resource_providers?name=n-h1-793620-9" {{(pid=94391) __call__ /opt/stack/placement/placement/requestlog.py:55}}
Jul 15 23:15:01.334883 n-d-793620-9 devstack@placement-api.service[94391]: INFO placement.requestlog [req-4c4bde29-900c-4a07-a328-41151cd57ee9 req-9aa96dbf-c8ba-4008-9022-81955c45fc86 service placement] 10.222.0.58 "GET /placement/resource_providers?name=n-h1-793620-9" status: 200 len: 440 microversion: 1.0
Jul 15 23:15:01.335100 n-d-793620-9 devstack@placement-api.service[94391]: [pid: 94391|app: 0|req: 28/57] 10.222.0.58 () {58 vars in 1275 bytes} [Thu Jul 15 23:15:01 2021] GET /placement/resource_providers?name=n-h1-793620-9 => generated 440 bytes in 12 msecs (HTTP/1.1 200) 6 headers in 224 bytes (1 switches on core 0)
Jul 15 23:15:01.341278 n-d-793620-9 devstack@placement-api.service[94392]: DEBUG placement.requestlog [req-4c4bde29-900c-4a07-a328-41151cd57ee9 req-d4f55ceb-437e-4408-bb56-da70e869472f None None] Starting request: 10.222.0.58 "GET /placement/resource_providers/a4bdb7ad-677c-4a99-a8e3-bc5c93dc0adf/aggregates" {{(pid=94392) __call__ /opt/stack/placement/placement/requestlog.py:55}}
Jul 15 23:15:01.355089 n-d-793620-9 devstack@placement-api.service[94392]: INFO placement.requestlog [req-4c4bde29-900c-4a07-a328-41151cd57ee9 req-d4f55ceb-437e-4408-bb56-da70e869472f service placement] 10.222.0.58 "GET /placement/resource_providers/a4bdb7ad-677c-4a99-a8e3-bc5c93dc0adf/aggregates" status: 200 len: 91 microversion: 1.19
Jul 15 23:15:01.355362 n-d-793620-9 devstack@placement-api.service[94392]: [pid: 94392|app: 0|req: 30/58] 10.222.0.58 () {60 vars in 1426 bytes} [Thu Jul 15 23:15:01 2021] GET /placement/resource_providers/a4bdb7ad-677c-4a99-a8e3-bc5c93dc0adf/aggregates => generated 91 bytes in 14 msecs (HTTP/1.1 200) 8 headers in 295 bytes (2 switches on core 0)
Jul 15 23:15:01.361572 n-d-793620-9 devstack@placement-api.service[94391]: DEBUG placement.requestlog [req-4c4bde29-900c-4a07-a328-41151cd57ee9 req-f54af7ea-e93f-4e90-99eb-48c1decaa1dc None None] Starting request: 10.222.0.58 "PUT /placement/resource_providers/a4bdb7ad-677c-4a99-a8e3-bc5c93dc0adf/aggregates" {{(pid=94391) __call__ /opt/stack/placement/placement/requestlog.py:55}}
Jul 15 23:15:01.375476 n-d-793620-9 devstack@placement-api.service[94391]: DEBUG placement.objects.resource_provider [req-4c4bde29-900c-4a07-a328-41151cd57ee9 req-f54af7ea-e93f-4e90-99eb-48c1decaa1dc service placement] Setting aggregates for provider a4bdb7ad-677c-4a99-a8e3-bc5c93dc0adf. Successfully disassociated aggregate b156e5b3-e1fa-44e4-99fe-18d01d1359b8. {{(pid=94391) _set_aggregates /opt/stack/placement/placement/objects/resource_provider.py:402}}
Jul 15 23:15:01.381217 n-d-793620-9 devstack@placement-api.service[94391]: INFO placement.requestlog [req-4c4bde29-900c-4a07-a328-41151cd57ee9 req-f54af7ea-e93f-4e90-99eb-48c1decaa1dc service placement] 10.222.0.58 "PUT /placement/resource_providers/a4bdb7ad-677c-4a99-a8e3-bc5c93dc0adf/aggregates" status: 200 len: 54 microversion: 1.19
Jul 15 23:15:01.381810 n-d-793620-9 devstack@placement-api.service[94391]: [pid: 94391|app: 0|req: 29/59] 10.222.0.58 () {64 vars in 1478 bytes} [Thu Jul 15 23:15:01 2021] PUT /placement/resource_providers/a4bdb7ad-677c-4a99-a8e3-bc5c93dc0adf/aggregates => generated 54 bytes in 20 msecs (HTTP/1.1 200) 8 headers in 295 bytes (1 switches on core 0)
Jul 15 23:15:01.530513 n-d-793620-9 devstack@placement-api.service[94392]: DEBUG placement.requestlog [req-050ea27f-f7c0-4d36-91b2-a87d1c45f7ea req-9832f6a3-6a4c-40ac-80d6-7be7a6461aa9 None None] Starting request: 10.222.0.58 "GET /placement/resource_providers?name=n-h1-793620-9" {{(pid=94392) __call__ /opt/stack/placement/placement/requestlog.py:55}}
Jul 15 23:15:01.541200 n-d-793620-9 devstack@placement-api.service[94392]: INFO placement.requestlog [req-050ea27f-f7c0-4d36-91b2-a87d1c45f7ea req-9832f6a3-6a4c-40ac-80d6-7be7a6461aa9 service placement] 10.222.0.58 "GET /placement/resource_providers?name=n-h1-793620-9" status: 200 len: 441 microversion: 1.0
Jul 15 23:15:01.544033 n-d-793620-9 devstack@placement-api.service[94392]: [pid: 94392|app: 0|req: 31/60] 10.222.0.58 () {58 vars in 1275 bytes} [Thu Jul 15 23:15:01 2021] GET /placement/resource_providers?name=n-h1-793620-9 => generated 441 bytes in 14 msecs (HTTP/1.1 200) 6 headers in 224 bytes (1 switches on core 0)
Jul 15 23:15:01.547515 n-d-793620-9 devstack@placement-api.service[94391]: DEBUG placement.requestlog [req-050ea27f-f7c0-4d36-91b2-a87d1c45f7ea req-c1a86092-5c7e-42dd-a2c8-af228b5a6687 None None] Starting request: 10.222.0.58 "GET /placement/resource_providers/a4bdb7ad-677c-4a99-a8e3-bc5c93dc0adf/aggregates" {{(pid=94391) __call__ /opt/stack/placement/placement/requestlog.py:55}}
Jul 15 23:15:01.563017 n-d-793620-9 devstack@placement-api.service[94391]: INFO placement.requestlog [req-050ea27f-f7c0-4d36-91b2-a87d1c45f7ea req-c1a86092-5c7e-42dd-a2c8-af228b5a6687 service placement] 10.222.0.58 "GET /placement/resource_providers/a4bdb7ad-677c-4a99-a8e3-bc5c93dc0adf/aggregates" status: 200 len: 54 microversion: 1.19
Jul 15 23:15:01.563633 n-d-793620-9 devstack@placement-api.service[94391]: [pid: 94391|app: 0|req: 30/61] 10.222.0.58 () {60 vars in 1426 bytes} [Thu Jul 15 23:15:01 2021] GET /placement/resource_providers/a4bdb7ad-677c-4a99-a8e3-bc5c93dc0adf/aggregates => generated 54 bytes in 16 msecs (HTTP/1.1 200) 8 headers in 295 bytes (1 switches on core 0)
Jul 15 23:15:01.569837 n-d-793620-9 devstack@placement-api.service[94392]: DEBUG placement.requestlog [req-050ea27f-f7c0-4d36-91b2-a87d1c45f7ea req-e2e93665-6736-4002-89b0-6002f1bc5c5b None None] Starting request: 10.222.0.58 "PUT /placement/resource_providers/a4bdb7ad-677c-4a99-a8e3-bc5c93dc0adf/aggregates" {{(pid=94392) __call__ /opt/stack/placement/placement/requestlog.py:55}}
Jul 15 23:15:01.588847 n-d-793620-9 devstack@placement-api.service[94392]: DEBUG placement.objects.resource_provider [req-050ea27f-f7c0-4d36-91b2-a87d1c45f7ea req-e2e93665-6736-4002-89b0-6002f1bc5c5b service placement] _ensure_aggregate() did not find aggregate d2bf681b-5d9e-450d-892e-d8a9893f2395. Attempting to create it. {{(pid=94392) _ensure_aggregate /opt/stack/placement/placement/objects/resource_provider.py:319}}
Jul 15 23:15:01.590449 n-d-793620-9 devstack@placement-api.service[94392]: DEBUG placement.objects.resource_provider [req-050ea27f-f7c0-4d36-91b2-a87d1c45f7ea req-e2e93665-6736-4002-89b0-6002f1bc5c5b service placement] _ensure_aggregate() created new aggregate d2bf681b-5d9e-450d-892e-d8a9893f2395 (id=4). {{(pid=94392) _ensure_aggregate /opt/stack/placement/placement/objects/resource_provider.py:325}}
Jul 15 23:15:01.593783 n-d-793620-9 devstack@placement-api.service[94392]: DEBUG placement.objects.resource_provider [req-050ea27f-f7c0-4d36-91b2-a87d1c45f7ea req-e2e93665-6736-4002-89b0-6002f1bc5c5b service placement] Setting aggregates for provider a4bdb7ad-677c-4a99-a8e3-bc5c93dc0adf. Successfully associated aggregate d2bf681b-5d9e-450d-892e-d8a9893f2395. {{(pid=94392) _set_aggregates /opt/stack/placement/placement/objects/resource_provider.py:387}}
Jul 15 23:15:01.600248 n-d-793620-9 devstack@placement-api.service[94392]: INFO placement.requestlog [req-050ea27f-f7c0-4d36-91b2-a87d1c45f7ea req-e2e93665-6736-4002-89b0-6002f1bc5c5b service placement] 10.222.0.58 "PUT /placement/resource_providers/a4bdb7ad-677c-4a99-a8e3-bc5c93dc0adf/aggregates" status: 200 len: 92 microversion: 1.19
Jul 15 23:15:01.601033 n-d-793620-9 devstack@placement-api.service[94392]: [pid: 94392|app: 0|req: 32/62] 10.222.0.58 () {64 vars in 1478 bytes} [Thu Jul 15 23:15:01 2021] PUT /placement/resource_providers/a4bdb7ad-677c-4a99-a8e3-bc5c93dc0adf/aggregates => generated 92 bytes in 31 msecs (HTTP/1.1 200) 8 headers in 295 bytes (1 switches on core 0)
Jul 15 23:15:01.679163 n-d-793620-9 devstack@placement-api.service[94391]: DEBUG placement.requestlog [req-97f749cd-e5de-4ae4-a81d-1936fb1600b4 req-9fa84345-e45b-45df-be94-2f1ec543cc94 None None] Starting request: 10.222.0.58 "GET /placement/resource_providers?name=n-h1-793620-9" {{(pid=94391) __call__ /opt/stack/placement/placement/requestlog.py:55}}
Jul 15 23:15:01.691536 n-d-793620-9 devstack@placement-api.service[94391]: INFO placement.requestlog [req-97f749cd-e5de-4ae4-a81d-1936fb1600b4 req-9fa84345-e45b-45df-be94-2f1ec543cc94 service placement] 10.222.0.58 "GET /placement/resource_providers?name=n-h1-793620-9" status: 200 len: 441 microversion: 1.0
Jul 15 23:15:01.692192 n-d-793620-9 devstack@placement-api.service[94391]: [pid: 94391|app: 0|req: 31/63] 10.222.0.58 () {58 vars in 1275 bytes} [Thu Jul 15 23:15:01 2021] GET /placement/resource_providers?name=n-h1-793620-9 => generated 441 bytes in 13 msecs (HTTP/1.1 200) 6 headers in 224 bytes (2 switches on core 0)
Jul 15 23:15:01.698257 n-d-793620-9 devstack@placement-api.service[94392]: DEBUG placement.requestlog [req-97f749cd-e5de-4ae4-a81d-1936fb1600b4 req-a9be9ee6-7d56-4d9a-9f1a-4621e2dae723 None None] Starting request: 10.222.0.58 "GET /placement/resource_providers/a4bdb7ad-677c-4a99-a8e3-bc5c93dc0adf/aggregates" {{(pid=94392) __call__ /opt/stack/placement/placement/requestlog.py:55}}
Jul 15 23:15:01.712203 n-d-793620-9 devstack@placement-api.service[94392]: INFO placement.requestlog [req-97f749cd-e5de-4ae4-a81d-1936fb1600b4 req-a9be9ee6-7d56-4d9a-9f1a-4621e2dae723 service placement] 10.222.0.58 "GET /placement/resource_providers/a4bdb7ad-677c-4a99-a8e3-bc5c93dc0adf/aggregates" status: 200 len: 92 microversion: 1.19
