Jul 15 23:24:45.979732 n-d-793620-9 devstack@placement-api.service[94392]: DEBUG placement.requestlog [req-3ca8e8c6-6dab-4b63-a652-2d88e426eca5 req-5c1aa6ea-af59-4962-acbc-f05a995cd2f8 None None] Starting request: 10.222.0.58 "GET /placement/allocations/dc0d184c-8031-4a20-8c16-4002b6df93ec" {{(pid=94392) __call__ /opt/stack/placement/placement/requestlog.py:55}}
Jul 15 23:24:46.000387 n-d-793620-9 devstack@placement-api.service[94392]: INFO placement.requestlog [req-3ca8e8c6-6dab-4b63-a652-2d88e426eca5 req-5c1aa6ea-af59-4962-acbc-f05a995cd2f8 service placement] 10.222.0.58 "GET /placement/allocations/dc0d184c-8031-4a20-8c16-4002b6df93ec" status: 200 len: 19 microversion: 1.28
Jul 15 23:24:46.001189 n-d-793620-9 devstack@placement-api.service[94392]: [pid: 94392|app: 0|req: 273/543] 10.222.0.58 () {60 vars in 1381 bytes} [Thu Jul 15 23:24:45 2021] GET /placement/allocations/dc0d184c-8031-4a20-8c16-4002b6df93ec => generated 19 bytes in 22 msecs (HTTP/1.1 200) 8 headers in 295 bytes (2 switches on core 0)
Jul 15 23:24:46.010317 n-d-793620-9 devstack@placement-api.service[94391]: DEBUG placement.requestlog [req-3ca8e8c6-6dab-4b63-a652-2d88e426eca5 req-9f6e11e1-915f-4bfa-ad59-cbb019ee3360 None None] Starting request: 10.222.0.58 "POST /placement/allocations" {{(pid=94391) __call__ /opt/stack/placement/placement/requestlog.py:55}}
Jul 15 23:24:46.156549 n-d-793620-9 devstack@placement-api.service[94391]: DEBUG placement.handlers.allocation [req-3ca8e8c6-6dab-4b63-a652-2d88e426eca5 req-9f6e11e1-915f-4bfa-ad59-cbb019ee3360 service placement] Successfully wrote allocations [, , , , , ] {{(pid=94391) _create_allocations /opt/stack/placement/placement/handlers/allocation.py:524}}
Jul 15 23:24:46.157778 n-d-793620-9 devstack@placement-api.service[94391]: INFO placement.requestlog [req-3ca8e8c6-6dab-4b63-a652-2d88e426eca5 req-9f6e11e1-915f-4bfa-ad59-cbb019ee3360 service placement] 10.222.0.58 "POST /placement/allocations" status: 204 len: 0 microversion: 1.28
Jul 15 23:24:46.158713 n-d-793620-9 devstack@placement-api.service[94391]: [pid: 94391|app: 0|req: 271/544] 10.222.0.58 () {64 vars in 1324 bytes} [Thu Jul 15 23:24:46 2021] POST /placement/allocations => generated 0 bytes in 149 msecs (HTTP/1.1 204) 5 headers in 199 bytes (1 switches on core 0)
Jul 15 23:24:46.248804 n-d-793620-9 devstack@placement-api.service[94392]: DEBUG placement.requestlog [req-3ca8e8c6-6dab-4b63-a652-2d88e426eca5 req-4f1b5427-cba1-4047-b4ab-9cffb5bfad15 None None] Starting request: 10.222.0.58 "GET /placement/allocations/225544ed-026b-4c86-9b78-f73def9f5186" {{(pid=94392) __call__ /opt/stack/placement/placement/requestlog.py:55}}
Jul 15 23:24:46.264238 n-d-793620-9 devstack@placement-api.service[94392]: INFO placement.requestlog [req-3ca8e8c6-6dab-4b63-a652-2d88e426eca5 req-4f1b5427-cba1-4047-b4ab-9cffb5bfad15 service placement] 10.222.0.58 "GET /placement/allocations/225544ed-026b-4c86-9b78-f73def9f5186" status: 200 len: 19 microversion: 1.28
Jul 15 23:24:46.265208 n-d-793620-9 devstack@placement-api.service[94392]: [pid: 94392|app: 0|req: 274/545] 10.222.0.58 () {60 vars in 1381 bytes} [Thu Jul 15 23:24:46 2021] GET /placement/allocations/225544ed-026b-4c86-9b78-f73def9f5186 => generated 19 bytes in 17 msecs (HTTP/1.1 200) 8 headers in 295 bytes (2 switches on core 0)
Jul 15 23:24:46.276491 n-d-793620-9 devstack@placement-api.service[94391]: DEBUG placement.requestlog [req-3ca8e8c6-6dab-4b63-a652-2d88e426eca5 req-0d33a042-b88f-4c74-a905-5315c066d5c5 None None] Starting request: 10.222.0.58 "PUT /placement/allocations/225544ed-026b-4c86-9b78-f73def9f5186" {{(pid=94391) __call__ /opt/stack/placement/placement/requestlog.py:55}}
Jul 15 23:24:46.426041 n-d-793620-9 devstack@placement-api.service[94391]: DEBUG placement.handlers.allocation [req-3ca8e8c6-6dab-4b63-a652-2d88e426eca5 req-0d33a042-b88f-4c74-a905-5315c066d5c5 service placement] Successfully wrote allocations [, , ] {{(pid=94391) _create_allocations /opt/stack/placement/placement/handlers/allocation.py:435}}
Jul 15 23:24:46.428403 n-d-793620-9 devstack@placement-api.service[94391]: INFO placement.requestlog [req-3ca8e8c6-6dab-4b63-a652-2d88e426eca5 req-0d33a042-b88f-4c74-a905-5315c066d5c5 service placement] 10.222.0.58 "PUT /placement/allocations/225544ed-026b-4c86-9b78-f73def9f5186" status: 204 len: 0 microversion: 1.28
Jul 15 23:24:46.430475 n-d-793620-9 devstack@placement-api.service[94391]: [pid: 94391|app: 0|req: 272/546] 10.222.0.58 () {64 vars in 1434 bytes} [Thu Jul 15 23:24:46 2021] PUT /placement/allocations/225544ed-026b-4c86-9b78-f73def9f5186 => generated 0 bytes in 154 msecs (HTTP/1.1 204) 5 headers in 199 bytes (2 switches on core 0)
Jul 15 23:24:46.703487 n-d-793620-9 devstack@placement-api.service[94392]: DEBUG placement.requestlog [req-3ca8e8c6-6dab-4b63-a652-2d88e426eca5 req-df5fadac-6623-43d9-b948-8db853214a43 None None] Starting request: 10.222.0.66 "GET /placement/allocations/225544ed-026b-4c86-9b78-f73def9f5186" {{(pid=94392) __call__ /opt/stack/placement/placement/requestlog.py:55}}
Jul 15 23:24:46.730495 n-d-793620-9 devstack@placement-api.service[94392]: INFO placement.requestlog [req-3ca8e8c6-6dab-4b63-a652-2d88e426eca5 req-df5fadac-6623-43d9-b948-8db853214a43 service placement] 10.222.0.66 "GET /placement/allocations/225544ed-026b-4c86-9b78-f73def9f5186" status: 200 len: 259 microversion: 1.28
Jul 15 23:24:46.731391 n-d-793620-9 devstack@placement-api.service[94392]: [pid: 94392|app: 0|req: 275/547] 10.222.0.66 () {60 vars in 1378 bytes} [Thu Jul 15 23:24:46 2021] GET /placement/allocations/225544ed-026b-4c86-9b78-f73def9f5186 => generated 259 bytes in 28 msecs (HTTP/1.1 200) 8 headers in 296 bytes (1 switches on core 0)
Jul 15 23:24:49.159018 n-d-793620-9 devstack@placement-api.service[94391]: DEBUG placement.requestlog [req-d0663d86-ef1b-4070-bf6b-de3e491ae7fb req-58608a65-0269-42dc-b6e5-77a9da9913be None None] Starting request: 10.222.0.65 "GET /placement/allocations/4d3d22c0-631b-4fd2-b187-4f92cc184e62" {{(pid=94391) __call__ /opt/stack/placement/placement/requestlog.py:55}}
Jul 15 23:24:49.189483 n-d-793620-9 devstack@placement-api.service[94391]: INFO placement.requestlog [req-d0663d86-ef1b-4070-bf6b-de3e491ae7fb req-58608a65-0269-42dc-b6e5-77a9da9913be service placement] 10.222.0.65 "GET /placement/allocations/4d3d22c0-631b-4fd2-b187-4f92cc184e62" status: 200 len: 259 microversion: 1.28
Jul 15 23:24:49.190568 n-d-793620-9 devstack@placement-api.service[94391]: [pid: 94391|app: 0|req: 273/548] 10.222.0.65 () {60 vars in 1378 bytes} [Thu Jul 15 23:24:49 2021] GET /placement/allocations/4d3d22c0-631b-4fd2-b187-4f92cc184e62 => generated 259 bytes in 32 msecs (HTTP/1.1 200) 8 headers in 296 bytes (2 switches on core 0)
Jul 15 23:24:59.750777 n-d-793620-9 devstack@placement-api.service[94392]: DEBUG placement.requestlog [req-7f2eeb01-638d-42c4-8b67-318d0d339909 req-5e8f53e7-ce7a-42e6-ab27-8dce80ba9f74 None None] Starting request: 10.222.0.65 "GET /placement/allocations/b9055160-3e5d-4726-9077-4fee733fff7f" {{(pid=94392) __call__ /opt/stack/placement/placement/requestlog.py:55}}
Jul 15 23:24:59.791653 n-d-793620-9 devstack@placement-api.service[94392]: INFO placement.requestlog [req-7f2eeb01-638d-42c4-8b67-318d0d339909 req-5e8f53e7-ce7a-42e6-ab27-8dce80ba9f74 service placement] 10.222.0.65 "GET /placement/allocations/b9055160-3e5d-4726-9077-4fee733fff7f" status: 200 len: 260 microversion: 1.28
Jul 15 23:24:59.793172 n-d-793620-9 devstack@placement-api.service[94392]: [pid: 94392|app: 0|req: 276/549] 10.222.0.65 () {60 vars in 1378 bytes} [Thu Jul 15 23:24:59 2021] GET /placement/allocations/b9055160-3e5d-4726-9077-4fee733fff7f => generated 260 bytes in 43 msecs (HTTP/1.1 200) 8 headers in 296 bytes (1 switches on core 0)
Jul 15 23:24:59.832403 n-d-793620-9 devstack@placement-api.service[94391]: DEBUG placement.requestlog [req-7f2eeb01-638d-42c4-8b67-318d0d339909 req-d4d6f02a-aa9f-405c-902e-8e86c781c472 None None] Starting request: 10.222.0.65 "PUT /placement/allocations/b9055160-3e5d-4726-9077-4fee733fff7f" {{(pid=94391) __call__ /opt/stack/placement/placement/requestlog.py:55}}
Jul 15 23:24:59.916941 n-d-793620-9 devstack@placement-api.service[94391]: DEBUG placement.handlers.allocation [req-7f2eeb01-638d-42c4-8b67-318d0d339909 req-d4d6f02a-aa9f-405c-902e-8e86c781c472 service placement] Successfully wrote allocations [, , ] {{(pid=94391) _create_allocations /opt/stack/placement/placement/handlers/allocation.py:435}}
Jul 15 23:24:59.917659 n-d-793620-9 devstack@placement-api.service[94391]: INFO placement.requestlog [req-7f2eeb01-638d-42c4-8b67-318d0d339909 req-d4d6f02a-aa9f-405c-902e-8e86c781c472 service placement] 10.222.0.65 "PUT /placement/allocations/b9055160-3e5d-4726-9077-4fee733fff7f" status: 204 len: 0 microversion: 1.28
Jul 15 23:24:59.918829 n-d-793620-9 devstack@placement-api.service[94391]: [pid: 94391|app: 0|req: 274/550] 10.222.0.65 () {64 vars in 1431 bytes} [Thu Jul 15 23:24:59 2021] PUT /placement/allocations/b9055160-3e5d-4726-9077-4fee733fff7f => generated 0 bytes in 87 msecs (HTTP/1.1 204) 5 headers in 199 bytes (1 switches on core 0)
Jul 15 23:25:06.984089 n-d-793620-9 devstack@placement-api.service[94392]: DEBUG placement.requestlog [req-cea9fdf8-d2d0-4218-92d1-14899a7facc4 req-62133d71-af72-449a-9e01-ccf507c3227f None None] Starting request: 10.222.0.58 "GET /placement/allocation_candidates?limit=1000&resources=DISK_GB%3A1%2CMEMORY_MB%3A1024%2CVCPU%3A1&root_required=%21COMPUTE_STATUS_DISABLED" {{(pid=94392) __call__ /opt/stack/placement/placement/requestlog.py:55}}
Jul 15 23:25:07.007674 n-d-793620-9 devstack@placement-api.service[94391]: DEBUG placement.requestlog [req-1bfb4fa6-b1d5-4a47-8675-4027abb48be9 req-7dd023fc-230c-4304-91a5-6d95e0b1526b None None] Starting request: 10.222.0.65 "GET /placement/allocations/f0102376-ebe1-49c1-b5f5-60f1e4e0ce7e" {{(pid=94391) __call__ /opt/stack/placement/placement/requestlog.py:55}}
Jul 15 23:25:07.026542 n-d-793620-9 devstack@placement-api.service[94391]: INFO placement.requestlog [req-1bfb4fa6-b1d5-4a47-8675-4027abb48be9 req-7dd023fc-230c-4304-91a5-6d95e0b1526b service placement] 10.222.0.65 "GET /placement/allocations/f0102376-ebe1-49c1-b5f5-60f1e4e0ce7e" status: 200 len: 260 microversion: 1.28
Jul 15 23:25:07.027393 n-d-793620-9 devstack@placement-api.service[94391]: [pid: 94391|app: 0|req: 275/551] 10.222.0.65 () {60 vars in 1378 bytes} [Thu Jul 15 23:25:07 2021] GET /placement/allocations/f0102376-ebe1-49c1-b5f5-60f1e4e0ce7e => generated 260 bytes in 20 msecs (HTTP/1.1 200) 8 headers in 296 bytes (1 switches on core 0)
Jul 15 23:25:07.039998 n-d-793620-9 devstack@placement-api.service[94391]: DEBUG placement.requestlog [req-1bfb4fa6-b1d5-4a47-8675-4027abb48be9 req-b082a738-1ee5-4de5-bf3b-fae79f560aac None None] Starting request: 10.222.0.65 "PUT /placement/allocations/f0102376-ebe1-49c1-b5f5-60f1e4e0ce7e" {{(pid=94391) __call__ /opt/stack/placement/placement/requestlog.py:55}}
Jul 15 23:25:07.146151 n-d-793620-9 devstack@placement-api.service[94391]: DEBUG placement.handlers.allocation [req-1bfb4fa6-b1d5-4a47-8675-4027abb48be9 req-b082a738-1ee5-4de5-bf3b-fae79f560aac service placement] Successfully wrote allocations [, , ] {{(pid=94391) _create_allocations /opt/stack/placement/placement/handlers/allocation.py:435}}
Jul 15 23:25:07.147356 n-d-793620-9 devstack@placement-api.service[94391]: INFO placement.requestlog [req-1bfb4fa6-b1d5-4a47-8675-4027abb48be9 req-b082a738-1ee5-4de5-bf3b-fae79f560aac service placement] 10.222.0.65 "PUT /placement/allocations/f0102376-ebe1-49c1-b5f5-60f1e4e0ce7e" status: 204 len: 0 microversion: 1.28
Jul 15 23:25:07.148355 n-d-793620-9 devstack@placement-api.service[94391]: [pid: 94391|app: 0|req: 276/552] 10.222.0.65 () {64 vars in 1431 bytes} [Thu Jul 15 23:25:07 2021] PUT /placement/allocations/f0102376-ebe1-49c1-b5f5-60f1e4e0ce7e => generated 0 bytes in 108 msecs (HTTP/1.1 204) 5 headers in 199 bytes (2 switches on core 0)
Jul 15 23:25:07.682438 n-d-793620-9 devstack@placement-api.service[94392]: DEBUG placement.objects.research_context [req-cea9fdf8-d2d0-4218-92d1-14899a7facc4 req-62133d71-af72-449a-9e01-ccf507c3227f service placement] getting providers with 1 DISK_GB {{(pid=94392) __init__ /opt/stack/placement/placement/objects/research_context.py:126}}
Jul 15 23:25:07.691281 n-d-793620-9 devstack@placement-api.service[94392]: DEBUG placement.objects.research_context [req-cea9fdf8-d2d0-4218-92d1-14899a7facc4 req-62133d71-af72-449a-9e01-ccf507c3227f service placement] getting providers with 1024 MEMORY_MB {{(pid=94392) __init__ /opt/stack/placement/placement/objects/research_context.py:126}}
Jul 15 23:25:07.703597 n-d-793620-9 devstack@placement-api.service[94392]: DEBUG placement.objects.research_context [req-cea9fdf8-d2d0-4218-92d1-14899a7facc4 req-62133d71-af72-449a-9e01-ccf507c3227f service placement] getting providers with 1 VCPU {{(pid=94392) __init__ /opt/stack/placement/placement/objects/research_context.py:126}}
Jul 15 23:25:07.713124 n-d-793620-9 devstack@placement-api.service[94392]: DEBUG placement.objects.research_context [req-cea9fdf8-d2d0-4218-92d1-14899a7facc4 req-62133d71-af72-449a-9e01-ccf507c3227f service placement] found 2 providers with available 1 DISK_GB {{(pid=94392) get_provider_ids_matching /opt/stack/placement/placement/objects/research_context.py:549}}
Jul 15 23:25:07.713649 n-d-793620-9 devstack@placement-api.service[94392]: DEBUG placement.objects.research_context [req-cea9fdf8-d2d0-4218-92d1-14899a7facc4 req-62133d71-af72-449a-9e01-ccf507c3227f service placement] found 2 providers with available 1024 MEMORY_MB {{(pid=94392) get_provider_ids_matching /opt/stack/placement/placement/objects/research_context.py:549}}
Jul 15 23:25:07.714088 n-d-793620-9 devstack@placement-api.service[94392]: DEBUG placement.objects.research_context [req-cea9fdf8-d2d0-4218-92d1-14899a7facc4 req-62133d71-af72-449a-9e01-ccf507c3227f service placement] found 2 providers after filtering by previous result {{(pid=94392) get_provider_ids_matching /opt/stack/placement/placement/objects/research_context.py:580}}
Jul 15 23:25:07.714796 n-d-793620-9 devstack@placement-api.service[94392]: DEBUG placement.objects.research_context [req-cea9fdf8-d2d0-4218-92d1-14899a7facc4 req-62133d71-af72-449a-9e01-ccf507c3227f service placement] found 2 providers with available 1 VCPU {{(pid=94392) get_provider_ids_matching /opt/stack/placement/placement/objects/research_context.py:549}}
Jul 15 23:25:07.715237 n-d-793620-9 devstack@placement-api.service[94392]: DEBUG placement.objects.research_context [req-cea9fdf8-d2d0-4218-92d1-14899a7facc4 req-62133d71-af72-449a-9e01-ccf507c3227f service placement] found 2 providers after filtering by previous result {{(pid=94392) get_provider_ids_matching /opt/stack/placement/placement/objects/research_context.py:580}}
Jul 15 23:25:07.754671 n-d-793620-9 devstack@placement-api.service[94392]: DEBUG placement.objects.allocation_candidate [req-cea9fdf8-d2d0-4218-92d1-14899a7facc4 req-62133d71-af72-449a-9e01-ccf507c3227f service placement] RequestGroup(use_same_provider=False, resources={DISK_GB:1, MEMORY_MB:1024, VCPU:1}, traits=[], aggregates=[]) (suffix '') returned 2 matches {{(pid=94392) _get_by_requests /opt/stack/placement/placement/objects/allocation_candidate.py:145}}
Jul 15 23:25:07.756900 n-d-793620-9 devstack@placement-api.service[94392]: DEBUG placement.objects.allocation_candidate [req-cea9fdf8-d2d0-4218-92d1-14899a7facc4 req-62133d71-af72-449a-9e01-ccf507c3227f service placement] Merging candidates yields 2 allocation requests and 2 provider summaries {{(pid=94392) _merge_candidates /opt/stack/placement/placement/objects/allocation_candidate.py:783}}
Jul 15 23:25:07.761268 n-d-793620-9 devstack@placement-api.service[94392]: INFO placement.requestlog [req-cea9fdf8-d2d0-4218-92d1-14899a7facc4 req-62133d71-af72-449a-9e01-ccf507c3227f service placement] 10.222.0.58 "GET /placement/allocation_candidates?limit=1000&resources=DISK_GB%3A1%2CMEMORY_MB%3A1024%2CVCPU%3A1&root_required=%21COMPUTE_STATUS_DISABLED" status: 200 len: 1309 microversion: 1.35
Jul 15 23:25:07.787275 n-d-793620-9 devstack@placement-api.service[94392]: [pid: 94392|app: 0|req: 277/553] 10.222.0.58 () {60 vars in 1507 bytes} [Thu Jul 15 23:25:06 2021] GET /placement/allocation_candidates?limit=1000&resources=DISK_GB%3A1%2CMEMORY_MB%3A1024%2CVCPU%3A1&root_required=%21COMPUTE_STATUS_DISABLED => generated 1309 bytes in 803 msecs (HTTP/1.1 200) 8 headers in 297 bytes (1 switches on core 0)
Jul 15 23:25:07.904074 n-d-793620-9 devstack@placement-api.service[94391]: DEBUG placement.requestlog [req-cea9fdf8-d2d0-4218-92d1-14899a7facc4 req-45d416d0-0ca5-4053-b546-851b329095e6 None None] Starting request: 10.222.0.58 "GET /placement/allocations/68a83df6-3c2d-4c0e-9a14-de109b71f9ad" {{(pid=94391) __call__ /opt/stack/placement/placement/requestlog.py:55}}
Jul 15 23:25:08.055429 n-d-793620-9 devstack@placement-api.service[94391]: INFO placement.requestlog [req-cea9fdf8-d2d0-4218-92d1-14899a7facc4 req-45d416d0-0ca5-4053-b546-851b329095e6 service placement] 10.222.0.58 "GET /placement/allocations/68a83df6-3c2d-4c0e-9a14-de109b71f9ad" status: 200 len: 19 microversion: 1.28
Jul 15 23:25:08.063449 n-d-793620-9 devstack@placement-api.service[94391]: [pid: 94391|app: 0|req: 277/554] 10.222.0.58 () {60 vars in 1381 bytes} [Thu Jul 15 23:25:07 2021] GET /placement/allocations/68a83df6-3c2d-4c0e-9a14-de109b71f9ad => generated 19 bytes in 159 msecs (HTTP/1.1 200) 8 headers in 295 bytes (2 switches on core 0)
Jul 15 23:25:08.063777 n-d-793620-9 devstack@placement-api.service[94392]: DEBUG placement.requestlog [req-cea9fdf8-d2d0-4218-92d1-14899a7facc4 req-cb88946d-216f-4cb6-9fc1-8dc063133519 None None] Starting request: 10.222.0.58 "PUT /placement/allocations/68a83df6-3c2d-4c0e-9a14-de109b71f9ad" {{(pid=94392) __call__ /opt/stack/placement/placement/requestlog.py:55}}
Jul 15 23:25:08.180986 n-d-793620-9 devstack@placement-api.service[94392]: DEBUG placement.handlers.allocation [req-cea9fdf8-d2d0-4218-92d1-14899a7facc4 req-cb88946d-216f-4cb6-9fc1-8dc063133519 service placement] Successfully wrote allocations [, , ] {{(pid=94392) _create_allocations /opt/stack/placement/placement/handlers/allocation.py:435}}
Jul 15 23:25:08.181611 n-d-793620-9 devstack@placement-api.service[94392]: INFO placement.requestlog [req-cea9fdf8-d2d0-4218-92d1-14899a7facc4 req-cb88946d-216f-4cb6-9fc1-8dc063133519 service placement] 10.222.0.58 "PUT /placement/allocations/68a83df6-3c2d-4c0e-9a14-de109b71f9ad" status: 204 len: 0 microversion: 1.35
Jul 15 23:25:08.182494 n-d-793620-9 devstack@placement-api.service[94392]: [pid: 94392|app: 0|req: 278/555] 10.222.0.58 () {64 vars in 1434 bytes} [Thu Jul 15 23:25:08 2021] PUT /placement/allocations/68a83df6-3c2d-4c0e-9a14-de109b71f9ad => generated 0 bytes in 119 msecs (HTTP/1.1 204) 5 headers in 199 bytes (1 switches on core 0)
Jul 15 23:25:08.865291 n-d-793620-9 devstack@placement-api.service[94391]: DEBUG placement.requestlog [req-cea9fdf8-d2d0-4218-92d1-14899a7facc4 req-800f4764-5d36-4550-b87f-9b33cd42dd76 None None] Starting request: 10.222.0.65 "GET /placement/allocations/68a83df6-3c2d-4c0e-9a14-de109b71f9ad" {{(pid=94391) __call__ /opt/stack/placement/placement/requestlog.py:55}}
Jul 15 23:25:08.881166 n-d-793620-9 devstack@placement-api.service[94391]: INFO placement.requestlog [req-cea9fdf8-d2d0-4218-92d1-14899a7facc4 req-800f4764-5d36-4550-b87f-9b33cd42dd76 service placement] 10.222.0.65 "GET /placement/allocations/68a83df6-3c2d-4c0e-9a14-de109b71f9ad" status: 200 len: 260 microversion: 1.28
Jul 15 23:25:08.881555 n-d-793620-9 devstack@placement-api.service[94391]: [pid: 94391|app: 0|req: 278/556] 10.222.0.65 () {60 vars in 1378 bytes} [Thu Jul 15 23:25:08 2021] GET /placement/allocations/68a83df6-3c2d-4c0e-9a14-de109b71f9ad => generated 260 bytes in 16 msecs (HTTP/1.1 200) 8 headers in 296 bytes (2 switches on core 0)
Jul 15 23:25:17.709484 n-d-793620-9 devstack@placement-api.service[94392]: DEBUG placement.requestlog [req-a33f173d-0cfb-4493-8d71-96f31faab4f4 req-5a209d3c-db4f-47c2-883d-7d6550059534 None None] Starting request: 10.222.0.58 "GET /placement/allocation_candidates?limit=1000&resources=DISK_GB%3A1%2CMEMORY_MB%3A1024%2CVCPU%3A1&root_required=%21COMPUTE_STATUS_DISABLED" {{(pid=94392) __call__ /opt/stack/placement/placement/requestlog.py:55}}
Jul 15 23:25:17.804752 n-d-793620-9 devstack@placement-api.service[94392]: DEBUG placement.objects.research_context [req-a33f173d-0cfb-4493-8d71-96f31faab4f4 req-5a209d3c-db4f-47c2-883d-7d6550059534 service placement] getting providers with 1 DISK_GB {{(pid=94392) __init__ /opt/stack/placement/placement/objects/research_context.py:126}}
Jul 15 23:25:17.829845 n-d-793620-9 devstack@placement-api.service[94392]: DEBUG placement.objects.research_context [req-a33f173d-0cfb-4493-8d71-96f31faab4f4 req-5a209d3c-db4f-47c2-883d-7d6550059534 service placement] getting providers with 1024 MEMORY_MB {{(pid=94392) __init__ /opt/stack/placement/placement/objects/research_context.py:126}}
Jul 15 23:25:17.855678 n-d-793620-9 devstack@placement-api.service[94392]: DEBUG placement.objects.research_context [req-a33f173d-0cfb-4493-8d71-96f31faab4f4 req-5a209d3c-db4f-47c2-883d-7d6550059534 service placement] getting providers with 1 VCPU {{(pid=94392) __init__ /opt/stack/placement/placement/objects/research_context.py:126}}
Jul 15 23:25:17.879696 n-d-793620-9 devstack@placement-api.service[94392]: DEBUG placement.objects.research_context [req-a33f173d-0cfb-4493-8d71-96f31faab4f4 req-5a209d3c-db4f-47c2-883d-7d6550059534 service placement] found 2 providers with available 1 DISK_GB {{(pid=94392) get_provider_ids_matching /opt/stack/placement/placement/objects/research_context.py:549}}
Jul 15 23:25:17.880203 n-d-793620-9 devstack@placement-api.service[94392]: DEBUG placement.objects.research_context [req-a33f173d-0cfb-4493-8d71-96f31faab4f4 req-5a209d3c-db4f-47c2-883d-7d6550059534 service placement] found 2 providers with available 1024 MEMORY_MB {{(pid=94392) get_provider_ids_matching /opt/stack/placement/placement/objects/research_context.py:549}}
Jul 15 23:25:17.880665 n-d-793620-9 devstack@placement-api.service[94392]: DEBUG placement.objects.research_context [req-a33f173d-0cfb-4493-8d71-96f31faab4f4 req-5a209d3c-db4f-47c2-883d-7d6550059534 service placement] found 2 providers after filtering by previous result {{(pid=94392) get_provider_ids_matching /opt/stack/placement/placement/objects/research_context.py:580}}
Jul 15 23:25:17.881117 n-d-793620-9 devstack@placement-api.service[94392]: DEBUG placement.objects.research_context [req-a33f173d-0cfb-4493-8d71-96f31faab4f4 req-5a209d3c-db4f-47c2-883d-7d6550059534 service placement] found 2 providers with available 1 VCPU {{(pid=94392) get_provider_ids_matching /opt/stack/placement/placement/objects/research_context.py:549}}
Jul 15 23:25:17.881585 n-d-793620-9 devstack@placement-api.service[94392]: DEBUG placement.objects.research_context [req-a33f173d-0cfb-4493-8d71-96f31faab4f4 req-5a209d3c-db4f-47c2-883d-7d6550059534 service placement] found 2 providers after filtering by previous result {{(pid=94392) get_provider_ids_matching /opt/stack/placement/placement/objects/research_context.py:580}}
Jul 15 23:25:17.913533 n-d-793620-9 devstack@placement-api.service[94392]: DEBUG placement.objects.allocation_candidate [req-a33f173d-0cfb-4493-8d71-96f31faab4f4 req-5a209d3c-db4f-47c2-883d-7d6550059534 service placement] RequestGroup(use_same_provider=False, resources={DISK_GB:1, MEMORY_MB:1024, VCPU:1}, traits=[], aggregates=[]) (suffix '') returned 2 matches {{(pid=94392) _get_by_requests /opt/stack/placement/placement/objects/allocation_candidate.py:145}}
Jul 15 23:25:17.914366 n-d-793620-9 devstack@placement-api.service[94392]: DEBUG placement.objects.allocation_candidate [req-a33f173d-0cfb-4493-8d71-96f31faab4f4 req-5a209d3c-db4f-47c2-883d-7d6550059534 service placement] Merging candidates yields 2 allocation requests and 2 provider summaries {{(pid=94392) _merge_candidates /opt/stack/placement/placement/objects/allocation_candidate.py:783}}
Jul 15 23:25:17.919108 n-d-793620-9 devstack@placement-api.service[94392]: INFO placement.requestlog [req-a33f173d-0cfb-4493-8d71-96f31faab4f4 req-5a209d3c-db4f-47c2-883d-7d6550059534 service placement] 10.222.0.58 "GET /placement/allocation_candidates?limit=1000&resources=DISK_GB%3A1%2CMEMORY_MB%3A1024%2CVCPU%3A1&root_required=%21COMPUTE_STATUS_DISABLED" status: 200 len: 1309 microversion: 1.35
Jul 15 23:25:17.920226 n-d-793620-9 devstack@placement-api.service[94392]: [pid: 94392|app: 0|req: 279/557] 10.222.0.58 () {60 vars in 1507 bytes} [Thu Jul 15 23:25:17 2021] GET /placement/allocation_candidates?limit=1000&resources=DISK_GB%3A1%2CMEMORY_MB%3A1024%2CVCPU%3A1&root_required=%21COMPUTE_STATUS_DISABLED => generated 1309 bytes in 211 msecs (HTTP/1.1 200) 8 headers in 297 bytes (1 switches on core 0)
Jul 15 23:25:18.091231 n-d-793620-9 devstack@placement-api.service[94391]: DEBUG placement.requestlog [req-a33f173d-0cfb-4493-8d71-96f31faab4f4 req-29f1ede3-316d-41d6-9aae-4b640483140f None None] Starting request: 10.222.0.58 "GET /placement/allocations/c429e904-e253-4f9d-92e5-758f0cb1bd88" {{(pid=94391) __call__ /opt/stack/placement/placement/requestlog.py:55}}
Jul 15 23:25:18.117473 n-d-793620-9 devstack@placement-api.service[94391]: INFO placement.requestlog [req-a33f173d-0cfb-4493-8d71-96f31faab4f4 req-29f1ede3-316d-41d6-9aae-4b640483140f service placement] 10.222.0.58 "GET /placement/allocations/c429e904-e253-4f9d-92e5-758f0cb1bd88" status: 200 len: 19 microversion: 1.28
Jul 15 23:25:18.118369 n-d-793620-9 devstack@placement-api.service[94391]: [pid: 94391|app: 0|req: 279/558] 10.222.0.58 () {60 vars in 1381 bytes} [Thu Jul 15 23:25:18 2021] GET /placement/allocations/c429e904-e253-4f9d-92e5-758f0cb1bd88 => generated 19 bytes in 28 msecs (HTTP/1.1 200) 8 headers in 295 bytes (1 switches on core 0)
Jul 15 23:25:18.128920 n-d-793620-9 devstack@placement-api.service[94392]: DEBUG placement.requestlog [req-a33f173d-0cfb-4493-8d71-96f31faab4f4 req-5b6ccde1-1d6a-48ca-a2ad-5ad59a30d73a None None] Starting request: 10.222.0.58 "PUT /placement/allocations/c429e904-e253-4f9d-92e5-758f0cb1bd88" {{(pid=94392) __call__ /opt/stack/placement/placement/requestlog.py:55}}
Jul 15 23:25:18.302118 n-d-793620-9 devstack@placement-api.service[94392]: DEBUG placement.handlers.allocation [req-a33f173d-0cfb-4493-8d71-96f31faab4f4 req-5b6ccde1-1d6a-48ca-a2ad-5ad59a30d73a service placement] Successfully wrote allocations [, , ] {{(pid=94392) _create_allocations /opt/stack/placement/placement/handlers/allocation.py:435}}
Jul 15 23:25:18.305393 n-d-793620-9 devstack@placement-api.service[94392]: INFO placement.requestlog [req-a33f173d-0cfb-4493-8d71-96f31faab4f4 req-5b6ccde1-1d6a-48ca-a2ad-5ad59a30d73a service placement] 10.222.0.58 "PUT /placement/allocations/c429e904-e253-4f9d-92e5-758f0cb1bd88" status: 204 len: 0 microversion: 1.35
Jul 15 23:25:18.306992 n-d-793620-9 devstack@placement-api.service[94392]: [pid: 94392|app: 0|req: 280/559] 10.222.0.58 () {64 vars in 1434 bytes} [Thu Jul 15 23:25:18 2021] PUT /placement/allocations/c429e904-e253-4f9d-92e5-758f0cb1bd88 => generated 0 bytes in 178 msecs (HTTP/1.1 204) 5 headers in 199 bytes (2 switches on core 0)
Jul 15 23:25:19.029256 n-d-793620-9 devstack@placement-api.service[94391]: DEBUG placement.requestlog [req-a33f173d-0cfb-4493-8d71-96f31faab4f4 req-0584344c-9f5b-41a2-87a0-0d57cdb520dc None None] Starting request: 10.222.0.65 "GET /placement/allocations/c429e904-e253-4f9d-92e5-758f0cb1bd88" {{(pid=94391) __call__ /opt/stack/placement/placement/requestlog.py:55}}
Jul 15 23:25:19.063163 n-d-793620-9 devstack@placement-api.service[94391]: INFO placement.requestlog [req-a33f173d-0cfb-4493-8d71-96f31faab4f4 req-0584344c-9f5b-41a2-87a0-0d57cdb520dc service placement] 10.222.0.65 "GET /placement/allocations/c429e904-e253-4f9d-92e5-758f0cb1bd88" status: 200 len: 260 microversion: 1.28
Jul 15 23:25:19.063466 n-d-793620-9 devstack@placement-api.service[94391]: [pid: 94391|app: 0|req: 280/560] 10.222.0.65 () {60 vars in 1378 bytes} [Thu Jul 15 23:25:19 2021] GET /placement/allocations/c429e904-e253-4f9d-92e5-758f0cb1bd88 => generated 260 bytes in 34 msecs (HTTP/1.1 200) 8 headers in 296 bytes (1 switches on core 0)
Jul 15 23:25:23.896653 n-d-793620-9 devstack@placement-api.service[94392]: DEBUG placement.requestlog [req-81a08df3-86f7-45a9-8b13-0b05ca03f68e req-6287c964-9f62-483a-b70a-3bd0bb896fbe None None] Starting request: 10.222.0.58 "GET /placement/allocation_candidates?limit=1000&resources=DISK_GB%3A1%2CMEMORY_MB%3A1024%2CVCPU%3A1&root_required=%21COMPUTE_STATUS_DISABLED" {{(pid=94392) __call__ /opt/stack/placement/placement/requestlog.py:55}}
Jul 15 23:25:24.054231 n-d-793620-9 devstack@placement-api.service[94392]: DEBUG placement.objects.research_context [req-81a08df3-86f7-45a9-8b13-0b05ca03f68e req-6287c964-9f62-483a-b70a-3bd0bb896fbe service placement] getting providers with 1 DISK_GB {{(pid=94392) __init__ /opt/stack/placement/placement/objects/research_context.py:126}}
Jul 15 23:25:24.072306 n-d-793620-9 devstack@placement-api.service[94392]: DEBUG placement.objects.research_context [req-81a08df3-86f7-45a9-8b13-0b05ca03f68e req-6287c964-9f62-483a-b70a-3bd0bb896fbe service placement] getting providers with 1024 MEMORY_MB {{(pid=94392) __init__ /opt/stack/placement/placement/objects/research_context.py:126}}
Jul 15 23:25:24.088791 n-d-793620-9 devstack@placement-api.service[94392]: DEBUG placement.objects.research_context [req-81a08df3-86f7-45a9-8b13-0b05ca03f68e req-6287c964-9f62-483a-b70a-3bd0bb896fbe service placement] getting providers with 1 VCPU {{(pid=94392) __init__ /opt/stack/placement/placement/objects/research_context.py:126}}
Jul 15 23:25:24.109679 n-d-793620-9 devstack@placement-api.service[94392]: DEBUG placement.objects.research_context [req-81a08df3-86f7-45a9-8b13-0b05ca03f68e req-6287c964-9f62-483a-b70a-3bd0bb896fbe service placement] found 2 providers with available 1 DISK_GB {{(pid=94392) get_provider_ids_matching /opt/stack/placement/placement/objects/research_context.py:549}}
Jul 15 23:25:24.110554 n-d-793620-9 devstack@placement-api.service[94392]: DEBUG placement.objects.research_context [req-81a08df3-86f7-45a9-8b13-0b05ca03f68e req-6287c964-9f62-483a-b70a-3bd0bb896fbe service placement] found 2 providers with available 1024 MEMORY_MB {{(pid=94392) get_provider_ids_matching /opt/stack/placement/placement/objects/research_context.py:549}}
Jul 15 23:25:24.111276 n-d-793620-9 devstack@placement-api.service[94392]: DEBUG placement.objects.research_context [req-81a08df3-86f7-45a9-8b13-0b05ca03f68e req-6287c964-9f62-483a-b70a-3bd0bb896fbe service placement] found 2 providers after filtering by previous result {{(pid=94392) get_provider_ids_matching /opt/stack/placement/placement/objects/research_context.py:580}}
Jul 15 23:25:24.111978 n-d-793620-9 devstack@placement-api.service[94392]: DEBUG placement.objects.research_context [req-81a08df3-86f7-45a9-8b13-0b05ca03f68e req-6287c964-9f62-483a-b70a-3bd0bb896fbe service placement] found 2 providers with available 1 VCPU {{(pid=94392) get_provider_ids_matching /opt/stack/placement/placement/objects/research_context.py:549}}
Jul 15 23:25:24.112684 n-d-793620-9 devstack@placement-api.service[94392]: DEBUG placement.objects.research_context [req-81a08df3-86f7-45a9-8b13-0b05ca03f68e req-6287c964-9f62-483a-b70a-3bd0bb896fbe service placement] found 2 providers after filtering by previous result {{(pid=94392) get_provider_ids_matching /opt/stack/placement/placement/objects/research_context.py:580}}
Jul 15 23:25:24.150914 n-d-793620-9 devstack@placement-api.service[94392]: DEBUG placement.objects.allocation_candidate [req-81a08df3-86f7-45a9-8b13-0b05ca03f68e req-6287c964-9f62-483a-b70a-3bd0bb896fbe service placement] RequestGroup(use_same_provider=False, resources={DISK_GB:1, MEMORY_MB:1024, VCPU:1}, traits=[], aggregates=[]) (suffix '') returned 2 matches {{(pid=94392) _get_by_requests /opt/stack/placement/placement/objects/allocation_candidate.py:145}}
Jul 15 23:25:24.152511 n-d-793620-9 devstack@placement-api.service[94392]: DEBUG placement.objects.allocation_candidate [req-81a08df3-86f7-45a9-8b13-0b05ca03f68e req-6287c964-9f62-483a-b70a-3bd0bb896fbe service placement] Merging candidates yields 2 allocation requests and 2 provider summaries {{(pid=94392) _merge_candidates /opt/stack/placement/placement/objects/allocation_candidate.py:783}}
Jul 15 23:25:24.155835 n-d-793620-9 devstack@placement-api.service[94392]: INFO placement.requestlog [req-81a08df3-86f7-45a9-8b13-0b05ca03f68e req-6287c964-9f62-483a-b70a-3bd0bb896fbe service placement] 10.222.0.58 "GET /placement/allocation_candidates?limit=1000&resources=DISK_GB%3A1%2CMEMORY_MB%3A1024%2CVCPU%3A1&root_required=%21COMPUTE_STATUS_DISABLED" status: 200 len: 1309 microversion: 1.35
Jul 15 23:25:24.156987 n-d-793620-9 devstack@placement-api.service[94392]: [pid: 94392|app: 0|req: 281/561] 10.222.0.58 () {60 vars in 1507 bytes} [Thu Jul 15 23:25:23 2021] GET /placement/allocation_candidates?limit=1000&resources=DISK_GB%3A1%2CMEMORY_MB%3A1024%2CVCPU%3A1&root_required=%21COMPUTE_STATUS_DISABLED => generated 1309 bytes in 262 msecs (HTTP/1.1 200) 8 headers in 297 bytes (1 switches on core 0)
Jul 15 23:25:24.268043 n-d-793620-9 devstack@placement-api.service[94391]: DEBUG placement.requestlog [req-81a08df3-86f7-45a9-8b13-0b05ca03f68e req-690bee5b-226a-4c89-9b20-f93d1524c98c None None] Starting request: 10.222.0.58 "GET /placement/allocations/1f941d3c-5571-4516-92a8-981308cf6a5d" {{(pid=94391) __call__ /opt/stack/placement/placement/requestlog.py:55}}
Jul 15 23:25:24.296734 n-d-793620-9 devstack@placement-api.service[94391]: INFO placement.requestlog [req-81a08df3-86f7-45a9-8b13-0b05ca03f68e req-690bee5b-226a-4c89-9b20-f93d1524c98c service placement] 10.222.0.58 "GET /placement/allocations/1f941d3c-5571-4516-92a8-981308cf6a5d" status: 200 len: 19 microversion: 1.28
Jul 15 23:25:24.297907 n-d-793620-9 devstack@placement-api.service[94391]: [pid: 94391|app: 0|req: 281/562] 10.222.0.58 () {60 vars in 1381 bytes} [Thu Jul 15 23:25:24 2021] GET /placement/allocations/1f941d3c-5571-4516-92a8-981308cf6a5d => generated 19 bytes in 34 msecs (HTTP/1.1 200) 8 headers in 295 bytes (1 switches on core 0)
Jul 15 23:25:24.304426 n-d-793620-9 devstack@placement-api.service[94392]: DEBUG placement.requestlog [req-81a08df3-86f7-45a9-8b13-0b05ca03f68e req-7c1c8c55-de02-45e6-b40f-a454c569262d None None] Starting request: 10.222.0.58 "PUT /placement/allocations/1f941d3c-5571-4516-92a8-981308cf6a5d" {{(pid=94392) __call__ /opt/stack/placement/placement/requestlog.py:55}}
Jul 15 23:25:24.458286 n-d-793620-9 devstack@placement-api.service[94392]: DEBUG placement.handlers.allocation [req-81a08df3-86f7-45a9-8b13-0b05ca03f68e req-7c1c8c55-de02-45e6-b40f-a454c569262d service placement] Successfully wrote allocations [, , ] {{(pid=94392) _create_allocations /opt/stack/placement/placement/handlers/allocation.py:435}}
Jul 15 23:25:24.459203 n-d-793620-9 devstack@placement-api.service[94392]: INFO placement.requestlog [req-81a08df3-86f7-45a9-8b13-0b05ca03f68e req-7c1c8c55-de02-45e6-b40f-a454c569262d service placement] 10.222.0.58 "PUT /placement/allocations/1f941d3c-5571-4516-92a8-981308cf6a5d" status: 204 len: 0 microversion: 1.35
Jul 15 23:25:24.460062 n-d-793620-9 devstack@placement-api.service[94392]: [pid: 94392|app: 0|req: 282/563] 10.222.0.58 () {64 vars in 1434 bytes} [Thu Jul 15 23:25:24 2021] PUT /placement/allocations/1f941d3c-5571-4516-92a8-981308cf6a5d => generated 0 bytes in 156 msecs (HTTP/1.1 204) 5 headers in 199 bytes (1 switches on core 0)
Jul 15 23:25:25.050772 n-d-793620-9 devstack@placement-api.service[94391]: DEBUG placement.requestlog [req-81a08df3-86f7-45a9-8b13-0b05ca03f68e req-699553d2-a0a5-4b4f-856c-0417365c404a None None] Starting request: 10.222.0.65 "GET /placement/allocations/1f941d3c-5571-4516-92a8-981308cf6a5d" {{(pid=94391) __call__ /opt/stack/placement/placement/requestlog.py:55}}
Jul 15 23:25:25.118654 n-d-793620-9 devstack@placement-api.service[94391]: INFO placement.requestlog [req-81a08df3-86f7-45a9-8b13-0b05ca03f68e req-699553d2-a0a5-4b4f-856c-0417365c404a service placement] 10.222.0.65 "GET /placement/allocations/1f941d3c-5571-4516-92a8-981308cf6a5d" status: 200 len: 260 microversion: 1.28
Jul 15 23:25:25.119494 n-d-793620-9 devstack@placement-api.service[94391]: [pid: 94391|app: 0|req: 282/564] 10.222.0.65 () {60 vars in 1378 bytes} [Thu Jul 15 23:25:25 2021] GET /placement/allocations/1f941d3c-5571-4516-92a8-981308cf6a5d => generated 260 bytes in 69 msecs (HTTP/1.1 200) 8 headers in 296 bytes (1 switches on core 0)
Jul 15 23:25:26.419041 n-d-793620-9 devstack@placement-api.service[94392]: DEBUG placement.requestlog [req-3ca8e8c6-6dab-4b63-a652-2d88e426eca5 req-f7beab62-2167-4827-8da8-903a3fc9ebf2 None None] Starting request: 10.222.0.65 "GET /placement/resource_providers/b850af09-7cc3-4551-85db-188cc4991cf1/allocations" {{(pid=94392) __call__ /opt/stack/placement/placement/requestlog.py:55}}
Jul 15 23:25:26.452908 n-d-793620-9 devstack@placement-api.service[94392]: INFO placement.requestlog [req-3ca8e8c6-6dab-4b63-a652-2d88e426eca5 req-f7beab62-2167-4827-8da8-903a3fc9ebf2 service placement] 10.222.0.65 "GET /placement/resource_providers/b850af09-7cc3-4551-85db-188cc4991cf1/allocations" status: 200 len: 659 microversion: 1.0
Jul 15 23:25:26.453429 n-d-793620-9 devstack@placement-api.service[94392]: [pid: 94392|app: 0|req: 283/565] 10.222.0.65 () {58 vars in 1391 bytes} [Thu Jul 15 23:25:26 2021] GET /placement/resource_providers/b850af09-7cc3-4551-85db-188cc4991cf1/allocations => generated 659 bytes in 34 msecs (HTTP/1.1 200) 6 headers in 224 bytes (1 switches on core 0)
Jul 15 23:25:27.266170 n-d-793620-9 devstack@placement-api.service[94391]: DEBUG placement.requestlog [req-3ca8e8c6-6dab-4b63-a652-2d88e426eca5 req-66d2e6da-4fac-4e90-a444-08ea907510b9 None None] Starting request: 10.222.0.65 "GET /placement/allocations/dc0d184c-8031-4a20-8c16-4002b6df93ec" {{(pid=94391) __call__ /opt/stack/placement/placement/requestlog.py:55}}
Jul 15 23:25:27.290346 n-d-793620-9 devstack@placement-api.service[94391]: INFO placement.requestlog [req-3ca8e8c6-6dab-4b63-a652-2d88e426eca5 req-66d2e6da-4fac-4e90-a444-08ea907510b9 service placement] 10.222.0.65 "GET /placement/allocations/dc0d184c-8031-4a20-8c16-4002b6df93ec" status: 200 len: 260 microversion: 1.28
Jul 15 23:25:27.291906 n-d-793620-9 devstack@placement-api.service[94391]: [pid: 94391|app: 0|req: 283/566] 10.222.0.65 () {60 vars in 1378 bytes} [Thu Jul 15 23:25:27 2021] GET /placement/allocations/dc0d184c-8031-4a20-8c16-4002b6df93ec => generated 260 bytes in 26 msecs (HTTP/1.1 200) 8 headers in 296 bytes (1 switches on core 0)
Jul 15 23:25:27.299284 n-d-793620-9 devstack@placement-api.service[94392]: DEBUG placement.requestlog [req-3ca8e8c6-6dab-4b63-a652-2d88e426eca5 req-d79b16d8-b1c2-43d2-af50-d82c4b23f4c8 None None] Starting request: 10.222.0.65 "PUT /placement/allocations/dc0d184c-8031-4a20-8c16-4002b6df93ec" {{(pid=94392) __call__ /opt/stack/placement/placement/requestlog.py:55}}
Jul 15 23:25:27.427698 n-d-793620-9 devstack@placement-api.service[94392]: DEBUG placement.handlers.allocation [req-3ca8e8c6-6dab-4b63-a652-2d88e426eca5 req-d79b16d8-b1c2-43d2-af50-d82c4b23f4c8 service placement] Successfully wrote allocations [, , ] {{(pid=94392) _create_allocations /opt/stack/placement/placement/handlers/allocation.py:435}}
Jul 15 23:25:27.430751 n-d-793620-9 devstack@placement-api.service[94392]: INFO placement.requestlog [req-3ca8e8c6-6dab-4b63-a652-2d88e426eca5 req-d79b16d8-b1c2-43d2-af50-d82c4b23f4c8 service placement] 10.222.0.65 "PUT /placement/allocations/dc0d184c-8031-4a20-8c16-4002b6df93ec" status: 204 len: 0 microversion: 1.28
Jul 15 23:25:27.432579 n-d-793620-9 devstack@placement-api.service[94392]: [pid: 94392|app: 0|req: 284/567] 10.222.0.65 () {64 vars in 1431 bytes} [Thu Jul 15 23:25:27 2021] PUT /placement/allocations/dc0d184c-8031-4a20-8c16-4002b6df93ec => generated 0 bytes in 133 msecs (HTTP/1.1 204) 5 headers in 199 bytes (2 switches on core 0)
Jul 15 23:25:28.431963 n-d-793620-9 devstack@placement-api.service[94391]: DEBUG placement.requestlog [req-52170803-32d7-4afe-bf57-e69b627bda03 req-ff5aad7c-04de-4d55-9fd1-59e0c341fa21 None None] Starting request: 10.222.0.66 "GET /placement/resource_providers/a4bdb7ad-677c-4a99-a8e3-bc5c93dc0adf/allocations" {{(pid=94391) __call__ /opt/stack/placement/placement/requestlog.py:55}}
Jul 15 23:25:28.487662 n-d-793620-9 devstack@placement-api.service[94391]: INFO placement.requestlog [req-52170803-32d7-4afe-bf57-e69b627bda03 req-ff5aad7c-04de-4d55-9fd1-59e0c341fa21 service placement] 10.222.0.66 "GET /placement/resource_providers/a4bdb7ad-677c-4a99-a8e3-bc5c93dc0adf/allocations" status: 200 len: 356 microversion: 1.0
Jul 15 23:25:28.487919 n-d-793620-9 devstack@placement-api.service[94391]: [pid: 94391|app: 0|req: 284/568] 10.222.0.66 () {58 vars in 1391 bytes} [Thu Jul 15 23:25:28 2021] GET /placement/resource_providers/a4bdb7ad-677c-4a99-a8e3-bc5c93dc0adf/allocations => generated 356 bytes in 57 msecs (HTTP/1.1 200) 6 headers in 224 bytes (1 switches on core 0)
Jul 15 23:25:39.077667 n-d-793620-9 devstack@placement-api.service[94392]: DEBUG placement.requestlog [req-805dee84-62ee-46e9-a2b5-f8f2a150fa6f req-475a7776-3892-4248-8410-2b0f4c511c3f None None] Starting request: 10.222.0.58 "GET /placement/allocation_candidates?limit=1000&resources=DISK_GB%3A1%2CMEMORY_MB%3A1024%2CVCPU%3A1&root_required=%21COMPUTE_STATUS_DISABLED" {{(pid=94392) __call__ /opt/stack/placement/placement/requestlog.py:55}}
Jul 15 23:25:39.214992 n-d-793620-9 devstack@placement-api.service[94392]: DEBUG placement.objects.research_context [req-805dee84-62ee-46e9-a2b5-f8f2a150fa6f req-475a7776-3892-4248-8410-2b0f4c511c3f service placement] getting providers with 1 DISK_GB {{(pid=94392) __init__ /opt/stack/placement/placement/objects/research_context.py:126}}
Jul 15 23:25:39.234614 n-d-793620-9 devstack@placement-api.service[94392]: DEBUG placement.objects.research_context [req-805dee84-62ee-46e9-a2b5-f8f2a150fa6f req-475a7776-3892-4248-8410-2b0f4c511c3f service placement] getting providers with 1024 MEMORY_MB {{(pid=94392) __init__ /opt/stack/placement/placement/objects/research_context.py:126}}
Jul 15 23:25:39.252363 n-d-793620-9 devstack@placement-api.service[94392]: DEBUG placement.objects.research_context [req-805dee84-62ee-46e9-a2b5-f8f2a150fa6f req-475a7776-3892-4248-8410-2b0f4c511c3f service placement] getting providers with 1 VCPU {{(pid=94392) __init__ /opt/stack/placement/placement/objects/research_context.py:126}}
Jul 15 23:25:39.267830 n-d-793620-9 devstack@placement-api.service[94392]: DEBUG placement.objects.research_context [req-805dee84-62ee-46e9-a2b5-f8f2a150fa6f req-475a7776-3892-4248-8410-2b0f4c511c3f service placement] found 2 providers with available 1 DISK_GB {{(pid=94392) get_provider_ids_matching /opt/stack/placement/placement/objects/research_context.py:549}}
Jul 15 23:25:39.268714 n-d-793620-9 devstack@placement-api.service[94392]: DEBUG placement.objects.research_context [req-805dee84-62ee-46e9-a2b5-f8f2a150fa6f req-475a7776-3892-4248-8410-2b0f4c511c3f service placement] found 2 providers with available 1024 MEMORY_MB {{(pid=94392) get_provider_ids_matching /opt/stack/placement/placement/objects/research_context.py:549}}
Jul 15 23:25:39.269458 n-d-793620-9 devstack@placement-api.service[94392]: DEBUG placement.objects.research_context [req-805dee84-62ee-46e9-a2b5-f8f2a150fa6f req-475a7776-3892-4248-8410-2b0f4c511c3f service placement] found 2 providers after filtering by previous result {{(pid=94392) get_provider_ids_matching /opt/stack/placement/placement/objects/research_context.py:580}}
Jul 15 23:25:39.270152 n-d-793620-9 devstack@placement-api.service[94392]: DEBUG placement.objects.research_context [req-805dee84-62ee-46e9-a2b5-f8f2a150fa6f req-475a7776-3892-4248-8410-2b0f4c511c3f service placement] found 2 providers with available 1 VCPU {{(pid=94392) get_provider_ids_matching /opt/stack/placement/placement/objects/research_context.py:549}}
Jul 15 23:25:39.271189 n-d-793620-9 devstack@placement-api.service[94392]: DEBUG placement.objects.research_context [req-805dee84-62ee-46e9-a2b5-f8f2a150fa6f req-475a7776-3892-4248-8410-2b0f4c511c3f service placement] found 2 providers after filtering by previous result {{(pid=94392) get_provider_ids_matching /opt/stack/placement/placement/objects/research_context.py:580}}
Jul 15 23:25:39.301231 n-d-793620-9 devstack@placement-api.service[94392]: DEBUG placement.objects.allocation_candidate [req-805dee84-62ee-46e9-a2b5-f8f2a150fa6f req-475a7776-3892-4248-8410-2b0f4c511c3f service placement] RequestGroup(use_same_provider=False, resources={DISK_GB:1, MEMORY_MB:1024, VCPU:1}, traits=[], aggregates=[]) (suffix '') returned 2 matches {{(pid=94392) _get_by_requests /opt/stack/placement/placement/objects/allocation_candidate.py:145}}
Jul 15 23:25:39.304162 n-d-793620-9 devstack@placement-api.service[94392]: DEBUG placement.objects.allocation_candidate [req-805dee84-62ee-46e9-a2b5-f8f2a150fa6f req-475a7776-3892-4248-8410-2b0f4c511c3f service placement] Merging candidates yields 2 allocation requests and 2 provider summaries {{(pid=94392) _merge_candidates /opt/stack/placement/placement/objects/allocation_candidate.py:783}}
Jul 15 23:25:39.307074 n-d-793620-9 devstack@placement-api.service[94392]: INFO placement.requestlog [req-805dee84-62ee-46e9-a2b5-f8f2a150fa6f req-475a7776-3892-4248-8410-2b0f4c511c3f service placement] 10.222.0.58 "GET /placement/allocation_candidates?limit=1000&resources=DISK_GB%3A1%2CMEMORY_MB%3A1024%2CVCPU%3A1&root_required=%21COMPUTE_STATUS_DISABLED" status: 200 len: 1309 microversion: 1.35
Jul 15 23:25:39.312259 n-d-793620-9 devstack@placement-api.service[94392]: [pid: 94392|app: 0|req: 285/569] 10.222.0.58 () {60 vars in 1507 bytes} [Thu Jul 15 23:25:39 2021] GET /placement/allocation_candidates?limit=1000&resources=DISK_GB%3A1%2CMEMORY_MB%3A1024%2CVCPU%3A1&root_required=%21COMPUTE_STATUS_DISABLED => generated 1309 bytes in 235 msecs (HTTP/1.1 200) 8 headers in 297 bytes (2 switches on core 0)
Jul 15 23:25:39.495279 n-d-793620-9 devstack@placement-api.service[94391]: DEBUG placement.requestlog [req-805dee84-62ee-46e9-a2b5-f8f2a150fa6f req-32bc6f85-4f07-4adb-a1cf-f9064554d0ff None None] Starting request: 10.222.0.58 "GET /placement/allocations/0767622c-32e8-4b2c-94f6-b8f62634d3b6" {{(pid=94391) __call__ /opt/stack/placement/placement/requestlog.py:55}}
Jul 15 23:25:39.533639 n-d-793620-9 devstack@placement-api.service[94391]: INFO placement.requestlog [req-805dee84-62ee-46e9-a2b5-f8f2a150fa6f req-32bc6f85-4f07-4adb-a1cf-f9064554d0ff service placement] 10.222.0.58 "GET /placement/allocations/0767622c-32e8-4b2c-94f6-b8f62634d3b6" status: 200 len: 19 microversion: 1.28
Jul 15 23:25:39.535161 n-d-793620-9 devstack@placement-api.service[94391]: [pid: 94391|app: 0|req: 285/570] 10.222.0.58 () {60 vars in 1381 bytes} [Thu Jul 15 23:25:39 2021] GET /placement/allocations/0767622c-32e8-4b2c-94f6-b8f62634d3b6 => generated 19 bytes in 40 msecs (HTTP/1.1 200) 8 headers in 295 bytes (1 switches on core 0)
Jul 15 23:25:39.543690 n-d-793620-9 devstack@placement-api.service[94392]: DEBUG placement.requestlog [req-805dee84-62ee-46e9-a2b5-f8f2a150fa6f req-1cf21f20-0857-4b22-85b5-cfbe5a4de086 None None] Starting request: 10.222.0.58 "PUT /placement/allocations/0767622c-32e8-4b2c-94f6-b8f62634d3b6" {{(pid=94392) __call__ /opt/stack/placement/placement/requestlog.py:55}}
Jul 15 23:25:39.803844 n-d-793620-9 devstack@placement-api.service[94392]: DEBUG placement.handlers.allocation [req-805dee84-62ee-46e9-a2b5-f8f2a150fa6f req-1cf21f20-0857-4b22-85b5-cfbe5a4de086 service placement] Successfully wrote allocations [, , ] {{(pid=94392) _create_allocations /opt/stack/placement/placement/handlers/allocation.py:435}}
Jul 15 23:25:39.804960 n-d-793620-9 devstack@placement-api.service[94392]: INFO placement.requestlog [req-805dee84-62ee-46e9-a2b5-f8f2a150fa6f req-1cf21f20-0857-4b22-85b5-cfbe5a4de086 service placement] 10.222.0.58 "PUT /placement/allocations/0767622c-32e8-4b2c-94f6-b8f62634d3b6" status: 204 len: 0 microversion: 1.35
Jul 15 23:25:39.805363 n-d-793620-9 devstack@placement-api.service[94392]: [pid: 94392|app: 0|req: 286/571] 10.222.0.58 () {64 vars in 1434 bytes} [Thu Jul 15 23:25:39 2021] PUT /placement/allocations/0767622c-32e8-4b2c-94f6-b8f62634d3b6 => generated 0 bytes in 264 msecs (HTTP/1.1 204) 5 headers in 199 bytes (1 switches on core 0)
Jul 15 23:25:39.818811 n-d-793620-9 devstack@placement-api.service[94391]: DEBUG placement.requestlog [req-c656f143-0187-4a21-9b1e-8d10b6966417 req-e37c3533-affd-4ba4-b9d1-e684db57c765 None None] Starting request: 10.222.0.65 "GET /placement/resource_providers/b850af09-7cc3-4551-85db-188cc4991cf1/allocations" {{(pid=94391) __call__ /opt/stack/placement/placement/requestlog.py:55}}
Jul 15 23:25:39.901428 n-d-793620-9 devstack@placement-api.service[94391]: INFO placement.requestlog [req-c656f143-0187-4a21-9b1e-8d10b6966417 req-e37c3533-affd-4ba4-b9d1-e684db57c765 service placement] 10.222.0.65 "GET /placement/resource_providers/b850af09-7cc3-4551-85db-188cc4991cf1/allocations" status: 200 len: 659 microversion: 1.0
Jul 15 23:25:39.902322 n-d-793620-9 devstack@placement-api.service[94391]: [pid: 94391|app: 0|req: 286/572] 10.222.0.65 () {58 vars in 1391 bytes} [Thu Jul 15 23:25:39 2021] GET /placement/resource_providers/b850af09-7cc3-4551-85db-188cc4991cf1/allocations => generated 659 bytes in 84 msecs (HTTP/1.1 200) 6 headers in 224 bytes (2 switches on core 0)
Jul 15 23:25:40.767236 n-d-793620-9 devstack@placement-api.service[94392]: DEBUG placement.requestlog [req-805dee84-62ee-46e9-a2b5-f8f2a150fa6f req-57cb7537-ca53-4a74-a801-204ae0372021 None None] Starting request: 10.222.0.65 "GET /placement/allocations/0767622c-32e8-4b2c-94f6-b8f62634d3b6" {{(pid=94392) __call__ /opt/stack/placement/placement/requestlog.py:55}}
