Jul 07 16:45:59.828631 n-d-793620-7 devstack@n-api.service[115326]: /usr/local/lib/python3.8/dist-packages/oslo_policy/policy.py:1064: UserWarning: Policy os_compute_api:os-aggregates:index failed scope check. The token used to make the request was project scoped but the policy requires ['system'] scope. This behavior may change in the future where using the intended scope is required
Jul 07 16:45:59.828631 n-d-793620-7 devstack@n-api.service[115326]: warnings.warn(msg)
Jul 07 16:45:59.845231 n-d-793620-7 devstack@n-api.service[115325]: DEBUG nova.api.openstack.wsgi [None req-2e7376b1-314b-42a2-9b7c-11bd1cc8acbb tempest-FlavorsExtraSpecsNegativeTestJSON-1701112465 tempest-FlavorsExtraSpecsNegativeTestJSON-1701112465-project] Calling method '>' {{(pid=115325) _process_stack /opt/stack/nova/nova/api/openstack/wsgi.py:513}}
Jul 07 16:45:59.850407 n-d-793620-7 devstack@n-api.service[115326]: INFO nova.api.openstack.requestlog [None req-829cc691-9ead-4e73-9253-3ba3f6fd180c tempest-AggregatesAdminTestJSON-693807264 tempest-AggregatesAdminTestJSON-693807264-project-admin] 10.222.0.50 "GET /compute/v2.1/os-aggregates" status: 200 len: 301 microversion: 2.1 time: 0.026104
Jul 07 16:45:59.851682 n-d-793620-7 devstack@n-api.service[115326]: [pid: 115326|app: 0|req: 6/11] 10.222.0.50 () {58 vars in 1143 bytes} [Wed Jul 7 16:45:59 2021] GET /compute/v2.1/os-aggregates => generated 301 bytes in 28 msecs (HTTP/1.1 200) 9 headers in 357 bytes (1 switches on core 0)
Jul 07 16:45:59.856630 n-d-793620-7 devstack@n-api.service[115326]: DEBUG nova.api.openstack.wsgi [None req-c4de9861-3899-4fac-9aa5-448525f815f4 tempest-FlavorsAdminTestJSON-1824354924 tempest-FlavorsAdminTestJSON-1824354924-project-admin] Calling method '>' {{(pid=115326) _process_stack /opt/stack/nova/nova/api/openstack/wsgi.py:513}}
Jul 07 16:45:59.867411 n-d-793620-7 devstack@n-api.service[115325]: INFO nova.api.openstack.wsgi [None req-2e7376b1-314b-42a2-9b7c-11bd1cc8acbb tempest-FlavorsExtraSpecsNegativeTestJSON-1701112465 tempest-FlavorsExtraSpecsNegativeTestJSON-1701112465-project] HTTP exception thrown: Flavor 225410842 has no extra specs with key hw:cpu_thread_policy.
Jul 07 16:45:59.868020 n-d-793620-7 devstack@n-api.service[115325]: DEBUG nova.api.openstack.wsgi [None req-2e7376b1-314b-42a2-9b7c-11bd1cc8acbb tempest-FlavorsExtraSpecsNegativeTestJSON-1701112465 tempest-FlavorsExtraSpecsNegativeTestJSON-1701112465-project] Returning 404 to user: Flavor 225410842 has no extra specs with key hw:cpu_thread_policy. {{(pid=115325) __call__ /opt/stack/nova/nova/api/openstack/wsgi.py:927}}
Jul 07 16:45:59.868865 n-d-793620-7 devstack@n-api.service[115325]: INFO nova.api.openstack.requestlog [None req-2e7376b1-314b-42a2-9b7c-11bd1cc8acbb tempest-FlavorsExtraSpecsNegativeTestJSON-1701112465 tempest-FlavorsExtraSpecsNegativeTestJSON-1701112465-project] 10.222.0.50 "GET /compute/v2.1/flavors/225410842/os-extra_specs/hw:cpu_thread_policy" status: 404 len: 112 microversion: 2.1 time: 0.135024
Jul 07 16:45:59.869423 n-d-793620-7 devstack@n-api.service[115325]: [pid: 115325|app: 0|req: 6/12] 10.222.0.50 () {58 vars in 1263 bytes} [Wed Jul 7 16:45:59 2021] GET /compute/v2.1/flavors/225410842/os-extra_specs/hw:cpu_thread_policy => generated 112 bytes in 136 msecs (HTTP/1.1 404) 9 headers in 379 bytes (1 switches on core 0)
Jul 07 16:45:59.895956 n-d-793620-7 devstack@n-api.service[115326]: INFO nova.api.openstack.requestlog [None req-c4de9861-3899-4fac-9aa5-448525f815f4 tempest-FlavorsAdminTestJSON-1824354924 tempest-FlavorsAdminTestJSON-1824354924-project-admin] 10.222.0.50 "GET /compute/v2.1/flavors/detail" status: 200 len: 5394 microversion: 2.1 time: 0.042676
Jul 07 16:45:59.896608 n-d-793620-7 devstack@n-api.service[115326]: [pid: 115326|app: 0|req: 7/13] 10.222.0.50 () {58 vars in 1146 bytes} [Wed Jul 7 16:45:59 2021] GET /compute/v2.1/flavors/detail => generated 5394 bytes in 44 msecs (HTTP/1.1 200) 9 headers in 358 bytes (1 switches on core 0)
Jul 07 16:45:59.912480 n-d-793620-7 devstack@n-api.service[115326]: DEBUG nova.api.openstack.wsgi [None req-157c4dd7-dd9d-4ba8-ad1d-4984ca8fe943 tempest-AggregatesAdminTestJSON-693807264 tempest-AggregatesAdminTestJSON-693807264-project-admin] Action: 'action', calling method: >, body: {"add_host": {"host": "n-h1-793620-7"}} {{(pid=115326) _process_stack /opt/stack/nova/nova/api/openstack/wsgi.py:511}}
Jul 07 16:45:59.914613 n-d-793620-7 devstack@n-api.service[115326]: /usr/local/lib/python3.8/dist-packages/oslo_policy/policy.py:1064: UserWarning: Policy os_compute_api:os-aggregates:add_host failed scope check. The token used to make the request was project scoped but the policy requires ['system'] scope. This behavior may change in the future where using the intended scope is required
Jul 07 16:45:59.914613 n-d-793620-7 devstack@n-api.service[115326]: warnings.warn(msg)
Jul 07 16:45:59.923132 n-d-793620-7 devstack@n-api.service[115326]: DEBUG oslo_concurrency.lockutils [None req-157c4dd7-dd9d-4ba8-ad1d-4984ca8fe943 tempest-AggregatesAdminTestJSON-693807264 tempest-AggregatesAdminTestJSON-693807264-project-admin] Lock "8e3fe29a-5e10-4a7d-a62c-668c82090327" acquired by "nova.context.set_target_cell..get_or_set_cached_cell_and_set_connections" :: waited 0.000s {{(pid=115326) inner /usr/local/lib/python3.8/dist-packages/oslo_concurrency/lockutils.py:355}}
Jul 07 16:45:59.923545 n-d-793620-7 devstack@n-api.service[115326]: DEBUG oslo_concurrency.lockutils [None req-157c4dd7-dd9d-4ba8-ad1d-4984ca8fe943 tempest-AggregatesAdminTestJSON-693807264 tempest-AggregatesAdminTestJSON-693807264-project-admin] Lock "8e3fe29a-5e10-4a7d-a62c-668c82090327" released by "nova.context.set_target_cell..get_or_set_cached_cell_and_set_connections" :: held 0.001s {{(pid=115326) inner /usr/local/lib/python3.8/dist-packages/oslo_concurrency/lockutils.py:367}}
Jul 07 16:45:59.925823 n-d-793620-7 devstack@n-api.service[115326]: /opt/stack/nova/nova/db/sqlalchemy/api.py:530: SAWarning: TypeDecorator SoftDeleteInteger() will not produce a cache key because the ``cache_ok`` flag is not set to True. Set this flag to True if this type object's state is safe to use in a cache key, or False to disable this warning.
Jul 07 16:45:59.925823 n-d-793620-7 devstack@n-api.service[115326]: result = model_query(context, models.Service, read_deleted="no").\
Jul 07 16:45:59.983899 n-d-793620-7 devstack@n-api.service[115326]: /opt/stack/nova/nova/db/sqlalchemy/api.py:627: SAWarning: TypeDecorator SoftDeleteInteger() will not produce a cache key because the ``cache_ok`` flag is not set to True. Set this flag to True if this type object's state is safe to use in a cache key, or False to disable this warning.
Jul 07 16:45:59.983899 n-d-793620-7 devstack@n-api.service[115326]: results = conn.execute(select).fetchall()
Jul 07 16:46:00.004937 n-d-793620-7 devstack@n-api.service[115325]: DEBUG nova.api.openstack.wsgi [None req-8706a551-2a6d-43ba-beb5-06a2322d4a75 tempest-FlavorsAccessTestJSON-482019584 tempest-FlavorsAccessTestJSON-482019584-project] Calling method '>' {{(pid=115325) _process_stack /opt/stack/nova/nova/api/openstack/wsgi.py:513}}
Jul 07 16:46:00.039934 n-d-793620-7 devstack@n-api.service[115325]: INFO nova.api.openstack.requestlog [None req-8706a551-2a6d-43ba-beb5-06a2322d4a75 tempest-FlavorsAccessTestJSON-482019584 tempest-FlavorsAccessTestJSON-482019584-project] 10.222.0.50 "GET /compute/v2.1/flavors/detail" status: 200 len: 5812 microversion: 2.1 time: 0.169135
Jul 07 16:46:00.041632 n-d-793620-7 devstack@n-api.service[115325]: [pid: 115325|app: 0|req: 7/14] 10.222.0.50 () {58 vars in 1146 bytes} [Wed Jul 7 16:45:59 2021] GET /compute/v2.1/flavors/detail => generated 5812 bytes in 171 msecs (HTTP/1.1 200) 9 headers in 358 bytes (1 switches on core 0)
Jul 07 16:46:00.046633 n-d-793620-7 devstack@n-api.service[115325]: DEBUG nova.api.openstack.wsgi [None req-8e9afc9f-223b-4a7e-ad5b-bc83bd07425a tempest-FlavorsExtraSpecsNegativeTestJSON-1701112465 tempest-FlavorsExtraSpecsNegativeTestJSON-1701112465-project] Action: 'create', calling method: >, body: {"extra_specs": {"hw:numa_nodes": "1", "hw:cpu_policy": "shared"}} {{(pid=115325) _process_stack /opt/stack/nova/nova/api/openstack/wsgi.py:511}}
Jul 07 16:46:00.048421 n-d-793620-7 devstack@n-api.service[115325]: /usr/local/lib/python3.8/dist-packages/oslo_policy/policy.py:1064: UserWarning: Policy os_compute_api:os-flavor-extra-specs:create failed scope check. The token used to make the request was project scoped but the policy requires ['system'] scope. This behavior may change in the future where using the intended scope is required
Jul 07 16:46:00.048421 n-d-793620-7 devstack@n-api.service[115325]: warnings.warn(msg)
Jul 07 16:46:00.049816 n-d-793620-7 devstack@n-api.service[115325]: DEBUG nova.policy [None req-8e9afc9f-223b-4a7e-ad5b-bc83bd07425a tempest-FlavorsExtraSpecsNegativeTestJSON-1701112465 tempest-FlavorsExtraSpecsNegativeTestJSON-1701112465-project] Policy check for os_compute_api:os-flavor-extra-specs:create failed with credentials {'is_admin': False, 'user_id': '837340de151e439da37a165f3cfe8bcb', 'user_domain_id': 'default', 'system_scope': None, 'domain_id': None, 'project_id': '7b8eae52ba624370955b4cc037307ad0', 'project_domain_id': 'default', 'roles': ['member', 'reader'], 'is_admin_project': True, 'service_user_id': None, 'service_user_domain_id': None, 'service_project_id': None, 'service_project_domain_id': None, 'service_roles': []} {{(pid=115325) authorize /opt/stack/nova/nova/policy.py:199}}
Jul 07 16:46:00.050608 n-d-793620-7 devstack@n-api.service[115325]: DEBUG nova.api.openstack.wsgi [None req-8e9afc9f-223b-4a7e-ad5b-bc83bd07425a tempest-FlavorsExtraSpecsNegativeTestJSON-1701112465 tempest-FlavorsExtraSpecsNegativeTestJSON-1701112465-project] Returning 403 to user: Policy doesn't allow os_compute_api:os-flavor-extra-specs:create to be performed. {{(pid=115325) __call__ /opt/stack/nova/nova/api/openstack/wsgi.py:927}}
Jul 07 16:46:00.051922 n-d-793620-7 devstack@n-api.service[115325]: INFO nova.api.openstack.requestlog [None req-8e9afc9f-223b-4a7e-ad5b-bc83bd07425a tempest-FlavorsExtraSpecsNegativeTestJSON-1701112465 tempest-FlavorsExtraSpecsNegativeTestJSON-1701112465-project] 10.222.0.50 "POST /compute/v2.1/flavors/225410842/os-extra_specs" status: 403 len: 124 microversion: 2.1 time: 0.008712
Jul 07 16:46:00.052518 n-d-793620-7 devstack@n-api.service[115325]: [pid: 115325|app: 0|req: 8/15] 10.222.0.50 () {60 vars in 1221 bytes} [Wed Jul 7 16:46:00 2021] POST /compute/v2.1/flavors/225410842/os-extra_specs => generated 124 bytes in 10 msecs (HTTP/1.1 403) 9 headers in 379 bytes (1 switches on core 0)
Jul 07 16:46:00.061775 n-d-793620-7 devstack@n-api.service[115325]: DEBUG nova.api.openstack.wsgi [None req-c0fa2eb6-2633-4661-9775-d542b9d39322 tempest-FlavorsAdminTestJSON-1824354924 tempest-FlavorsAdminTestJSON-1824354924-project-admin] Action: 'create', calling method: >, body: {"flavor": {"ram": 512, "vcpus": 1, "disk": 10, "name": "tempest-test_flavor_-185079149", "id": 632059741, "swap": 1024, "rxtx_factor": 2, "OS-FLV-EXT-DATA:ephemeral": 10, "os-flavor-access:is_public": "True"}} {{(pid=115325) _process_stack /opt/stack/nova/nova/api/openstack/wsgi.py:511}}
Jul 07 16:46:00.080321 n-d-793620-7 devstack@n-api.service[115325]: INFO nova.api.openstack.requestlog [None req-c0fa2eb6-2633-4661-9775-d542b9d39322 tempest-FlavorsAdminTestJSON-1824354924 tempest-FlavorsAdminTestJSON-1824354924-project-admin] 10.222.0.50 "POST /compute/v2.1/flavors" status: 200 len: 413 microversion: 2.1 time: 0.021992
Jul 07 16:46:00.087169 n-d-793620-7 devstack@n-api.service[115325]: [pid: 115325|app: 0|req: 9/16] 10.222.0.50 () {60 vars in 1147 bytes} [Wed Jul 7 16:46:00 2021] POST /compute/v2.1/flavors => generated 413 bytes in 29 msecs (HTTP/1.1 200) 9 headers in 357 bytes (1 switches on core 0)
Jul 07 16:46:00.092049 n-d-793620-7 devstack@n-api.service[115325]: DEBUG nova.api.openstack.wsgi [None req-7abde775-9036-47c7-9d93-660f9f1d2080 tempest-FlavorsAccessTestJSON-323856758 tempest-FlavorsAccessTestJSON-323856758-project-admin] Action: 'action', calling method: >, body: {"removeTenantAccess": {"tenant": "1b47b36df3cd46fbb912867efb93ec7d"}} {{(pid=115325) _process_stack /opt/stack/nova/nova/api/openstack/wsgi.py:511}}
Jul 07 16:46:00.093245 n-d-793620-7 devstack@n-api.service[115325]: /usr/local/lib/python3.8/dist-packages/oslo_policy/policy.py:1064: UserWarning: Policy os_compute_api:os-flavor-access:remove_tenant_access failed scope check. The token used to make the request was project scoped but the policy requires ['system'] scope. This behavior may change in the future where using the intended scope is required
Jul 07 16:46:00.093245 n-d-793620-7 devstack@n-api.service[115325]: warnings.warn(msg)
Jul 07 16:46:00.176133 n-d-793620-7 devstack@n-api.service[115325]: INFO nova.api.openstack.requestlog [None req-7abde775-9036-47c7-9d93-660f9f1d2080 tempest-FlavorsAccessTestJSON-323856758 tempest-FlavorsAccessTestJSON-323856758-project-admin] 10.222.0.50 "POST /compute/v2.1/flavors/464476285/action" status: 200 len: 21 microversion: 2.1 time: 0.087785
Jul 07 16:46:00.176881 n-d-793620-7 devstack@n-api.service[115325]: [pid: 115325|app: 0|req: 10/17] 10.222.0.50 () {60 vars in 1197 bytes} [Wed Jul 7 16:46:00 2021] POST /compute/v2.1/flavors/464476285/action => generated 21 bytes in 89 msecs (HTTP/1.1 200) 9 headers in 356 bytes (1 switches on core 0)
Jul 07 16:46:00.183210 n-d-793620-7 devstack@n-api.service[115325]: DEBUG nova.api.openstack.wsgi [None req-85ab76ce-7e36-47fd-a1dd-97a64ad4ab15 tempest-FlavorsExtraSpecsNegativeTestJSON-213771694 tempest-FlavorsExtraSpecsNegativeTestJSON-213771694-project-admin] Action: 'create', calling method: >, body: {"extra_specs": {"hw:numa_nodes": "1", "hw:cpu_policy": "shared"}} {{(pid=115325) _process_stack /opt/stack/nova/nova/api/openstack/wsgi.py:511}}
Jul 07 16:46:00.232168 n-d-793620-7 devstack@n-api.service[115325]: INFO nova.api.openstack.requestlog [None req-85ab76ce-7e36-47fd-a1dd-97a64ad4ab15 tempest-FlavorsExtraSpecsNegativeTestJSON-213771694 tempest-FlavorsExtraSpecsNegativeTestJSON-213771694-project-admin] 10.222.0.50 "POST /compute/v2.1/flavors/225410842/os-extra_specs" status: 200 len: 66 microversion: 2.1 time: 0.053922
Jul 07 16:46:00.233596 n-d-793620-7 devstack@n-api.service[115325]: [pid: 115325|app: 0|req: 11/18] 10.222.0.50 () {60 vars in 1221 bytes} [Wed Jul 7 16:46:00 2021] POST /compute/v2.1/flavors/225410842/os-extra_specs => generated 66 bytes in 56 msecs (HTTP/1.1 200) 9 headers in 356 bytes (1 switches on core 0)
Jul 07 16:46:00.242230 n-d-793620-7 devstack@n-api.service[115325]: DEBUG nova.api.openstack.wsgi [None req-6211c720-c4da-4f91-bb4c-2d3baa588036 tempest-FlavorsAdminTestJSON-1824354924 tempest-FlavorsAdminTestJSON-1824354924-project-admin] Calling method '>' {{(pid=115325) _process_stack /opt/stack/nova/nova/api/openstack/wsgi.py:513}}
Jul 07 16:46:00.300902 n-d-793620-7 devstack@n-api.service[115325]: INFO nova.api.openstack.requestlog [None req-6211c720-c4da-4f91-bb4c-2d3baa588036 tempest-FlavorsAdminTestJSON-1824354924 tempest-FlavorsAdminTestJSON-1824354924-project-admin] 10.222.0.50 "GET /compute/v2.1/flavors/detail" status: 200 len: 5797 microversion: 2.1 time: 0.064526
Jul 07 16:46:00.302239 n-d-793620-7 devstack@n-api.service[115325]: [pid: 115325|app: 0|req: 12/19] 10.222.0.50 () {58 vars in 1146 bytes} [Wed Jul 7 16:46:00 2021] GET /compute/v2.1/flavors/detail => generated 5797 bytes in 67 msecs (HTTP/1.1 200) 9 headers in 358 bytes (1 switches on core 0)
Jul 07 16:46:00.306948 n-d-793620-7 devstack@n-api.service[115325]: DEBUG nova.api.openstack.wsgi [None req-68c21e9a-3149-4142-9091-8e54b0a6d881 tempest-FlavorsAccessTestJSON-482019584 tempest-FlavorsAccessTestJSON-482019584-project] Calling method '>' {{(pid=115325) _process_stack /opt/stack/nova/nova/api/openstack/wsgi.py:513}}
Jul 07 16:46:00.337703 n-d-793620-7 devstack@n-api.service[115325]: INFO nova.api.openstack.requestlog [None req-68c21e9a-3149-4142-9091-8e54b0a6d881 tempest-FlavorsAccessTestJSON-482019584 tempest-FlavorsAccessTestJSON-482019584-project] 10.222.0.50 "GET /compute/v2.1/flavors/detail" status: 200 len: 5797 microversion: 2.1 time: 0.033744
Jul 07 16:46:00.339304 n-d-793620-7 devstack@n-api.service[115325]: [pid: 115325|app: 0|req: 13/20] 10.222.0.50 () {58 vars in 1146 bytes} [Wed Jul 7 16:46:00 2021] GET /compute/v2.1/flavors/detail => generated 5797 bytes in 36 msecs (HTTP/1.1 200) 9 headers in 358 bytes (1 switches on core 0)
Jul 07 16:46:00.344627 n-d-793620-7 devstack@n-api.service[115325]: DEBUG nova.api.openstack.wsgi [None req-87648d83-09a8-4e07-81b7-66f21d1d9795 tempest-FlavorsExtraSpecsNegativeTestJSON-1701112465 tempest-FlavorsExtraSpecsNegativeTestJSON-1701112465-project] Calling method '>' {{(pid=115325) _process_stack /opt/stack/nova/nova/api/openstack/wsgi.py:513}}
Jul 07 16:46:00.345641 n-d-793620-7 devstack@n-api.service[115325]: /usr/local/lib/python3.8/dist-packages/oslo_policy/policy.py:1064: UserWarning: Policy os_compute_api:os-flavor-extra-specs:delete failed scope check. The token used to make the request was project scoped but the policy requires ['system'] scope. This behavior may change in the future where using the intended scope is required
Jul 07 16:46:00.345641 n-d-793620-7 devstack@n-api.service[115325]: warnings.warn(msg)
Jul 07 16:46:00.347052 n-d-793620-7 devstack@n-api.service[115325]: DEBUG nova.policy [None req-87648d83-09a8-4e07-81b7-66f21d1d9795 tempest-FlavorsExtraSpecsNegativeTestJSON-1701112465 tempest-FlavorsExtraSpecsNegativeTestJSON-1701112465-project] Policy check for os_compute_api:os-flavor-extra-specs:delete failed with credentials {'is_admin': False, 'user_id': '837340de151e439da37a165f3cfe8bcb', 'user_domain_id': 'default', 'system_scope': None, 'domain_id': None, 'project_id': '7b8eae52ba624370955b4cc037307ad0', 'project_domain_id': 'default', 'roles': ['member', 'reader'], 'is_admin_project': True, 'service_user_id': None, 'service_user_domain_id': None, 'service_project_id': None, 'service_project_domain_id': None, 'service_roles': []} {{(pid=115325) authorize /opt/stack/nova/nova/policy.py:199}}
Jul 07 16:46:00.347776 n-d-793620-7 devstack@n-api.service[115325]: DEBUG nova.api.openstack.wsgi [None req-87648d83-09a8-4e07-81b7-66f21d1d9795 tempest-FlavorsExtraSpecsNegativeTestJSON-1701112465 tempest-FlavorsExtraSpecsNegativeTestJSON-1701112465-project] Returning 403 to user: Policy doesn't allow os_compute_api:os-flavor-extra-specs:delete to be performed. {{(pid=115325) __call__ /opt/stack/nova/nova/api/openstack/wsgi.py:927}}
Jul 07 16:46:00.348826 n-d-793620-7 devstack@n-api.service[115325]: INFO nova.api.openstack.requestlog [None req-87648d83-09a8-4e07-81b7-66f21d1d9795 tempest-FlavorsExtraSpecsNegativeTestJSON-1701112465 tempest-FlavorsExtraSpecsNegativeTestJSON-1701112465-project] 10.222.0.50 "DELETE /compute/v2.1/flavors/225410842/os-extra_specs/hw:numa_nodes" status: 403 len: 124 microversion: 2.1 time: 0.008010
Jul 07 16:46:00.349726 n-d-793620-7 devstack@n-api.service[115325]: [pid: 115325|app: 0|req: 14/21] 10.222.0.50 () {58 vars in 1245 bytes} [Wed Jul 7 16:46:00 2021] DELETE /compute/v2.1/flavors/225410842/os-extra_specs/hw:numa_nodes => generated 124 bytes in 10 msecs (HTTP/1.1 403) 9 headers in 379 bytes (1 switches on core 0)
Jul 07 16:46:00.373124 n-d-793620-7 devstack@n-api.service[115325]: DEBUG nova.api.openstack.wsgi [None req-23f29a20-0345-4db7-a1b7-a5b1d0770cb7 tempest-FlavorsAdminTestJSON-1824354924 tempest-FlavorsAdminTestJSON-1824354924-project-admin] Calling method '>' {{(pid=115325) _process_stack /opt/stack/nova/nova/api/openstack/wsgi.py:513}}
Jul 07 16:46:00.401819 n-d-793620-7 devstack@n-api.service[115325]: INFO nova.api.openstack.requestlog [None req-23f29a20-0345-4db7-a1b7-a5b1d0770cb7 tempest-FlavorsAdminTestJSON-1824354924 tempest-FlavorsAdminTestJSON-1824354924-project-admin] 10.222.0.50 "DELETE /compute/v2.1/flavors/632059741" status: 202 len: 0 microversion: 2.1 time: 0.050389
Jul 07 16:46:00.402969 n-d-793620-7 devstack@n-api.service[115325]: [pid: 115325|app: 0|req: 15/22] 10.222.0.50 () {58 vars in 1158 bytes} [Wed Jul 7 16:46:00 2021] DELETE /compute/v2.1/flavors/632059741 => generated 0 bytes in 52 msecs (HTTP/1.1 202) 9 headers in 361 bytes (1 switches on core 0)
Jul 07 16:46:00.414239 n-d-793620-7 devstack@n-api.service[115325]: DEBUG nova.api.openstack.wsgi [None req-99a90cbf-a9b9-405c-ae48-11312199f871 tempest-FlavorsAccessTestJSON-323856758 tempest-FlavorsAccessTestJSON-323856758-project-admin] Calling method '>' {{(pid=115325) _process_stack /opt/stack/nova/nova/api/openstack/wsgi.py:513}}
Jul 07 16:46:00.415371 n-d-793620-7 devstack@n-api.service[115326]: INFO nova.api.openstack.requestlog [None req-157c4dd7-dd9d-4ba8-ad1d-4984ca8fe943 tempest-AggregatesAdminTestJSON-693807264 tempest-AggregatesAdminTestJSON-693807264-project-admin] 10.222.0.50 "POST /compute/v2.1/os-aggregates/1/action" status: 200 len: 313 microversion: 2.1 time: 0.511739
Jul 07 16:46:00.431435 n-d-793620-7 devstack@n-api.service[115326]: [pid: 115326|app: 0|req: 8/23] 10.222.0.50 () {60 vars in 1191 bytes} [Wed Jul 7 16:45:59 2021] POST /compute/v2.1/os-aggregates/1/action => generated 313 bytes in 533 msecs (HTTP/1.1 200) 9 headers in 357 bytes (1 switches on core 0)
Jul 07 16:46:00.436766 n-d-793620-7 devstack@n-api.service[115326]: DEBUG nova.api.openstack.wsgi [None req-c621e327-c845-45d9-9934-f37a604172cd tempest-FlavorsExtraSpecsNegativeTestJSON-213771694 tempest-FlavorsExtraSpecsNegativeTestJSON-213771694-project-admin] Action: 'create', calling method: >, body: {"extra_specs": {"hw:numa_nodes": "1", "hw:cpu_policy": "shared"}} {{(pid=115326) _process_stack /opt/stack/nova/nova/api/openstack/wsgi.py:511}}
Jul 07 16:46:00.438442 n-d-793620-7 devstack@n-api.service[115326]: /usr/local/lib/python3.8/dist-packages/oslo_policy/policy.py:1064: UserWarning: Policy os_compute_api:os-flavor-extra-specs:create failed scope check. The token used to make the request was project scoped but the policy requires ['system'] scope. This behavior may change in the future where using the intended scope is required
Jul 07 16:46:00.438442 n-d-793620-7 devstack@n-api.service[115326]: warnings.warn(msg)
Jul 07 16:46:00.448634 n-d-793620-7 devstack@n-api.service[115325]: INFO nova.api.openstack.requestlog [None req-99a90cbf-a9b9-405c-ae48-11312199f871 tempest-FlavorsAccessTestJSON-323856758 tempest-FlavorsAccessTestJSON-323856758-project-admin] 10.222.0.50 "DELETE /compute/v2.1/flavors/464476285" status: 202 len: 0 microversion: 2.1 time: 0.044446
Jul 07 16:46:00.449573 n-d-793620-7 devstack@n-api.service[115325]: [pid: 115325|app: 0|req: 16/24] 10.222.0.50 () {58 vars in 1158 bytes} [Wed Jul 7 16:46:00 2021] DELETE /compute/v2.1/flavors/464476285 => generated 0 bytes in 46 msecs (HTTP/1.1 202) 9 headers in 361 bytes (1 switches on core 0)
Jul 07 16:46:00.463042 n-d-793620-7 devstack@n-api.service[115325]: DEBUG nova.api.openstack.wsgi [None req-0807b285-9f8e-4bd1-b83a-971b8659b487 tempest-FlavorsAdminTestJSON-1824354924 tempest-FlavorsAdminTestJSON-1824354924-project-admin] Calling method '>' {{(pid=115325) _process_stack /opt/stack/nova/nova/api/openstack/wsgi.py:513}}
Jul 07 16:46:00.487285 n-d-793620-7 devstack@n-api.service[115325]: INFO nova.api.openstack.requestlog [None req-0807b285-9f8e-4bd1-b83a-971b8659b487 tempest-FlavorsAdminTestJSON-1824354924 tempest-FlavorsAdminTestJSON-1824354924-project-admin] 10.222.0.50 "GET /compute/v2.1/flavors/detail" status: 200 len: 5394 microversion: 2.1 time: 0.036427
Jul 07 16:46:00.488105 n-d-793620-7 devstack@n-api.service[115325]: [pid: 115325|app: 0|req: 17/25] 10.222.0.50 () {58 vars in 1146 bytes} [Wed Jul 7 16:46:00 2021] GET /compute/v2.1/flavors/detail => generated 5394 bytes in 38 msecs (HTTP/1.1 200) 9 headers in 358 bytes (1 switches on core 0)
Jul 07 16:46:00.492666 n-d-793620-7 devstack@n-api.service[115325]: DEBUG nova.api.openstack.wsgi [None req-65ae7682-577f-44f3-a594-d22eb8e4d276 tempest-FlavorsAccessTestJSON-323856758 tempest-FlavorsAccessTestJSON-323856758-project-admin] Calling method '>' {{(pid=115325) _process_stack /opt/stack/nova/nova/api/openstack/wsgi.py:513}}
Jul 07 16:46:00.492837 n-d-793620-7 devstack@n-api.service[115326]: INFO nova.api.openstack.requestlog [None req-c621e327-c845-45d9-9934-f37a604172cd tempest-FlavorsExtraSpecsNegativeTestJSON-213771694 tempest-FlavorsExtraSpecsNegativeTestJSON-213771694-project-admin] 10.222.0.50 "POST /compute/v2.1/flavors/225410842/os-extra_specs" status: 200 len: 66 microversion: 2.1 time: 0.059901
Jul 07 16:46:00.495404 n-d-793620-7 devstack@n-api.service[115326]: [pid: 115326|app: 0|req: 9/26] 10.222.0.50 () {60 vars in 1221 bytes} [Wed Jul 7 16:46:00 2021] POST /compute/v2.1/flavors/225410842/os-extra_specs => generated 66 bytes in 63 msecs (HTTP/1.1 200) 9 headers in 356 bytes (1 switches on core 0)
Jul 07 16:46:00.516438 n-d-793620-7 devstack@n-api.service[115325]: INFO nova.api.openstack.requestlog [None req-65ae7682-577f-44f3-a594-d22eb8e4d276 tempest-FlavorsAccessTestJSON-323856758 tempest-FlavorsAccessTestJSON-323856758-project-admin] 10.222.0.50 "GET /compute/v2.1/flavors/detail" status: 200 len: 5394 microversion: 2.1 time: 0.026925
Jul 07 16:46:00.517494 n-d-793620-7 devstack@n-api.service[115326]: DEBUG nova.api.openstack.wsgi [None req-69848688-87fd-487f-8b07-75827bcda7eb tempest-FlavorsAdminTestJSON-1824354924 tempest-FlavorsAdminTestJSON-1824354924-project-admin] Action: 'create', calling method: >, body: {"flavor": {"ram": 512, "vcpus": 1, "disk": 10, "name": "tempest-FlavorsAdminTestJSON-flavor-1078788059", "id": 88471486, "os-flavor-access:is_public": "True"}} {{(pid=115326) _process_stack /opt/stack/nova/nova/api/openstack/wsgi.py:511}}
Jul 07 16:46:00.524880 n-d-793620-7 devstack@n-api.service[115326]: /usr/local/lib/python3.8/dist-packages/oslo_policy/policy.py:1064: UserWarning: Policy os_compute_api:os-flavor-manage:create failed scope check. The token used to make the request was project scoped but the policy requires ['system'] scope. This behavior may change in the future where using the intended scope is required
Jul 07 16:46:00.524880 n-d-793620-7 devstack@n-api.service[115326]: warnings.warn(msg)
Jul 07 16:46:00.528413 n-d-793620-7 devstack@n-api.service[115325]: [pid: 115325|app: 0|req: 18/27] 10.222.0.50 () {58 vars in 1146 bytes} [Wed Jul 7 16:46:00 2021] GET /compute/v2.1/flavors/detail => generated 5394 bytes in 39 msecs (HTTP/1.1 200) 9 headers in 358 bytes (1 switches on core 0)
Jul 07 16:46:00.533428 n-d-793620-7 devstack@n-api.service[115325]: DEBUG nova.api.openstack.wsgi [None req-e716d6a9-27f1-43c5-a74b-806dc9214535 tempest-FlavorsExtraSpecsNegativeTestJSON-1701112465 tempest-FlavorsExtraSpecsNegativeTestJSON-1701112465-project] Action: 'update', calling method: >, body: {"hw:numa_nodes": "1"} {{(pid=115325) _process_stack /opt/stack/nova/nova/api/openstack/wsgi.py:511}}
Jul 07 16:46:00.534945 n-d-793620-7 devstack@n-api.service[115325]: /usr/local/lib/python3.8/dist-packages/oslo_policy/policy.py:1064: UserWarning: Policy os_compute_api:os-flavor-extra-specs:update failed scope check. The token used to make the request was project scoped but the policy requires ['system'] scope. This behavior may change in the future where using the intended scope is required
Jul 07 16:46:00.534945 n-d-793620-7 devstack@n-api.service[115325]: warnings.warn(msg)
Jul 07 16:46:00.536287 n-d-793620-7 devstack@n-api.service[115325]: DEBUG nova.policy [None req-e716d6a9-27f1-43c5-a74b-806dc9214535 tempest-FlavorsExtraSpecsNegativeTestJSON-1701112465 tempest-FlavorsExtraSpecsNegativeTestJSON-1701112465-project] Policy check for os_compute_api:os-flavor-extra-specs:update failed with credentials {'is_admin': False, 'user_id': '837340de151e439da37a165f3cfe8bcb', 'user_domain_id': 'default', 'system_scope': None, 'domain_id': None, 'project_id': '7b8eae52ba624370955b4cc037307ad0', 'project_domain_id': 'default', 'roles': ['member', 'reader'], 'is_admin_project': True, 'service_user_id': None, 'service_user_domain_id': None, 'service_project_id': None, 'service_project_domain_id': None, 'service_roles': []} {{(pid=115325) authorize /opt/stack/nova/nova/policy.py:199}}
Jul 07 16:46:00.537169 n-d-793620-7 devstack@n-api.service[115325]: DEBUG nova.api.openstack.wsgi [None req-e716d6a9-27f1-43c5-a74b-806dc9214535 tempest-FlavorsExtraSpecsNegativeTestJSON-1701112465 tempest-FlavorsExtraSpecsNegativeTestJSON-1701112465-project] Returning 403 to user: Policy doesn't allow os_compute_api:os-flavor-extra-specs:update to be performed. {{(pid=115325) __call__ /opt/stack/nova/nova/api/openstack/wsgi.py:927}}
Jul 07 16:46:00.538936 n-d-793620-7 devstack@n-api.service[115325]: INFO nova.api.openstack.requestlog [None req-e716d6a9-27f1-43c5-a74b-806dc9214535 tempest-FlavorsExtraSpecsNegativeTestJSON-1701112465 tempest-FlavorsExtraSpecsNegativeTestJSON-1701112465-project] 10.222.0.50 "PUT /compute/v2.1/flavors/225410842/os-extra_specs/hw:numa_nodes" status: 403 len: 124 microversion: 2.1 time: 0.008557
Jul 07 16:46:00.539658 n-d-793620-7 devstack@n-api.service[115325]: [pid: 115325|app: 0|req: 19/28] 10.222.0.50 () {60 vars in 1262 bytes} [Wed Jul 7 16:46:00 2021] PUT /compute/v2.1/flavors/225410842/os-extra_specs/hw:numa_nodes => generated 124 bytes in 11 msecs (HTTP/1.1 403) 9 headers in 379 bytes (1 switches on core 0)
Jul 07 16:46:00.545547 n-d-793620-7 devstack@n-api.service[115325]: DEBUG nova.api.openstack.wsgi [None req-0901b670-6df9-4f18-b832-d87f3c392f85 tempest-FlavorsAccessTestJSON-323856758 tempest-FlavorsAccessTestJSON-323856758-project-admin] Action: 'create', calling method: >, body: {"flavor": {"ram": 512, "vcpus": 1, "disk": 10, "name": "tempest-FlavorsAccessTestJSON-flavor-260912800", "id": 297786225, "os-flavor-access:is_public": "False"}} {{(pid=115325) _process_stack /opt/stack/nova/nova/api/openstack/wsgi.py:511}}
Jul 07 16:46:00.554795 n-d-793620-7 devstack@n-api.service[115326]: INFO nova.api.openstack.requestlog [None req-69848688-87fd-487f-8b07-75827bcda7eb tempest-FlavorsAdminTestJSON-1824354924 tempest-FlavorsAdminTestJSON-1824354924-project-admin] 10.222.0.50 "POST /compute/v2.1/flavors" status: 200 len: 423 microversion: 2.1 time: 0.050744
Jul 07 16:46:00.556032 n-d-793620-7 devstack@n-api.service[115326]: [pid: 115326|app: 0|req: 10/29] 10.222.0.50 () {60 vars in 1147 bytes} [Wed Jul 7 16:46:00 2021] POST /compute/v2.1/flavors => generated 423 bytes in 53 msecs (HTTP/1.1 200) 9 headers in 357 bytes (1 switches on core 0)
Jul 07 16:46:00.565390 n-d-793620-7 devstack@n-api.service[115325]: INFO nova.api.openstack.requestlog [None req-0901b670-6df9-4f18-b832-d87f3c392f85 tempest-FlavorsAccessTestJSON-323856758 tempest-FlavorsAccessTestJSON-323856758-project-admin] 10.222.0.50 "POST /compute/v2.1/flavors" status: 200 len: 427 microversion: 2.1 time: 0.024396
Jul 07 16:46:00.565949 n-d-793620-7 devstack@n-api.service[115326]: DEBUG nova.api.openstack.wsgi [None req-f01a7f22-5ffa-49b1-b8fd-7441444ed1a0 tempest-FlavorsExtraSpecsNegativeTestJSON-213771694 tempest-FlavorsExtraSpecsNegativeTestJSON-213771694-project-admin] Calling method '>' {{(pid=115326) _process_stack /opt/stack/nova/nova/api/openstack/wsgi.py:513}}
Jul 07 16:46:00.566061 n-d-793620-7 devstack@n-api.service[115325]: [pid: 115325|app: 0|req: 20/30] 10.222.0.50 () {60 vars in 1147 bytes} [Wed Jul 7 16:46:00 2021] POST /compute/v2.1/flavors => generated 427 bytes in 26 msecs (HTTP/1.1 200) 9 headers in 357 bytes (1 switches on core 0)
Jul 07 16:46:00.570605 n-d-793620-7 devstack@n-api.service[115326]: /usr/local/lib/python3.8/dist-packages/oslo_policy/policy.py:1064: UserWarning: Policy os_compute_api:os-flavor-extra-specs:delete failed scope check. The token used to make the request was project scoped but the policy requires ['system'] scope. This behavior may change in the future where using the intended scope is required
Jul 07 16:46:00.570605 n-d-793620-7 devstack@n-api.service[115326]: warnings.warn(msg)
Jul 07 16:46:00.576541 n-d-793620-7 devstack@n-api.service[115325]: DEBUG nova.api.openstack.wsgi [None req-ebbf16f1-4f12-490c-b194-c1633517afb3 tempest-FlavorsAdminTestJSON-1824354924 tempest-FlavorsAdminTestJSON-1824354924-project-admin] Calling method '>' {{(pid=115325) _process_stack /opt/stack/nova/nova/api/openstack/wsgi.py:513}}
Jul 07 16:46:00.590126 n-d-793620-7 devstack@n-api.service[115326]: INFO nova.api.openstack.wsgi [None req-f01a7f22-5ffa-49b1-b8fd-7441444ed1a0 tempest-FlavorsExtraSpecsNegativeTestJSON-213771694 tempest-FlavorsExtraSpecsNegativeTestJSON-213771694-project-admin] HTTP exception thrown: Flavor 225410842 has no extra specs with key hw:cpu_thread_policy.
Jul 07 16:46:00.594927 n-d-793620-7 devstack@n-api.service[115326]: DEBUG nova.api.openstack.wsgi [None req-f01a7f22-5ffa-49b1-b8fd-7441444ed1a0 tempest-FlavorsExtraSpecsNegativeTestJSON-213771694 tempest-FlavorsExtraSpecsNegativeTestJSON-213771694-project-admin] Returning 404 to user: Flavor 225410842 has no extra specs with key hw:cpu_thread_policy. {{(pid=115326) __call__ /opt/stack/nova/nova/api/openstack/wsgi.py:927}}
Jul 07 16:46:00.596459 n-d-793620-7 devstack@n-api.service[115326]: INFO nova.api.openstack.requestlog [None req-f01a7f22-5ffa-49b1-b8fd-7441444ed1a0 tempest-FlavorsExtraSpecsNegativeTestJSON-213771694 tempest-FlavorsExtraSpecsNegativeTestJSON-213771694-project-admin] 10.222.0.50 "DELETE /compute/v2.1/flavors/225410842/os-extra_specs/hw:cpu_thread_policy" status: 404 len: 112 microversion: 2.1 time: 0.038256
Jul 07 16:46:00.597217 n-d-793620-7 devstack@n-api.service[115326]: [pid: 115326|app: 0|req: 11/31] 10.222.0.50 () {58 vars in 1266 bytes} [Wed Jul 7 16:46:00 2021] DELETE /compute/v2.1/flavors/225410842/os-extra_specs/hw:cpu_thread_policy => generated 112 bytes in 41 msecs (HTTP/1.1 404) 9 headers in 379 bytes (1 switches on core 0)
Jul 07 16:46:00.601982 n-d-793620-7 devstack@n-api.service[115325]: INFO nova.api.openstack.requestlog [None req-ebbf16f1-4f12-490c-b194-c1633517afb3 tempest-FlavorsAdminTestJSON-1824354924 tempest-FlavorsAdminTestJSON-1824354924-project-admin] 10.222.0.50 "DELETE /compute/v2.1/flavors/88471486" status: 202 len: 0 microversion: 2.1 time: 0.028285
Jul 07 16:46:00.602814 n-d-793620-7 devstack@n-api.service[115325]: [pid: 115325|app: 0|req: 21/32] 10.222.0.50 () {58 vars in 1155 bytes} [Wed Jul 7 16:46:00 2021] DELETE /compute/v2.1/flavors/88471486 => generated 0 bytes in 36 msecs (HTTP/1.1 202) 9 headers in 361 bytes (1 switches on core 0)
Jul 07 16:46:00.611271 n-d-793620-7 devstack@n-api.service[115326]: DEBUG nova.api.openstack.wsgi [None req-d21225b0-256c-4c25-9fb1-2f5224a53c6f tempest-FlavorsAccessTestJSON-323856758 tempest-FlavorsAccessTestJSON-323856758-project-admin] Calling method '>' {{(pid=115326) _process_stack /opt/stack/nova/nova/api/openstack/wsgi.py:513}}
Jul 07 16:46:00.614387 n-d-793620-7 devstack@n-api.service[115326]: /usr/local/lib/python3.8/dist-packages/oslo_policy/policy.py:1064: UserWarning: Policy os_compute_api:os-flavor-access failed scope check. The token used to make the request was project scoped but the policy requires ['system'] scope. This behavior may change in the future where using the intended scope is required
Jul 07 16:46:00.614387 n-d-793620-7 devstack@n-api.service[115326]: warnings.warn(msg)
Jul 07 16:46:00.633015 n-d-793620-7 devstack@n-api.service[115326]: INFO nova.api.openstack.requestlog [None req-d21225b0-256c-4c25-9fb1-2f5224a53c6f tempest-FlavorsAccessTestJSON-323856758 tempest-FlavorsAccessTestJSON-323856758-project-admin] 10.222.0.50 "GET /compute/v2.1/flavors/297786225/os-flavor-access" status: 200 len: 21 microversion: 2.1 time: 0.034527
Jul 07 16:46:00.639037 n-d-793620-7 devstack@n-api.service[115326]: [pid: 115326|app: 0|req: 12/33] 10.222.0.50 () {58 vars in 1206 bytes} [Wed Jul 7 16:46:00 2021] GET /compute/v2.1/flavors/297786225/os-flavor-access => generated 21 bytes in 41 msecs (HTTP/1.1 200) 9 headers in 356 bytes (1 switches on core 0)
Jul 07 16:46:00.644128 n-d-793620-7 devstack@n-api.service[115326]: DEBUG nova.api.openstack.wsgi [None req-8df070ab-8790-42b1-b31d-0bf011a68cd2 tempest-FlavorsExtraSpecsNegativeTestJSON-213771694 tempest-FlavorsExtraSpecsNegativeTestJSON-213771694-project-admin] Action: 'update', calling method: >, body: {"hw:cpu_policy": "shared"} {{(pid=115326) _process_stack /opt/stack/nova/nova/api/openstack/wsgi.py:511}}
Jul 07 16:46:00.645600 n-d-793620-7 devstack@n-api.service[115326]: /usr/local/lib/python3.8/dist-packages/oslo_policy/policy.py:1064: UserWarning: Policy os_compute_api:os-flavor-extra-specs:update failed scope check. The token used to make the request was project scoped but the policy requires ['system'] scope. This behavior may change in the future where using the intended scope is required
Jul 07 16:46:00.645600 n-d-793620-7 devstack@n-api.service[115326]: warnings.warn(msg)
Jul 07 16:46:00.647247 n-d-793620-7 devstack@n-api.service[115326]: INFO nova.api.openstack.wsgi [None req-8df070ab-8790-42b1-b31d-0bf011a68cd2 tempest-FlavorsExtraSpecsNegativeTestJSON-213771694 tempest-FlavorsExtraSpecsNegativeTestJSON-213771694-project-admin] HTTP exception thrown: Request body and URI mismatch
Jul 07 16:46:00.648631 n-d-793620-7 devstack@n-api.service[115326]: DEBUG nova.api.openstack.wsgi [None req-8df070ab-8790-42b1-b31d-0bf011a68cd2 tempest-FlavorsExtraSpecsNegativeTestJSON-213771694 tempest-FlavorsExtraSpecsNegativeTestJSON-213771694-project-admin] Returning 400 to user: Request body and URI mismatch {{(pid=115326) __call__ /opt/stack/nova/nova/api/openstack/wsgi.py:927}}
Jul 07 16:46:00.649622 n-d-793620-7 devstack@n-api.service[115326]: INFO nova.api.openstack.requestlog [None req-8df070ab-8790-42b1-b31d-0bf011a68cd2 tempest-FlavorsExtraSpecsNegativeTestJSON-213771694 tempest-FlavorsExtraSpecsNegativeTestJSON-213771694-project-admin] 10.222.0.50 "PUT /compute/v2.1/flavors/225410842/os-extra_specs/hw:numa_nodes" status: 400 len: 73 microversion: 2.1 time: 0.009368
Jul 07 16:46:00.650638 n-d-793620-7 devstack@n-api.service[115326]: [pid: 115326|app: 0|req: 13/34] 10.222.0.50 () {60 vars in 1262 bytes} [Wed Jul 7 16:46:00 2021] PUT /compute/v2.1/flavors/225410842/os-extra_specs/hw:numa_nodes => generated 73 bytes in 11 msecs (HTTP/1.1 400) 9 headers in 380 bytes (1 switches on core 0)
Jul 07 16:46:00.655700 n-d-793620-7 devstack@n-api.service[115326]: DEBUG nova.api.openstack.wsgi [None req-1b955d1a-6bea-4dfc-a4bf-6d997a5eb967 tempest-FlavorsAdminTestJSON-1824354924 tempest-FlavorsAdminTestJSON-1824354924-project-admin] Calling method '>' {{(pid=115326) _process_stack /opt/stack/nova/nova/api/openstack/wsgi.py:513}}
Jul 07 16:46:00.683259 n-d-793620-7 devstack@n-api.service[115326]: INFO nova.api.openstack.requestlog [None req-1b955d1a-6bea-4dfc-a4bf-6d997a5eb967 tempest-FlavorsAdminTestJSON-1824354924 tempest-FlavorsAdminTestJSON-1824354924-project-admin] 10.222.0.50 "GET /compute/v2.1/flavors/detail" status: 200 len: 5394 microversion: 2.1 time: 0.030523
Jul 07 16:46:00.684687 n-d-793620-7 devstack@n-api.service[115326]: [pid: 115326|app: 0|req: 14/35] 10.222.0.50 () {58 vars in 1146 bytes} [Wed Jul 7 16:46:00 2021] GET /compute/v2.1/flavors/detail => generated 5394 bytes in 33 msecs (HTTP/1.1 200) 9 headers in 358 bytes (1 switches on core 0)
Jul 07 16:46:00.691547 n-d-793620-7 devstack@n-api.service[115326]: DEBUG nova.api.openstack.wsgi [None req-d7ffd4e0-9aa1-412a-aa2b-792cf630b64e tempest-FlavorsAccessTestJSON-323856758 tempest-FlavorsAccessTestJSON-323856758-project-admin] Calling method '>' {{(pid=115326) _process_stack /opt/stack/nova/nova/api/openstack/wsgi.py:513}}
Jul 07 16:46:00.692960 n-d-793620-7 devstack@n-api.service[115326]: /usr/local/lib/python3.8/dist-packages/oslo_policy/policy.py:1064: UserWarning: Policy os_compute_api:os-flavor-manage:delete failed scope check. The token used to make the request was project scoped but the policy requires ['system'] scope. This behavior may change in the future where using the intended scope is required
Jul 07 16:46:00.692960 n-d-793620-7 devstack@n-api.service[115326]: warnings.warn(msg)
Jul 07 16:46:00.753332 n-d-793620-7 devstack@n-api.service[115326]: INFO nova.api.openstack.requestlog [None req-d7ffd4e0-9aa1-412a-aa2b-792cf630b64e tempest-FlavorsAccessTestJSON-323856758 tempest-FlavorsAccessTestJSON-323856758-project-admin] 10.222.0.50 "DELETE /compute/v2.1/flavors/297786225" status: 202 len: 0 microversion: 2.1 time: 0.067352
Jul 07 16:46:00.754676 n-d-793620-7 devstack@n-api.service[115326]: [pid: 115326|app: 0|req: 15/36] 10.222.0.50 () {58 vars in 1158 bytes} [Wed Jul 7 16:46:00 2021] DELETE /compute/v2.1/flavors/297786225 => generated 0 bytes in 69 msecs (HTTP/1.1 202) 9 headers in 361 bytes (1 switches on core 0)
Jul 07 16:46:00.760167 n-d-793620-7 devstack@n-api.service[115326]: DEBUG nova.api.openstack.wsgi [None req-c1bdd4b2-0e09-4fe4-ae86-f86a30e80d6a tempest-FlavorsExtraSpecsNegativeTestJSON-213771694 tempest-FlavorsExtraSpecsNegativeTestJSON-213771694-project-admin] Action: 'update', calling method: >, body: {"hw:numa_nodes": "1", "hw:cpu_policy": "shared"} {{(pid=115326) _process_stack /opt/stack/nova/nova/api/openstack/wsgi.py:511}}
Jul 07 16:46:00.762702 n-d-793620-7 devstack@n-api.service[115326]: DEBUG nova.api.openstack.wsgi [None req-c1bdd4b2-0e09-4fe4-ae86-f86a30e80d6a tempest-FlavorsExtraSpecsNegativeTestJSON-213771694 tempest-FlavorsExtraSpecsNegativeTestJSON-213771694-project-admin] Returning 400 to user: {'hw:numa_nodes': '1', 'hw:cpu_policy': 'shared'} has too many properties {{(pid=115326) __call__ /opt/stack/nova/nova/api/openstack/wsgi.py:927}}
Jul 07 16:46:00.763722 n-d-793620-7 devstack@n-api.service[115326]: INFO nova.api.openstack.requestlog [None req-c1bdd4b2-0e09-4fe4-ae86-f86a30e80d6a tempest-FlavorsExtraSpecsNegativeTestJSON-213771694 tempest-FlavorsExtraSpecsNegativeTestJSON-213771694-project-admin] 10.222.0.50 "PUT /compute/v2.1/flavors/225410842/os-extra_specs/hw:numa_nodes" status: 400 len: 117 microversion: 2.1 time: 0.007928
Jul 07 16:46:00.764778 n-d-793620-7 devstack@n-api.service[115326]: [pid: 115326|app: 0|req: 16/37] 10.222.0.50 () {60 vars in 1262 bytes} [Wed Jul 7 16:46:00 2021] PUT /compute/v2.1/flavors/225410842/os-extra_specs/hw:numa_nodes => generated 117 bytes in 9 msecs (HTTP/1.1 400) 9 headers in 381 bytes (1 switches on core 0)
Jul 07 16:46:00.769807 n-d-793620-7 devstack@n-api.service[115326]: DEBUG nova.api.openstack.wsgi [None req-16d5fb92-ab2f-4bd0-aad2-e1a8e0a30918 tempest-FlavorsAdminTestJSON-1824354924 tempest-FlavorsAdminTestJSON-1824354924-project-admin] Action: 'create', calling method: >, body: {"flavor": {"ram": 512, "vcpus": 1, "disk": 10, "name": "tempest-FlavorsAdminTestJSON-flavor-1917398359", "id": null, "os-flavor-access:is_public": "True"}} {{(pid=115326) _process_stack /opt/stack/nova/nova/api/openstack/wsgi.py:511}}
Jul 07 16:46:00.797512 n-d-793620-7 devstack@n-api.service[115326]: INFO nova.api.openstack.requestlog [None req-16d5fb92-ab2f-4bd0-aad2-e1a8e0a30918 tempest-FlavorsAdminTestJSON-1824354924 tempest-FlavorsAdminTestJSON-1824354924-project-admin] 10.222.0.50 "POST /compute/v2.1/flavors" status: 200 len: 507 microversion: 2.1 time: 0.031322
Jul 07 16:46:00.798609 n-d-793620-7 devstack@n-api.service[115326]: [pid: 115326|app: 0|req: 17/38] 10.222.0.50 () {60 vars in 1147 bytes} [Wed Jul 7 16:46:00 2021] POST /compute/v2.1/flavors => generated 507 bytes in 33 msecs (HTTP/1.1 200) 9 headers in 357 bytes (1 switches on core 0)
Jul 07 16:46:00.805115 n-d-793620-7 devstack@n-api.service[115326]: DEBUG nova.api.openstack.wsgi [None req-83709b23-8bb5-4d8e-8579-9a24b7a5f0e6 tempest-FlavorsAccessTestJSON-323856758 tempest-FlavorsAccessTestJSON-323856758-project-admin] Calling method '>' {{(pid=115326) _process_stack /opt/stack/nova/nova/api/openstack/wsgi.py:513}}
Jul 07 16:46:00.830011 n-d-793620-7 devstack@n-api.service[115326]: INFO nova.api.openstack.requestlog [None req-83709b23-8bb5-4d8e-8579-9a24b7a5f0e6 tempest-FlavorsAccessTestJSON-323856758 tempest-FlavorsAccessTestJSON-323856758-project-admin] 10.222.0.50 "GET /compute/v2.1/flavors/detail" status: 200 len: 5891 microversion: 2.1 time: 0.029908
Jul 07 16:46:00.831091 n-d-793620-7 devstack@n-api.service[115326]: [pid: 115326|app: 0|req: 18/39] 10.222.0.50 () {58 vars in 1146 bytes} [Wed Jul 7 16:46:00 2021] GET /compute/v2.1/flavors/detail => generated 5891 bytes in 32 msecs (HTTP/1.1 200) 9 headers in 358 bytes (1 switches on core 0)
Jul 07 16:46:00.839377 n-d-793620-7 devstack@n-api.service[115326]: DEBUG nova.api.openstack.wsgi [None req-c6f7dc12-f6dc-4039-ab0e-71c8c325c86b tempest-FlavorsExtraSpecsNegativeTestJSON-213771694 tempest-FlavorsExtraSpecsNegativeTestJSON-213771694-project-admin] Calling method '>' {{(pid=115326) _process_stack /opt/stack/nova/nova/api/openstack/wsgi.py:513}}
Jul 07 16:46:00.871557 n-d-793620-7 devstack@n-api.service[115326]: INFO nova.api.openstack.requestlog [None req-c6f7dc12-f6dc-4039-ab0e-71c8c325c86b tempest-FlavorsExtraSpecsNegativeTestJSON-213771694 tempest-FlavorsExtraSpecsNegativeTestJSON-213771694-project-admin] 10.222.0.50 "DELETE /compute/v2.1/flavors/225410842" status: 202 len: 0 microversion: 2.1 time: 0.038162
Jul 07 16:46:00.872823 n-d-793620-7 devstack@n-api.service[115326]: [pid: 115326|app: 0|req: 19/40] 10.222.0.50 () {58 vars in 1158 bytes} [Wed Jul 7 16:46:00 2021] DELETE /compute/v2.1/flavors/225410842 => generated 0 bytes in 41 msecs (HTTP/1.1 202) 9 headers in 361 bytes (1 switches on core 0)
Jul 07 16:46:00.879856 n-d-793620-7 devstack@n-api.service[115326]: DEBUG nova.api.openstack.wsgi [None req-d9f5672b-afbd-4787-b960-c5341135dbaa tempest-FlavorsAdminTestJSON-1824354924 tempest-FlavorsAdminTestJSON-1824354924-project-admin] Calling method '>' {{(pid=115326) _process_stack /opt/stack/nova/nova/api/openstack/wsgi.py:513}}
Jul 07 16:46:00.919264 n-d-793620-7 devstack@n-api.service[115325]: DEBUG nova.api.openstack.wsgi [None req-9e56451c-ed2d-46a1-92e3-7a6aff4ae397 tempest-AggregatesAdminTestJSON-262377504 tempest-AggregatesAdminTestJSON-262377504-project] Action: 'create', calling method: >, body: {"server": {"name": "tempest-AggregatesAdminTestJSON-server-1472440518", "imageRef": "d6995650-e3b6-4fb6-a6fe-76f3333ec69d", "flavorRef": "452", "availability_zone": "tempest-test_az-790255634"}} {{(pid=115325) _process_stack /opt/stack/nova/nova/api/openstack/wsgi.py:511}}
Jul 07 16:46:00.920346 n-d-793620-7 devstack@n-api.service[115326]: INFO nova.api.openstack.requestlog [None req-d9f5672b-afbd-4787-b960-c5341135dbaa tempest-FlavorsAdminTestJSON-1824354924 tempest-FlavorsAdminTestJSON-1824354924-project-admin] 10.222.0.50 "DELETE /compute/v2.1/flavors/2420b56c-81dd-4af5-9e12-298d567bc9a1" status: 202 len: 0 microversion: 2.1 time: 0.046032
Jul 07 16:46:00.921087 n-d-793620-7 devstack@n-api.service[115326]: [pid: 115326|app: 0|req: 20/41] 10.222.0.50 () {58 vars in 1239 bytes} [Wed Jul 7 16:46:00 2021] DELETE /compute/v2.1/flavors/2420b56c-81dd-4af5-9e12-298d567bc9a1 => generated 0 bytes in 48 msecs (HTTP/1.1 202) 9 headers in 361 bytes (1 switches on core 0)
Jul 07 16:46:00.932243 n-d-793620-7 devstack@n-api.service[115326]: DEBUG nova.api.openstack.wsgi [None req-cede0a58-7334-4096-a92c-822dfe6ae18a tempest-FlavorsExtraSpecsNegativeTestJSON-213771694 tempest-FlavorsExtraSpecsNegativeTestJSON-213771694-project-admin] Calling method '>' {{(pid=115326) _process_stack /opt/stack/nova/nova/api/openstack/wsgi.py:513}}
Jul 07 16:46:00.941223 n-d-793620-7 devstack@n-api.service[115325]: DEBUG oslo_concurrency.lockutils [None req-9e56451c-ed2d-46a1-92e3-7a6aff4ae397 tempest-AggregatesAdminTestJSON-262377504 tempest-AggregatesAdminTestJSON-262377504-project] Lock "00000000-0000-0000-0000-000000000000" acquired by "nova.context.set_target_cell..get_or_set_cached_cell_and_set_connections" :: waited 0.000s {{(pid=115325) inner /usr/local/lib/python3.8/dist-packages/oslo_concurrency/lockutils.py:355}}
Jul 07 16:46:00.943384 n-d-793620-7 devstack@n-api.service[115325]: DEBUG oslo_concurrency.lockutils [None req-9e56451c-ed2d-46a1-92e3-7a6aff4ae397 tempest-AggregatesAdminTestJSON-262377504 tempest-AggregatesAdminTestJSON-262377504-project] Lock "00000000-0000-0000-0000-000000000000" released by "nova.context.set_target_cell..get_or_set_cached_cell_and_set_connections" :: held 0.001s {{(pid=115325) inner /usr/local/lib/python3.8/dist-packages/oslo_concurrency/lockutils.py:367}}
Jul 07 16:46:00.947497 n-d-793620-7 devstack@n-api.service[115325]: DEBUG oslo_concurrency.lockutils [None req-9e56451c-ed2d-46a1-92e3-7a6aff4ae397 tempest-AggregatesAdminTestJSON-262377504 tempest-AggregatesAdminTestJSON-262377504-project] Lock "8e3fe29a-5e10-4a7d-a62c-668c82090327" acquired by "nova.context.set_target_cell..get_or_set_cached_cell_and_set_connections" :: waited 0.000s {{(pid=115325) inner /usr/local/lib/python3.8/dist-packages/oslo_concurrency/lockutils.py:355}}
Jul 07 16:46:00.952377 n-d-793620-7 devstack@n-api.service[115325]: DEBUG oslo_concurrency.lockutils [None req-9e56451c-ed2d-46a1-92e3-7a6aff4ae397 tempest-AggregatesAdminTestJSON-262377504 tempest-AggregatesAdminTestJSON-262377504-project] Lock "8e3fe29a-5e10-4a7d-a62c-668c82090327" released by "nova.context.set_target_cell..get_or_set_cached_cell_and_set_connections" :: held 0.001s {{(pid=115325) inner /usr/local/lib/python3.8/dist-packages/oslo_concurrency/lockutils.py:367}}
Jul 07 16:46:00.956938 n-d-793620-7 devstack@n-api.service[115325]: /opt/stack/nova/nova/db/sqlalchemy/api.py:450: SAWarning: TypeDecorator SoftDeleteInteger() will not produce a cache key because the ``cache_ok`` flag is not set to True. Set this flag to True if this type object's state is safe to use in a cache key, or False to disable this warning.
Jul 07 16:46:00.956938 n-d-793620-7 devstack@n-api.service[115325]: return query.all()
