Jun 04 14:20:55.873060 n-d-793620-4 devstack@n-api.service[91758]: DEBUG nova.api.openstack.wsgi_app [-] oslo_messaging_rabbit.enable_cancel_on_failover = False {{(pid=91758) log_opt_values /usr/local/lib/python3.8/dist-packages/oslo_config/cfg.py:2609}}
Jun 04 14:20:55.873279 n-d-793620-4 devstack@n-api.service[91758]: DEBUG nova.api.openstack.wsgi_app [-] oslo_messaging_rabbit.heartbeat_in_pthread = True {{(pid=91758) log_opt_values /usr/local/lib/python3.8/dist-packages/oslo_config/cfg.py:2609}}
Jun 04 14:20:55.873366 n-d-793620-4 devstack@n-api.service[91759]: DEBUG nova.api.openstack.wsgi_app [-] oslo_messaging_rabbit.kombu_failover_strategy = round-robin {{(pid=91759) log_opt_values /usr/local/lib/python3.8/dist-packages/oslo_config/cfg.py:2609}}
Jun 04 14:20:55.873628 n-d-793620-4 devstack@n-api.service[91759]: DEBUG nova.api.openstack.wsgi_app [-] oslo_messaging_rabbit.kombu_missing_consumer_retry_timeout = 60 {{(pid=91759) log_opt_values /usr/local/lib/python3.8/dist-packages/oslo_config/cfg.py:2609}}
Jun 04 14:20:55.873717 n-d-793620-4 devstack@n-api.service[91758]: DEBUG nova.api.openstack.wsgi_app [-] oslo_messaging_rabbit.heartbeat_rate = 3 {{(pid=91758) log_opt_values /usr/local/lib/python3.8/dist-packages/oslo_config/cfg.py:2609}}
Jun 04 14:20:55.873952 n-d-793620-4 devstack@n-api.service[91758]: DEBUG nova.api.openstack.wsgi_app [-] oslo_messaging_rabbit.heartbeat_timeout_threshold = 600 {{(pid=91758) log_opt_values /usr/local/lib/python3.8/dist-packages/oslo_config/cfg.py:2609}}
Jun 04 14:20:55.874038 n-d-793620-4 devstack@n-api.service[91759]: DEBUG nova.api.openstack.wsgi_app [-] oslo_messaging_rabbit.kombu_reconnect_delay = 1.0 {{(pid=91759) log_opt_values /usr/local/lib/python3.8/dist-packages/oslo_config/cfg.py:2609}}
Jun 04 14:20:55.874257 n-d-793620-4 devstack@n-api.service[91758]: DEBUG nova.api.openstack.wsgi_app [-] oslo_messaging_rabbit.kombu_compression = None {{(pid=91758) log_opt_values /usr/local/lib/python3.8/dist-packages/oslo_config/cfg.py:2609}}
Jun 04 14:20:55.874345 n-d-793620-4 devstack@n-api.service[91759]: DEBUG nova.api.openstack.wsgi_app [-] oslo_messaging_rabbit.rabbit_ha_queues = False {{(pid=91759) log_opt_values /usr/local/lib/python3.8/dist-packages/oslo_config/cfg.py:2609}}
Jun 04 14:20:55.874565 n-d-793620-4 devstack@n-api.service[91759]: DEBUG nova.api.openstack.wsgi_app [-] oslo_messaging_rabbit.rabbit_interval_max = 30 {{(pid=91759) log_opt_values /usr/local/lib/python3.8/dist-packages/oslo_config/cfg.py:2609}}
Jun 04 14:20:55.874651 n-d-793620-4 devstack@n-api.service[91758]: DEBUG nova.api.openstack.wsgi_app [-] oslo_messaging_rabbit.kombu_failover_strategy = round-robin {{(pid=91758) log_opt_values /usr/local/lib/python3.8/dist-packages/oslo_config/cfg.py:2609}}
Jun 04 14:20:55.874881 n-d-793620-4 devstack@n-api.service[91758]: DEBUG nova.api.openstack.wsgi_app [-] oslo_messaging_rabbit.kombu_missing_consumer_retry_timeout = 60 {{(pid=91758) log_opt_values /usr/local/lib/python3.8/dist-packages/oslo_config/cfg.py:2609}}
Jun 04 14:20:55.874975 n-d-793620-4 devstack@n-api.service[91759]: DEBUG nova.api.openstack.wsgi_app [-] oslo_messaging_rabbit.rabbit_login_method = AMQPLAIN {{(pid=91759) log_opt_values /usr/local/lib/python3.8/dist-packages/oslo_config/cfg.py:2609}}
Jun 04 14:20:55.875195 n-d-793620-4 devstack@n-api.service[91759]: DEBUG nova.api.openstack.wsgi_app [-] oslo_messaging_rabbit.rabbit_qos_prefetch_count = 0 {{(pid=91759) log_opt_values /usr/local/lib/python3.8/dist-packages/oslo_config/cfg.py:2609}}
Jun 04 14:20:55.875282 n-d-793620-4 devstack@n-api.service[91758]: DEBUG nova.api.openstack.wsgi_app [-] oslo_messaging_rabbit.kombu_reconnect_delay = 1.0 {{(pid=91758) log_opt_values /usr/local/lib/python3.8/dist-packages/oslo_config/cfg.py:2609}}
Jun 04 14:20:55.875506 n-d-793620-4 devstack@n-api.service[91758]: DEBUG nova.api.openstack.wsgi_app [-] oslo_messaging_rabbit.rabbit_ha_queues = False {{(pid=91758) log_opt_values /usr/local/lib/python3.8/dist-packages/oslo_config/cfg.py:2609}}
Jun 04 14:20:55.875591 n-d-793620-4 devstack@n-api.service[91759]: DEBUG nova.api.openstack.wsgi_app [-] oslo_messaging_rabbit.rabbit_retry_backoff = 2 {{(pid=91759) log_opt_values /usr/local/lib/python3.8/dist-packages/oslo_config/cfg.py:2609}}
Jun 04 14:20:55.875815 n-d-793620-4 devstack@n-api.service[91759]: DEBUG nova.api.openstack.wsgi_app [-] oslo_messaging_rabbit.rabbit_retry_interval = 1 {{(pid=91759) log_opt_values /usr/local/lib/python3.8/dist-packages/oslo_config/cfg.py:2609}}
Jun 04 14:20:55.875909 n-d-793620-4 devstack@n-api.service[91758]: DEBUG nova.api.openstack.wsgi_app [-] oslo_messaging_rabbit.rabbit_interval_max = 30 {{(pid=91758) log_opt_values /usr/local/lib/python3.8/dist-packages/oslo_config/cfg.py:2609}}
Jun 04 14:20:55.876126 n-d-793620-4 devstack@n-api.service[91759]: DEBUG nova.api.openstack.wsgi_app [-] oslo_messaging_rabbit.rabbit_transient_queues_ttl = 1800 {{(pid=91759) log_opt_values /usr/local/lib/python3.8/dist-packages/oslo_config/cfg.py:2609}}
Jun 04 14:20:55.876254 n-d-793620-4 devstack@n-api.service[91758]: DEBUG nova.api.openstack.wsgi_app [-] oslo_messaging_rabbit.rabbit_login_method = AMQPLAIN {{(pid=91758) log_opt_values /usr/local/lib/python3.8/dist-packages/oslo_config/cfg.py:2609}}
Jun 04 14:20:55.876431 n-d-793620-4 devstack@n-api.service[91758]: DEBUG nova.api.openstack.wsgi_app [-] oslo_messaging_rabbit.rabbit_qos_prefetch_count = 0 {{(pid=91758) log_opt_values /usr/local/lib/python3.8/dist-packages/oslo_config/cfg.py:2609}}
Jun 04 14:20:55.876518 n-d-793620-4 devstack@n-api.service[91759]: DEBUG nova.api.openstack.wsgi_app [-] oslo_messaging_rabbit.rpc_conn_pool_size = 30 {{(pid=91759) log_opt_values /usr/local/lib/python3.8/dist-packages/oslo_config/cfg.py:2609}}
Jun 04 14:20:55.876743 n-d-793620-4 devstack@n-api.service[91758]: DEBUG nova.api.openstack.wsgi_app [-] oslo_messaging_rabbit.rabbit_retry_backoff = 2 {{(pid=91758) log_opt_values /usr/local/lib/python3.8/dist-packages/oslo_config/cfg.py:2609}}
Jun 04 14:20:55.876838 n-d-793620-4 devstack@n-api.service[91759]: DEBUG nova.api.openstack.wsgi_app [-] oslo_messaging_rabbit.ssl = False {{(pid=91759) log_opt_values /usr/local/lib/python3.8/dist-packages/oslo_config/cfg.py:2609}}
Jun 04 14:20:55.877050 n-d-793620-4 devstack@n-api.service[91758]: DEBUG nova.api.openstack.wsgi_app [-] oslo_messaging_rabbit.rabbit_retry_interval = 1 {{(pid=91758) log_opt_values /usr/local/lib/python3.8/dist-packages/oslo_config/cfg.py:2609}}
Jun 04 14:20:55.877137 n-d-793620-4 devstack@n-api.service[91759]: DEBUG nova.api.openstack.wsgi_app [-] oslo_messaging_rabbit.ssl_ca_file = {{(pid=91759) log_opt_values /usr/local/lib/python3.8/dist-packages/oslo_config/cfg.py:2609}}
Jun 04 14:20:55.877356 n-d-793620-4 devstack@n-api.service[91758]: DEBUG nova.api.openstack.wsgi_app [-] oslo_messaging_rabbit.rabbit_transient_queues_ttl = 1800 {{(pid=91758) log_opt_values /usr/local/lib/python3.8/dist-packages/oslo_config/cfg.py:2609}}
Jun 04 14:20:55.877442 n-d-793620-4 devstack@n-api.service[91759]: DEBUG nova.api.openstack.wsgi_app [-] oslo_messaging_rabbit.ssl_cert_file = {{(pid=91759) log_opt_values /usr/local/lib/python3.8/dist-packages/oslo_config/cfg.py:2609}}
Jun 04 14:20:55.877693 n-d-793620-4 devstack@n-api.service[91758]: DEBUG nova.api.openstack.wsgi_app [-] oslo_messaging_rabbit.rpc_conn_pool_size = 30 {{(pid=91758) log_opt_values /usr/local/lib/python3.8/dist-packages/oslo_config/cfg.py:2609}}
Jun 04 14:20:55.877790 n-d-793620-4 devstack@n-api.service[91759]: DEBUG nova.api.openstack.wsgi_app [-] oslo_messaging_rabbit.ssl_key_file = {{(pid=91759) log_opt_values /usr/local/lib/python3.8/dist-packages/oslo_config/cfg.py:2609}}
Jun 04 14:20:55.878006 n-d-793620-4 devstack@n-api.service[91758]: DEBUG nova.api.openstack.wsgi_app [-] oslo_messaging_rabbit.ssl = False {{(pid=91758) log_opt_values /usr/local/lib/python3.8/dist-packages/oslo_config/cfg.py:2609}}
Jun 04 14:20:55.878102 n-d-793620-4 devstack@n-api.service[91759]: DEBUG nova.api.openstack.wsgi_app [-] oslo_messaging_rabbit.ssl_version = {{(pid=91759) log_opt_values /usr/local/lib/python3.8/dist-packages/oslo_config/cfg.py:2609}}
Jun 04 14:20:55.878326 n-d-793620-4 devstack@n-api.service[91758]: DEBUG nova.api.openstack.wsgi_app [-] oslo_messaging_rabbit.ssl_ca_file = {{(pid=91758) log_opt_values /usr/local/lib/python3.8/dist-packages/oslo_config/cfg.py:2609}}
Jun 04 14:20:55.878445 n-d-793620-4 devstack@n-api.service[91759]: DEBUG nova.api.openstack.wsgi_app [-] oslo_messaging_notifications.driver = ['messagingv2'] {{(pid=91759) log_opt_values /usr/local/lib/python3.8/dist-packages/oslo_config/cfg.py:2609}}
Jun 04 14:20:55.878644 n-d-793620-4 devstack@n-api.service[91758]: DEBUG nova.api.openstack.wsgi_app [-] oslo_messaging_rabbit.ssl_cert_file = {{(pid=91758) log_opt_values /usr/local/lib/python3.8/dist-packages/oslo_config/cfg.py:2609}}
Jun 04 14:20:55.878743 n-d-793620-4 devstack@n-api.service[91759]: DEBUG nova.api.openstack.wsgi_app [-] oslo_messaging_notifications.retry = -1 {{(pid=91759) log_opt_values /usr/local/lib/python3.8/dist-packages/oslo_config/cfg.py:2609}}
Jun 04 14:20:55.878966 n-d-793620-4 devstack@n-api.service[91758]: DEBUG nova.api.openstack.wsgi_app [-] oslo_messaging_rabbit.ssl_key_file = {{(pid=91758) log_opt_values /usr/local/lib/python3.8/dist-packages/oslo_config/cfg.py:2609}}
Jun 04 14:20:55.879088 n-d-793620-4 devstack@n-api.service[91759]: DEBUG nova.api.openstack.wsgi_app [-] oslo_messaging_notifications.topics = ['notifications'] {{(pid=91759) log_opt_values /usr/local/lib/python3.8/dist-packages/oslo_config/cfg.py:2609}}
Jun 04 14:20:55.879286 n-d-793620-4 devstack@n-api.service[91758]: DEBUG nova.api.openstack.wsgi_app [-] oslo_messaging_rabbit.ssl_version = {{(pid=91758) log_opt_values /usr/local/lib/python3.8/dist-packages/oslo_config/cfg.py:2609}}
Jun 04 14:20:55.879415 n-d-793620-4 devstack@n-api.service[91759]: DEBUG nova.api.openstack.wsgi_app [-] oslo_messaging_notifications.transport_url = **** {{(pid=91759) log_opt_values /usr/local/lib/python3.8/dist-packages/oslo_config/cfg.py:2609}}
Jun 04 14:20:55.879625 n-d-793620-4 devstack@n-api.service[91758]: DEBUG nova.api.openstack.wsgi_app [-] oslo_messaging_notifications.driver = ['messagingv2'] {{(pid=91758) log_opt_values /usr/local/lib/python3.8/dist-packages/oslo_config/cfg.py:2609}}
Jun 04 14:20:55.879713 n-d-793620-4 devstack@n-api.service[91759]: DEBUG nova.api.openstack.wsgi_app [-] ******************************************************************************** {{(pid=91759) log_opt_values /usr/local/lib/python3.8/dist-packages/oslo_config/cfg.py:2613}}
Jun 04 14:20:55.879932 n-d-793620-4 devstack@n-api.service[91758]: DEBUG nova.api.openstack.wsgi_app [-] oslo_messaging_notifications.retry = -1 {{(pid=91758) log_opt_values /usr/local/lib/python3.8/dist-packages/oslo_config/cfg.py:2609}}
Jun 04 14:20:55.880271 n-d-793620-4 devstack@n-api.service[91758]: DEBUG nova.api.openstack.wsgi_app [-] oslo_messaging_notifications.topics = ['notifications'] {{(pid=91758) log_opt_values /usr/local/lib/python3.8/dist-packages/oslo_config/cfg.py:2609}}
Jun 04 14:20:55.880592 n-d-793620-4 devstack@n-api.service[91758]: DEBUG nova.api.openstack.wsgi_app [-] oslo_messaging_notifications.transport_url = **** {{(pid=91758) log_opt_values /usr/local/lib/python3.8/dist-packages/oslo_config/cfg.py:2609}}
Jun 04 14:20:55.880832 n-d-793620-4 devstack@n-api.service[91758]: DEBUG nova.api.openstack.wsgi_app [-] ******************************************************************************** {{(pid=91758) log_opt_values /usr/local/lib/python3.8/dist-packages/oslo_config/cfg.py:2613}}
Jun 04 14:20:55.913300 n-d-793620-4 devstack@n-api.service[91759]: DEBUG oslo_db.sqlalchemy.engines [None req-004e29b1-f9e1-43d7-828b-df139d9adc16 None None] MySQL server mode set to STRICT_TRANS_TABLES,STRICT_ALL_TABLES,NO_ZERO_IN_DATE,NO_ZERO_DATE,ERROR_FOR_DIVISION_BY_ZERO,TRADITIONAL,NO_ENGINE_SUBSTITUTION {{(pid=91759) _check_effective_sql_mode /usr/local/lib/python3.8/dist-packages/oslo_db/sqlalchemy/engines.py:314}}
Jun 04 14:20:55.914273 n-d-793620-4 devstack@n-api.service[91758]: DEBUG oslo_db.sqlalchemy.engines [None req-a50b8ee6-cada-4e44-b32d-ea48334fb5ba None None] MySQL server mode set to STRICT_TRANS_TABLES,STRICT_ALL_TABLES,NO_ZERO_IN_DATE,NO_ZERO_DATE,ERROR_FOR_DIVISION_BY_ZERO,TRADITIONAL,NO_ENGINE_SUBSTITUTION {{(pid=91758) _check_effective_sql_mode /usr/local/lib/python3.8/dist-packages/oslo_db/sqlalchemy/engines.py:314}}
Jun 04 14:20:56.156842 n-d-793620-4 devstack@n-api.service[91759]: DEBUG nova.context [None req-004e29b1-f9e1-43d7-828b-df139d9adc16 None None] Found 2 cells: 00000000-0000-0000-0000-000000000000(cell0),d5bfd8c7-cc59-49e0-aa4e-19775b6d0a55(cell1) {{(pid=91759) load_cells /opt/stack/nova/nova/context.py:464}}
Jun 04 14:20:56.157697 n-d-793620-4 devstack@n-api.service[91758]: DEBUG nova.context [None req-a50b8ee6-cada-4e44-b32d-ea48334fb5ba None None] Found 2 cells: 00000000-0000-0000-0000-000000000000(cell0),d5bfd8c7-cc59-49e0-aa4e-19775b6d0a55(cell1) {{(pid=91758) load_cells /opt/stack/nova/nova/context.py:464}}
Jun 04 14:20:56.161348 n-d-793620-4 devstack@n-api.service[91759]: DEBUG oslo_concurrency.lockutils [None req-004e29b1-f9e1-43d7-828b-df139d9adc16 None None] Lock "00000000-0000-0000-0000-000000000000" acquired by "nova.context.set_target_cell..get_or_set_cached_cell_and_set_connections" :: waited 0.000s {{(pid=91759) inner /usr/local/lib/python3.8/dist-packages/oslo_concurrency/lockutils.py:355}}
Jun 04 14:20:56.162178 n-d-793620-4 devstack@n-api.service[91758]: DEBUG oslo_concurrency.lockutils [None req-a50b8ee6-cada-4e44-b32d-ea48334fb5ba None None] Lock "00000000-0000-0000-0000-000000000000" acquired by "nova.context.set_target_cell..get_or_set_cached_cell_and_set_connections" :: waited 0.000s {{(pid=91758) inner /usr/local/lib/python3.8/dist-packages/oslo_concurrency/lockutils.py:355}}
Jun 04 14:20:56.163015 n-d-793620-4 devstack@n-api.service[91759]: DEBUG oslo_concurrency.lockutils [None req-004e29b1-f9e1-43d7-828b-df139d9adc16 None None] Lock "00000000-0000-0000-0000-000000000000" released by "nova.context.set_target_cell..get_or_set_cached_cell_and_set_connections" :: held 0.002s {{(pid=91759) inner /usr/local/lib/python3.8/dist-packages/oslo_concurrency/lockutils.py:367}}
Jun 04 14:20:56.163865 n-d-793620-4 devstack@n-api.service[91758]: DEBUG oslo_concurrency.lockutils [None req-a50b8ee6-cada-4e44-b32d-ea48334fb5ba None None] Lock "00000000-0000-0000-0000-000000000000" released by "nova.context.set_target_cell..get_or_set_cached_cell_and_set_connections" :: held 0.002s {{(pid=91758) inner /usr/local/lib/python3.8/dist-packages/oslo_concurrency/lockutils.py:367}}
Jun 04 14:20:56.163964 n-d-793620-4 devstack@n-api.service[91759]: DEBUG oslo_concurrency.lockutils [None req-004e29b1-f9e1-43d7-828b-df139d9adc16 None None] Lock "d5bfd8c7-cc59-49e0-aa4e-19775b6d0a55" acquired by "nova.context.set_target_cell..get_or_set_cached_cell_and_set_connections" :: waited 0.000s {{(pid=91759) inner /usr/local/lib/python3.8/dist-packages/oslo_concurrency/lockutils.py:355}}
Jun 04 14:20:56.164666 n-d-793620-4 devstack@n-api.service[91758]: DEBUG oslo_concurrency.lockutils [None req-a50b8ee6-cada-4e44-b32d-ea48334fb5ba None None] Lock "d5bfd8c7-cc59-49e0-aa4e-19775b6d0a55" acquired by "nova.context.set_target_cell..get_or_set_cached_cell_and_set_connections" :: waited 0.000s {{(pid=91758) inner /usr/local/lib/python3.8/dist-packages/oslo_concurrency/lockutils.py:355}}
Jun 04 14:20:56.165932 n-d-793620-4 devstack@n-api.service[91759]: DEBUG oslo_concurrency.lockutils [None req-004e29b1-f9e1-43d7-828b-df139d9adc16 None None] Lock "d5bfd8c7-cc59-49e0-aa4e-19775b6d0a55" released by "nova.context.set_target_cell..get_or_set_cached_cell_and_set_connections" :: held 0.002s {{(pid=91759) inner /usr/local/lib/python3.8/dist-packages/oslo_concurrency/lockutils.py:367}}
Jun 04 14:20:56.166663 n-d-793620-4 devstack@n-api.service[91758]: DEBUG oslo_concurrency.lockutils [None req-a50b8ee6-cada-4e44-b32d-ea48334fb5ba None None] Lock "d5bfd8c7-cc59-49e0-aa4e-19775b6d0a55" released by "nova.context.set_target_cell..get_or_set_cached_cell_and_set_connections" :: held 0.002s {{(pid=91758) inner /usr/local/lib/python3.8/dist-packages/oslo_concurrency/lockutils.py:367}}
Jun 04 14:20:56.190492 n-d-793620-4 devstack@n-api.service[91759]: DEBUG oslo_db.sqlalchemy.engines [None req-004e29b1-f9e1-43d7-828b-df139d9adc16 None None] MySQL server mode set to STRICT_TRANS_TABLES,STRICT_ALL_TABLES,NO_ZERO_IN_DATE,NO_ZERO_DATE,ERROR_FOR_DIVISION_BY_ZERO,TRADITIONAL,NO_ENGINE_SUBSTITUTION {{(pid=91759) _check_effective_sql_mode /usr/local/lib/python3.8/dist-packages/oslo_db/sqlalchemy/engines.py:314}}
Jun 04 14:20:56.196435 n-d-793620-4 devstack@n-api.service[91758]: DEBUG oslo_db.sqlalchemy.engines [None req-a50b8ee6-cada-4e44-b32d-ea48334fb5ba None None] MySQL server mode set to STRICT_TRANS_TABLES,STRICT_ALL_TABLES,NO_ZERO_IN_DATE,NO_ZERO_DATE,ERROR_FOR_DIVISION_BY_ZERO,TRADITIONAL,NO_ENGINE_SUBSTITUTION {{(pid=91758) _check_effective_sql_mode /usr/local/lib/python3.8/dist-packages/oslo_db/sqlalchemy/engines.py:314}}
Jun 04 14:20:56.200568 n-d-793620-4 devstack@n-api.service[91759]: DEBUG oslo_db.sqlalchemy.engines [None req-004e29b1-f9e1-43d7-828b-df139d9adc16 None None] MySQL server mode set to STRICT_TRANS_TABLES,STRICT_ALL_TABLES,NO_ZERO_IN_DATE,NO_ZERO_DATE,ERROR_FOR_DIVISION_BY_ZERO,TRADITIONAL,NO_ENGINE_SUBSTITUTION {{(pid=91759) _check_effective_sql_mode /usr/local/lib/python3.8/dist-packages/oslo_db/sqlalchemy/engines.py:314}}
Jun 04 14:20:56.208778 n-d-793620-4 devstack@n-api.service[91758]: DEBUG oslo_db.sqlalchemy.engines [None req-a50b8ee6-cada-4e44-b32d-ea48334fb5ba None None] MySQL server mode set to STRICT_TRANS_TABLES,STRICT_ALL_TABLES,NO_ZERO_IN_DATE,NO_ZERO_DATE,ERROR_FOR_DIVISION_BY_ZERO,TRADITIONAL,NO_ENGINE_SUBSTITUTION {{(pid=91758) _check_effective_sql_mode /usr/local/lib/python3.8/dist-packages/oslo_db/sqlalchemy/engines.py:314}}
Jun 04 14:20:56.232905 n-d-793620-4 devstack@n-api.service[91759]: DEBUG oslo_db.sqlalchemy.engines [None req-004e29b1-f9e1-43d7-828b-df139d9adc16 None None] MySQL server mode set to STRICT_TRANS_TABLES,STRICT_ALL_TABLES,NO_ZERO_IN_DATE,NO_ZERO_DATE,ERROR_FOR_DIVISION_BY_ZERO,TRADITIONAL,NO_ENGINE_SUBSTITUTION {{(pid=91759) _check_effective_sql_mode /usr/local/lib/python3.8/dist-packages/oslo_db/sqlalchemy/engines.py:314}}
Jun 04 14:20:56.234535 n-d-793620-4 devstack@n-api.service[91758]: DEBUG oslo_db.sqlalchemy.engines [None req-a50b8ee6-cada-4e44-b32d-ea48334fb5ba None None] MySQL server mode set to STRICT_TRANS_TABLES,STRICT_ALL_TABLES,NO_ZERO_IN_DATE,NO_ZERO_DATE,ERROR_FOR_DIVISION_BY_ZERO,TRADITIONAL,NO_ENGINE_SUBSTITUTION {{(pid=91758) _check_effective_sql_mode /usr/local/lib/python3.8/dist-packages/oslo_db/sqlalchemy/engines.py:314}}
Jun 04 14:20:56.669346 n-d-793620-4 devstack@n-api.service[91758]: WARNING keystonemiddleware.auth_token [None req-a50b8ee6-cada-4e44-b32d-ea48334fb5ba None None] AuthToken middleware is set with keystone_authtoken.service_token_roles_required set to False. This is backwards compatible but deprecated behaviour. Please set this to True.
Jun 04 14:20:56.670107 n-d-793620-4 devstack@n-api.service[91759]: WARNING keystonemiddleware.auth_token [None req-004e29b1-f9e1-43d7-828b-df139d9adc16 None None] AuthToken middleware is set with keystone_authtoken.service_token_roles_required set to False. This is backwards compatible but deprecated behaviour. Please set this to True.
Jun 04 14:20:56.675873 n-d-793620-4 devstack@n-api.service[91758]: WARNING keystonemiddleware.auth_token [None req-a50b8ee6-cada-4e44-b32d-ea48334fb5ba None None] Configuring www_authenticate_uri to point to the public identity endpoint is required; clients may not be able to authenticate against an admin endpoint
Jun 04 14:20:56.676471 n-d-793620-4 devstack@n-api.service[91759]: WARNING keystonemiddleware.auth_token [None req-004e29b1-f9e1-43d7-828b-df139d9adc16 None None] Configuring www_authenticate_uri to point to the public identity endpoint is required; clients may not be able to authenticate against an admin endpoint
Jun 04 14:20:56.904675 n-d-793620-4 devstack@n-api.service[91758]: WARNING keystonemiddleware.auth_token [None req-a50b8ee6-cada-4e44-b32d-ea48334fb5ba None None] AuthToken middleware is set with keystone_authtoken.service_token_roles_required set to False. This is backwards compatible but deprecated behaviour. Please set this to True.
Jun 04 14:20:56.905660 n-d-793620-4 devstack@n-api.service[91759]: WARNING keystonemiddleware.auth_token [None req-004e29b1-f9e1-43d7-828b-df139d9adc16 None None] AuthToken middleware is set with keystone_authtoken.service_token_roles_required set to False. This is backwards compatible but deprecated behaviour. Please set this to True.
Jun 04 14:20:56.910104 n-d-793620-4 devstack@n-api.service[91758]: WARNING keystonemiddleware.auth_token [None req-a50b8ee6-cada-4e44-b32d-ea48334fb5ba None None] Configuring www_authenticate_uri to point to the public identity endpoint is required; clients may not be able to authenticate against an admin endpoint
Jun 04 14:20:56.911035 n-d-793620-4 devstack@n-api.service[91759]: WARNING keystonemiddleware.auth_token [None req-004e29b1-f9e1-43d7-828b-df139d9adc16 None None] Configuring www_authenticate_uri to point to the public identity endpoint is required; clients may not be able to authenticate against an admin endpoint
Jun 04 14:20:56.916128 n-d-793620-4 devstack@n-api.service[91758]: WSGI app 0 (mountpoint='') ready in 5 seconds on interpreter 0x559c3e9319c0 pid: 91758 (default app)
Jun 04 14:20:56.916841 n-d-793620-4 devstack@n-api.service[91759]: WSGI app 0 (mountpoint='') ready in 5 seconds on interpreter 0x559c3e9319c0 pid: 91759 (default app)
Jun 04 14:20:56.918249 n-d-793620-4 devstack@n-api.service[91758]: DEBUG nova.api.openstack.wsgi [None req-a50b8ee6-cada-4e44-b32d-ea48334fb5ba None None] Calling method '>' {{(pid=91758) _process_stack /opt/stack/nova/nova/api/openstack/wsgi.py:513}}
Jun 04 14:20:56.919411 n-d-793620-4 devstack@n-api.service[91758]: INFO nova.api.openstack.requestlog [None req-a50b8ee6-cada-4e44-b32d-ea48334fb5ba None None] 10.222.0.57 "GET /compute/v2.1/" status: 200 len: 388 microversion: 2.1 time: 0.001704
Jun 04 14:20:56.919776 n-d-793620-4 devstack@n-api.service[91758]: [pid: 91758|app: 0|req: 1/1] 10.222.0.57 () {50 vars in 789 bytes} [Fri Jun 4 14:20:56 2021] GET /compute/v2.1/ => generated 388 bytes in 3 msecs (HTTP/1.1 200) 9 headers in 357 bytes (1 switches on core 0)
Jun 04 14:22:18.056256 n-d-793620-4 devstack@n-api.service[91759]: DEBUG nova.api.openstack.wsgi [None req-004e29b1-f9e1-43d7-828b-df139d9adc16 None None] Calling method '>' {{(pid=91759) _process_stack /opt/stack/nova/nova/api/openstack/wsgi.py:513}}
Jun 04 14:22:18.057426 n-d-793620-4 devstack@n-api.service[91759]: INFO nova.api.openstack.requestlog [None req-004e29b1-f9e1-43d7-828b-df139d9adc16 None None] 10.222.0.57 "GET /compute/v2.1" status: 200 len: 388 microversion: 2.1 time: 0.001905
Jun 04 14:22:18.058167 n-d-793620-4 devstack@n-api.service[91759]: [pid: 91759|app: 0|req: 1/2] 10.222.0.57 () {54 vars in 930 bytes} [Fri Jun 4 14:22:18 2021] GET /compute/v2.1 => generated 388 bytes in 4 msecs (HTTP/1.1 200) 9 headers in 357 bytes (1 switches on core 0)
Jun 04 14:22:18.641140 n-d-793620-4 devstack@n-api.service[91758]: DEBUG nova.api.openstack.wsgi [None req-338b08c2-8958-4ddf-9a61-e878955a8831 admin admin] Calling method '>' {{(pid=91758) _process_stack /opt/stack/nova/nova/api/openstack/wsgi.py:513}}
Jun 04 14:22:18.669995 n-d-793620-4 devstack@n-api.service[91758]: INFO nova.api.openstack.requestlog [None req-338b08c2-8958-4ddf-9a61-e878955a8831 admin admin] 10.222.0.57 "GET /compute/v2.1/flavors/detail?is_public=True" status: 200 len: 15 microversion: 2.61 time: 0.605767
Jun 04 14:22:18.677632 n-d-793620-4 devstack@n-api.service[91758]: [pid: 91758|app: 0|req: 2/3] 10.222.0.57 () {60 vars in 1291 bytes} [Fri Jun 4 14:22:18 2021] GET /compute/v2.1/flavors/detail?is_public=True => generated 15 bytes in 607 msecs (HTTP/1.1 200) 9 headers in 358 bytes (1 switches on core 0)
Jun 04 14:22:20.843038 n-d-793620-4 devstack@n-api.service[91759]: DEBUG nova.api.openstack.wsgi [None req-004e29b1-f9e1-43d7-828b-df139d9adc16 None None] Calling method '>' {{(pid=91759) _process_stack /opt/stack/nova/nova/api/openstack/wsgi.py:513}}
Jun 04 14:22:20.844540 n-d-793620-4 devstack@n-api.service[91759]: INFO nova.api.openstack.requestlog [None req-004e29b1-f9e1-43d7-828b-df139d9adc16 None None] 10.222.0.57 "GET /compute/v2.1" status: 200 len: 388 microversion: 2.1 time: 0.001899
Jun 04 14:22:20.844932 n-d-793620-4 devstack@n-api.service[91759]: [pid: 91759|app: 0|req: 2/4] 10.222.0.57 () {54 vars in 930 bytes} [Fri Jun 4 14:22:20 2021] GET /compute/v2.1 => generated 388 bytes in 3 msecs (HTTP/1.1 200) 9 headers in 357 bytes (1 switches on core 0)
Jun 04 14:22:20.908367 n-d-793620-4 devstack@n-api.service[91758]: DEBUG nova.api.openstack.wsgi [None req-438ef77c-9797-48a5-a5fa-8cfb9586d6cd admin admin] Action: 'create', calling method: >, body: {"flavor": {"OS-FLV-EXT-DATA:ephemeral": 0, "ram": 256, "os-flavor-access:is_public": true, "rxtx_factor": 1.0, "swap": 0, "id": "c1", "disk": 1, "name": "cirros256", "vcpus": 1}} {{(pid=91758) _process_stack /opt/stack/nova/nova/api/openstack/wsgi.py:511}}
Jun 04 14:22:20.926547 n-d-793620-4 devstack@n-api.service[91758]: /usr/local/lib/python3.8/dist-packages/oslo_policy/policy.py:1064: UserWarning: Policy os_compute_api:os-flavor-manage:create failed scope check. The token used to make the request was project scoped but the policy requires ['system'] scope. This behavior may change in the future where using the intended scope is required
Jun 04 14:22:20.926547 n-d-793620-4 devstack@n-api.service[91758]: warnings.warn(msg)
Jun 04 14:22:20.956000 n-d-793620-4 devstack@n-api.service[91758]: INFO nova.api.openstack.requestlog [None req-438ef77c-9797-48a5-a5fa-8cfb9586d6cd admin admin] 10.222.0.57 "POST /compute/v2.1/flavors" status: 200 len: 407 microversion: 2.61 time: 0.104720
Jun 04 14:22:20.957254 n-d-793620-4 devstack@n-api.service[91758]: [pid: 91758|app: 0|req: 3/5] 10.222.0.57 () {64 vars in 1282 bytes} [Fri Jun 4 14:22:20 2021] POST /compute/v2.1/flavors => generated 407 bytes in 107 msecs (HTTP/1.1 200) 9 headers in 359 bytes (2 switches on core 0)
Jun 04 14:22:21.320491 n-d-793620-4 devstack@n-api.service[91759]: DEBUG nova.api.openstack.wsgi [None req-5f168997-18b5-41fc-8340-a00ef96edf06 admin admin] Action: 'create', calling method: >, body: {"extra_specs": {"hw_rng:allowed": "True"}} {{(pid=91759) _process_stack /opt/stack/nova/nova/api/openstack/wsgi.py:511}}
Jun 04 14:22:21.322884 n-d-793620-4 devstack@n-api.service[91759]: /usr/local/lib/python3.8/dist-packages/oslo_policy/policy.py:1064: UserWarning: Policy os_compute_api:os-flavor-extra-specs:create failed scope check. The token used to make the request was project scoped but the policy requires ['system'] scope. This behavior may change in the future where using the intended scope is required
Jun 04 14:22:21.322884 n-d-793620-4 devstack@n-api.service[91759]: warnings.warn(msg)
Jun 04 14:22:21.422616 n-d-793620-4 devstack@n-api.service[91759]: INFO nova.api.openstack.requestlog [None req-5f168997-18b5-41fc-8340-a00ef96edf06 admin admin] 10.222.0.57 "POST /compute/v2.1/flavors/c1/os-extra_specs" status: 200 len: 43 microversion: 2.61 time: 0.456281
Jun 04 14:22:21.441553 n-d-793620-4 devstack@n-api.service[91759]: [pid: 91759|app: 0|req: 3/6] 10.222.0.57 () {64 vars in 1335 bytes} [Fri Jun 4 14:22:20 2021] POST /compute/v2.1/flavors/c1/os-extra_specs => generated 43 bytes in 463 msecs (HTTP/1.1 200) 9 headers in 358 bytes (1 switches on core 0)
Jun 04 14:22:23.605350 n-d-793620-4 devstack@n-api.service[91758]: DEBUG nova.api.openstack.wsgi [None req-438ef77c-9797-48a5-a5fa-8cfb9586d6cd admin admin] Calling method '>' {{(pid=91758) _process_stack /opt/stack/nova/nova/api/openstack/wsgi.py:513}}
Jun 04 14:22:23.606411 n-d-793620-4 devstack@n-api.service[91758]: INFO nova.api.openstack.requestlog [None req-438ef77c-9797-48a5-a5fa-8cfb9586d6cd admin admin] 10.222.0.57 "GET /compute/v2.1" status: 200 len: 388 microversion: 2.1 time: 0.001492
Jun 04 14:22:23.606810 n-d-793620-4 devstack@n-api.service[91758]: [pid: 91758|app: 0|req: 4/7] 10.222.0.57 () {54 vars in 930 bytes} [Fri Jun 4 14:22:23 2021] GET /compute/v2.1 => generated 388 bytes in 2 msecs (HTTP/1.1 200) 9 headers in 357 bytes (1 switches on core 0)
Jun 04 14:22:23.724946 n-d-793620-4 devstack@n-api.service[91759]: DEBUG nova.api.openstack.wsgi [None req-1c035f10-6010-4d10-9cd3-9c2e949c5950 admin admin] Action: 'create', calling method: >, body: {"flavor": {"vcpus": 1, "swap": 0, "name": "ds512M", "OS-FLV-EXT-DATA:ephemeral": 0, "disk": 5, "rxtx_factor": 1.0, "ram": 512, "os-flavor-access:is_public": true, "id": "d1"}} {{(pid=91759) _process_stack /opt/stack/nova/nova/api/openstack/wsgi.py:511}}
Jun 04 14:22:23.759277 n-d-793620-4 devstack@n-api.service[91759]: /usr/local/lib/python3.8/dist-packages/oslo_policy/policy.py:1064: UserWarning: Policy os_compute_api:os-flavor-manage:create failed scope check. The token used to make the request was project scoped but the policy requires ['system'] scope. This behavior may change in the future where using the intended scope is required
Jun 04 14:22:23.759277 n-d-793620-4 devstack@n-api.service[91759]: warnings.warn(msg)
Jun 04 14:22:23.786623 n-d-793620-4 devstack@n-api.service[91759]: INFO nova.api.openstack.requestlog [None req-1c035f10-6010-4d10-9cd3-9c2e949c5950 admin admin] 10.222.0.57 "POST /compute/v2.1/flavors" status: 200 len: 404 microversion: 2.61 time: 0.173591
Jun 04 14:22:23.787065 n-d-793620-4 devstack@n-api.service[91759]: [pid: 91759|app: 0|req: 4/8] 10.222.0.57 () {64 vars in 1282 bytes} [Fri Jun 4 14:22:23 2021] POST /compute/v2.1/flavors => generated 404 bytes in 175 msecs (HTTP/1.1 200) 9 headers in 359 bytes (1 switches on core 0)
Jun 04 14:22:23.798602 n-d-793620-4 devstack@n-api.service[91758]: DEBUG nova.api.openstack.wsgi [None req-636c84d4-e32b-4ff3-ab5f-adf2afaf19cb admin admin] Action: 'create', calling method: >, body: {"extra_specs": {"hw_rng:allowed": "True"}} {{(pid=91758) _process_stack /opt/stack/nova/nova/api/openstack/wsgi.py:511}}
Jun 04 14:22:23.800082 n-d-793620-4 devstack@n-api.service[91758]: /usr/local/lib/python3.8/dist-packages/oslo_policy/policy.py:1064: UserWarning: Policy os_compute_api:os-flavor-extra-specs:create failed scope check. The token used to make the request was project scoped but the policy requires ['system'] scope. This behavior may change in the future where using the intended scope is required
Jun 04 14:22:23.800082 n-d-793620-4 devstack@n-api.service[91758]: warnings.warn(msg)
Jun 04 14:22:23.837947 n-d-793620-4 devstack@n-api.service[91758]: INFO nova.api.openstack.requestlog [None req-636c84d4-e32b-4ff3-ab5f-adf2afaf19cb admin admin] 10.222.0.57 "POST /compute/v2.1/flavors/d1/os-extra_specs" status: 200 len: 43 microversion: 2.61 time: 0.043002
Jun 04 14:22:23.838520 n-d-793620-4 devstack@n-api.service[91758]: [pid: 91758|app: 0|req: 5/9] 10.222.0.57 () {64 vars in 1335 bytes} [Fri Jun 4 14:22:23 2021] POST /compute/v2.1/flavors/d1/os-extra_specs => generated 43 bytes in 44 msecs (HTTP/1.1 200) 9 headers in 358 bytes (2 switches on core 0)
Jun 04 14:22:26.013741 n-d-793620-4 devstack@n-api.service[91759]: DEBUG nova.api.openstack.wsgi [None req-1c035f10-6010-4d10-9cd3-9c2e949c5950 admin admin] Calling method '>' {{(pid=91759) _process_stack /opt/stack/nova/nova/api/openstack/wsgi.py:513}}
Jun 04 14:22:26.015238 n-d-793620-4 devstack@n-api.service[91759]: INFO nova.api.openstack.requestlog [None req-1c035f10-6010-4d10-9cd3-9c2e949c5950 admin admin] 10.222.0.57 "GET /compute/v2.1" status: 200 len: 388 microversion: 2.1 time: 0.001996
Jun 04 14:22:26.015872 n-d-793620-4 devstack@n-api.service[91759]: [pid: 91759|app: 0|req: 5/10] 10.222.0.57 () {54 vars in 930 bytes} [Fri Jun 4 14:22:26 2021] GET /compute/v2.1 => generated 388 bytes in 3 msecs (HTTP/1.1 200) 9 headers in 357 bytes (1 switches on core 0)
Jun 04 14:22:26.096235 n-d-793620-4 devstack@n-api.service[91758]: DEBUG nova.api.openstack.wsgi [None req-f687c714-83c7-478d-b3e0-4e3a8606db9e admin admin] Action: 'create', calling method: >, body: {"flavor": {"name": "ds1G", "disk": 10, "OS-FLV-EXT-DATA:ephemeral": 0, "ram": 1024, "os-flavor-access:is_public": true, "rxtx_factor": 1.0, "vcpus": 1, "swap": 0, "id": "d2"}} {{(pid=91758) _process_stack /opt/stack/nova/nova/api/openstack/wsgi.py:511}}
Jun 04 14:22:26.135111 n-d-793620-4 devstack@n-api.service[91758]: INFO nova.api.openstack.requestlog [None req-f687c714-83c7-478d-b3e0-4e3a8606db9e admin admin] 10.222.0.57 "POST /compute/v2.1/flavors" status: 200 len: 404 microversion: 2.61 time: 0.110052
Jun 04 14:22:26.135710 n-d-793620-4 devstack@n-api.service[91758]: [pid: 91758|app: 0|req: 6/11] 10.222.0.57 () {64 vars in 1282 bytes} [Fri Jun 4 14:22:26 2021] POST /compute/v2.1/flavors => generated 404 bytes in 111 msecs (HTTP/1.1 200) 9 headers in 359 bytes (1 switches on core 0)
Jun 04 14:22:26.155139 n-d-793620-4 devstack@n-api.service[91759]: DEBUG nova.api.openstack.wsgi [None req-60392e4e-e2f5-4847-91cf-99b5be9bbd82 admin admin] Action: 'create', calling method: >, body: {"extra_specs": {"hw_rng:allowed": "True"}} {{(pid=91759) _process_stack /opt/stack/nova/nova/api/openstack/wsgi.py:511}}
Jun 04 14:22:26.233048 n-d-793620-4 devstack@n-api.service[91759]: INFO nova.api.openstack.requestlog [None req-60392e4e-e2f5-4847-91cf-99b5be9bbd82 admin admin] 10.222.0.57 "POST /compute/v2.1/flavors/d2/os-extra_specs" status: 200 len: 43 microversion: 2.61 time: 0.082742
Jun 04 14:22:26.234246 n-d-793620-4 devstack@n-api.service[91759]: [pid: 91759|app: 0|req: 6/12] 10.222.0.57 () {64 vars in 1335 bytes} [Fri Jun 4 14:22:26 2021] POST /compute/v2.1/flavors/d2/os-extra_specs => generated 43 bytes in 85 msecs (HTTP/1.1 200) 9 headers in 358 bytes (1 switches on core 0)
Jun 04 14:22:28.631815 n-d-793620-4 devstack@n-api.service[91758]: DEBUG nova.api.openstack.wsgi [None req-f687c714-83c7-478d-b3e0-4e3a8606db9e admin admin] Calling method '>' {{(pid=91758) _process_stack /opt/stack/nova/nova/api/openstack/wsgi.py:513}}
Jun 04 14:22:28.632848 n-d-793620-4 devstack@n-api.service[91758]: INFO nova.api.openstack.requestlog [None req-f687c714-83c7-478d-b3e0-4e3a8606db9e admin admin] 10.222.0.57 "GET /compute/v2.1" status: 200 len: 388 microversion: 2.1 time: 0.001745
Jun 04 14:22:28.633275 n-d-793620-4 devstack@n-api.service[91758]: [pid: 91758|app: 0|req: 7/13] 10.222.0.57 () {54 vars in 930 bytes} [Fri Jun 4 14:22:28 2021] GET /compute/v2.1 => generated 388 bytes in 3 msecs (HTTP/1.1 200) 9 headers in 357 bytes (1 switches on core 0)
Jun 04 14:22:28.733939 n-d-793620-4 devstack@n-api.service[91759]: DEBUG nova.api.openstack.wsgi [None req-b83fec26-8c52-4143-85f1-43e2d4368a9c admin admin] Action: 'create', calling method: >, body: {"flavor": {"name": "ds2G", "ram": 2048, "disk": 10, "os-flavor-access:is_public": true, "OS-FLV-EXT-DATA:ephemeral": 0, "rxtx_factor": 1.0, "id": "d3", "vcpus": 2, "swap": 0}} {{(pid=91759) _process_stack /opt/stack/nova/nova/api/openstack/wsgi.py:511}}
Jun 04 14:22:28.774979 n-d-793620-4 devstack@n-api.service[91759]: INFO nova.api.openstack.requestlog [None req-b83fec26-8c52-4143-85f1-43e2d4368a9c admin admin] 10.222.0.57 "POST /compute/v2.1/flavors" status: 200 len: 404 microversion: 2.61 time: 0.131759
Jun 04 14:22:28.782267 n-d-793620-4 devstack@n-api.service[91759]: [pid: 91759|app: 0|req: 7/14] 10.222.0.57 () {64 vars in 1282 bytes} [Fri Jun 4 14:22:28 2021] POST /compute/v2.1/flavors => generated 404 bytes in 140 msecs (HTTP/1.1 200) 9 headers in 359 bytes (1 switches on core 0)
Jun 04 14:22:28.793915 n-d-793620-4 devstack@n-api.service[91758]: DEBUG nova.api.openstack.wsgi [None req-1acda5a0-e0d7-457c-869c-49841413b8dc admin admin] Action: 'create', calling method: >, body: {"extra_specs": {"hw_rng:allowed": "True"}} {{(pid=91758) _process_stack /opt/stack/nova/nova/api/openstack/wsgi.py:511}}
Jun 04 14:22:28.837567 n-d-793620-4 devstack@n-api.service[91758]: INFO nova.api.openstack.requestlog [None req-1acda5a0-e0d7-457c-869c-49841413b8dc admin admin] 10.222.0.57 "POST /compute/v2.1/flavors/d3/os-extra_specs" status: 200 len: 43 microversion: 2.61 time: 0.047744
Jun 04 14:22:28.839210 n-d-793620-4 devstack@n-api.service[91758]: [pid: 91758|app: 0|req: 8/15] 10.222.0.57 () {64 vars in 1335 bytes} [Fri Jun 4 14:22:28 2021] POST /compute/v2.1/flavors/d3/os-extra_specs => generated 43 bytes in 50 msecs (HTTP/1.1 200) 9 headers in 358 bytes (1 switches on core 0)
Jun 04 14:22:31.137743 n-d-793620-4 devstack@n-api.service[91759]: DEBUG nova.api.openstack.wsgi [None req-b83fec26-8c52-4143-85f1-43e2d4368a9c admin admin] Calling method '>' {{(pid=91759) _process_stack /opt/stack/nova/nova/api/openstack/wsgi.py:513}}
Jun 04 14:22:31.138748 n-d-793620-4 devstack@n-api.service[91759]: INFO nova.api.openstack.requestlog [None req-b83fec26-8c52-4143-85f1-43e2d4368a9c admin admin] 10.222.0.57 "GET /compute/v2.1" status: 200 len: 388 microversion: 2.1 time: 0.001490
Jun 04 14:22:31.139147 n-d-793620-4 devstack@n-api.service[91759]: [pid: 91759|app: 0|req: 8/16] 10.222.0.57 () {54 vars in 930 bytes} [Fri Jun 4 14:22:31 2021] GET /compute/v2.1 => generated 388 bytes in 2 msecs (HTTP/1.1 200) 9 headers in 357 bytes (2 switches on core 0)
Jun 04 14:22:31.203238 n-d-793620-4 devstack@n-api.service[91758]: DEBUG nova.api.openstack.wsgi [None req-33f54949-16bf-44f5-8795-7c5f955ea028 admin admin] Action: 'create', calling method: >, body: {"flavor": {"swap": 0, "OS-FLV-EXT-DATA:ephemeral": 0, "disk": 20, "name": "ds4G", "os-flavor-access:is_public": true, "ram": 4096, "rxtx_factor": 1.0, "id": "d4", "vcpus": 4}} {{(pid=91758) _process_stack /opt/stack/nova/nova/api/openstack/wsgi.py:511}}
Jun 04 14:22:31.235295 n-d-793620-4 devstack@n-api.service[91758]: INFO nova.api.openstack.requestlog [None req-33f54949-16bf-44f5-8795-7c5f955ea028 admin admin] 10.222.0.57 "POST /compute/v2.1/flavors" status: 200 len: 404 microversion: 2.61 time: 0.089813
Jun 04 14:22:31.237529 n-d-793620-4 devstack@n-api.service[91758]: [pid: 91758|app: 0|req: 9/17] 10.222.0.57 () {64 vars in 1282 bytes} [Fri Jun 4 14:22:31 2021] POST /compute/v2.1/flavors => generated 404 bytes in 91 msecs (HTTP/1.1 200) 9 headers in 359 bytes (1 switches on core 0)
Jun 04 14:22:31.248208 n-d-793620-4 devstack@n-api.service[91759]: DEBUG nova.api.openstack.wsgi [None req-b1728f87-15bf-4b16-89e2-832fb97158ea admin admin] Action: 'create', calling method: >, body: {"extra_specs": {"hw_rng:allowed": "True"}} {{(pid=91759) _process_stack /opt/stack/nova/nova/api/openstack/wsgi.py:511}}
Jun 04 14:22:31.288148 n-d-793620-4 devstack@n-api.service[91759]: INFO nova.api.openstack.requestlog [None req-b1728f87-15bf-4b16-89e2-832fb97158ea admin admin] 10.222.0.57 "POST /compute/v2.1/flavors/d4/os-extra_specs" status: 200 len: 43 microversion: 2.61 time: 0.043146
Jun 04 14:22:31.298857 n-d-793620-4 devstack@n-api.service[91759]: [pid: 91759|app: 0|req: 9/18] 10.222.0.57 () {64 vars in 1335 bytes} [Fri Jun 4 14:22:31 2021] POST /compute/v2.1/flavors/d4/os-extra_specs => generated 43 bytes in 45 msecs (HTTP/1.1 200) 9 headers in 358 bytes (1 switches on core 0)
Jun 04 14:22:33.505144 n-d-793620-4 devstack@n-api.service[91758]: DEBUG nova.api.openstack.wsgi [None req-33f54949-16bf-44f5-8795-7c5f955ea028 admin admin] Calling method '>' {{(pid=91758) _process_stack /opt/stack/nova/nova/api/openstack/wsgi.py:513}}
Jun 04 14:22:33.508940 n-d-793620-4 devstack@n-api.service[91758]: INFO nova.api.openstack.requestlog [None req-33f54949-16bf-44f5-8795-7c5f955ea028 admin admin] 10.222.0.57 "GET /compute/v2.1" status: 200 len: 388 microversion: 2.1 time: 0.004203
Jun 04 14:22:33.510122 n-d-793620-4 devstack@n-api.service[91758]: [pid: 91758|app: 0|req: 10/19] 10.222.0.57 () {54 vars in 930 bytes} [Fri Jun 4 14:22:33 2021] GET /compute/v2.1 => generated 388 bytes in 6 msecs (HTTP/1.1 200) 9 headers in 357 bytes (1 switches on core 0)
Jun 04 14:22:33.610206 n-d-793620-4 devstack@n-api.service[91759]: DEBUG nova.api.openstack.wsgi [None req-45cfc829-fafe-4b21-b289-124a12c31670 admin admin] Calling method '>' {{(pid=91759) _process_stack /opt/stack/nova/nova/api/openstack/wsgi.py:513}}
Jun 04 14:22:33.636573 n-d-793620-4 devstack@n-api.service[91759]: INFO nova.api.openstack.requestlog [None req-45cfc829-fafe-4b21-b289-124a12c31670 admin admin] 10.222.0.57 "GET /compute/v2.1/flavors/detail?is_public=True" status: 200 len: 2106 microversion: 2.61 time: 0.119475
Jun 04 14:22:33.637499 n-d-793620-4 devstack@n-api.service[91759]: [pid: 91759|app: 0|req: 10/20] 10.222.0.57 () {60 vars in 1291 bytes} [Fri Jun 4 14:22:33 2021] GET /compute/v2.1/flavors/detail?is_public=True => generated 2106 bytes in 121 msecs (HTTP/1.1 200) 9 headers in 360 bytes (2 switches on core 0)
Jun 04 14:22:35.872828 n-d-793620-4 devstack@n-api.service[91758]: DEBUG nova.api.openstack.wsgi [None req-33f54949-16bf-44f5-8795-7c5f955ea028 admin admin] Calling method '>' {{(pid=91758) _process_stack /opt/stack/nova/nova/api/openstack/wsgi.py:513}}
Jun 04 14:22:35.874403 n-d-793620-4 devstack@n-api.service[91758]: INFO nova.api.openstack.requestlog [None req-33f54949-16bf-44f5-8795-7c5f955ea028 admin admin] 10.222.0.57 "GET /compute/v2.1" status: 200 len: 388 microversion: 2.1 time: 0.002253
Jun 04 14:22:35.880534 n-d-793620-4 devstack@n-api.service[91758]: [pid: 91758|app: 0|req: 11/21] 10.222.0.57 () {54 vars in 930 bytes} [Fri Jun 4 14:22:35 2021] GET /compute/v2.1 => generated 388 bytes in 3 msecs (HTTP/1.1 200) 9 headers in 357 bytes (1 switches on core 0)
Jun 04 14:22:35.962118 n-d-793620-4 devstack@n-api.service[91759]: DEBUG nova.api.openstack.wsgi [None req-a2b99b9c-599a-4689-88b5-0f26359e9b5b admin admin] Action: 'create', calling method: >, body: {"flavor": {"name": "m1.tiny", "vcpus": 1, "rxtx_factor": 1.0, "id": "1", "os-flavor-access:is_public": true, "swap": 0, "ram": 512, "OS-FLV-EXT-DATA:ephemeral": 0, "disk": 1}} {{(pid=91759) _process_stack /opt/stack/nova/nova/api/openstack/wsgi.py:511}}
Jun 04 14:22:35.993180 n-d-793620-4 devstack@n-api.service[91759]: INFO nova.api.openstack.requestlog [None req-a2b99b9c-599a-4689-88b5-0f26359e9b5b admin admin] 10.222.0.57 "POST /compute/v2.1/flavors" status: 200 len: 402 microversion: 2.61 time: 0.110356
Jun 04 14:22:36.006721 n-d-793620-4 devstack@n-api.service[91758]: DEBUG nova.api.openstack.wsgi [None req-4622d7af-26ff-48cc-b52f-c5caaea43faa admin admin] Action: 'create', calling method: >, body: {"extra_specs": {"hw_rng:allowed": "True"}} {{(pid=91758) _process_stack /opt/stack/nova/nova/api/openstack/wsgi.py:511}}
Jun 04 14:22:36.013415 n-d-793620-4 devstack@n-api.service[91759]: [pid: 91759|app: 0|req: 11/22] 10.222.0.57 () {64 vars in 1282 bytes} [Fri Jun 4 14:22:35 2021] POST /compute/v2.1/flavors => generated 402 bytes in 119 msecs (HTTP/1.1 200) 9 headers in 359 bytes (2 switches on core 0)
Jun 04 14:22:36.050673 n-d-793620-4 devstack@n-api.service[91758]: INFO nova.api.openstack.requestlog [None req-4622d7af-26ff-48cc-b52f-c5caaea43faa admin admin] 10.222.0.57 "POST /compute/v2.1/flavors/1/os-extra_specs" status: 200 len: 43 microversion: 2.61 time: 0.048419
Jun 04 14:22:36.066380 n-d-793620-4 devstack@n-api.service[91758]: [pid: 91758|app: 0|req: 12/23] 10.222.0.57 () {64 vars in 1332 bytes} [Fri Jun 4 14:22:36 2021] POST /compute/v2.1/flavors/1/os-extra_specs => generated 43 bytes in 65 msecs (HTTP/1.1 200) 9 headers in 358 bytes (2 switches on core 0)
Jun 04 14:22:38.254803 n-d-793620-4 devstack@n-api.service[91759]: DEBUG nova.api.openstack.wsgi [None req-a2b99b9c-599a-4689-88b5-0f26359e9b5b admin admin] Calling method '>' {{(pid=91759) _process_stack /opt/stack/nova/nova/api/openstack/wsgi.py:513}}
Jun 04 14:22:38.255908 n-d-793620-4 devstack@n-api.service[91759]: INFO nova.api.openstack.requestlog [None req-a2b99b9c-599a-4689-88b5-0f26359e9b5b admin admin] 10.222.0.57 "GET /compute/v2.1" status: 200 len: 388 microversion: 2.1 time: 0.001451
Jun 04 14:22:38.256228 n-d-793620-4 devstack@n-api.service[91759]: [pid: 91759|app: 0|req: 12/24] 10.222.0.57 () {54 vars in 930 bytes} [Fri Jun 4 14:22:38 2021] GET /compute/v2.1 => generated 388 bytes in 2 msecs (HTTP/1.1 200) 9 headers in 357 bytes (2 switches on core 0)
Jun 04 14:22:38.313612 n-d-793620-4 devstack@n-api.service[91758]: DEBUG nova.api.openstack.wsgi [None req-aeb5c567-a4ef-40b0-8d27-17e8a2f97375 admin admin] Action: 'create', calling method: >, body: {"flavor": {"vcpus": 1, "swap": 0, "OS-FLV-EXT-DATA:ephemeral": 0, "name": "m1.small", "os-flavor-access:is_public": true, "rxtx_factor": 1.0, "ram": 2048, "disk": 20, "id": "2"}} {{(pid=91758) _process_stack /opt/stack/nova/nova/api/openstack/wsgi.py:511}}
Jun 04 14:22:38.338686 n-d-793620-4 devstack@n-api.service[91758]: INFO nova.api.openstack.requestlog [None req-aeb5c567-a4ef-40b0-8d27-17e8a2f97375 admin admin] 10.222.0.57 "POST /compute/v2.1/flavors" status: 200 len: 405 microversion: 2.61 time: 0.076229
Jun 04 14:22:38.339242 n-d-793620-4 devstack@n-api.service[91758]: [pid: 91758|app: 0|req: 13/25] 10.222.0.57 () {64 vars in 1282 bytes} [Fri Jun 4 14:22:38 2021] POST /compute/v2.1/flavors => generated 405 bytes in 77 msecs (HTTP/1.1 200) 9 headers in 359 bytes (1 switches on core 0)
Jun 04 14:22:38.350568 n-d-793620-4 devstack@n-api.service[91759]: DEBUG nova.api.openstack.wsgi [None req-6d11a67c-438f-4a1d-a164-955a5c67f13f admin admin] Action: 'create', calling method: >, body: {"extra_specs": {"hw_rng:allowed": "True"}} {{(pid=91759) _process_stack /opt/stack/nova/nova/api/openstack/wsgi.py:511}}
Jun 04 14:22:38.388857 n-d-793620-4 devstack@n-api.service[91759]: INFO nova.api.openstack.requestlog [None req-6d11a67c-438f-4a1d-a164-955a5c67f13f admin admin] 10.222.0.57 "POST /compute/v2.1/flavors/2/os-extra_specs" status: 200 len: 43 microversion: 2.61 time: 0.041536
Jun 04 14:22:38.395341 n-d-793620-4 devstack@n-api.service[91759]: [pid: 91759|app: 0|req: 13/26] 10.222.0.57 () {64 vars in 1332 bytes} [Fri Jun 4 14:22:38 2021] POST /compute/v2.1/flavors/2/os-extra_specs => generated 43 bytes in 44 msecs (HTTP/1.1 200) 9 headers in 358 bytes (1 switches on core 0)
Jun 04 14:22:40.533796 n-d-793620-4 devstack@n-api.service[91758]: DEBUG nova.api.openstack.wsgi [None req-aeb5c567-a4ef-40b0-8d27-17e8a2f97375 admin admin] Calling method '>' {{(pid=91758) _process_stack /opt/stack/nova/nova/api/openstack/wsgi.py:513}}
Jun 04 14:22:40.534818 n-d-793620-4 devstack@n-api.service[91758]: INFO nova.api.openstack.requestlog [None req-aeb5c567-a4ef-40b0-8d27-17e8a2f97375 admin admin] 10.222.0.57 "GET /compute/v2.1" status: 200 len: 388 microversion: 2.1 time: 0.001794
Jun 04 14:22:40.535223 n-d-793620-4 devstack@n-api.service[91758]: [pid: 91758|app: 0|req: 14/27] 10.222.0.57 () {54 vars in 930 bytes} [Fri Jun 4 14:22:40 2021] GET /compute/v2.1 => generated 388 bytes in 3 msecs (HTTP/1.1 200) 9 headers in 357 bytes (1 switches on core 0)
Jun 04 14:22:40.595243 n-d-793620-4 devstack@n-api.service[91759]: DEBUG nova.api.openstack.wsgi [None req-edfe8757-6ac6-4d18-ba9a-7d4b33199a3b admin admin] Action: 'create', calling method: >, body: {"flavor": {"ram": 4096, "name": "m1.medium", "rxtx_factor": 1.0, "vcpus": 2, "swap": 0, "disk": 40, "os-flavor-access:is_public": true, "OS-FLV-EXT-DATA:ephemeral": 0, "id": "3"}} {{(pid=91759) _process_stack /opt/stack/nova/nova/api/openstack/wsgi.py:511}}
Jun 04 14:22:40.620054 n-d-793620-4 devstack@n-api.service[91759]: INFO nova.api.openstack.requestlog [None req-edfe8757-6ac6-4d18-ba9a-7d4b33199a3b admin admin] 10.222.0.57 "POST /compute/v2.1/flavors" status: 200 len: 406 microversion: 2.61 time: 0.077930
Jun 04 14:22:40.620613 n-d-793620-4 devstack@n-api.service[91759]: [pid: 91759|app: 0|req: 14/28] 10.222.0.57 () {64 vars in 1282 bytes} [Fri Jun 4 14:22:40 2021] POST /compute/v2.1/flavors => generated 406 bytes in 79 msecs (HTTP/1.1 200) 9 headers in 359 bytes (1 switches on core 0)
Jun 04 14:22:40.632166 n-d-793620-4 devstack@n-api.service[91758]: DEBUG nova.api.openstack.wsgi [None req-f4f706c0-18c0-4b13-9160-dfe648531026 admin admin] Action: 'create', calling method: >, body: {"extra_specs": {"hw_rng:allowed": "True"}} {{(pid=91758) _process_stack /opt/stack/nova/nova/api/openstack/wsgi.py:511}}
Jun 04 14:22:40.668823 n-d-793620-4 devstack@n-api.service[91758]: INFO nova.api.openstack.requestlog [None req-f4f706c0-18c0-4b13-9160-dfe648531026 admin admin] 10.222.0.57 "POST /compute/v2.1/flavors/3/os-extra_specs" status: 200 len: 43 microversion: 2.61 time: 0.040195
Jun 04 14:22:40.669421 n-d-793620-4 devstack@n-api.service[91758]: [pid: 91758|app: 0|req: 15/29] 10.222.0.57 () {64 vars in 1332 bytes} [Fri Jun 4 14:22:40 2021] POST /compute/v2.1/flavors/3/os-extra_specs => generated 43 bytes in 42 msecs (HTTP/1.1 200) 9 headers in 358 bytes (1 switches on core 0)
Jun 04 14:22:42.895282 n-d-793620-4 devstack@n-api.service[91759]: DEBUG nova.api.openstack.wsgi [None req-edfe8757-6ac6-4d18-ba9a-7d4b33199a3b admin admin] Calling method '>' {{(pid=91759) _process_stack /opt/stack/nova/nova/api/openstack/wsgi.py:513}}
Jun 04 14:22:42.896324 n-d-793620-4 devstack@n-api.service[91759]: INFO nova.api.openstack.requestlog [None req-edfe8757-6ac6-4d18-ba9a-7d4b33199a3b admin admin] 10.222.0.57 "GET /compute/v2.1" status: 200 len: 388 microversion: 2.1 time: 0.001466
Jun 04 14:22:42.897795 n-d-793620-4 devstack@n-api.service[91759]: [pid: 91759|app: 0|req: 15/30] 10.222.0.57 () {54 vars in 930 bytes} [Fri Jun 4 14:22:42 2021] GET /compute/v2.1 => generated 388 bytes in 3 msecs (HTTP/1.1 200) 9 headers in 357 bytes (2 switches on core 0)
