Jun 04 14:31:34.123471 n-d-793620-4 devstack@n-api.service[108172]: DEBUG nova.compute.api [None req-63e9f2b9-dcb8-4236-a4ba-afb5d05f5eea tempest-LiveMigrationNegativeTest-905832690 tempest-LiveMigrationNegativeTest-905832690-project] [instance: ee64d96f-54d3-4fad-90d3-78a4cb40bba8] Fetching instance by UUID {{(pid=108172) get /opt/stack/nova/nova/compute/api.py:2790}}
Jun 04 14:31:34.146507 n-d-793620-4 devstack@n-api.service[108172]: DEBUG oslo_concurrency.lockutils [None req-63e9f2b9-dcb8-4236-a4ba-afb5d05f5eea tempest-LiveMigrationNegativeTest-905832690 tempest-LiveMigrationNegativeTest-905832690-project] Lock "d5bfd8c7-cc59-49e0-aa4e-19775b6d0a55" acquired by "nova.context.set_target_cell..get_or_set_cached_cell_and_set_connections" :: waited 0.000s {{(pid=108172) inner /usr/local/lib/python3.8/dist-packages/oslo_concurrency/lockutils.py:355}}
Jun 04 14:31:34.155262 n-d-793620-4 devstack@n-api.service[108172]: DEBUG oslo_concurrency.lockutils [None req-63e9f2b9-dcb8-4236-a4ba-afb5d05f5eea tempest-LiveMigrationNegativeTest-905832690 tempest-LiveMigrationNegativeTest-905832690-project] Lock "d5bfd8c7-cc59-49e0-aa4e-19775b6d0a55" released by "nova.context.set_target_cell..get_or_set_cached_cell_and_set_connections" :: held 0.009s {{(pid=108172) inner /usr/local/lib/python3.8/dist-packages/oslo_concurrency/lockutils.py:367}}
Jun 04 14:31:34.156354 n-d-793620-4 devstack@n-api.service[108172]: DEBUG oslo_concurrency.lockutils [None req-63e9f2b9-dcb8-4236-a4ba-afb5d05f5eea tempest-LiveMigrationNegativeTest-905832690 tempest-LiveMigrationNegativeTest-905832690-project] Lock "d5bfd8c7-cc59-49e0-aa4e-19775b6d0a55" acquired by "nova.context.set_target_cell..get_or_set_cached_cell_and_set_connections" :: waited 0.000s {{(pid=108172) inner /usr/local/lib/python3.8/dist-packages/oslo_concurrency/lockutils.py:355}}
Jun 04 14:31:34.156980 n-d-793620-4 devstack@n-api.service[108172]: DEBUG oslo_concurrency.lockutils [None req-63e9f2b9-dcb8-4236-a4ba-afb5d05f5eea tempest-LiveMigrationNegativeTest-905832690 tempest-LiveMigrationNegativeTest-905832690-project] Lock "d5bfd8c7-cc59-49e0-aa4e-19775b6d0a55" released by "nova.context.set_target_cell..get_or_set_cached_cell_and_set_connections" :: held 0.001s {{(pid=108172) inner /usr/local/lib/python3.8/dist-packages/oslo_concurrency/lockutils.py:367}}
Jun 04 14:31:34.876105 n-d-793620-4 devstack@n-api.service[108171]: DEBUG nova.policy [None req-c307b159-7263-48b4-bc5b-6884e138a80b tempest-AggregatesAdminTestJSON-233367287 tempest-AggregatesAdminTestJSON-233367287-project] Policy check for os_compute_api:os-extended-server-attributes failed with credentials {'is_admin': False, 'user_id': '143ba5957a104bc5b0d526a09e4f2ae7', 'user_domain_id': 'default', 'system_scope': None, 'domain_id': None, 'project_id': 'bd5335553f6e48539e94a56eb313141b', 'project_domain_id': 'default', 'roles': ['reader', 'member'], 'is_admin_project': True, 'service_user_id': None, 'service_user_domain_id': None, 'service_project_id': None, 'service_project_domain_id': None, 'service_roles': []} {{(pid=108171) authorize /opt/stack/nova/nova/policy.py:199}}
Jun 04 14:31:34.895950 n-d-793620-4 devstack@n-api.service[108171]: INFO nova.api.openstack.requestlog [None req-c307b159-7263-48b4-bc5b-6884e138a80b tempest-AggregatesAdminTestJSON-233367287 tempest-AggregatesAdminTestJSON-233367287-project] 10.222.0.57 "GET /compute/v2.1/servers/f8be8adb-9700-4415-b645-3222d9b6d0fe" status: 200 len: 1338 microversion: 2.1 time: 1.124961
Jun 04 14:31:34.899902 n-d-793620-4 devstack@n-api.service[108171]: [pid: 108171|app: 0|req: 84/134] 10.222.0.57 () {58 vars in 1236 bytes} [Fri Jun 4 14:31:33 2021] GET /compute/v2.1/servers/f8be8adb-9700-4415-b645-3222d9b6d0fe => generated 1338 bytes in 1130 msecs (HTTP/1.1 200) 9 headers in 358 bytes (1 switches on core 0)
Jun 04 14:31:34.907882 n-d-793620-4 devstack@n-api.service[108171]: DEBUG nova.api.openstack.wsgi [None req-cf0ce381-6af4-4ecf-9d84-f17bee18e1f0 tempest-DeleteServersAdminTestJSON-2142242928 tempest-DeleteServersAdminTestJSON-2142242928-project] Calling method '>' {{(pid=108171) _process_stack /opt/stack/nova/nova/api/openstack/wsgi.py:513}}
Jun 04 14:31:34.910866 n-d-793620-4 devstack@n-api.service[108171]: DEBUG nova.compute.api [None req-cf0ce381-6af4-4ecf-9d84-f17bee18e1f0 tempest-DeleteServersAdminTestJSON-2142242928 tempest-DeleteServersAdminTestJSON-2142242928-project] [instance: b25b5df1-8760-4ffa-9356-3e2216d9e024] Fetching instance by UUID {{(pid=108171) get /opt/stack/nova/nova/compute/api.py:2790}}
Jun 04 14:31:34.929870 n-d-793620-4 devstack@n-api.service[108172]: DEBUG nova.policy [None req-63e9f2b9-dcb8-4236-a4ba-afb5d05f5eea tempest-LiveMigrationNegativeTest-905832690 tempest-LiveMigrationNegativeTest-905832690-project] Policy check for os_compute_api:os-extended-server-attributes failed with credentials {'is_admin': False, 'user_id': '85e873d561ca4eef835e6c48cc573639', 'user_domain_id': 'default', 'system_scope': None, 'domain_id': None, 'project_id': '7ef1365d5d6647a8b05297a744e5321e', 'project_domain_id': 'default', 'roles': ['reader', 'member'], 'is_admin_project': True, 'service_user_id': None, 'service_user_domain_id': None, 'service_project_id': None, 'service_project_domain_id': None, 'service_roles': []} {{(pid=108172) authorize /opt/stack/nova/nova/policy.py:199}}
Jun 04 14:31:34.934488 n-d-793620-4 devstack@n-api.service[108171]: DEBUG oslo_concurrency.lockutils [None req-cf0ce381-6af4-4ecf-9d84-f17bee18e1f0 tempest-DeleteServersAdminTestJSON-2142242928 tempest-DeleteServersAdminTestJSON-2142242928-project] Lock "d5bfd8c7-cc59-49e0-aa4e-19775b6d0a55" acquired by "nova.context.set_target_cell..get_or_set_cached_cell_and_set_connections" :: waited 0.000s {{(pid=108171) inner /usr/local/lib/python3.8/dist-packages/oslo_concurrency/lockutils.py:355}}
Jun 04 14:31:34.935659 n-d-793620-4 devstack@n-api.service[108171]: DEBUG oslo_concurrency.lockutils [None req-cf0ce381-6af4-4ecf-9d84-f17bee18e1f0 tempest-DeleteServersAdminTestJSON-2142242928 tempest-DeleteServersAdminTestJSON-2142242928-project] Lock "d5bfd8c7-cc59-49e0-aa4e-19775b6d0a55" released by "nova.context.set_target_cell..get_or_set_cached_cell_and_set_connections" :: held 0.001s {{(pid=108171) inner /usr/local/lib/python3.8/dist-packages/oslo_concurrency/lockutils.py:367}}
Jun 04 14:31:34.936477 n-d-793620-4 devstack@n-api.service[108171]: DEBUG oslo_concurrency.lockutils [None req-cf0ce381-6af4-4ecf-9d84-f17bee18e1f0 tempest-DeleteServersAdminTestJSON-2142242928 tempest-DeleteServersAdminTestJSON-2142242928-project] Lock "d5bfd8c7-cc59-49e0-aa4e-19775b6d0a55" acquired by "nova.context.set_target_cell..get_or_set_cached_cell_and_set_connections" :: waited 0.000s {{(pid=108171) inner /usr/local/lib/python3.8/dist-packages/oslo_concurrency/lockutils.py:355}}
Jun 04 14:31:34.941196 n-d-793620-4 devstack@n-api.service[108171]: DEBUG oslo_concurrency.lockutils [None req-cf0ce381-6af4-4ecf-9d84-f17bee18e1f0 tempest-DeleteServersAdminTestJSON-2142242928 tempest-DeleteServersAdminTestJSON-2142242928-project] Lock "d5bfd8c7-cc59-49e0-aa4e-19775b6d0a55" released by "nova.context.set_target_cell..get_or_set_cached_cell_and_set_connections" :: held 0.000s {{(pid=108171) inner /usr/local/lib/python3.8/dist-packages/oslo_concurrency/lockutils.py:367}}
Jun 04 14:31:34.946519 n-d-793620-4 devstack@n-api.service[108172]: INFO nova.api.openstack.requestlog [None req-63e9f2b9-dcb8-4236-a4ba-afb5d05f5eea tempest-LiveMigrationNegativeTest-905832690 tempest-LiveMigrationNegativeTest-905832690-project] 10.222.0.57 "GET /compute/v2.1/servers/ee64d96f-54d3-4fad-90d3-78a4cb40bba8" status: 200 len: 1340 microversion: 2.1 time: 0.827790
Jun 04 14:31:34.947404 n-d-793620-4 devstack@n-api.service[108172]: [pid: 108172|app: 0|req: 51/135] 10.222.0.57 () {58 vars in 1236 bytes} [Fri Jun 4 14:31:34 2021] GET /compute/v2.1/servers/ee64d96f-54d3-4fad-90d3-78a4cb40bba8 => generated 1340 bytes in 829 msecs (HTTP/1.1 200) 9 headers in 358 bytes (2 switches on core 0)
Jun 04 14:31:35.521375 n-d-793620-4 devstack@n-api.service[108172]: DEBUG nova.api.openstack.wsgi [None req-5871edb7-85ae-44f2-94ec-8468345044a8 tempest-ServersWithSpecificFlavorTestJSON-642573318 tempest-ServersWithSpecificFlavorTestJSON-642573318-project] Action: 'create', calling method: >, body: {"server": {"name": "tempest-ServersWithSpecificFlavorTestJSON-server-576584105", "imageRef": "e32d8e8e-8c4d-49b0-a0da-a782a3b1fb7a", "flavorRef": "670653806", "adminPass": "***", "networks": [{"uuid": "94bcc8b3-53a9-4081-9126-988d578496c3"}], "security_groups": [{"name": "tempest-securitygroup--276227131"}], "key_name": "tempest-keypair-274145511", "user_data": "IyEvYmluL3NoCmVjaG8gIlByaW50aW5nIHVidW50dSB1c2VyIGF1dGhvcml6ZWQga2V5cyIKY2F0IH51YnVudHUvLnNzaC9hdXRob3JpemVkX2tleXMgfHwgdHJ1ZQo="}} {{(pid=108172) _process_stack /opt/stack/nova/nova/api/openstack/wsgi.py:511}}
Jun 04 14:31:35.666859 n-d-793620-4 devstack@n-api.service[108171]: DEBUG nova.policy [None req-cf0ce381-6af4-4ecf-9d84-f17bee18e1f0 tempest-DeleteServersAdminTestJSON-2142242928 tempest-DeleteServersAdminTestJSON-2142242928-project] Policy check for os_compute_api:os-extended-server-attributes failed with credentials {'is_admin': False, 'user_id': '6b14a4f78aa94cb7b79e622610fb1094', 'user_domain_id': 'default', 'system_scope': None, 'domain_id': None, 'project_id': 'ecc4da5413af4223a9f8a02290f617d3', 'project_domain_id': 'default', 'roles': ['reader', 'member'], 'is_admin_project': True, 'service_user_id': None, 'service_user_domain_id': None, 'service_project_id': None, 'service_project_domain_id': None, 'service_roles': []} {{(pid=108171) authorize /opt/stack/nova/nova/policy.py:199}}
Jun 04 14:31:35.681541 n-d-793620-4 devstack@n-api.service[108171]: INFO nova.api.openstack.requestlog [None req-cf0ce381-6af4-4ecf-9d84-f17bee18e1f0 tempest-DeleteServersAdminTestJSON-2142242928 tempest-DeleteServersAdminTestJSON-2142242928-project] 10.222.0.57 "GET /compute/v2.1/servers/b25b5df1-8760-4ffa-9356-3e2216d9e024" status: 200 len: 1319 microversion: 2.1 time: 0.780057
Jun 04 14:31:35.682702 n-d-793620-4 devstack@n-api.service[108172]: DEBUG nova.network.neutron [None req-5871edb7-85ae-44f2-94ec-8468345044a8 tempest-ServersWithSpecificFlavorTestJSON-642573318 tempest-ServersWithSpecificFlavorTestJSON-642573318-project] validate_networks() for [('94bcc8b3-53a9-4081-9126-988d578496c3', None, None, None)] {{(pid=108172) validate_networks /opt/stack/nova/nova/network/neutron.py:2393}}
Jun 04 14:31:35.691653 n-d-793620-4 devstack@n-api.service[108171]: [pid: 108171|app: 0|req: 85/136] 10.222.0.57 () {58 vars in 1236 bytes} [Fri Jun 4 14:31:34 2021] GET /compute/v2.1/servers/b25b5df1-8760-4ffa-9356-3e2216d9e024 => generated 1319 bytes in 791 msecs (HTTP/1.1 200) 9 headers in 358 bytes (1 switches on core 0)
Jun 04 14:31:35.917741 n-d-793620-4 devstack@n-api.service[108171]: DEBUG nova.api.openstack.wsgi [None req-97b3ef2b-f58d-495d-ad12-cc12a0e5579f tempest-AggregatesAdminTestJSON-233367287 tempest-AggregatesAdminTestJSON-233367287-project] Calling method '>' {{(pid=108171) _process_stack /opt/stack/nova/nova/api/openstack/wsgi.py:513}}
Jun 04 14:31:35.918642 n-d-793620-4 devstack@n-api.service[108171]: DEBUG nova.compute.api [None req-97b3ef2b-f58d-495d-ad12-cc12a0e5579f tempest-AggregatesAdminTestJSON-233367287 tempest-AggregatesAdminTestJSON-233367287-project] [instance: f8be8adb-9700-4415-b645-3222d9b6d0fe] Fetching instance by UUID {{(pid=108171) get /opt/stack/nova/nova/compute/api.py:2790}}
Jun 04 14:31:35.932099 n-d-793620-4 devstack@n-api.service[108171]: DEBUG oslo_concurrency.lockutils [None req-97b3ef2b-f58d-495d-ad12-cc12a0e5579f tempest-AggregatesAdminTestJSON-233367287 tempest-AggregatesAdminTestJSON-233367287-project] Lock "d5bfd8c7-cc59-49e0-aa4e-19775b6d0a55" acquired by "nova.context.set_target_cell..get_or_set_cached_cell_and_set_connections" :: waited 0.000s {{(pid=108171) inner /usr/local/lib/python3.8/dist-packages/oslo_concurrency/lockutils.py:355}}
Jun 04 14:31:35.932560 n-d-793620-4 devstack@n-api.service[108171]: DEBUG oslo_concurrency.lockutils [None req-97b3ef2b-f58d-495d-ad12-cc12a0e5579f tempest-AggregatesAdminTestJSON-233367287 tempest-AggregatesAdminTestJSON-233367287-project] Lock "d5bfd8c7-cc59-49e0-aa4e-19775b6d0a55" released by "nova.context.set_target_cell..get_or_set_cached_cell_and_set_connections" :: held 0.001s {{(pid=108171) inner /usr/local/lib/python3.8/dist-packages/oslo_concurrency/lockutils.py:367}}
Jun 04 14:31:35.933397 n-d-793620-4 devstack@n-api.service[108171]: DEBUG oslo_concurrency.lockutils [None req-97b3ef2b-f58d-495d-ad12-cc12a0e5579f tempest-AggregatesAdminTestJSON-233367287 tempest-AggregatesAdminTestJSON-233367287-project] Lock "d5bfd8c7-cc59-49e0-aa4e-19775b6d0a55" acquired by "nova.context.set_target_cell..get_or_set_cached_cell_and_set_connections" :: waited 0.000s {{(pid=108171) inner /usr/local/lib/python3.8/dist-packages/oslo_concurrency/lockutils.py:355}}
Jun 04 14:31:35.933869 n-d-793620-4 devstack@n-api.service[108171]: DEBUG oslo_concurrency.lockutils [None req-97b3ef2b-f58d-495d-ad12-cc12a0e5579f tempest-AggregatesAdminTestJSON-233367287 tempest-AggregatesAdminTestJSON-233367287-project] Lock "d5bfd8c7-cc59-49e0-aa4e-19775b6d0a55" released by "nova.context.set_target_cell..get_or_set_cached_cell_and_set_connections" :: held 0.000s {{(pid=108171) inner /usr/local/lib/python3.8/dist-packages/oslo_concurrency/lockutils.py:367}}
Jun 04 14:31:36.488387 n-d-793620-4 devstack@n-api.service[108171]: DEBUG nova.policy [None req-97b3ef2b-f58d-495d-ad12-cc12a0e5579f tempest-AggregatesAdminTestJSON-233367287 tempest-AggregatesAdminTestJSON-233367287-project] Policy check for os_compute_api:os-extended-server-attributes failed with credentials {'is_admin': False, 'user_id': '143ba5957a104bc5b0d526a09e4f2ae7', 'user_domain_id': 'default', 'system_scope': None, 'domain_id': None, 'project_id': 'bd5335553f6e48539e94a56eb313141b', 'project_domain_id': 'default', 'roles': ['reader', 'member'], 'is_admin_project': True, 'service_user_id': None, 'service_user_domain_id': None, 'service_project_id': None, 'service_project_domain_id': None, 'service_roles': []} {{(pid=108171) authorize /opt/stack/nova/nova/policy.py:199}}
Jun 04 14:31:36.497151 n-d-793620-4 devstack@n-api.service[108171]: INFO nova.api.openstack.requestlog [None req-97b3ef2b-f58d-495d-ad12-cc12a0e5579f tempest-AggregatesAdminTestJSON-233367287 tempest-AggregatesAdminTestJSON-233367287-project] 10.222.0.57 "GET /compute/v2.1/servers/f8be8adb-9700-4415-b645-3222d9b6d0fe" status: 200 len: 1338 microversion: 2.1 time: 0.585730
Jun 04 14:31:36.498325 n-d-793620-4 devstack@n-api.service[108171]: [pid: 108171|app: 0|req: 86/137] 10.222.0.57 () {58 vars in 1236 bytes} [Fri Jun 4 14:31:35 2021] GET /compute/v2.1/servers/f8be8adb-9700-4415-b645-3222d9b6d0fe => generated 1338 bytes in 588 msecs (HTTP/1.1 200) 9 headers in 358 bytes (2 switches on core 0)
Jun 04 14:31:36.502798 n-d-793620-4 devstack@n-api.service[108171]: DEBUG nova.api.openstack.wsgi [None req-db3c37f6-dd44-48a5-81c3-496a69e8a9d5 tempest-LiveMigrationNegativeTest-905832690 tempest-LiveMigrationNegativeTest-905832690-project] Calling method '>' {{(pid=108171) _process_stack /opt/stack/nova/nova/api/openstack/wsgi.py:513}}
Jun 04 14:31:36.503600 n-d-793620-4 devstack@n-api.service[108171]: DEBUG nova.compute.api [None req-db3c37f6-dd44-48a5-81c3-496a69e8a9d5 tempest-LiveMigrationNegativeTest-905832690 tempest-LiveMigrationNegativeTest-905832690-project] [instance: ee64d96f-54d3-4fad-90d3-78a4cb40bba8] Fetching instance by UUID {{(pid=108171) get /opt/stack/nova/nova/compute/api.py:2790}}
Jun 04 14:31:36.513838 n-d-793620-4 devstack@n-api.service[108171]: DEBUG oslo_concurrency.lockutils [None req-db3c37f6-dd44-48a5-81c3-496a69e8a9d5 tempest-LiveMigrationNegativeTest-905832690 tempest-LiveMigrationNegativeTest-905832690-project] Lock "d5bfd8c7-cc59-49e0-aa4e-19775b6d0a55" acquired by "nova.context.set_target_cell..get_or_set_cached_cell_and_set_connections" :: waited 0.000s {{(pid=108171) inner /usr/local/lib/python3.8/dist-packages/oslo_concurrency/lockutils.py:355}}
Jun 04 14:31:36.514509 n-d-793620-4 devstack@n-api.service[108171]: DEBUG oslo_concurrency.lockutils [None req-db3c37f6-dd44-48a5-81c3-496a69e8a9d5 tempest-LiveMigrationNegativeTest-905832690 tempest-LiveMigrationNegativeTest-905832690-project] Lock "d5bfd8c7-cc59-49e0-aa4e-19775b6d0a55" released by "nova.context.set_target_cell..get_or_set_cached_cell_and_set_connections" :: held 0.001s {{(pid=108171) inner /usr/local/lib/python3.8/dist-packages/oslo_concurrency/lockutils.py:367}}
Jun 04 14:31:36.515612 n-d-793620-4 devstack@n-api.service[108171]: DEBUG oslo_concurrency.lockutils [None req-db3c37f6-dd44-48a5-81c3-496a69e8a9d5 tempest-LiveMigrationNegativeTest-905832690 tempest-LiveMigrationNegativeTest-905832690-project] Lock "d5bfd8c7-cc59-49e0-aa4e-19775b6d0a55" acquired by "nova.context.set_target_cell..get_or_set_cached_cell_and_set_connections" :: waited 0.000s {{(pid=108171) inner /usr/local/lib/python3.8/dist-packages/oslo_concurrency/lockutils.py:355}}
Jun 04 14:31:36.516350 n-d-793620-4 devstack@n-api.service[108171]: DEBUG oslo_concurrency.lockutils [None req-db3c37f6-dd44-48a5-81c3-496a69e8a9d5 tempest-LiveMigrationNegativeTest-905832690 tempest-LiveMigrationNegativeTest-905832690-project] Lock "d5bfd8c7-cc59-49e0-aa4e-19775b6d0a55" released by "nova.context.set_target_cell..get_or_set_cached_cell_and_set_connections" :: held 0.001s {{(pid=108171) inner /usr/local/lib/python3.8/dist-packages/oslo_concurrency/lockutils.py:367}}
Jun 04 14:31:36.793745 n-d-793620-4 devstack@n-api.service[108172]: DEBUG nova.virt.hardware [None req-5871edb7-85ae-44f2-94ec-8468345044a8 tempest-ServersWithSpecificFlavorTestJSON-642573318 tempest-ServersWithSpecificFlavorTestJSON-642573318-project] Flavor limits 0:0:0 {{(pid=108172) get_cpu_topology_constraints /opt/stack/nova/nova/virt/hardware.py:344}}
Jun 04 14:31:36.794179 n-d-793620-4 devstack@n-api.service[108172]: DEBUG nova.virt.hardware [None req-5871edb7-85ae-44f2-94ec-8468345044a8 tempest-ServersWithSpecificFlavorTestJSON-642573318 tempest-ServersWithSpecificFlavorTestJSON-642573318-project] Image limits 0:0:0 {{(pid=108172) get_cpu_topology_constraints /opt/stack/nova/nova/virt/hardware.py:348}}
Jun 04 14:31:36.794654 n-d-793620-4 devstack@n-api.service[108172]: DEBUG nova.virt.hardware [None req-5871edb7-85ae-44f2-94ec-8468345044a8 tempest-ServersWithSpecificFlavorTestJSON-642573318 tempest-ServersWithSpecificFlavorTestJSON-642573318-project] Flavor pref 0:0:0 {{(pid=108172) get_cpu_topology_constraints /opt/stack/nova/nova/virt/hardware.py:384}}
Jun 04 14:31:36.795066 n-d-793620-4 devstack@n-api.service[108172]: DEBUG nova.virt.hardware [None req-5871edb7-85ae-44f2-94ec-8468345044a8 tempest-ServersWithSpecificFlavorTestJSON-642573318 tempest-ServersWithSpecificFlavorTestJSON-642573318-project] Image pref 0:0:0 {{(pid=108172) get_cpu_topology_constraints /opt/stack/nova/nova/virt/hardware.py:388}}
Jun 04 14:31:36.795748 n-d-793620-4 devstack@n-api.service[108172]: DEBUG nova.virt.hardware [None req-5871edb7-85ae-44f2-94ec-8468345044a8 tempest-ServersWithSpecificFlavorTestJSON-642573318 tempest-ServersWithSpecificFlavorTestJSON-642573318-project] Chose sockets=0, cores=0, threads=0; limits were sockets=65536, cores=65536, threads=65536 {{(pid=108172) get_cpu_topology_constraints /opt/stack/nova/nova/virt/hardware.py:426}}
Jun 04 14:31:36.805851 n-d-793620-4 devstack@n-api.service[108172]: DEBUG oslo_concurrency.lockutils [None req-5871edb7-85ae-44f2-94ec-8468345044a8 tempest-ServersWithSpecificFlavorTestJSON-642573318 tempest-ServersWithSpecificFlavorTestJSON-642573318-project] Lock "00000000-0000-0000-0000-000000000000" acquired by "nova.context.set_target_cell..get_or_set_cached_cell_and_set_connections" :: waited 0.000s {{(pid=108172) inner /usr/local/lib/python3.8/dist-packages/oslo_concurrency/lockutils.py:355}}
Jun 04 14:31:36.806296 n-d-793620-4 devstack@n-api.service[108172]: DEBUG oslo_concurrency.lockutils [None req-5871edb7-85ae-44f2-94ec-8468345044a8 tempest-ServersWithSpecificFlavorTestJSON-642573318 tempest-ServersWithSpecificFlavorTestJSON-642573318-project] Lock "00000000-0000-0000-0000-000000000000" released by "nova.context.set_target_cell..get_or_set_cached_cell_and_set_connections" :: held 0.001s {{(pid=108172) inner /usr/local/lib/python3.8/dist-packages/oslo_concurrency/lockutils.py:367}}
Jun 04 14:31:36.807110 n-d-793620-4 devstack@n-api.service[108172]: DEBUG oslo_concurrency.lockutils [None req-5871edb7-85ae-44f2-94ec-8468345044a8 tempest-ServersWithSpecificFlavorTestJSON-642573318 tempest-ServersWithSpecificFlavorTestJSON-642573318-project] Lock "d5bfd8c7-cc59-49e0-aa4e-19775b6d0a55" acquired by "nova.context.set_target_cell..get_or_set_cached_cell_and_set_connections" :: waited 0.000s {{(pid=108172) inner /usr/local/lib/python3.8/dist-packages/oslo_concurrency/lockutils.py:355}}
Jun 04 14:31:36.807539 n-d-793620-4 devstack@n-api.service[108172]: DEBUG oslo_concurrency.lockutils [None req-5871edb7-85ae-44f2-94ec-8468345044a8 tempest-ServersWithSpecificFlavorTestJSON-642573318 tempest-ServersWithSpecificFlavorTestJSON-642573318-project] Lock "d5bfd8c7-cc59-49e0-aa4e-19775b6d0a55" released by "nova.context.set_target_cell..get_or_set_cached_cell_and_set_connections" :: held 0.000s {{(pid=108172) inner /usr/local/lib/python3.8/dist-packages/oslo_concurrency/lockutils.py:367}}
Jun 04 14:31:36.825393 n-d-793620-4 devstack@n-api.service[108172]: DEBUG nova.quota [None req-5871edb7-85ae-44f2-94ec-8468345044a8 tempest-ServersWithSpecificFlavorTestJSON-642573318 tempest-ServersWithSpecificFlavorTestJSON-642573318-project] Getting quotas for project c58811c05bf74fc8afb1ffa211678e84. Resources: {'cores', 'ram', 'instances'} {{(pid=108172) _get_quotas /opt/stack/nova/nova/quota.py:387}}
Jun 04 14:31:36.829806 n-d-793620-4 devstack@n-api.service[108172]: DEBUG nova.quota [None req-5871edb7-85ae-44f2-94ec-8468345044a8 tempest-ServersWithSpecificFlavorTestJSON-642573318 tempest-ServersWithSpecificFlavorTestJSON-642573318-project] Getting quotas for user 00cf0d57699041929708748a1a3b8d2d and project c58811c05bf74fc8afb1ffa211678e84. Resources: {'cores', 'ram', 'instances'} {{(pid=108172) _get_quotas /opt/stack/nova/nova/quota.py:377}}
Jun 04 14:31:36.842170 n-d-793620-4 devstack@n-api.service[108172]: DEBUG nova.compute.api [None req-5871edb7-85ae-44f2-94ec-8468345044a8 tempest-ServersWithSpecificFlavorTestJSON-642573318 tempest-ServersWithSpecificFlavorTestJSON-642573318-project] Going to run 1 instances... {{(pid=108172) _provision_instances /opt/stack/nova/nova/compute/api.py:1283}}
Jun 04 14:31:36.844608 n-d-793620-4 devstack@n-api.service[108172]: DEBUG nova.compute.api [None req-5871edb7-85ae-44f2-94ec-8468345044a8 tempest-ServersWithSpecificFlavorTestJSON-642573318 tempest-ServersWithSpecificFlavorTestJSON-642573318-project] [instance: 7f143044-30b2-4ae2-8ef8-3be0e769d01f] block_device_mapping [BlockDeviceMapping(attachment_id=,boot_index=0,connection_info=None,created_at=,delete_on_termination=True,deleted=,deleted_at=,destination_type='local',device_name=None,device_type='disk',disk_bus=None,guest_format=None,id=,image_id='e32d8e8e-8c4d-49b0-a0da-a782a3b1fb7a',instance=,instance_uuid=,no_device=False,snapshot_id=None,source_type='image',tag=None,updated_at=,uuid=,volume_id=None,volume_size=None,volume_type=None)] {{(pid=108172) _bdm_validate_set_size_and_instance /opt/stack/nova/nova/compute/api.py:1685}}
Jun 04 14:31:36.846171 n-d-793620-4 devstack@n-api.service[108171]: DEBUG nova.policy [None req-db3c37f6-dd44-48a5-81c3-496a69e8a9d5 tempest-LiveMigrationNegativeTest-905832690 tempest-LiveMigrationNegativeTest-905832690-project] Policy check for os_compute_api:os-extended-server-attributes failed with credentials {'is_admin': False, 'user_id': '85e873d561ca4eef835e6c48cc573639', 'user_domain_id': 'default', 'system_scope': None, 'domain_id': None, 'project_id': '7ef1365d5d6647a8b05297a744e5321e', 'project_domain_id': 'default', 'roles': ['reader', 'member'], 'is_admin_project': True, 'service_user_id': None, 'service_user_domain_id': None, 'service_project_id': None, 'service_project_domain_id': None, 'service_roles': []} {{(pid=108171) authorize /opt/stack/nova/nova/policy.py:199}}
Jun 04 14:31:36.856797 n-d-793620-4 devstack@n-api.service[108171]: INFO nova.api.openstack.requestlog [None req-db3c37f6-dd44-48a5-81c3-496a69e8a9d5 tempest-LiveMigrationNegativeTest-905832690 tempest-LiveMigrationNegativeTest-905832690-project] 10.222.0.57 "GET /compute/v2.1/servers/ee64d96f-54d3-4fad-90d3-78a4cb40bba8" status: 200 len: 1340 microversion: 2.1 time: 0.356671
Jun 04 14:31:36.857694 n-d-793620-4 devstack@n-api.service[108171]: [pid: 108171|app: 0|req: 87/138] 10.222.0.57 () {58 vars in 1236 bytes} [Fri Jun 4 14:31:36 2021] GET /compute/v2.1/servers/ee64d96f-54d3-4fad-90d3-78a4cb40bba8 => generated 1340 bytes in 359 msecs (HTTP/1.1 200) 9 headers in 358 bytes (1 switches on core 0)
Jun 04 14:31:36.897286 n-d-793620-4 devstack@n-api.service[108172]: INFO nova.api.openstack.requestlog [None req-5871edb7-85ae-44f2-94ec-8468345044a8 tempest-ServersWithSpecificFlavorTestJSON-642573318 tempest-ServersWithSpecificFlavorTestJSON-642573318-project] 10.222.0.57 "POST /compute/v2.1/servers" status: 202 len: 401 microversion: 2.1 time: 1.381659
Jun 04 14:31:36.898962 n-d-793620-4 devstack@n-api.service[108172]: [pid: 108172|app: 0|req: 52/139] 10.222.0.57 () {60 vars in 1147 bytes} [Fri Jun 4 14:31:35 2021] POST /compute/v2.1/servers => generated 401 bytes in 1384 msecs (HTTP/1.1 202) 10 headers in 451 bytes (2 switches on core 0)
Jun 04 14:31:37.056448 n-d-793620-4 devstack@n-api.service[108171]: INFO nova.api.openstack.requestlog [None req-2e929370-460e-4b88-a5ec-6c8432712f95 tempest-TenantUsagesNegativeTestJSON-1442131147 tempest-TenantUsagesNegativeTestJSON-1442131147-project-admin] 10.222.0.57 "GET /compute/v2.1/os-simple-tenant-usage/?start=2021-06-03T14%3A31%3A36.523786&end=2021-06-05T14%3A31%3A36.523786" status: 404 len: 112 microversion: - time: 0.196966
Jun 04 14:31:37.057270 n-d-793620-4 devstack@n-api.service[108171]: [pid: 108171|app: 0|req: 88/140] 10.222.0.57 () {58 vars in 1316 bytes} [Fri Jun 4 14:31:36 2021] GET /compute/v2.1/os-simple-tenant-usage/?start=2021-06-03T14%3A31%3A36.523786&end=2021-06-05T14%3A31%3A36.523786 => generated 112 bytes in 199 msecs (HTTP/1.1 404) 5 headers in 228 bytes (1 switches on core 0)
Jun 04 14:31:37.061690 n-d-793620-4 devstack@n-api.service[108171]: DEBUG nova.api.openstack.wsgi [None req-b92e90af-ebdf-4133-852b-440da6bf4c41 tempest-DeleteServersAdminTestJSON-2142242928 tempest-DeleteServersAdminTestJSON-2142242928-project] Calling method '>' {{(pid=108171) _process_stack /opt/stack/nova/nova/api/openstack/wsgi.py:513}}
Jun 04 14:31:37.066613 n-d-793620-4 devstack@n-api.service[108171]: DEBUG nova.compute.api [None req-b92e90af-ebdf-4133-852b-440da6bf4c41 tempest-DeleteServersAdminTestJSON-2142242928 tempest-DeleteServersAdminTestJSON-2142242928-project] [instance: b25b5df1-8760-4ffa-9356-3e2216d9e024] Fetching instance by UUID {{(pid=108171) get /opt/stack/nova/nova/compute/api.py:2790}}
Jun 04 14:31:37.081070 n-d-793620-4 devstack@n-api.service[108171]: DEBUG oslo_concurrency.lockutils [None req-b92e90af-ebdf-4133-852b-440da6bf4c41 tempest-DeleteServersAdminTestJSON-2142242928 tempest-DeleteServersAdminTestJSON-2142242928-project] Lock "d5bfd8c7-cc59-49e0-aa4e-19775b6d0a55" acquired by "nova.context.set_target_cell..get_or_set_cached_cell_and_set_connections" :: waited 0.000s {{(pid=108171) inner /usr/local/lib/python3.8/dist-packages/oslo_concurrency/lockutils.py:355}}
Jun 04 14:31:37.081546 n-d-793620-4 devstack@n-api.service[108171]: DEBUG oslo_concurrency.lockutils [None req-b92e90af-ebdf-4133-852b-440da6bf4c41 tempest-DeleteServersAdminTestJSON-2142242928 tempest-DeleteServersAdminTestJSON-2142242928-project] Lock "d5bfd8c7-cc59-49e0-aa4e-19775b6d0a55" released by "nova.context.set_target_cell..get_or_set_cached_cell_and_set_connections" :: held 0.001s {{(pid=108171) inner /usr/local/lib/python3.8/dist-packages/oslo_concurrency/lockutils.py:367}}
Jun 04 14:31:37.081660 n-d-793620-4 devstack@n-api.service[108172]: DEBUG nova.api.openstack.wsgi [None req-908e8dfa-aeac-48fe-954f-0d2dc0386446 tempest-HypervisorAdminUnderV252Test-652801971 tempest-HypervisorAdminUnderV252Test-652801971-project-admin] Calling method '.version_select at 0x7f731453c4c0>' {{(pid=108172) _process_stack /opt/stack/nova/nova/api/openstack/wsgi.py:513}}
Jun 04 14:31:37.082450 n-d-793620-4 devstack@n-api.service[108172]: /usr/local/lib/python3.8/dist-packages/oslo_policy/policy.py:1064: UserWarning: Policy os_compute_api:os-hypervisors:list failed scope check. The token used to make the request was project scoped but the policy requires ['system'] scope. This behavior may change in the future where using the intended scope is required
Jun 04 14:31:37.082450 n-d-793620-4 devstack@n-api.service[108172]: warnings.warn(msg)
Jun 04 14:31:37.082904 n-d-793620-4 devstack@n-api.service[108171]: DEBUG oslo_concurrency.lockutils [None req-b92e90af-ebdf-4133-852b-440da6bf4c41 tempest-DeleteServersAdminTestJSON-2142242928 tempest-DeleteServersAdminTestJSON-2142242928-project] Lock "d5bfd8c7-cc59-49e0-aa4e-19775b6d0a55" acquired by "nova.context.set_target_cell..get_or_set_cached_cell_and_set_connections" :: waited 0.000s {{(pid=108171) inner /usr/local/lib/python3.8/dist-packages/oslo_concurrency/lockutils.py:355}}
Jun 04 14:31:37.083492 n-d-793620-4 devstack@n-api.service[108171]: DEBUG oslo_concurrency.lockutils [None req-b92e90af-ebdf-4133-852b-440da6bf4c41 tempest-DeleteServersAdminTestJSON-2142242928 tempest-DeleteServersAdminTestJSON-2142242928-project] Lock "d5bfd8c7-cc59-49e0-aa4e-19775b6d0a55" released by "nova.context.set_target_cell..get_or_set_cached_cell_and_set_connections" :: held 0.001s {{(pid=108171) inner /usr/local/lib/python3.8/dist-packages/oslo_concurrency/lockutils.py:367}}
Jun 04 14:31:37.083939 n-d-793620-4 devstack@n-api.service[108172]: DEBUG oslo_concurrency.lockutils [None req-908e8dfa-aeac-48fe-954f-0d2dc0386446 tempest-HypervisorAdminUnderV252Test-652801971 tempest-HypervisorAdminUnderV252Test-652801971-project-admin] Lock "d5bfd8c7-cc59-49e0-aa4e-19775b6d0a55" acquired by "nova.context.set_target_cell..get_or_set_cached_cell_and_set_connections" :: waited 0.000s {{(pid=108172) inner /usr/local/lib/python3.8/dist-packages/oslo_concurrency/lockutils.py:355}}
Jun 04 14:31:37.084927 n-d-793620-4 devstack@n-api.service[108172]: DEBUG oslo_concurrency.lockutils [None req-908e8dfa-aeac-48fe-954f-0d2dc0386446 tempest-HypervisorAdminUnderV252Test-652801971 tempest-HypervisorAdminUnderV252Test-652801971-project-admin] Lock "d5bfd8c7-cc59-49e0-aa4e-19775b6d0a55" released by "nova.context.set_target_cell..get_or_set_cached_cell_and_set_connections" :: held 0.000s {{(pid=108172) inner /usr/local/lib/python3.8/dist-packages/oslo_concurrency/lockutils.py:367}}
Jun 04 14:31:37.116596 n-d-793620-4 devstack@n-api.service[108172]: DEBUG oslo_concurrency.lockutils [None req-908e8dfa-aeac-48fe-954f-0d2dc0386446 tempest-HypervisorAdminUnderV252Test-652801971 tempest-HypervisorAdminUnderV252Test-652801971-project-admin] Lock "d5bfd8c7-cc59-49e0-aa4e-19775b6d0a55" acquired by "nova.context.set_target_cell..get_or_set_cached_cell_and_set_connections" :: waited 0.000s {{(pid=108172) inner /usr/local/lib/python3.8/dist-packages/oslo_concurrency/lockutils.py:355}}
Jun 04 14:31:37.117447 n-d-793620-4 devstack@n-api.service[108172]: DEBUG oslo_concurrency.lockutils [None req-908e8dfa-aeac-48fe-954f-0d2dc0386446 tempest-HypervisorAdminUnderV252Test-652801971 tempest-HypervisorAdminUnderV252Test-652801971-project-admin] Lock "d5bfd8c7-cc59-49e0-aa4e-19775b6d0a55" released by "nova.context.set_target_cell..get_or_set_cached_cell_and_set_connections" :: held 0.001s {{(pid=108172) inner /usr/local/lib/python3.8/dist-packages/oslo_concurrency/lockutils.py:367}}
Jun 04 14:31:37.143924 n-d-793620-4 devstack@n-api.service[108172]: DEBUG oslo_concurrency.lockutils [None req-908e8dfa-aeac-48fe-954f-0d2dc0386446 tempest-HypervisorAdminUnderV252Test-652801971 tempest-HypervisorAdminUnderV252Test-652801971-project-admin] Lock "d5bfd8c7-cc59-49e0-aa4e-19775b6d0a55" acquired by "nova.context.set_target_cell..get_or_set_cached_cell_and_set_connections" :: waited 0.000s {{(pid=108172) inner /usr/local/lib/python3.8/dist-packages/oslo_concurrency/lockutils.py:355}}
Jun 04 14:31:37.144570 n-d-793620-4 devstack@n-api.service[108172]: DEBUG oslo_concurrency.lockutils [None req-908e8dfa-aeac-48fe-954f-0d2dc0386446 tempest-HypervisorAdminUnderV252Test-652801971 tempest-HypervisorAdminUnderV252Test-652801971-project-admin] Lock "d5bfd8c7-cc59-49e0-aa4e-19775b6d0a55" released by "nova.context.set_target_cell..get_or_set_cached_cell_and_set_connections" :: held 0.001s {{(pid=108172) inner /usr/local/lib/python3.8/dist-packages/oslo_concurrency/lockutils.py:367}}
Jun 04 14:31:37.153164 n-d-793620-4 devstack@n-api.service[108172]: INFO nova.api.openstack.requestlog [None req-908e8dfa-aeac-48fe-954f-0d2dc0386446 tempest-HypervisorAdminUnderV252Test-652801971 tempest-HypervisorAdminUnderV252Test-652801971-project-admin] 10.222.0.57 "GET /compute/v2.1/os-hypervisors" status: 200 len: 191 microversion: 2.1 time: 0.252479
Jun 04 14:31:37.154490 n-d-793620-4 devstack@n-api.service[108172]: [pid: 108172|app: 0|req: 53/141] 10.222.0.57 () {58 vars in 1146 bytes} [Fri Jun 4 14:31:36 2021] GET /compute/v2.1/os-hypervisors => generated 191 bytes in 255 msecs (HTTP/1.1 200) 9 headers in 357 bytes (1 switches on core 0)
Jun 04 14:31:37.163064 n-d-793620-4 devstack@n-api.service[108172]: DEBUG nova.api.openstack.wsgi [None req-afd4f701-072d-4fa9-9cfb-3f513a8b63a0 tempest-ServersWithSpecificFlavorTestJSON-642573318 tempest-ServersWithSpecificFlavorTestJSON-642573318-project] Calling method '>' {{(pid=108172) _process_stack /opt/stack/nova/nova/api/openstack/wsgi.py:513}}
Jun 04 14:31:37.164394 n-d-793620-4 devstack@n-api.service[108172]: DEBUG nova.compute.api [None req-afd4f701-072d-4fa9-9cfb-3f513a8b63a0 tempest-ServersWithSpecificFlavorTestJSON-642573318 tempest-ServersWithSpecificFlavorTestJSON-642573318-project] [instance: 7f143044-30b2-4ae2-8ef8-3be0e769d01f] Fetching instance by UUID {{(pid=108172) get /opt/stack/nova/nova/compute/api.py:2790}}
Jun 04 14:31:37.242636 n-d-793620-4 devstack@n-api.service[108172]: DEBUG nova.policy [None req-afd4f701-072d-4fa9-9cfb-3f513a8b63a0 tempest-ServersWithSpecificFlavorTestJSON-642573318 tempest-ServersWithSpecificFlavorTestJSON-642573318-project] Policy check for os_compute_api:os-extended-server-attributes failed with credentials {'is_admin': False, 'user_id': '00cf0d57699041929708748a1a3b8d2d', 'user_domain_id': 'default', 'system_scope': None, 'domain_id': None, 'project_id': 'c58811c05bf74fc8afb1ffa211678e84', 'project_domain_id': 'default', 'roles': ['reader', 'member'], 'is_admin_project': True, 'service_user_id': None, 'service_user_domain_id': None, 'service_project_id': None, 'service_project_domain_id': None, 'service_roles': []} {{(pid=108172) authorize /opt/stack/nova/nova/policy.py:199}}
Jun 04 14:31:37.251133 n-d-793620-4 devstack@n-api.service[108172]: INFO nova.api.openstack.requestlog [None req-afd4f701-072d-4fa9-9cfb-3f513a8b63a0 tempest-ServersWithSpecificFlavorTestJSON-642573318 tempest-ServersWithSpecificFlavorTestJSON-642573318-project] 10.222.0.57 "GET /compute/v2.1/servers/7f143044-30b2-4ae2-8ef8-3be0e769d01f" status: 200 len: 1261 microversion: 2.1 time: 0.095379
Jun 04 14:31:37.253424 n-d-793620-4 devstack@n-api.service[108172]: [pid: 108172|app: 0|req: 54/142] 10.222.0.57 () {58 vars in 1236 bytes} [Fri Jun 4 14:31:37 2021] GET /compute/v2.1/servers/7f143044-30b2-4ae2-8ef8-3be0e769d01f => generated 1261 bytes in 97 msecs (HTTP/1.1 200) 9 headers in 358 bytes (1 switches on core 0)
Jun 04 14:31:37.259762 n-d-793620-4 devstack@n-api.service[108172]: DEBUG nova.api.openstack.wsgi [None req-758f766e-b227-43c5-86d7-9882dd5aa510 tempest-TenantUsagesNegativeTestJSON-1442131147 tempest-TenantUsagesNegativeTestJSON-1442131147-project-admin] Calling method '.version_select at 0x7f731455b670>' {{(pid=108172) _process_stack /opt/stack/nova/nova/api/openstack/wsgi.py:513}}
Jun 04 14:31:37.265353 n-d-793620-4 devstack@n-api.service[108172]: INFO nova.api.openstack.wsgi [None req-758f766e-b227-43c5-86d7-9882dd5aa510 tempest-TenantUsagesNegativeTestJSON-1442131147 tempest-TenantUsagesNegativeTestJSON-1442131147-project-admin] HTTP exception thrown: Invalid start time. The start time cannot occur after the end time.
Jun 04 14:31:37.266346 n-d-793620-4 devstack@n-api.service[108172]: DEBUG nova.api.openstack.wsgi [None req-758f766e-b227-43c5-86d7-9882dd5aa510 tempest-TenantUsagesNegativeTestJSON-1442131147 tempest-TenantUsagesNegativeTestJSON-1442131147-project-admin] Returning 400 to user: Invalid start time. The start time cannot occur after the end time. {{(pid=108172) __call__ /opt/stack/nova/nova/api/openstack/wsgi.py:927}}
Jun 04 14:31:37.267777 n-d-793620-4 devstack@n-api.service[108172]: INFO nova.api.openstack.requestlog [None req-758f766e-b227-43c5-86d7-9882dd5aa510 tempest-TenantUsagesNegativeTestJSON-1442131147 tempest-TenantUsagesNegativeTestJSON-1442131147-project-admin] 10.222.0.57 "GET /compute/v2.1/os-simple-tenant-usage/33c417ff066941cebe675fdd13fb84f1?start=2021-06-05T14%3A31%3A36.523786&end=2021-06-03T14%3A31%3A36.523786" status: 400 len: 111 microversion: 2.1 time: 0.013140
Jun 04 14:31:37.268790 n-d-793620-4 devstack@n-api.service[108172]: [pid: 108172|app: 0|req: 55/143] 10.222.0.57 () {58 vars in 1412 bytes} [Fri Jun 4 14:31:37 2021] GET /compute/v2.1/os-simple-tenant-usage/33c417ff066941cebe675fdd13fb84f1?start=2021-06-05T14%3A31%3A36.523786&end=2021-06-03T14%3A31%3A36.523786 => generated 111 bytes in 14 msecs (HTTP/1.1 400) 9 headers in 381 bytes (1 switches on core 0)
Jun 04 14:31:37.280620 n-d-793620-4 devstack@n-api.service[108172]: DEBUG nova.api.openstack.wsgi [None req-f9a1d97f-e09e-40da-8449-4f8b5eb47275 tempest-HypervisorAdminUnderV252Test-652801971 tempest-HypervisorAdminUnderV252Test-652801971-project-admin] Calling method '.version_select at 0x7f731575bca0>' {{(pid=108172) _process_stack /opt/stack/nova/nova/api/openstack/wsgi.py:513}}
Jun 04 14:31:37.281560 n-d-793620-4 devstack@n-api.service[108172]: /usr/local/lib/python3.8/dist-packages/oslo_policy/policy.py:1064: UserWarning: Policy os_compute_api:os-hypervisors:servers failed scope check. The token used to make the request was project scoped but the policy requires ['system'] scope. This behavior may change in the future where using the intended scope is required
Jun 04 14:31:37.281560 n-d-793620-4 devstack@n-api.service[108172]: warnings.warn(msg)
Jun 04 14:31:37.283035 n-d-793620-4 devstack@n-api.service[108172]: DEBUG oslo_concurrency.lockutils [None req-f9a1d97f-e09e-40da-8449-4f8b5eb47275 tempest-HypervisorAdminUnderV252Test-652801971 tempest-HypervisorAdminUnderV252Test-652801971-project-admin] Lock "d5bfd8c7-cc59-49e0-aa4e-19775b6d0a55" acquired by "nova.context.set_target_cell..get_or_set_cached_cell_and_set_connections" :: waited 0.000s {{(pid=108172) inner /usr/local/lib/python3.8/dist-packages/oslo_concurrency/lockutils.py:355}}
Jun 04 14:31:37.283516 n-d-793620-4 devstack@n-api.service[108172]: DEBUG oslo_concurrency.lockutils [None req-f9a1d97f-e09e-40da-8449-4f8b5eb47275 tempest-HypervisorAdminUnderV252Test-652801971 tempest-HypervisorAdminUnderV252Test-652801971-project-admin] Lock "d5bfd8c7-cc59-49e0-aa4e-19775b6d0a55" released by "nova.context.set_target_cell..get_or_set_cached_cell_and_set_connections" :: held 0.000s {{(pid=108172) inner /usr/local/lib/python3.8/dist-packages/oslo_concurrency/lockutils.py:367}}
Jun 04 14:31:37.302257 n-d-793620-4 devstack@n-api.service[108172]: DEBUG oslo_concurrency.lockutils [None req-f9a1d97f-e09e-40da-8449-4f8b5eb47275 tempest-HypervisorAdminUnderV252Test-652801971 tempest-HypervisorAdminUnderV252Test-652801971-project-admin] Lock "d5bfd8c7-cc59-49e0-aa4e-19775b6d0a55" acquired by "nova.context.set_target_cell..get_or_set_cached_cell_and_set_connections" :: waited 0.000s {{(pid=108172) inner /usr/local/lib/python3.8/dist-packages/oslo_concurrency/lockutils.py:355}}
Jun 04 14:31:37.302714 n-d-793620-4 devstack@n-api.service[108172]: DEBUG oslo_concurrency.lockutils [None req-f9a1d97f-e09e-40da-8449-4f8b5eb47275 tempest-HypervisorAdminUnderV252Test-652801971 tempest-HypervisorAdminUnderV252Test-652801971-project-admin] Lock "d5bfd8c7-cc59-49e0-aa4e-19775b6d0a55" released by "nova.context.set_target_cell..get_or_set_cached_cell_and_set_connections" :: held 0.001s {{(pid=108172) inner /usr/local/lib/python3.8/dist-packages/oslo_concurrency/lockutils.py:367}}
Jun 04 14:31:37.334561 n-d-793620-4 devstack@n-api.service[108172]: DEBUG oslo_concurrency.lockutils [None req-f9a1d97f-e09e-40da-8449-4f8b5eb47275 tempest-HypervisorAdminUnderV252Test-652801971 tempest-HypervisorAdminUnderV252Test-652801971-project-admin] Lock "d5bfd8c7-cc59-49e0-aa4e-19775b6d0a55" acquired by "nova.context.set_target_cell..get_or_set_cached_cell_and_set_connections" :: waited 0.000s {{(pid=108172) inner /usr/local/lib/python3.8/dist-packages/oslo_concurrency/lockutils.py:355}}
Jun 04 14:31:37.334750 n-d-793620-4 devstack@n-api.service[108172]: DEBUG oslo_concurrency.lockutils [None req-f9a1d97f-e09e-40da-8449-4f8b5eb47275 tempest-HypervisorAdminUnderV252Test-652801971 tempest-HypervisorAdminUnderV252Test-652801971-project-admin] Lock "d5bfd8c7-cc59-49e0-aa4e-19775b6d0a55" released by "nova.context.set_target_cell..get_or_set_cached_cell_and_set_connections" :: held 0.001s {{(pid=108172) inner /usr/local/lib/python3.8/dist-packages/oslo_concurrency/lockutils.py:367}}
Jun 04 14:31:37.341302 n-d-793620-4 devstack@n-api.service[108172]: INFO nova.api.openstack.requestlog [None req-f9a1d97f-e09e-40da-8449-4f8b5eb47275 tempest-HypervisorAdminUnderV252Test-652801971 tempest-HypervisorAdminUnderV252Test-652801971-project-admin] 10.222.0.57 "GET /compute/v2.1/os-hypervisors/n-h1-793620-4/servers" status: 200 len: 275 microversion: 2.1 time: 0.066415
Jun 04 14:31:37.342114 n-d-793620-4 devstack@n-api.service[108172]: [pid: 108172|app: 0|req: 56/144] 10.222.0.57 () {58 vars in 1212 bytes} [Fri Jun 4 14:31:37 2021] GET /compute/v2.1/os-hypervisors/n-h1-793620-4/servers => generated 275 bytes in 73 msecs (HTTP/1.1 200) 9 headers in 357 bytes (1 switches on core 0)
Jun 04 14:31:37.450559 n-d-793620-4 devstack@n-api.service[108171]: DEBUG nova.policy [None req-b92e90af-ebdf-4133-852b-440da6bf4c41 tempest-DeleteServersAdminTestJSON-2142242928 tempest-DeleteServersAdminTestJSON-2142242928-project] Policy check for os_compute_api:os-extended-server-attributes failed with credentials {'is_admin': False, 'user_id': '6b14a4f78aa94cb7b79e622610fb1094', 'user_domain_id': 'default', 'system_scope': None, 'domain_id': None, 'project_id': 'ecc4da5413af4223a9f8a02290f617d3', 'project_domain_id': 'default', 'roles': ['reader', 'member'], 'is_admin_project': True, 'service_user_id': None, 'service_user_domain_id': None, 'service_project_id': None, 'service_project_domain_id': None, 'service_roles': []} {{(pid=108171) authorize /opt/stack/nova/nova/policy.py:199}}
Jun 04 14:31:37.461064 n-d-793620-4 devstack@n-api.service[108171]: INFO nova.api.openstack.requestlog [None req-b92e90af-ebdf-4133-852b-440da6bf4c41 tempest-DeleteServersAdminTestJSON-2142242928 tempest-DeleteServersAdminTestJSON-2142242928-project] 10.222.0.57 "GET /compute/v2.1/servers/b25b5df1-8760-4ffa-9356-3e2216d9e024" status: 200 len: 1319 microversion: 2.1 time: 0.402471
Jun 04 14:31:37.462359 n-d-793620-4 devstack@n-api.service[108171]: [pid: 108171|app: 0|req: 89/145] 10.222.0.57 () {58 vars in 1236 bytes} [Fri Jun 4 14:31:37 2021] GET /compute/v2.1/servers/b25b5df1-8760-4ffa-9356-3e2216d9e024 => generated 1319 bytes in 404 msecs (HTTP/1.1 200) 9 headers in 358 bytes (1 switches on core 0)
Jun 04 14:31:37.467421 n-d-793620-4 devstack@n-api.service[108171]: DEBUG nova.api.openstack.wsgi [None req-8b583375-4b8d-4169-93f1-df3d16fe930b tempest-HypervisorAdminUnderV252Test-652801971 tempest-HypervisorAdminUnderV252Test-652801971-project-admin] Calling method '.version_select at 0x7f7314559430>' {{(pid=108171) _process_stack /opt/stack/nova/nova/api/openstack/wsgi.py:513}}
Jun 04 14:31:37.468767 n-d-793620-4 devstack@n-api.service[108171]: /usr/local/lib/python3.8/dist-packages/oslo_policy/policy.py:1064: UserWarning: Policy os_compute_api:os-hypervisors:list failed scope check. The token used to make the request was project scoped but the policy requires ['system'] scope. This behavior may change in the future where using the intended scope is required
Jun 04 14:31:37.468767 n-d-793620-4 devstack@n-api.service[108171]: warnings.warn(msg)
Jun 04 14:31:37.470740 n-d-793620-4 devstack@n-api.service[108171]: DEBUG oslo_concurrency.lockutils [None req-8b583375-4b8d-4169-93f1-df3d16fe930b tempest-HypervisorAdminUnderV252Test-652801971 tempest-HypervisorAdminUnderV252Test-652801971-project-admin] Lock "d5bfd8c7-cc59-49e0-aa4e-19775b6d0a55" acquired by "nova.context.set_target_cell..get_or_set_cached_cell_and_set_connections" :: waited 0.000s {{(pid=108171) inner /usr/local/lib/python3.8/dist-packages/oslo_concurrency/lockutils.py:355}}
Jun 04 14:31:37.471769 n-d-793620-4 devstack@n-api.service[108171]: DEBUG oslo_concurrency.lockutils [None req-8b583375-4b8d-4169-93f1-df3d16fe930b tempest-HypervisorAdminUnderV252Test-652801971 tempest-HypervisorAdminUnderV252Test-652801971-project-admin] Lock "d5bfd8c7-cc59-49e0-aa4e-19775b6d0a55" released by "nova.context.set_target_cell..get_or_set_cached_cell_and_set_connections" :: held 0.001s {{(pid=108171) inner /usr/local/lib/python3.8/dist-packages/oslo_concurrency/lockutils.py:367}}
Jun 04 14:31:37.489385 n-d-793620-4 devstack@n-api.service[108172]: DEBUG nova.api.openstack.wsgi [None req-093b759f-358d-4e52-b4cd-eba5b1670aa4 tempest-TenantUsagesNegativeTestJSON-1513180787 tempest-TenantUsagesNegativeTestJSON-1513180787-project] Calling method '.version_select at 0x7f73156ab4c0>' {{(pid=108172) _process_stack /opt/stack/nova/nova/api/openstack/wsgi.py:513}}
Jun 04 14:31:37.491632 n-d-793620-4 devstack@n-api.service[108172]: /usr/local/lib/python3.8/dist-packages/oslo_policy/policy.py:1064: UserWarning: Policy os_compute_api:os-simple-tenant-usage:list failed scope check. The token used to make the request was project scoped but the policy requires ['system'] scope. This behavior may change in the future where using the intended scope is required
Jun 04 14:31:37.491632 n-d-793620-4 devstack@n-api.service[108172]: warnings.warn(msg)
Jun 04 14:31:37.493034 n-d-793620-4 devstack@n-api.service[108172]: DEBUG nova.policy [None req-093b759f-358d-4e52-b4cd-eba5b1670aa4 tempest-TenantUsagesNegativeTestJSON-1513180787 tempest-TenantUsagesNegativeTestJSON-1513180787-project] Policy check for os_compute_api:os-simple-tenant-usage:list failed with credentials {'is_admin': False, 'user_id': '2ec996beacd44ff6a783e358c80ddcd9', 'user_domain_id': 'default', 'system_scope': None, 'domain_id': None, 'project_id': '33c417ff066941cebe675fdd13fb84f1', 'project_domain_id': 'default', 'roles': ['reader', 'member'], 'is_admin_project': True, 'service_user_id': None, 'service_user_domain_id': None, 'service_project_id': None, 'service_project_domain_id': None, 'service_roles': []} {{(pid=108172) authorize /opt/stack/nova/nova/policy.py:199}}
Jun 04 14:31:37.493999 n-d-793620-4 devstack@n-api.service[108172]: DEBUG nova.api.openstack.wsgi [None req-093b759f-358d-4e52-b4cd-eba5b1670aa4 tempest-TenantUsagesNegativeTestJSON-1513180787 tempest-TenantUsagesNegativeTestJSON-1513180787-project] Returning 403 to user: Policy doesn't allow os_compute_api:os-simple-tenant-usage:list to be performed. {{(pid=108172) __call__ /opt/stack/nova/nova/api/openstack/wsgi.py:927}}
Jun 04 14:31:37.494357 n-d-793620-4 devstack@n-api.service[108171]: DEBUG oslo_concurrency.lockutils [None req-8b583375-4b8d-4169-93f1-df3d16fe930b tempest-HypervisorAdminUnderV252Test-652801971 tempest-HypervisorAdminUnderV252Test-652801971-project-admin] Lock "d5bfd8c7-cc59-49e0-aa4e-19775b6d0a55" acquired by "nova.context.set_target_cell..get_or_set_cached_cell_and_set_connections" :: waited 0.000s {{(pid=108171) inner /usr/local/lib/python3.8/dist-packages/oslo_concurrency/lockutils.py:355}}
Jun 04 14:31:37.495021 n-d-793620-4 devstack@n-api.service[108171]: DEBUG oslo_concurrency.lockutils [None req-8b583375-4b8d-4169-93f1-df3d16fe930b tempest-HypervisorAdminUnderV252Test-652801971 tempest-HypervisorAdminUnderV252Test-652801971-project-admin] Lock "d5bfd8c7-cc59-49e0-aa4e-19775b6d0a55" released by "nova.context.set_target_cell..get_or_set_cached_cell_and_set_connections" :: held 0.001s {{(pid=108171) inner /usr/local/lib/python3.8/dist-packages/oslo_concurrency/lockutils.py:367}}
Jun 04 14:31:37.495298 n-d-793620-4 devstack@n-api.service[108172]: INFO nova.api.openstack.requestlog [None req-093b759f-358d-4e52-b4cd-eba5b1670aa4 tempest-TenantUsagesNegativeTestJSON-1513180787 tempest-TenantUsagesNegativeTestJSON-1513180787-project] 10.222.0.57 "GET /compute/v2.1/os-simple-tenant-usage?start=2021-06-03T14%3A31%3A36.523786&end=2021-06-05T14%3A31%3A36.523786&detailed=1" status: 403 len: 123 microversion: 2.1 time: 0.151988
Jun 04 14:31:37.510835 n-d-793620-4 devstack@n-api.service[108172]: [pid: 108172|app: 0|req: 57/146] 10.222.0.57 () {58 vars in 1335 bytes} [Fri Jun 4 14:31:37 2021] GET /compute/v2.1/os-simple-tenant-usage?start=2021-06-03T14%3A31%3A36.523786&end=2021-06-05T14%3A31%3A36.523786&detailed=1 => generated 123 bytes in 160 msecs (HTTP/1.1 403) 9 headers in 379 bytes (1 switches on core 0)
