Jul 23 20:08:48.255135 n-d-793620-13 neutron-server[94026]: DEBUG neutron.api.rpc.handlers.resources_rpc [None req-98ae0164-46a0-4c36-bea2-c3f3243b9a1d admin admin] Pushing event deleted for resources: {'SecurityGroup': ['ID=d1d3b927-0220-42de-ab76-609d361cff6d,revision_number=None']} {{(pid=94026) push /opt/stack/neutron/neutron/api/rpc/handlers/resources_rpc.py:237}}
Jul 23 20:08:48.345144 n-d-793620-13 neutron-server[94027]: INFO neutron.wsgi [req-862793fa-8ba4-4077-8d96-3e3bf8cdf743 req-d87fee67-1e81-4e73-993d-38d6f98ea523 tempest-LiveAutoBlockMigrationV225Test-711365763 tempest-LiveAutoBlockMigrationV225Test-711365763-project] 10.222.0.46 "GET /v2.0/security-groups?id=5a48fcf7-90b0-4a23-a7e8-7cd926b9fea0&fields=id&fields=name HTTP/1.1" status: 200 len: 286 time: 0.1897662
Jul 23 20:08:48.369083 n-d-793620-13 neutron-server[94026]: DEBUG neutron.pecan_wsgi.hooks.policy_enforcement [req-4524ab59-3935-487c-ad97-43d41ef8de0e req-42c5d74a-5443-439a-889f-a9b145f83347 service neutron] Attributes excluded by policy engine: ['standard_attr_id'] {{(pid=94026) _exclude_attributes_by_policy /opt/stack/neutron/neutron/pecan_wsgi/hooks/policy_enforcement.py:255}}
Jul 23 20:08:48.371920 n-d-793620-13 neutron-server[94026]: INFO neutron.wsgi [req-4524ab59-3935-487c-ad97-43d41ef8de0e req-42c5d74a-5443-439a-889f-a9b145f83347 service neutron] 10.222.0.36 "GET /v2.0/ports?tenant_id=65cc9918feab46bbb13c46e24ec72525&device_id=926ebf41-8d12-4547-ba0e-d33846c21adc HTTP/1.1" status: 200 len: 1122 time: 0.0817692
Jul 23 20:08:48.436283 n-d-793620-13 neutron-server[94027]: INFO neutron.wsgi [req-7b6508d0-5ee9-446e-b70e-1609eaaeb5e8 req-bd9a66fd-8899-4eae-a809-28d9177752e7 tempest-LiveMigrationTest-743905453 tempest-LiveMigrationTest-743905453-project] 10.222.0.46 "GET /v2.0/ports?device_id=136206a9-f7f3-4e08-8297-d45bd0aa66e5 HTTP/1.1" status: 200 len: 210 time: 0.0864973
Jul 23 20:08:48.465185 n-d-793620-13 neutron-server[94027]: DEBUG neutron.pecan_wsgi.hooks.policy_enforcement [req-021fa763-38a2-4d07-802f-280bf07c0655 req-1b8d2813-9657-4be6-94e0-96de33123b3b service neutron] Attributes excluded by policy engine: ['standard_attr_id'] {{(pid=94027) _exclude_attributes_by_policy /opt/stack/neutron/neutron/pecan_wsgi/hooks/policy_enforcement.py:255}}
Jul 23 20:08:48.468763 n-d-793620-13 neutron-server[94027]: INFO neutron.wsgi [req-021fa763-38a2-4d07-802f-280bf07c0655 req-1b8d2813-9657-4be6-94e0-96de33123b3b service neutron] 10.222.0.36 "GET /v2.0/ports?tenant_id=56e2280a9ad44a67bd435113e371a8f2&device_id=8fd32dd1-761f-4d54-8599-c0be1f90e01d HTTP/1.1" status: 200 len: 1100 time: 0.3004043
Jul 23 20:08:48.501902 n-d-793620-13 neutron-server[94026]: DEBUG neutron.pecan_wsgi.hooks.policy_enforcement [req-4524ab59-3935-487c-ad97-43d41ef8de0e req-bfe7a6f2-fbad-474a-b5c1-e0930a483ac7 service neutron] Attributes excluded by policy engine: ['standard_attr_id', 'vlan_transparent'] {{(pid=94026) _exclude_attributes_by_policy /opt/stack/neutron/neutron/pecan_wsgi/hooks/policy_enforcement.py:255}}
Jul 23 20:08:48.503633 n-d-793620-13 neutron-server[94026]: INFO neutron.wsgi [req-4524ab59-3935-487c-ad97-43d41ef8de0e req-bfe7a6f2-fbad-474a-b5c1-e0930a483ac7 service neutron] 10.222.0.36 "GET /v2.0/networks?id=39c1eabb-eebd-4494-8272-94853a910dae HTTP/1.1" status: 200 len: 870 time: 0.1243112
Jul 23 20:08:48.538631 n-d-793620-13 neutron-server[94028]: DEBUG neutron.notifiers.nova [-] Sending events: [{'server_uuid': 'eba6863f-f404-4ece-833f-1b8a211879fa', 'name': 'network-vif-plugged', 'status': 'completed', 'tag': 'd49331b9-e025-4f3d-bbee-4a4a3efea410'}] {{(pid=94028) send_events /opt/stack/neutron/neutron/notifiers/nova.py:262}}
Jul 23 20:08:48.541036 n-d-793620-13 neutron-server[94028]: DEBUG novaclient.v2.client [-] REQ: curl -g -i --cacert "/opt/stack/data/ca-bundle.pem" -X POST http://10.222.0.46/compute/v2.1/os-server-external-events -H "Accept: application/json" -H "Content-Type: application/json" -H "User-Agent: python-novaclient" -H "X-Auth-Token: {SHA256}093ee10bbdfe0cc4638c9b6379e75403274d019f4c2282b409a5ec9c260a164f" -H "X-OpenStack-Nova-API-Version: 2.1" -H "X-OpenStack-Request-ID: req-5c5d0634-91b0-4d19-9587-f696d16617d8" -d '{"events": [{"server_uuid": "eba6863f-f404-4ece-833f-1b8a211879fa", "name": "network-vif-plugged", "status": "completed", "tag": "d49331b9-e025-4f3d-bbee-4a4a3efea410"}]}' {{(pid=94028) _http_log_request /usr/local/lib/python3.8/dist-packages/keystoneauth1/session.py:519}}
Jul 23 20:08:48.571271 n-d-793620-13 neutron-server[94026]: INFO neutron.wsgi [req-4524ab59-3935-487c-ad97-43d41ef8de0e req-56164c8e-56a7-40c5-9afc-772848fe857b service neutron] 10.222.0.36 "GET /v2.0/floatingips?fixed_ip_address=192.168.233.38&port_id=fb1d77b6-df38-47c1-96c3-cfb825bb91b3 HTTP/1.1" status: 200 len: 217 time: 0.0555623
Jul 23 20:08:48.632110 n-d-793620-13 neutron-server[94028]: DEBUG novaclient.v2.client [-] RESP: [200] Connection: close Content-Length: 183 Content-Type: application/json Date: Fri, 23 Jul 2021 20:08:48 GMT OpenStack-API-Version: compute 2.1 Server: Apache/2.4.41 (Ubuntu) Vary: OpenStack-API-Version,X-OpenStack-Nova-API-Version X-OpenStack-Nova-API-Version: 2.1 x-compute-request-id: req-311f31b8-9312-4262-be6d-e45a92c5c9a1 x-openstack-request-id: req-311f31b8-9312-4262-be6d-e45a92c5c9a1 {{(pid=94028) _http_log_response /usr/local/lib/python3.8/dist-packages/keystoneauth1/session.py:550}}
Jul 23 20:08:48.632395 n-d-793620-13 neutron-server[94028]: DEBUG novaclient.v2.client [-] RESP BODY: {"events": [{"server_uuid": "eba6863f-f404-4ece-833f-1b8a211879fa", "name": "network-vif-plugged", "status": "completed", "tag": "d49331b9-e025-4f3d-bbee-4a4a3efea410", "code": 200}]} {{(pid=94028) _http_log_response /usr/local/lib/python3.8/dist-packages/keystoneauth1/session.py:582}}
Jul 23 20:08:48.632640 n-d-793620-13 neutron-server[94028]: DEBUG novaclient.v2.client [-] POST call to compute for http://10.222.0.46/compute/v2.1/os-server-external-events used request id req-311f31b8-9312-4262-be6d-e45a92c5c9a1 {{(pid=94028) request /usr/local/lib/python3.8/dist-packages/keystoneauth1/session.py:954}}
Jul 23 20:08:48.633024 n-d-793620-13 neutron-server[94028]: INFO neutron.notifiers.nova [-] Nova event response: {'server_uuid': 'eba6863f-f404-4ece-833f-1b8a211879fa', 'name': 'network-vif-plugged', 'status': 'completed', 'tag': 'd49331b9-e025-4f3d-bbee-4a4a3efea410', 'code': 200}
Jul 23 20:08:48.644856 n-d-793620-13 neutron-server[94026]: DEBUG neutron.pecan_wsgi.hooks.policy_enforcement [req-4524ab59-3935-487c-ad97-43d41ef8de0e req-be7cac3f-3df7-4816-bf83-cd4e59c60714 service neutron] Attributes excluded by policy engine: ['standard_attr_id', 'shared', 'segment_id'] {{(pid=94026) _exclude_attributes_by_policy /opt/stack/neutron/neutron/pecan_wsgi/hooks/policy_enforcement.py:255}}
Jul 23 20:08:48.646591 n-d-793620-13 neutron-server[94026]: INFO neutron.wsgi [req-4524ab59-3935-487c-ad97-43d41ef8de0e req-be7cac3f-3df7-4816-bf83-cd4e59c60714 service neutron] 10.222.0.36 "GET /v2.0/subnets?id=70e060af-fced-493b-af6a-964062fc5029 HTTP/1.1" status: 200 len: 843 time: 0.0697381
Jul 23 20:08:48.732390 n-d-793620-13 neutron-server[94026]: DEBUG neutron.pecan_wsgi.hooks.policy_enforcement [req-4524ab59-3935-487c-ad97-43d41ef8de0e req-de8f145c-0e5f-4462-8063-0b7e360d9637 service neutron] Attributes excluded by policy engine: ['standard_attr_id'] {{(pid=94026) _exclude_attributes_by_policy /opt/stack/neutron/neutron/pecan_wsgi/hooks/policy_enforcement.py:255}}
Jul 23 20:08:48.736627 n-d-793620-13 neutron-server[94026]: INFO neutron.wsgi [req-4524ab59-3935-487c-ad97-43d41ef8de0e req-de8f145c-0e5f-4462-8063-0b7e360d9637 service neutron] 10.222.0.36 "GET /v2.0/ports?network_id=39c1eabb-eebd-4494-8272-94853a910dae&device_owner=network%3Adhcp HTTP/1.1" status: 200 len: 1167 time: 0.0836864
Jul 23 20:08:48.814357 n-d-793620-13 neutron-server[94027]: DEBUG neutron.pecan_wsgi.hooks.policy_enforcement [req-85f2a41a-5d2d-48b4-9ec4-f90fa1f60907 req-faeefd61-0921-40fa-9099-33fea0b92a41 tempest-MigrationsAdminTest-48389833 tempest-MigrationsAdminTest-48389833-project] Attributes excluded by policy engine: ['standard_attr_id', 'binding:profile', 'binding:host_id', 'binding:vif_type', 'binding:vif_details'] {{(pid=94027) _exclude_attributes_by_policy /opt/stack/neutron/neutron/pecan_wsgi/hooks/policy_enforcement.py:255}}
Jul 23 20:08:48.815913 n-d-793620-13 neutron-server[94027]: INFO neutron.wsgi [req-85f2a41a-5d2d-48b4-9ec4-f90fa1f60907 req-faeefd61-0921-40fa-9099-33fea0b92a41 tempest-MigrationsAdminTest-48389833 tempest-MigrationsAdminTest-48389833-project] 10.222.0.46 "GET /v2.0/ports?device_id=926ebf41-8d12-4547-ba0e-d33846c21adc HTTP/1.1" status: 200 len: 970 time: 0.2953157
Jul 23 20:08:48.816964 n-d-793620-13 neutron-server[94027]: DEBUG neutron.pecan_wsgi.hooks.policy_enforcement [req-021fa763-38a2-4d07-802f-280bf07c0655 req-610addb8-7546-463c-9319-ea580d358b64 service neutron] Attributes excluded by policy engine: ['standard_attr_id', 'vlan_transparent'] {{(pid=94027) _exclude_attributes_by_policy /opt/stack/neutron/neutron/pecan_wsgi/hooks/policy_enforcement.py:255}}
Jul 23 20:08:48.818307 n-d-793620-13 neutron-server[94027]: INFO neutron.wsgi [req-021fa763-38a2-4d07-802f-280bf07c0655 req-610addb8-7546-463c-9319-ea580d358b64 service neutron] 10.222.0.36 "GET /v2.0/networks?id=39c1eabb-eebd-4494-8272-94853a910dae HTTP/1.1" status: 200 len: 870 time: 0.3412218
Jul 23 20:08:48.883173 n-d-793620-13 neutron-server[94027]: INFO neutron.wsgi [req-021fa763-38a2-4d07-802f-280bf07c0655 req-2d7cc048-25a3-4321-aac0-3b0c6b9b1c6e service neutron] 10.222.0.36 "GET /v2.0/floatingips?fixed_ip_address=192.168.233.128&port_id=0233d6ce-b09b-4907-9bca-f1b771971164 HTTP/1.1" status: 200 len: 217 time: 0.0518856
Jul 23 20:08:48.940147 n-d-793620-13 neutron-server[94027]: INFO neutron.wsgi [req-85f2a41a-5d2d-48b4-9ec4-f90fa1f60907 req-0ebb4946-e431-4073-b618-183440a0764b tempest-MigrationsAdminTest-48389833 tempest-MigrationsAdminTest-48389833-project] 10.222.0.46 "GET /v2.0/security-groups?id=1c03ca3c-e1fe-4779-863a-e25cd4070e04&fields=id&fields=name HTTP/1.1" status: 200 len: 286 time: 0.1182096
Jul 23 20:08:48.960234 n-d-793620-13 neutron-server[94027]: DEBUG neutron.pecan_wsgi.hooks.policy_enforcement [req-021fa763-38a2-4d07-802f-280bf07c0655 req-1e738ee4-1667-4c03-ab2a-593b967531b4 service neutron] Attributes excluded by policy engine: ['standard_attr_id', 'shared'] {{(pid=94027) _exclude_attributes_by_policy /opt/stack/neutron/neutron/pecan_wsgi/hooks/policy_enforcement.py:255}}
Jul 23 20:08:48.964793 n-d-793620-13 neutron-server[94027]: INFO neutron.wsgi [req-021fa763-38a2-4d07-802f-280bf07c0655 req-1e738ee4-1667-4c03-ab2a-593b967531b4 service neutron] 10.222.0.36 "GET /v2.0/subnets?id=70e060af-fced-493b-af6a-964062fc5029 HTTP/1.1" status: 200 len: 843 time: 0.0666459
Jul 23 20:08:49.087205 n-d-793620-13 neutron-server[94027]: DEBUG neutron.pecan_wsgi.hooks.policy_enforcement [req-021fa763-38a2-4d07-802f-280bf07c0655 req-b91c43c1-d9cb-43de-9d08-ba6ec2cee4ca service neutron] Attributes excluded by policy engine: ['standard_attr_id'] {{(pid=94027) _exclude_attributes_by_policy /opt/stack/neutron/neutron/pecan_wsgi/hooks/policy_enforcement.py:255}}
Jul 23 20:08:49.090790 n-d-793620-13 neutron-server[94027]: INFO neutron.wsgi [req-021fa763-38a2-4d07-802f-280bf07c0655 req-b91c43c1-d9cb-43de-9d08-ba6ec2cee4ca service neutron] 10.222.0.36 "GET /v2.0/ports?network_id=39c1eabb-eebd-4494-8272-94853a910dae&device_owner=network%3Adhcp HTTP/1.1" status: 200 len: 1167 time: 0.1199107
Jul 23 20:08:49.093742 n-d-793620-13 neutron-server[94026]: INFO neutron.wsgi [req-4524ab59-3935-487c-ad97-43d41ef8de0e req-429bc4fc-b6ab-4a6b-8428-bcb020842069 service neutron] 10.222.0.36 "GET /v2.0/networks/39c1eabb-eebd-4494-8272-94853a910dae?fields=segments HTTP/1.1" status: 200 len: 212 time: 0.3368912
Jul 23 20:08:49.109127 n-d-793620-13 neutron-server[94026]: DEBUG neutron.pecan_wsgi.hooks.policy_enforcement [req-dc43f22e-11df-47d7-9a43-5d59f290f37b req-cd01631d-6120-4192-9f52-92f976b23898 service neutron] Attributes excluded by policy engine: ['standard_attr_id'] {{(pid=94026) _exclude_attributes_by_policy /opt/stack/neutron/neutron/pecan_wsgi/hooks/policy_enforcement.py:255}}
Jul 23 20:08:49.111417 n-d-793620-13 neutron-server[94026]: INFO neutron.wsgi [req-dc43f22e-11df-47d7-9a43-5d59f290f37b req-cd01631d-6120-4192-9f52-92f976b23898 service neutron] 10.222.0.47 "GET /v2.0/ports?device_id=eba6863f-f404-4ece-833f-1b8a211879fa HTTP/1.1" status: 200 len: 1098 time: 0.3716936
Jul 23 20:08:49.420496 n-d-793620-13 neutron-server[94026]: INFO neutron.wsgi [req-dc43f22e-11df-47d7-9a43-5d59f290f37b req-dad62320-727c-41f8-a926-4eb072409f06 service neutron] 10.222.0.47 "GET /v2.0/security-groups?id=5a48fcf7-90b0-4a23-a7e8-7cd926b9fea0&fields=id&fields=name HTTP/1.1" status: 200 len: 286 time: 0.2838635
Jul 23 20:08:49.491699 n-d-793620-13 neutron-server[94028]: DEBUG neutron_lib.callbacks.manager [None req-8e2d0706-5b06-4f53-a17a-46cc365c8f70 None None] Notify callbacks ['neutron.services.segments.db._update_segment_host_mapping_for_agent-8744224535417', 'neutron.plugins.ml2.plugin.Ml2Plugin._retry_binding_revived_agents-731222'] for agent, after_update {{(pid=94028) _notify_loop /usr/local/lib/python3.8/dist-packages/neutron_lib/callbacks/manager.py:192}}
Jul 23 20:08:49.500713 n-d-793620-13 neutron-server[94026]: INFO neutron.wsgi [req-4524ab59-3935-487c-ad97-43d41ef8de0e req-8ee7f305-9454-44f6-a648-3716f547656f service neutron] 10.222.0.36 "GET /v2.0/networks/39c1eabb-eebd-4494-8272-94853a910dae?fields=provider%3Aphysical_network&fields=provider%3Anetwork_type HTTP/1.1" status: 200 len: 281 time: 0.3814173
Jul 23 20:08:49.549172 n-d-793620-13 neutron-server[94027]: DEBUG neutron.pecan_wsgi.hooks.policy_enforcement [req-0cae784a-8e8b-407c-bae8-7e449dd0c149 req-093592d9-6b25-41fa-b504-a24dc5200c58 tempest-ServersWithSpecificFlavorTestJSON-1299388435 tempest-ServersWithSpecificFlavorTestJSON-1299388435-project] Attributes excluded by policy engine: ['standard_attr_id', 'binding:profile', 'binding:host_id', 'binding:vif_type', 'binding:vif_details'] {{(pid=94027) _exclude_attributes_by_policy /opt/stack/neutron/neutron/pecan_wsgi/hooks/policy_enforcement.py:255}}
Jul 23 20:08:49.556001 n-d-793620-13 neutron-server[94027]: INFO neutron.wsgi [req-0cae784a-8e8b-407c-bae8-7e449dd0c149 req-093592d9-6b25-41fa-b504-a24dc5200c58 tempest-ServersWithSpecificFlavorTestJSON-1299388435 tempest-ServersWithSpecificFlavorTestJSON-1299388435-project] 10.222.0.46 "GET /v2.0/ports?device_id=c240934b-6716-4448-abaf-54e0eed3aca2 HTTP/1.1" status: 200 len: 945 time: 0.4718168
Jul 23 20:08:49.637011 n-d-793620-13 neutron-server[94027]: DEBUG neutron.pecan_wsgi.hooks.policy_enforcement [req-ad8f5826-ef84-4017-a90f-1e6ffc2c6065 req-e47a3032-def9-4c46-adac-08e9e7d33a3a tempest-LiveMigrationTest-743905453 tempest-LiveMigrationTest-743905453-project] Attributes excluded by policy engine: ['standard_attr_id', 'vlan_transparent', 'provider:network_type', 'provider:physical_network', 'provider:segmentation_id'] {{(pid=94027) _exclude_attributes_by_policy /opt/stack/neutron/neutron/pecan_wsgi/hooks/policy_enforcement.py:255}}
Jul 23 20:08:49.638474 n-d-793620-13 neutron-server[94027]: INFO neutron.wsgi [req-ad8f5826-ef84-4017-a90f-1e6ffc2c6065 req-e47a3032-def9-4c46-adac-08e9e7d33a3a tempest-LiveMigrationTest-743905453 tempest-LiveMigrationTest-743905453-project] 10.222.0.47 "GET /v2.0/networks?id=d5f4b270-f9cb-4c68-ae99-bc50adf09e91 HTTP/1.1" status: 200 len: 807 time: 0.4256558
Jul 23 20:08:49.646173 n-d-793620-13 neutron-server[94027]: INFO neutron.wsgi [req-021fa763-38a2-4d07-802f-280bf07c0655 req-ed461532-55a5-43d5-b249-ccabbd208bcc service neutron] 10.222.0.36 "GET /v2.0/networks/39c1eabb-eebd-4494-8272-94853a910dae?fields=segments HTTP/1.1" status: 200 len: 212 time: 0.5208080
Jul 23 20:08:49.654656 n-d-793620-13 neutron-server[94027]: DEBUG neutron.api.v2.base [req-ad8f5826-ef84-4017-a90f-1e6ffc2c6065 req-8f12469b-ad19-48e7-9d22-2b1b13cbf95e tempest-LiveMigrationTest-743905453 tempest-LiveMigrationTest-743905453-project] Request body: {'port': {'device_id': '136206a9-f7f3-4e08-8297-d45bd0aa66e5', 'network_id': 'd5f4b270-f9cb-4c68-ae99-bc50adf09e91', 'admin_state_up': True, 'tenant_id': '88ec0e139c654480b90946b197eff271'}} {{(pid=94027) prepare_request_body /opt/stack/neutron/neutron/api/v2/base.py:729}}
Jul 23 20:08:49.686284 n-d-793620-13 neutron-server[94027]: INFO neutron.wsgi [req-0cae784a-8e8b-407c-bae8-7e449dd0c149 req-62535121-b965-4c01-a2d7-43ca4d5c8fab tempest-ServersWithSpecificFlavorTestJSON-1299388435 tempest-ServersWithSpecificFlavorTestJSON-1299388435-project] 10.222.0.46 "GET /v2.0/security-groups?id=05ebd82b-e025-46b8-8135-2d8f6793c1a9&fields=id&fields=name HTTP/1.1" status: 200 len: 312 time: 0.1293442
Jul 23 20:08:49.776537 n-d-793620-13 neutron-server[94027]: DEBUG neutron.pecan_wsgi.hooks.policy_enforcement [req-cc70790e-2af5-40d2-b3c4-5aa6b80b9327 req-4fe4d138-3cc0-4a7e-bc43-47959d59950b tempest-AggregatesAdminTestJSON-2004403816 tempest-AggregatesAdminTestJSON-2004403816-project] Attributes excluded by policy engine: ['standard_attr_id', 'binding:profile', 'binding:host_id', 'binding:vif_type', 'binding:vif_details'] {{(pid=94027) _exclude_attributes_by_policy /opt/stack/neutron/neutron/pecan_wsgi/hooks/policy_enforcement.py:255}}
Jul 23 20:08:49.783679 n-d-793620-13 neutron-server[94027]: INFO neutron.wsgi [req-cc70790e-2af5-40d2-b3c4-5aa6b80b9327 req-4fe4d138-3cc0-4a7e-bc43-47959d59950b tempest-AggregatesAdminTestJSON-2004403816 tempest-AggregatesAdminTestJSON-2004403816-project] 10.222.0.46 "GET /v2.0/ports?device_id=a76e6e66-283a-4cc2-9144-a07dd02114da HTTP/1.1" status: 200 len: 970 time: 0.5740306
Jul 23 20:08:49.937588 n-d-793620-13 neutron-server[94027]: INFO neutron.wsgi [req-cc70790e-2af5-40d2-b3c4-5aa6b80b9327 req-bb333f5c-a596-486b-ad60-5519a036f380 tempest-AggregatesAdminTestJSON-2004403816 tempest-AggregatesAdminTestJSON-2004403816-project] 10.222.0.46 "GET /v2.0/security-groups?id=f7fd7d4c-23a8-43d6-9179-151a8924f772&fields=id&fields=name HTTP/1.1" status: 200 len: 286 time: 0.1529467
Jul 23 20:08:49.939632 n-d-793620-13 neutron-server[94027]: INFO neutron.wsgi [req-021fa763-38a2-4d07-802f-280bf07c0655 req-aee1e48e-a65c-4f8e-b411-2b6fbce43593 service neutron] 10.222.0.36 "GET /v2.0/networks/39c1eabb-eebd-4494-8272-94853a910dae?fields=provider%3Aphysical_network&fields=provider%3Anetwork_type HTTP/1.1" status: 200 len: 281 time: 0.2786107
Jul 23 20:08:49.966380 n-d-793620-13 neutron-server[94027]: DEBUG neutron.pecan_wsgi.hooks.quota_enforcement [req-ad8f5826-ef84-4017-a90f-1e6ffc2c6065 req-8f12469b-ad19-48e7-9d22-2b1b13cbf95e tempest-LiveMigrationTest-743905453 tempest-LiveMigrationTest-743905453-project] Made reservation on behalf of 88ec0e139c654480b90946b197eff271 for: {'port': 1} {{(pid=94027) before /opt/stack/neutron/neutron/pecan_wsgi/hooks/quota_enforcement.py:53}}
Jul 23 20:08:49.969882 n-d-793620-13 neutron-server[94027]: DEBUG neutron_lib.callbacks.manager [req-ad8f5826-ef84-4017-a90f-1e6ffc2c6065 req-8f12469b-ad19-48e7-9d22-2b1b13cbf95e tempest-LiveMigrationTest-743905453 tempest-LiveMigrationTest-743905453-project] Notify callbacks ['neutron.plugins.ml2.plugin.SecurityGroupDbMixin._ensure_default_security_group_handler-560264'] for port, before_create {{(pid=94027) _notify_loop /usr/local/lib/python3.8/dist-packages/neutron_lib/callbacks/manager.py:192}}
Jul 23 20:08:49.983739 n-d-793620-13 neutron-server[94027]: DEBUG neutron.pecan_wsgi.hooks.policy_enforcement [req-e51fcfd2-b568-489d-9348-735d442cf73a req-6a5d0dc6-50b1-460f-ba07-f234151080d2 tempest-ServersOnMultiNodesTest-2113513948 tempest-ServersOnMultiNodesTest-2113513948-project] Attributes excluded by policy engine: ['standard_attr_id', 'binding:profile', 'binding:host_id', 'binding:vif_type', 'binding:vif_details'] {{(pid=94027) _exclude_attributes_by_policy /opt/stack/neutron/neutron/pecan_wsgi/hooks/policy_enforcement.py:255}}
Jul 23 20:08:49.985299 n-d-793620-13 neutron-server[94027]: INFO neutron.wsgi [req-e51fcfd2-b568-489d-9348-735d442cf73a req-6a5d0dc6-50b1-460f-ba07-f234151080d2 tempest-ServersOnMultiNodesTest-2113513948 tempest-ServersOnMultiNodesTest-2113513948-project] 10.222.0.46 "GET /v2.0/ports?device_id=8fd32dd1-761f-4d54-8599-c0be1f90e01d HTTP/1.1" status: 200 len: 948 time: 0.1701117
Jul 23 20:08:50.152556 n-d-793620-13 neutron-server[94027]: INFO neutron.wsgi [req-e51fcfd2-b568-489d-9348-735d442cf73a req-63d00854-748a-47af-808b-6c70431eed14 tempest-ServersOnMultiNodesTest-2113513948 tempest-ServersOnMultiNodesTest-2113513948-project] 10.222.0.46 "GET /v2.0/security-groups?id=5dd247b9-9da1-4018-b280-a866f56b2d35&fields=id&fields=name HTTP/1.1" status: 200 len: 286 time: 0.1573510
Jul 23 20:08:50.215385 n-d-793620-13 neutron-server[94027]: DEBUG neutron.db.db_base_plugin_common [req-ad8f5826-ef84-4017-a90f-1e6ffc2c6065 req-8f12469b-ad19-48e7-9d22-2b1b13cbf95e tempest-LiveMigrationTest-743905453 tempest-LiveMigrationTest-743905453-project] Allocated IP 172.20.0.12 (d5f4b270-f9cb-4c68-ae99-bc50adf09e91/b42be26d-26ab-4bfa-83c0-c4df5555f6f1/86db9a4f-4bc7-4d85-b817-b0c6d0d81c25) {{(pid=94027) _store_ip_allocation /opt/stack/neutron/neutron/db/db_base_plugin_common.py:131}}
Jul 23 20:08:50.224454 n-d-793620-13 neutron-server[94027]: DEBUG neutron.pecan_wsgi.hooks.policy_enforcement [req-73481461-a8a1-49db-b682-e5878f55b8cb req-4aa00adc-6bb0-4e35-8874-9aff2e7f2cb6 tempest-LiveAutoBlockMigrationV225Test-711365763 tempest-LiveAutoBlockMigrationV225Test-711365763-project] Attributes excluded by policy engine: ['standard_attr_id', 'binding:profile', 'binding:host_id', 'binding:vif_type', 'binding:vif_details'] {{(pid=94027) _exclude_attributes_by_policy /opt/stack/neutron/neutron/pecan_wsgi/hooks/policy_enforcement.py:255}}
Jul 23 20:08:50.232493 n-d-793620-13 neutron-server[94027]: INFO neutron.wsgi [req-73481461-a8a1-49db-b682-e5878f55b8cb req-4aa00adc-6bb0-4e35-8874-9aff2e7f2cb6 tempest-LiveAutoBlockMigrationV225Test-711365763 tempest-LiveAutoBlockMigrationV225Test-711365763-project] 10.222.0.46 "GET /v2.0/ports?device_id=eba6863f-f404-4ece-833f-1b8a211879fa HTTP/1.1" status: 200 len: 946 time: 0.1870065
Jul 23 20:08:50.295230 n-d-793620-13 neutron-server[94027]: INFO neutron.wsgi [req-73481461-a8a1-49db-b682-e5878f55b8cb req-0363e3f8-a1e1-428f-9d39-6b55a190a5ab tempest-LiveAutoBlockMigrationV225Test-711365763 tempest-LiveAutoBlockMigrationV225Test-711365763-project] 10.222.0.46 "GET /v2.0/security-groups?id=5a48fcf7-90b0-4a23-a7e8-7cd926b9fea0&fields=id&fields=name HTTP/1.1" status: 200 len: 286 time: 0.0619164
Jul 23 20:08:50.382455 n-d-793620-13 neutron-server[94027]: INFO neutron.wsgi [req-b8afae3a-6ffb-4e2d-a5ca-8d73e6c4025d req-73141dc7-e9fb-4212-95f3-3fc192cd91ce tempest-LiveMigrationTest-743905453 tempest-LiveMigrationTest-743905453-project] 10.222.0.46 "GET /v2.0/ports?device_id=136206a9-f7f3-4e08-8297-d45bd0aa66e5 HTTP/1.1" status: 200 len: 210 time: 0.0520949
Jul 23 20:08:50.571447 n-d-793620-13 neutron-server[94027]: DEBUG neutron_lib.callbacks.manager [req-ad8f5826-ef84-4017-a90f-1e6ffc2c6065 req-8f12469b-ad19-48e7-9d22-2b1b13cbf95e tempest-LiveMigrationTest-743905453 tempest-LiveMigrationTest-743905453-project] Notify callbacks [] for port, precommit_create {{(pid=94027) _notify_loop /usr/local/lib/python3.8/dist-packages/neutron_lib/callbacks/manager.py:192}}
Jul 23 20:08:50.621461 n-d-793620-13 neutron-server[94027]: DEBUG neutron.pecan_wsgi.hooks.policy_enforcement [req-329844dc-2548-4dc9-b563-30a71e25fdf9 req-43652427-1073-47c3-9257-c045de1e874d tempest-AggregatesAdminTestJSON-2004403816 tempest-AggregatesAdminTestJSON-2004403816-project] Attributes excluded by policy engine: ['standard_attr_id', 'binding:profile', 'binding:host_id', 'binding:vif_type', 'binding:vif_details'] {{(pid=94027) _exclude_attributes_by_policy /opt/stack/neutron/neutron/pecan_wsgi/hooks/policy_enforcement.py:255}}
Jul 23 20:08:50.622931 n-d-793620-13 neutron-server[94027]: INFO neutron.wsgi [req-329844dc-2548-4dc9-b563-30a71e25fdf9 req-43652427-1073-47c3-9257-c045de1e874d tempest-AggregatesAdminTestJSON-2004403816 tempest-AggregatesAdminTestJSON-2004403816-project] 10.222.0.36 "GET /v2.0/ports?device_id=a76e6e66-283a-4cc2-9144-a07dd02114da HTTP/1.1" status: 200 len: 970 time: 0.1952496
Jul 23 20:08:50.645508 n-d-793620-13 neutron-server[94027]: DEBUG neutron.pecan_wsgi.hooks.policy_enforcement [req-8ea4095b-3941-45db-9f44-370370cb372a req-41a9ffa7-520d-475a-8ca3-962f84e311dd tempest-ServersWithSpecificFlavorTestJSON-1299388435 tempest-ServersWithSpecificFlavorTestJSON-1299388435-project] Attributes excluded by policy engine: ['standard_attr_id', 'binding:profile', 'binding:host_id', 'binding:vif_type', 'binding:vif_details'] {{(pid=94027) _exclude_attributes_by_policy /opt/stack/neutron/neutron/pecan_wsgi/hooks/policy_enforcement.py:255}}
Jul 23 20:08:50.646990 n-d-793620-13 neutron-server[94027]: INFO neutron.wsgi [req-8ea4095b-3941-45db-9f44-370370cb372a req-41a9ffa7-520d-475a-8ca3-962f84e311dd tempest-ServersWithSpecificFlavorTestJSON-1299388435 tempest-ServersWithSpecificFlavorTestJSON-1299388435-project] 10.222.0.46 "GET /v2.0/ports?device_id=c240934b-6716-4448-abaf-54e0eed3aca2 HTTP/1.1" status: 200 len: 945 time: 0.2203863
Jul 23 20:08:50.656989 n-d-793620-13 neutron-server[94026]: DEBUG neutron.wsgi [-] (94026) accepted ('10.222.0.46', 54566) {{(pid=94026) server /usr/local/lib/python3.8/dist-packages/eventlet/wsgi.py:982}}
Jul 23 20:08:50.662644 n-d-793620-13 neutron-server[94026]: DEBUG neutron.api.v2.base [None req-c312a561-fc74-490e-9216-3a16dbff7772 tempest-ServersWithSpecificFlavorTestJSON-1299388435 tempest-ServersWithSpecificFlavorTestJSON-1299388435-project] Request body: {'floatingip': {'port_id': '637546f1-b754-414d-af79-9aba21067b2d'}} {{(pid=94026) prepare_request_body /opt/stack/neutron/neutron/api/v2/base.py:729}}
Jul 23 20:08:50.723169 n-d-793620-13 neutron-server[94027]: DEBUG neutron.pecan_wsgi.hooks.policy_enforcement [req-a2fa504f-300b-4d68-934d-0f92e0a36319 req-45d2f054-0e12-45d2-8795-4bdc8addc770 tempest-MigrationsAdminTest-48389833 tempest-MigrationsAdminTest-48389833-project] Attributes excluded by policy engine: ['standard_attr_id', 'binding:profile', 'binding:host_id', 'binding:vif_type', 'binding:vif_details'] {{(pid=94027) _exclude_attributes_by_policy /opt/stack/neutron/neutron/pecan_wsgi/hooks/policy_enforcement.py:255}}
Jul 23 20:08:50.724668 n-d-793620-13 neutron-server[94027]: INFO neutron.wsgi [req-a2fa504f-300b-4d68-934d-0f92e0a36319 req-45d2f054-0e12-45d2-8795-4bdc8addc770 tempest-MigrationsAdminTest-48389833 tempest-MigrationsAdminTest-48389833-project] 10.222.0.46 "GET /v2.0/ports?device_id=926ebf41-8d12-4547-ba0e-d33846c21adc HTTP/1.1" status: 200 len: 970 time: 0.2303388
Jul 23 20:08:50.740931 n-d-793620-13 neutron-server[94026]: DEBUG neutron_lib.callbacks.manager [None req-c312a561-fc74-490e-9216-3a16dbff7772 tempest-ServersWithSpecificFlavorTestJSON-1299388435 tempest-ServersWithSpecificFlavorTestJSON-1299388435-project] Notify callbacks [] for floatingip, before_update {{(pid=94026) _notify_loop /usr/local/lib/python3.8/dist-packages/neutron_lib/callbacks/manager.py:192}}
Jul 23 20:08:50.769157 n-d-793620-13 neutron-server[94027]: DEBUG neutron_lib.callbacks.manager [req-ad8f5826-ef84-4017-a90f-1e6ffc2c6065 req-8f12469b-ad19-48e7-9d22-2b1b13cbf95e tempest-LiveMigrationTest-743905453 tempest-LiveMigrationTest-743905453-project] Notify callbacks ['neutron.plugins.ml2.plugin.SecurityGroupServerNotifierRpcMixin._notify_sg_on_port_change-560329', 'neutron.plugins.ml2.ovo_rpc._ObjectChangeHandler.handle_event-158014', 'neutron.api.rpc.agentnotifiers.dhcp_rpc_agent_api.DhcpAgentNotifyAPI._native_event_send_dhcp_notification-3728629', 'neutron.db.l3_dvrscheduler_db._notify_l3_agent_new_port-8744224084228'] for port, after_create {{(pid=94027) _notify_loop /usr/local/lib/python3.8/dist-packages/neutron_lib/callbacks/manager.py:192}}
Jul 23 20:08:50.853995 n-d-793620-13 neutron-server[94027]: INFO neutron.wsgi [req-a2fa504f-300b-4d68-934d-0f92e0a36319 req-732fea06-4a6a-4755-be9e-639061158107 tempest-MigrationsAdminTest-48389833 tempest-MigrationsAdminTest-48389833-project] 10.222.0.46 "GET /v2.0/security-groups?id=1c03ca3c-e1fe-4779-863a-e25cd4070e04&fields=id&fields=name HTTP/1.1" status: 200 len: 286 time: 0.1203036
Jul 23 20:08:50.862074 n-d-793620-13 neutron-server[94027]: DEBUG neutron.scheduler.dhcp_agent_scheduler [req-ad8f5826-ef84-4017-a90f-1e6ffc2c6065 req-8f12469b-ad19-48e7-9d22-2b1b13cbf95e tempest-LiveMigrationTest-743905453 tempest-LiveMigrationTest-743905453-project] Network d5f4b270-f9cb-4c68-ae99-bc50adf09e91 is already hosted by enough agents. {{(pid=94027) _get_dhcp_agents_hosting_network /opt/stack/neutron/neutron/scheduler/dhcp_agent_scheduler.py:275}}
Jul 23 20:08:50.880297 n-d-793620-13 neutron-server[94027]: DEBUG neutron.scheduler.base_scheduler [req-ad8f5826-ef84-4017-a90f-1e6ffc2c6065 req-8f12469b-ad19-48e7-9d22-2b1b13cbf95e tempest-LiveMigrationTest-743905453 tempest-LiveMigrationTest-743905453-project] Resources bound (agent type, host, resource id): {{(pid=94027) schedule /opt/stack/neutron/neutron/scheduler/base_scheduler.py:57}}
Jul 23 20:08:50.883828 n-d-793620-13 neutron-server[94027]: DEBUG neutron.db.l3_dvrscheduler_db [req-ad8f5826-ef84-4017-a90f-1e6ffc2c6065 req-8f12469b-ad19-48e7-9d22-2b1b13cbf95e tempest-LiveMigrationTest-743905453 tempest-LiveMigrationTest-743905453-project] Received port after_create {{(pid=94027) _notify_l3_agent_new_port /opt/stack/neutron/neutron/db/l3_dvrscheduler_db.py:535}}
Jul 23 20:08:50.890680 n-d-793620-13 neutron-server[94027]: DEBUG neutron.pecan_wsgi.hooks.policy_enforcement [req-ad8f5826-ef84-4017-a90f-1e6ffc2c6065 req-8f12469b-ad19-48e7-9d22-2b1b13cbf95e tempest-LiveMigrationTest-743905453 tempest-LiveMigrationTest-743905453-project] Attributes excluded by policy engine: ['standard_attr_id', 'binding:profile', 'binding:host_id', 'binding:vif_type', 'binding:vif_details', 'network'] {{(pid=94027) _exclude_attributes_by_policy /opt/stack/neutron/neutron/pecan_wsgi/hooks/policy_enforcement.py:255}}
Jul 23 20:08:50.891004 n-d-793620-13 neutron-server[94027]: DEBUG neutron_lib.callbacks.manager [req-ad8f5826-ef84-4017-a90f-1e6ffc2c6065 req-8f12469b-ad19-48e7-9d22-2b1b13cbf95e tempest-LiveMigrationTest-743905453 tempest-LiveMigrationTest-743905453-project] Notify callbacks ['neutron.notifiers.nova.Notifier._send_nova_notification-58612', 'neutron.api.rpc.agentnotifiers.dhcp_rpc_agent_api.DhcpAgentNotifyAPI._send_dhcp_notification-3728583'] for port, before_response {{(pid=94027) _notify_loop /usr/local/lib/python3.8/dist-packages/neutron_lib/callbacks/manager.py:192}}
Jul 23 20:08:50.895266 n-d-793620-13 neutron-server[94027]: DEBUG neutron.api.rpc.handlers.resources_rpc [None req-8f12469b-ad19-48e7-9d22-2b1b13cbf95e tempest-LiveMigrationTest-743905453 tempest-LiveMigrationTest-743905453-project] Pushing event updated for resources: {'Port': ['ID=86db9a4f-4bc7-4d85-b817-b0c6d0d81c25,revision_number=1']} {{(pid=94027) push /opt/stack/neutron/neutron/api/rpc/handlers/resources_rpc.py:237}}
Jul 23 20:08:50.916576 n-d-793620-13 neutron-server[94027]: INFO neutron.wsgi [req-ad8f5826-ef84-4017-a90f-1e6ffc2c6065 req-8f12469b-ad19-48e7-9d22-2b1b13cbf95e tempest-LiveMigrationTest-743905453 tempest-LiveMigrationTest-743905453-project] 10.222.0.47 "POST /v2.0/ports HTTP/1.1" status: 201 len: 934 time: 1.2692518
Jul 23 20:08:50.927994 n-d-793620-13 neutron-server[94027]: DEBUG neutron.plugins.ml2.plugin [req-329844dc-2548-4dc9-b563-30a71e25fdf9 req-3c904f5c-4b50-47d1-b06a-617017964fef tempest-AggregatesAdminTestJSON-2004403816 tempest-AggregatesAdminTestJSON-2004403816-project] Deleting port 4f23b74f-5c68-4202-b38e-b90ae0905099 {{(pid=94027) _pre_delete_port /opt/stack/neutron/neutron/plugins/ml2/plugin.py:1919}}
Jul 23 20:08:50.928335 n-d-793620-13 neutron-server[94027]: DEBUG neutron_lib.callbacks.manager [req-329844dc-2548-4dc9-b563-30a71e25fdf9 req-3c904f5c-4b50-47d1-b06a-617017964fef tempest-AggregatesAdminTestJSON-2004403816 tempest-AggregatesAdminTestJSON-2004403816-project] Notify callbacks ['neutron.db.l3_db.L3_NAT_dbonly_mixin._prevent_l3_port_delete_callback-8744224515597'] for port, before_delete {{(pid=94027) _notify_loop /usr/local/lib/python3.8/dist-packages/neutron_lib/callbacks/manager.py:192}}
Jul 23 20:08:50.936615 n-d-793620-13 neutron-server[94027]: DEBUG neutron.api.v2.base [req-ad8f5826-ef84-4017-a90f-1e6ffc2c6065 req-abbb21cf-85c2-43ae-bc05-eff10ab8f605 service neutron] Request body: {'port': {'device_id': '136206a9-f7f3-4e08-8297-d45bd0aa66e5', 'device_owner': 'compute:nova', 'binding:host_id': 'n-h1-793620-13'}} {{(pid=94027) prepare_request_body /opt/stack/neutron/neutron/api/v2/base.py:729}}
Jul 23 20:08:51.005022 n-d-793620-13 neutron-server[94027]: INFO neutron.wsgi [req-eebc0bd5-c399-4789-b6be-693b442f7cee req-d125fb11-84e3-48af-884f-6039424fd777 tempest-DeleteServersAdminTestJSON-754332380 tempest-DeleteServersAdminTestJSON-754332380-project] 10.222.0.46 "GET /v2.0/networks?tenant_id=aee87bd1450d4ef096a7fe8569653718&shared=False HTTP/1.1" status: 200 len: 213 time: 0.0726795
Jul 23 20:08:51.020883 n-d-793620-13 neutron-server[94027]: DEBUG neutron.api.v2.base [req-3a421d70-0d43-4557-890f-84136c316ab8 req-1cd42fa2-d863-4f86-bb9e-6dfc9ab28b88 tempest-SecurityGroupsTestAdminJSON-812207029 tempest-SecurityGroupsTestAdminJSON-812207029-project] Request body: {'security_group': {'name': 'tempest-securitygroup-1289897834', 'description': 'tempest-description-1217562538'}} {{(pid=94027) prepare_request_body /opt/stack/neutron/neutron/api/v2/base.py:729}}
Jul 23 20:08:51.185999 n-d-793620-13 neutron-server[94027]: DEBUG neutron_lib.callbacks.manager [req-3a421d70-0d43-4557-890f-84136c316ab8 req-1cd42fa2-d863-4f86-bb9e-6dfc9ab28b88 tempest-SecurityGroupsTestAdminJSON-812207029 tempest-SecurityGroupsTestAdminJSON-812207029-project] Notify callbacks [] for security_group, before_create {{(pid=94027) _notify_loop /usr/local/lib/python3.8/dist-packages/neutron_lib/callbacks/manager.py:192}}
Jul 23 20:08:51.212986 n-d-793620-13 neutron-server[94027]: DEBUG neutron.plugins.ml2.db [req-329844dc-2548-4dc9-b563-30a71e25fdf9 req-3c904f5c-4b50-47d1-b06a-617017964fef tempest-AggregatesAdminTestJSON-2004403816 tempest-AggregatesAdminTestJSON-2004403816-project] For port 4f23b74f-5c68-4202-b38e-b90ae0905099, host n-h2-793620-13, got binding levels [PortBindingLevel(driver='hyperv',host='n-h2-793620-13',level=0,port_id=4f23b74f-5c68-4202-b38e-b90ae0905099,segment=NetworkSegment(2bfd2129-dc04-4075-9c5d-3b09f3ae0bcf),segment_id=2bfd2129-dc04-4075-9c5d-3b09f3ae0bcf)] {{(pid=94027) get_binding_level_objs /opt/stack/neutron/neutron/plugins/ml2/db.py:74}}
Jul 23 20:08:51.213478 n-d-793620-13 neutron-server[94027]: DEBUG neutron_lib.callbacks.manager [req-329844dc-2548-4dc9-b563-30a71e25fdf9 req-3c904f5c-4b50-47d1-b06a-617017964fef tempest-AggregatesAdminTestJSON-2004403816 tempest-AggregatesAdminTestJSON-2004403816-project] Notify callbacks ['neutron.services.l3_router.l3_router_plugin.L3_NAT_dbonly_mixin._precommit_delete_port_callback-3825736'] for port, precommit_delete {{(pid=94027) _notify_loop /usr/local/lib/python3.8/dist-packages/neutron_lib/callbacks/manager.py:192}}
Jul 23 20:08:51.217918 n-d-793620-13 neutron-server[94027]: DEBUG neutron_lib.callbacks.manager [req-3a421d70-0d43-4557-890f-84136c316ab8 req-1cd42fa2-d863-4f86-bb9e-6dfc9ab28b88 tempest-SecurityGroupsTestAdminJSON-812207029 tempest-SecurityGroupsTestAdminJSON-812207029-project] Notify callbacks [] for security_group, before_create {{(pid=94027) _notify_loop /usr/local/lib/python3.8/dist-packages/neutron_lib/callbacks/manager.py:192}}
Jul 23 20:08:51.238466 n-d-793620-13 neutron-server[94027]: DEBUG neutron_lib.callbacks.manager [req-ad8f5826-ef84-4017-a90f-1e6ffc2c6065 req-abbb21cf-85c2-43ae-bc05-eff10ab8f605 service neutron] Notify callbacks ['neutron.plugins.ml2.plugin.SecurityGroupDbMixin._ensure_default_security_group_handler-560264'] for port, before_update {{(pid=94027) _notify_loop /usr/local/lib/python3.8/dist-packages/neutron_lib/callbacks/manager.py:192}}
Jul 23 20:08:51.258708 n-d-793620-13 neutron-server[94027]: DEBUG neutron.plugins.ml2.plugin [req-329844dc-2548-4dc9-b563-30a71e25fdf9 req-3c904f5c-4b50-47d1-b06a-617017964fef tempest-AggregatesAdminTestJSON-2004403816 tempest-AggregatesAdminTestJSON-2004403816-project] Calling delete_port for 4f23b74f-5c68-4202-b38e-b90ae0905099 owned by compute:tempest-test_az-812809525 {{(pid=94027) delete_port /opt/stack/neutron/neutron/plugins/ml2/plugin.py:1992}}
Jul 23 20:08:51.298198 n-d-793620-13 neutron-server[94027]: DEBUG neutron.pecan_wsgi.hooks.policy_enforcement [req-eebc0bd5-c399-4789-b6be-693b442f7cee req-86c44732-60bd-40b0-822b-94e95e83a165 tempest-DeleteServersAdminTestJSON-754332380 tempest-DeleteServersAdminTestJSON-754332380-project] Attributes excluded by policy engine: ['standard_attr_id', 'vlan_transparent', 'provider:network_type', 'provider:physical_network', 'provider:segmentation_id'] {{(pid=94027) _exclude_attributes_by_policy /opt/stack/neutron/neutron/pecan_wsgi/hooks/policy_enforcement.py:255}}
Jul 23 20:08:51.299691 n-d-793620-13 neutron-server[94027]: INFO neutron.wsgi [req-eebc0bd5-c399-4789-b6be-693b442f7cee req-86c44732-60bd-40b0-822b-94e95e83a165 tempest-DeleteServersAdminTestJSON-754332380 tempest-DeleteServersAdminTestJSON-754332380-project] 10.222.0.46 "GET /v2.0/networks?shared=True HTTP/1.1" status: 200 len: 769 time: 0.2834206
Jul 23 20:08:51.381390 n-d-793620-13 neutron-server[94026]: DEBUG neutron_lib.callbacks.manager [None req-c312a561-fc74-490e-9216-3a16dbff7772 tempest-ServersWithSpecificFlavorTestJSON-1299388435 tempest-ServersWithSpecificFlavorTestJSON-1299388435-project] Notify callbacks [] for floatingip, precommit_update {{(pid=94026) _notify_loop /usr/local/lib/python3.8/dist-packages/neutron_lib/callbacks/manager.py:192}}
Jul 23 20:08:51.385877 n-d-793620-13 neutron-server[94026]: DEBUG neutron_lib.callbacks.manager [None req-c312a561-fc74-490e-9216-3a16dbff7772 tempest-ServersWithSpecificFlavorTestJSON-1299388435 tempest-ServersWithSpecificFlavorTestJSON-1299388435-project] Notify callbacks ['neutron.services.l3_router.l3_router_plugin.DVRResourceOperationHandler._create_dvr_floating_gw_port-3838431'] for floatingip, after_update {{(pid=94026) _notify_loop /usr/local/lib/python3.8/dist-packages/neutron_lib/callbacks/manager.py:192}}
Jul 23 20:08:51.404031 n-d-793620-13 neutron-server[94027]: INFO neutron.wsgi [req-eebc0bd5-c399-4789-b6be-693b442f7cee req-d2464479-e06d-4d77-b9f3-d6ad6d815a12 tempest-DeleteServersAdminTestJSON-754332380 tempest-DeleteServersAdminTestJSON-754332380-project] 10.222.0.46 "GET /v2.0/quotas/aee87bd1450d4ef096a7fe8569653718 HTTP/1.1" status: 200 len: 375 time: 0.0635509
Jul 23 20:08:51.484292 n-d-793620-13 neutron-server[94026]: INFO neutron.db.l3_db [None req-c312a561-fc74-490e-9216-3a16dbff7772 tempest-ServersWithSpecificFlavorTestJSON-1299388435 tempest-ServersWithSpecificFlavorTestJSON-1299388435-project] Floating IP 1fdf7fff-9019-46de-9b35-967e952dc6c6 associated. External IP: 172.25.8.247, port: 637546f1-b754-414d-af79-9aba21067b2d.
Jul 23 20:08:51.511169 n-d-793620-13 neutron-server[94027]: INFO neutron.wsgi [req-eebc0bd5-c399-4789-b6be-693b442f7cee req-8b0c2e2a-8f46-4113-a094-42149a828c5b tempest-DeleteServersAdminTestJSON-754332380 tempest-DeleteServersAdminTestJSON-754332380-project] 10.222.0.46 "GET /v2.0/ports?tenant_id=aee87bd1450d4ef096a7fe8569653718&fields=id HTTP/1.1" status: 200 len: 210 time: 0.0906096
Jul 23 20:08:51.729393 n-d-793620-13 neutron-server[94026]: DEBUG neutron.scheduler.l3_agent_scheduler [None req-c312a561-fc74-490e-9216-3a16dbff7772 tempest-ServersWithSpecificFlavorTestJSON-1299388435 tempest-ServersWithSpecificFlavorTestJSON-1299388435-project] Router 3bec2cf3-42e3-4d26-b399-110e2dacf141 has already been hosted by L3 agent 5ea075d1-917b-4f04-beb7-7bab7247f2a5 {{(pid=94026) _get_candidates /opt/stack/neutron/neutron/scheduler/l3_agent_scheduler.py:127}}
Jul 23 20:08:52.003459 n-d-793620-13 neutron-server[94027]: DEBUG neutron_lib.callbacks.manager [req-3a421d70-0d43-4557-890f-84136c316ab8 req-1cd42fa2-d863-4f86-bb9e-6dfc9ab28b88 tempest-SecurityGroupsTestAdminJSON-812207029 tempest-SecurityGroupsTestAdminJSON-812207029-project] Notify callbacks [] for security_group, precommit_create {{(pid=94027) _notify_loop /usr/local/lib/python3.8/dist-packages/neutron_lib/callbacks/manager.py:192}}
Jul 23 20:08:52.013828 n-d-793620-13 neutron-server[94027]: DEBUG neutron_lib.callbacks.manager [req-3a421d70-0d43-4557-890f-84136c316ab8 req-1cd42fa2-d863-4f86-bb9e-6dfc9ab28b88 tempest-SecurityGroupsTestAdminJSON-812207029 tempest-SecurityGroupsTestAdminJSON-812207029-project] Notify callbacks ['neutron.plugins.ml2.ovo_rpc._ObjectChangeHandler.handle_event-3689876'] for security_group, after_create {{(pid=94027) _notify_loop /usr/local/lib/python3.8/dist-packages/neutron_lib/callbacks/manager.py:192}}
Jul 23 20:08:52.027402 n-d-793620-13 neutron-server[94027]: DEBUG neutron_lib.callbacks.manager [req-329844dc-2548-4dc9-b563-30a71e25fdf9 req-3c904f5c-4b50-47d1-b06a-617017964fef tempest-AggregatesAdminTestJSON-2004403816 tempest-AggregatesAdminTestJSON-2004403816-project] Notify callbacks ['neutron.plugins.ml2.plugin.SecurityGroupServerNotifierRpcMixin._notify_sg_on_port_change-560329', 'neutron.plugins.ml2.ovo_rpc._ObjectChangeHandler.handle_event-158014', 'neutron.api.rpc.agentnotifiers.dhcp_rpc_agent_api.DhcpAgentNotifyAPI._native_event_send_dhcp_notification-3728629', 'neutron.db.l3_db.L3RpcNotifierMixin._notify_routers_callback-8744224521795', 'neutron.db.l3_dvrscheduler_db._notify_port_delete-8744224084237'] for port, after_delete {{(pid=94027) _notify_loop /usr/local/lib/python3.8/dist-packages/neutron_lib/callbacks/manager.py:192}}
Jul 23 20:08:52.052592 n-d-793620-13 neutron-server[94028]: DEBUG neutron.plugins.ml2.db [None req-557e24f0-ff90-4d7f-83ba-f9ce3032fbdc None None] get_ports_and_sgs() called for port_ids ['4f23b74f-5c68-4202-b38e-b90ae0905099'] {{(pid=94028) get_ports_and_sgs /opt/stack/neutron/neutron/plugins/ml2/db.py:156}}
Jul 23 20:08:52.056647 n-d-793620-13 neutron-server[94026]: DEBUG neutron.api.rpc.agentnotifiers.l3_rpc_agent_api [None req-c312a561-fc74-490e-9216-3a16dbff7772 tempest-ServersWithSpecificFlavorTestJSON-1299388435 tempest-ServersWithSpecificFlavorTestJSON-1299388435-project] Notify agent at l3_agent.n-d-793620-13 the message routers_updated {{(pid=94026) _agent_notification /opt/stack/neutron/neutron/api/rpc/agentnotifiers/l3_rpc_agent_api.py:65}}
Jul 23 20:08:52.061382 n-d-793620-13 neutron-server[94026]: DEBUG neutron_lib.callbacks.manager [None req-c312a561-fc74-490e-9216-3a16dbff7772 tempest-ServersWithSpecificFlavorTestJSON-1299388435 tempest-ServersWithSpecificFlavorTestJSON-1299388435-project] Notify callbacks ['neutron.notifiers.nova.Notifier._send_nova_notification-58612'] for floatingip, before_response {{(pid=94026) _notify_loop /usr/local/lib/python3.8/dist-packages/neutron_lib/callbacks/manager.py:192}}
Jul 23 20:08:52.078168 n-d-793620-13 neutron-server[94029]: DEBUG neutron.api.rpc.handlers.l3_rpc [None req-8614f96b-5ded-4ab5-a362-1d5174ac8620 None None] Sync routers for ids ['3bec2cf3-42e3-4d26-b399-110e2dacf141'] in n-d-793620-13 {{(pid=94029) sync_routers /opt/stack/neutron/neutron/api/rpc/handlers/l3_rpc.py:125}}
Jul 23 20:08:52.092452 n-d-793620-13 neutron-server[94029]: DEBUG neutron.db.l3_dvrscheduler_db [None req-8614f96b-5ded-4ab5-a362-1d5174ac8620 None None] Routers {'3bec2cf3-42e3-4d26-b399-110e2dacf141'} bound to L3 agent in host n-d-793620-13 {{(pid=94029) _get_router_ids_for_agent /opt/stack/neutron/neutron/db/l3_dvrscheduler_db.py:420}}
Jul 23 20:08:52.093088 n-d-793620-13 neutron-server[94029]: DEBUG neutron.db.l3_hamode_db [None req-8614f96b-5ded-4ab5-a362-1d5174ac8620 None None] neutron.services.l3_router.l3_router_plugin.L3RouterPlugin method get_ha_sync_data_for_host called with arguments (, 'n-d-793620-13', Agent(admin_state_up=True,agent_type='L3 agent',availability_zone='nova',binary='neutron-l3-agent',configurations={"agent_mode": "legacy", "ex_gw_ports": 3, "extensions": [], "floating_ips": 0, "handle_internal_only_routers": true, "interface_driver": "openvswitch", "interfaces": 3, "log_agent_heartbeats": false, "routers": 3},created_at=2021-07-23T19:58:16Z,description=,heartbeat_timestamp=2021-07-23T20:08:46Z,host='n-d-793620-13',id=5ea075d1-917b-4f04-beb7-7bab7247f2a5,load=0,resource_versions=,resources_synced=,started_at=2021-07-23T19:58:16Z,topic='l3_agent')) {'router_ids': ['3bec2cf3-42e3-4d26-b399-110e2dacf141'], 'active': True} {{(pid=94029) wrapper /usr/local/lib/python3.8/dist-packages/oslo_log/helpers.py:65}}
Jul 23 20:08:52.102916 n-d-793620-13 neutron-server[94026]: INFO neutron.wsgi [None req-c312a561-fc74-490e-9216-3a16dbff7772 tempest-ServersWithSpecificFlavorTestJSON-1299388435 tempest-ServersWithSpecificFlavorTestJSON-1299388435-project] 10.222.0.46 "PUT /v2.0/floatingips/1fdf7fff-9019-46de-9b35-967e952dc6c6 HTTP/1.1" status: 200 len: 991 time: 1.4439926
Jul 23 20:08:52.103750 n-d-793620-13 neutron-server[94026]: DEBUG neutron.notifiers.nova [-] Sending events: [{'name': 'network-changed', 'server_uuid': 'c240934b-6716-4448-abaf-54e0eed3aca2', 'tag': '637546f1-b754-414d-af79-9aba21067b2d'}] {{(pid=94026) send_events /opt/stack/neutron/neutron/notifiers/nova.py:262}}
Jul 23 20:08:52.107241 n-d-793620-13 neutron-server[94026]: DEBUG novaclient.v2.client [-] REQ: curl -g -i --cacert "/opt/stack/data/ca-bundle.pem" -X POST http://10.222.0.46/compute/v2.1/os-server-external-events -H "Accept: application/json" -H "Content-Type: application/json" -H "User-Agent: python-novaclient" -H "X-Auth-Token: {SHA256}71677f67fc9ffe5832f9c320043b74dd74e9bacb848e4f47120397338083d813" -H "X-OpenStack-Nova-API-Version: 2.1" -H "X-OpenStack-Request-ID: req-0a1530a9-3495-410d-8721-2dceed7bf6e4" -d '{"events": [{"name": "network-changed", "server_uuid": "c240934b-6716-4448-abaf-54e0eed3aca2", "tag": "637546f1-b754-414d-af79-9aba21067b2d"}]}' {{(pid=94026) _http_log_request /usr/local/lib/python3.8/dist-packages/keystoneauth1/session.py:519}}
Jul 23 20:08:52.136104 n-d-793620-13 neutron-server[94027]: DEBUG neutron.notifiers.nova [req-ad8f5826-ef84-4017-a90f-1e6ffc2c6065 req-abbb21cf-85c2-43ae-bc05-eff10ab8f605 service neutron] Ignoring state change previous_port_status: DOWN current_port_status: DOWN port_id 86db9a4f-4bc7-4d85-b817-b0c6d0d81c25 {{(pid=94027) record_port_status_changed /opt/stack/neutron/neutron/notifiers/nova.py:224}}
Jul 23 20:08:52.144038 n-d-793620-13 neutron-server[94027]: DEBUG neutron.api.rpc.handlers.resources_rpc [None req-3c904f5c-4b50-47d1-b06a-617017964fef tempest-AggregatesAdminTestJSON-2004403816 tempest-AggregatesAdminTestJSON-2004403816-project] Pushing event deleted for resources: {'Port': ['ID=4f23b74f-5c68-4202-b38e-b90ae0905099,revision_number=None']} {{(pid=94027) push /opt/stack/neutron/neutron/api/rpc/handlers/resources_rpc.py:237}}
Jul 23 20:08:52.170741 n-d-793620-13 neutron-server[94027]: DEBUG neutron_lib.callbacks.manager [req-ad8f5826-ef84-4017-a90f-1e6ffc2c6065 req-abbb21cf-85c2-43ae-bc05-eff10ab8f605 service neutron] Notify callbacks [] for port, precommit_update {{(pid=94027) _notify_loop /usr/local/lib/python3.8/dist-packages/neutron_lib/callbacks/manager.py:192}}
Jul 23 20:08:52.219523 n-d-793620-13 neutron-server[94029]: DEBUG neutron.db.l3_dvr_db [None req-8614f96b-5ded-4ab5-a362-1d5174ac8620 None None] Set router 3bec2cf3-42e3-4d26-b399-110e2dacf141 gateway port host: n-d-793620-13 {{(pid=94029) _build_routers_list /opt/stack/neutron/neutron/db/l3_dvr_db.py:894}}
Jul 23 20:08:52.237386 n-d-793620-13 neutron-server[94027]: DEBUG neutron.api.rpc.handlers.resources_rpc [None req-1cd42fa2-d863-4f86-bb9e-6dfc9ab28b88 tempest-SecurityGroupsTestAdminJSON-812207029 tempest-SecurityGroupsTestAdminJSON-812207029-project] Pushing event updated for resources: {'SecurityGroup': ['ID=821e0de4-d5e0-44aa-9c00-4061d3eff071,revision_number=1']} {{(pid=94027) push /opt/stack/neutron/neutron/api/rpc/handlers/resources_rpc.py:237}}
Jul 23 20:08:52.240490 n-d-793620-13 neutron-server[94028]: DEBUG neutron.plugins.ml2.rpc [None req-557e24f0-ff90-4d7f-83ba-f9ce3032fbdc None None] Device 0233d6ce-b09b-4907-9bca-f1b771971164 details requested by agent hyperv_n-h2-793620-13 with host n-h2-793620-13 {{(pid=94028) get_device_details /opt/stack/neutron/neutron/plugins/ml2/rpc.py:102}}
Jul 23 20:08:52.253073 n-d-793620-13 neutron-server[94027]: DEBUG neutron.pecan_wsgi.hooks.policy_enforcement [req-bf691130-9344-4b70-9024-cd327c19948a req-a4a1f21c-d2fb-4779-965a-f5b875029dcc tempest-AggregatesAdminTestJSON-2004403816 tempest-AggregatesAdminTestJSON-2004403816-project] Attributes excluded by policy engine: ['standard_attr_id', 'binding:profile', 'binding:host_id', 'binding:vif_type', 'binding:vif_details'] {{(pid=94027) _exclude_attributes_by_policy /opt/stack/neutron/neutron/pecan_wsgi/hooks/policy_enforcement.py:255}}
Jul 23 20:08:52.260998 n-d-793620-13 neutron-server[94027]: INFO neutron.wsgi [req-bf691130-9344-4b70-9024-cd327c19948a req-a4a1f21c-d2fb-4779-965a-f5b875029dcc tempest-AggregatesAdminTestJSON-2004403816 tempest-AggregatesAdminTestJSON-2004403816-project] 10.222.0.46 "GET /v2.0/ports?device_id=a76e6e66-283a-4cc2-9144-a07dd02114da HTTP/1.1" status: 200 len: 888 time: 0.4290104
Jul 23 20:08:52.284829 n-d-793620-13 neutron-server[94027]: DEBUG neutron.db.provisioning_blocks [req-ad8f5826-ef84-4017-a90f-1e6ffc2c6065 req-abbb21cf-85c2-43ae-bc05-eff10ab8f605 service neutron] Transition to ACTIVE for port object 86db9a4f-4bc7-4d85-b817-b0c6d0d81c25 will not be triggered until provisioned by entity L2. {{(pid=94027) add_provisioning_component /opt/stack/neutron/neutron/db/provisioning_blocks.py:73}}
