Jul 23 20:08:02.083451 n-d-793620-13 neutron-server[94027]: DEBUG neutron_lib.callbacks.manager [None req-102017a3-68e9-45c6-805d-e92b4afb2624 admin admin] Notify callbacks [] for security_group, precommit_delete {{(pid=94027) _notify_loop /usr/local/lib/python3.8/dist-packages/neutron_lib/callbacks/manager.py:192}}
Jul 23 20:08:02.140365 n-d-793620-13 neutron-server[94027]: DEBUG neutron_lib.callbacks.manager [None req-102017a3-68e9-45c6-805d-e92b4afb2624 admin admin] Notify callbacks ['neutron.plugins.ml2.ovo_rpc._ObjectChangeHandler.handle_event-3689876'] for security_group, after_delete {{(pid=94027) _notify_loop /usr/local/lib/python3.8/dist-packages/neutron_lib/callbacks/manager.py:192}}
Jul 23 20:08:02.144147 n-d-793620-13 neutron-server[94027]: DEBUG neutron_lib.callbacks.manager [None req-102017a3-68e9-45c6-805d-e92b4afb2624 admin admin] Notify callbacks [] for security_group, before_response {{(pid=94027) _notify_loop /usr/local/lib/python3.8/dist-packages/neutron_lib/callbacks/manager.py:192}}
Jul 23 20:08:02.146022 n-d-793620-13 neutron-server[94027]: INFO neutron.wsgi [None req-102017a3-68e9-45c6-805d-e92b4afb2624 admin admin] 10.222.0.46 "DELETE /v2.0/security-groups/75366c20-689f-4e7f-a997-2bb873283d13 HTTP/1.1" status: 204 len: 168 time: 0.1757264
Jul 23 20:08:02.155910 n-d-793620-13 neutron-server[94027]: DEBUG neutron.api.rpc.handlers.resources_rpc [None req-102017a3-68e9-45c6-805d-e92b4afb2624 admin admin] Pushing event deleted for resources: {'SecurityGroup': ['ID=75366c20-689f-4e7f-a997-2bb873283d13,revision_number=None']} {{(pid=94027) push /opt/stack/neutron/neutron/api/rpc/handlers/resources_rpc.py:237}}
Jul 23 20:08:02.431700 n-d-793620-13 neutron-server[94027]: DEBUG neutron.wsgi [-] (94027) accepted ('10.222.0.46', 52604) {{(pid=94027) server /usr/local/lib/python3.8/dist-packages/eventlet/wsgi.py:982}}
Jul 23 20:08:02.441316 n-d-793620-13 neutron-server[94027]: DEBUG neutron.api.v2.base [None req-babae7c0-9d52-47e5-b7b0-9e1f8761e277 admin admin] Request body: {'network': {'name': 'tempest-ServersWithSpecificFlavorTestJSON-812374871-network', 'tenant_id': 'ae1b4e824c3a42299bd2e206250ba27c'}} {{(pid=94027) prepare_request_body /opt/stack/neutron/neutron/api/v2/base.py:729}}
Jul 23 20:08:02.465294 n-d-793620-13 neutron-server[94027]: DEBUG neutron.pecan_wsgi.hooks.quota_enforcement [None req-babae7c0-9d52-47e5-b7b0-9e1f8761e277 admin admin] Made reservation on behalf of ae1b4e824c3a42299bd2e206250ba27c for: {'network': 1} {{(pid=94027) before /opt/stack/neutron/neutron/pecan_wsgi/hooks/quota_enforcement.py:53}}
Jul 23 20:08:02.468521 n-d-793620-13 neutron-server[94027]: DEBUG neutron_lib.callbacks.manager [None req-babae7c0-9d52-47e5-b7b0-9e1f8761e277 admin admin] Notify callbacks ['neutron.plugins.ml2.plugin.SecurityGroupDbMixin._ensure_default_security_group_handler-560264'] for network, before_create {{(pid=94027) _notify_loop /usr/local/lib/python3.8/dist-packages/neutron_lib/callbacks/manager.py:192}}
Jul 23 20:08:02.478007 n-d-793620-13 neutron-server[94027]: DEBUG neutron_lib.callbacks.manager [None req-babae7c0-9d52-47e5-b7b0-9e1f8761e277 admin admin] Notify callbacks [] for security_group, before_create {{(pid=94027) _notify_loop /usr/local/lib/python3.8/dist-packages/neutron_lib/callbacks/manager.py:192}}
Jul 23 20:08:02.597562 n-d-793620-13 neutron-server[94027]: DEBUG neutron_lib.callbacks.manager [None req-babae7c0-9d52-47e5-b7b0-9e1f8761e277 admin admin] Notify callbacks [] for security_group, precommit_create {{(pid=94027) _notify_loop /usr/local/lib/python3.8/dist-packages/neutron_lib/callbacks/manager.py:192}}
Jul 23 20:08:02.602131 n-d-793620-13 neutron-server[94027]: DEBUG neutron_lib.callbacks.manager [None req-babae7c0-9d52-47e5-b7b0-9e1f8761e277 admin admin] Notify callbacks ['neutron.plugins.ml2.ovo_rpc._ObjectChangeHandler.handle_event-3689876'] for security_group, after_create {{(pid=94027) _notify_loop /usr/local/lib/python3.8/dist-packages/neutron_lib/callbacks/manager.py:192}}
Jul 23 20:08:02.624795 n-d-793620-13 neutron-server[94027]: DEBUG neutron.plugins.ml2.drivers.helpers [None req-babae7c0-9d52-47e5-b7b0-9e1f8761e277 admin admin] vlan segment allocate from pool success with {'physical_network': 'physnet1', 'vlan_id': 322} {{(pid=94027) allocate_partially_specified_segment /opt/stack/neutron/neutron/plugins/ml2/drivers/helpers.py:153}}
Jul 23 20:08:02.639198 n-d-793620-13 neutron-server[94027]: DEBUG neutron.api.rpc.handlers.resources_rpc [None req-babae7c0-9d52-47e5-b7b0-9e1f8761e277 admin admin] Pushing event updated for resources: {'SecurityGroup': ['ID=36c4f922-8957-42c5-b0de-6b502e337cee,revision_number=1']} {{(pid=94027) push /opt/stack/neutron/neutron/api/rpc/handlers/resources_rpc.py:237}}
Jul 23 20:08:02.644300 n-d-793620-13 neutron-server[94027]: DEBUG neutron_lib.callbacks.manager [None req-babae7c0-9d52-47e5-b7b0-9e1f8761e277 admin admin] Notify callbacks ['neutron.plugins.ml2.plugin.Ml2Plugin._handle_segment_change-734672'] for segment, precommit_create {{(pid=94027) _notify_loop /usr/local/lib/python3.8/dist-packages/neutron_lib/callbacks/manager.py:192}}
Jul 23 20:08:02.644803 n-d-793620-13 neutron-server[94027]: INFO neutron.db.segments_db [None req-babae7c0-9d52-47e5-b7b0-9e1f8761e277 admin admin] Added segment 3e4c19e0-c0e2-4a70-acbf-901dbbfe7e5b of type vlan for network 33bc6fe7-2451-41b0-b345-be420eadd6bb
Jul 23 20:08:02.658577 n-d-793620-13 neutron-server[94026]: DEBUG neutron.wsgi [-] (94026) accepted ('10.222.0.46', 52610) {{(pid=94026) server /usr/local/lib/python3.8/dist-packages/eventlet/wsgi.py:982}}
Jul 23 20:08:02.674478 n-d-793620-13 neutron-server[94026]: DEBUG neutron_lib.callbacks.manager [None req-c3039e70-05e7-4da9-a021-c8f81c98de50 admin admin] Notify callbacks [] for security_group, before_create {{(pid=94026) _notify_loop /usr/local/lib/python3.8/dist-packages/neutron_lib/callbacks/manager.py:192}}
Jul 23 20:08:02.691800 n-d-793620-13 neutron-server[94027]: DEBUG neutron_lib.callbacks.manager [None req-babae7c0-9d52-47e5-b7b0-9e1f8761e277 admin admin] Notify callbacks ['neutron.services.auto_allocate.db._ensure_external_network_default_value_callback-8744224098416'] for network, precommit_create {{(pid=94027) _notify_loop /usr/local/lib/python3.8/dist-packages/neutron_lib/callbacks/manager.py:192}}
Jul 23 20:08:02.735193 n-d-793620-13 neutron-server[94027]: DEBUG neutron_lib.callbacks.manager [None req-babae7c0-9d52-47e5-b7b0-9e1f8761e277 admin admin] Notify callbacks ['neutron.plugins.ml2.ovo_rpc._ObjectChangeHandler.handle_event-3689920', 'neutron.api.rpc.agentnotifiers.dhcp_rpc_agent_api.DhcpAgentNotifyAPI._native_event_send_dhcp_notification-3728629'] for network, after_create {{(pid=94027) _notify_loop /usr/local/lib/python3.8/dist-packages/neutron_lib/callbacks/manager.py:192}}
Jul 23 20:08:02.736742 n-d-793620-13 neutron-server[94027]: DEBUG neutron.pecan_wsgi.hooks.policy_enforcement [None req-babae7c0-9d52-47e5-b7b0-9e1f8761e277 admin admin] Attributes excluded by policy engine: ['standard_attr_id', 'vlan_transparent'] {{(pid=94027) _exclude_attributes_by_policy /opt/stack/neutron/neutron/pecan_wsgi/hooks/policy_enforcement.py:255}}
Jul 23 20:08:02.737323 n-d-793620-13 neutron-server[94027]: DEBUG neutron_lib.callbacks.manager [None req-babae7c0-9d52-47e5-b7b0-9e1f8761e277 admin admin] Notify callbacks ['neutron.api.rpc.agentnotifiers.dhcp_rpc_agent_api.DhcpAgentNotifyAPI._send_dhcp_notification-3728583'] for network, before_response {{(pid=94027) _notify_loop /usr/local/lib/python3.8/dist-packages/neutron_lib/callbacks/manager.py:192}}
Jul 23 20:08:02.811514 n-d-793620-13 neutron-server[94026]: DEBUG neutron_lib.callbacks.manager [None req-c3039e70-05e7-4da9-a021-c8f81c98de50 admin admin] Notify callbacks [] for security_group, precommit_create {{(pid=94026) _notify_loop /usr/local/lib/python3.8/dist-packages/neutron_lib/callbacks/manager.py:192}}
Jul 23 20:08:02.817865 n-d-793620-13 neutron-server[94027]: DEBUG neutron.api.rpc.handlers.resources_rpc [None req-babae7c0-9d52-47e5-b7b0-9e1f8761e277 admin admin] Pushing event updated for resources: {'Network': ['ID=33bc6fe7-2451-41b0-b345-be420eadd6bb,revision_number=1']} {{(pid=94027) push /opt/stack/neutron/neutron/api/rpc/handlers/resources_rpc.py:237}}
Jul 23 20:08:02.819222 n-d-793620-13 neutron-server[94026]: DEBUG neutron_lib.callbacks.manager [None req-c3039e70-05e7-4da9-a021-c8f81c98de50 admin admin] Notify callbacks ['neutron.plugins.ml2.ovo_rpc._ObjectChangeHandler.handle_event-3689876'] for security_group, after_create {{(pid=94026) _notify_loop /usr/local/lib/python3.8/dist-packages/neutron_lib/callbacks/manager.py:192}}
Jul 23 20:08:02.831766 n-d-793620-13 neutron-server[94026]: DEBUG neutron.wsgi [-] (94026) accepted ('10.222.0.46', 52622) {{(pid=94026) server /usr/local/lib/python3.8/dist-packages/eventlet/wsgi.py:982}}
Jul 23 20:08:02.832266 n-d-793620-13 neutron-server[94027]: INFO neutron.wsgi [None req-babae7c0-9d52-47e5-b7b0-9e1f8761e277 admin admin] 10.222.0.46 "POST /v2.0/networks HTTP/1.1" status: 201 len: 896 time: 0.3993490
Jul 23 20:08:02.834810 n-d-793620-13 neutron-server[94028]: DEBUG neutron.plugins.ml2.rpc [None req-6193ed3a-d315-4779-bf9e-7977c561c492 None None] Network 33bc6fe7-2451-41b0-b345-be420eadd6bb details requested by agent ovs-agent-n-d-793620-13 with host n-d-793620-13 {{(pid=94028) get_network_details /opt/stack/neutron/neutron/plugins/ml2/rpc.py:248}}
Jul 23 20:08:02.854777 n-d-793620-13 neutron-server[94026]: DEBUG neutron.api.v2.base [None req-4c87e456-4106-48c4-90e2-28793ab2c55d admin admin] Request body: {'subnet': {'network_id': '33bc6fe7-2451-41b0-b345-be420eadd6bb', 'cidr': '172.20.0.0/28', 'name': 'tempest-ServersWithSpecificFlavorTestJSON-812374871-subnet', 'tenant_id': 'ae1b4e824c3a42299bd2e206250ba27c', 'enable_dhcp': True, 'ip_version': 4}} {{(pid=94026) prepare_request_body /opt/stack/neutron/neutron/api/v2/base.py:729}}
Jul 23 20:08:02.858497 n-d-793620-13 neutron-server[94026]: DEBUG neutron.api.rpc.handlers.resources_rpc [None req-c3039e70-05e7-4da9-a021-c8f81c98de50 admin admin] Pushing event updated for resources: {'SecurityGroup': ['ID=3bb5544b-5efc-4857-a9b0-6795adde1115,revision_number=1']} {{(pid=94026) push /opt/stack/neutron/neutron/api/rpc/handlers/resources_rpc.py:237}}
Jul 23 20:08:02.881545 n-d-793620-13 neutron-server[94027]: DEBUG neutron.wsgi [-] (94027) accepted ('10.222.0.46', 52626) {{(pid=94027) server /usr/local/lib/python3.8/dist-packages/eventlet/wsgi.py:982}}
Jul 23 20:08:02.881813 n-d-793620-13 neutron-server[94026]: INFO neutron.wsgi [None req-c3039e70-05e7-4da9-a021-c8f81c98de50 admin admin] 10.222.0.46 "GET /v2.0/security-groups?tenant_id=949a954616b74d36b25a8d98b7928d6c&name=default HTTP/1.1" status: 200 len: 2975 time: 0.2218695
Jul 23 20:08:02.911846 n-d-793620-13 neutron-server[94026]: DEBUG neutron.pecan_wsgi.hooks.quota_enforcement [None req-4c87e456-4106-48c4-90e2-28793ab2c55d admin admin] Made reservation on behalf of ae1b4e824c3a42299bd2e206250ba27c for: {'subnet': 1} {{(pid=94026) before /opt/stack/neutron/neutron/pecan_wsgi/hooks/quota_enforcement.py:53}}
Jul 23 20:08:02.914431 n-d-793620-13 neutron-server[94026]: DEBUG neutron_lib.callbacks.manager [None req-4c87e456-4106-48c4-90e2-28793ab2c55d admin admin] Notify callbacks [] for subnet, before_create {{(pid=94026) _notify_loop /usr/local/lib/python3.8/dist-packages/neutron_lib/callbacks/manager.py:192}}
Jul 23 20:08:02.952824 n-d-793620-13 neutron-server[94027]: DEBUG neutron_lib.callbacks.manager [None req-d72e80a7-eff4-41ad-b2aa-80c9578a1c63 admin admin] Notify callbacks [] for security_group, before_delete {{(pid=94027) _notify_loop /usr/local/lib/python3.8/dist-packages/neutron_lib/callbacks/manager.py:192}}
Jul 23 20:08:03.015681 n-d-793620-13 neutron-server[94027]: DEBUG neutron_lib.callbacks.manager [None req-d72e80a7-eff4-41ad-b2aa-80c9578a1c63 admin admin] Notify callbacks [] for security_group, precommit_delete {{(pid=94027) _notify_loop /usr/local/lib/python3.8/dist-packages/neutron_lib/callbacks/manager.py:192}}
Jul 23 20:08:03.081538 n-d-793620-13 neutron-server[94028]: DEBUG neutron.plugins.ml2.rpc [None req-6193ed3a-d315-4779-bf9e-7977c561c492 None None] Device abef0ceb-dd22-406e-b5b0-c59682baba98 up at agent ovs-agent-n-d-793620-13 {{(pid=94028) update_device_up /opt/stack/neutron/neutron/plugins/ml2/rpc.py:296}}
Jul 23 20:08:03.124384 n-d-793620-13 neutron-server[94027]: DEBUG neutron_lib.callbacks.manager [None req-d72e80a7-eff4-41ad-b2aa-80c9578a1c63 admin admin] Notify callbacks ['neutron.plugins.ml2.ovo_rpc._ObjectChangeHandler.handle_event-3689876'] for security_group, after_delete {{(pid=94027) _notify_loop /usr/local/lib/python3.8/dist-packages/neutron_lib/callbacks/manager.py:192}}
Jul 23 20:08:03.127174 n-d-793620-13 neutron-server[94027]: DEBUG neutron_lib.callbacks.manager [None req-d72e80a7-eff4-41ad-b2aa-80c9578a1c63 admin admin] Notify callbacks [] for security_group, before_response {{(pid=94027) _notify_loop /usr/local/lib/python3.8/dist-packages/neutron_lib/callbacks/manager.py:192}}
Jul 23 20:08:03.130607 n-d-793620-13 neutron-server[94027]: INFO neutron.wsgi [None req-d72e80a7-eff4-41ad-b2aa-80c9578a1c63 admin admin] 10.222.0.46 "DELETE /v2.0/security-groups/3bb5544b-5efc-4857-a9b0-6795adde1115 HTTP/1.1" status: 204 len: 168 time: 0.2457182
Jul 23 20:08:03.148993 n-d-793620-13 neutron-server[94027]: DEBUG neutron.api.rpc.handlers.resources_rpc [None req-d72e80a7-eff4-41ad-b2aa-80c9578a1c63 admin admin] Pushing event deleted for resources: {'SecurityGroup': ['ID=3bb5544b-5efc-4857-a9b0-6795adde1115,revision_number=None']} {{(pid=94027) push /opt/stack/neutron/neutron/api/rpc/handlers/resources_rpc.py:237}}
Jul 23 20:08:03.205629 n-d-793620-13 neutron-server[94028]: DEBUG neutron.db.provisioning_blocks [None req-6193ed3a-d315-4779-bf9e-7977c561c492 None None] Provisioning for port abef0ceb-dd22-406e-b5b0-c59682baba98 completed by entity L2. {{(pid=94028) provisioning_complete /opt/stack/neutron/neutron/db/provisioning_blocks.py:133}}
Jul 23 20:08:03.212444 n-d-793620-13 neutron-server[94028]: DEBUG neutron.db.provisioning_blocks [None req-6193ed3a-d315-4779-bf9e-7977c561c492 None None] Provisioning complete for port abef0ceb-dd22-406e-b5b0-c59682baba98 triggered by entity L2. {{(pid=94028) provisioning_complete /opt/stack/neutron/neutron/db/provisioning_blocks.py:139}}
Jul 23 20:08:03.213041 n-d-793620-13 neutron-server[94028]: DEBUG neutron_lib.callbacks.manager [None req-6193ed3a-d315-4779-bf9e-7977c561c492 None None] Notify callbacks ['neutron.plugins.ml2.plugin.Ml2Plugin._port_provisioned-731143'] for port, provisioning_complete {{(pid=94028) _notify_loop /usr/local/lib/python3.8/dist-packages/neutron_lib/callbacks/manager.py:192}}
Jul 23 20:08:03.239300 n-d-793620-13 neutron-server[94026]: DEBUG neutron_lib.callbacks.manager [None req-4c87e456-4106-48c4-90e2-28793ab2c55d admin admin] Notify callbacks ['neutron.plugins.ml2.ovo_rpc._ObjectChangeHandler.handle_event-3676799', 'neutron.api.rpc.agentnotifiers.dhcp_rpc_agent_api.DhcpAgentNotifyAPI._native_event_send_dhcp_notification-3728629'] for subnet, after_create {{(pid=94026) _notify_loop /usr/local/lib/python3.8/dist-packages/neutron_lib/callbacks/manager.py:192}}
Jul 23 20:08:03.295987 n-d-793620-13 neutron-server[94026]: DEBUG neutron.api.rpc.handlers.resources_rpc [None req-4c87e456-4106-48c4-90e2-28793ab2c55d admin admin] Pushing event updated for resources: {'Subnet': ['ID=fce37a70-4f20-4d66-974a-0d37fab96f45,revision_number=0']} {{(pid=94026) push /opt/stack/neutron/neutron/api/rpc/handlers/resources_rpc.py:237}}
Jul 23 20:08:03.329272 n-d-793620-13 neutron-server[94028]: DEBUG neutron_lib.callbacks.manager [None req-6193ed3a-d315-4779-bf9e-7977c561c492 None None] Notify callbacks ['neutron.plugins.ml2.plugin.SecurityGroupDbMixin._ensure_default_security_group_handler-560264'] for port, before_update {{(pid=94028) _notify_loop /usr/local/lib/python3.8/dist-packages/neutron_lib/callbacks/manager.py:192}}
Jul 23 20:08:03.339912 n-d-793620-13 neutron-server[94026]: DEBUG neutron.plugins.ml2.drivers.mech_agent [None req-4c87e456-4106-48c4-90e2-28793ab2c55d admin admin] Checking segment: {'id': '3e4c19e0-c0e2-4a70-acbf-901dbbfe7e5b', 'network_type': 'vlan', 'physical_network': 'physnet1', 'segmentation_id': 322, 'network_id': '33bc6fe7-2451-41b0-b345-be420eadd6bb'} for mappings: {'physnet1': 'br-data'} with network types: ['local', 'flat', 'vlan'] {{(pid=94026) check_segment_for_agent /opt/stack/neutron/neutron/plugins/ml2/drivers/mech_agent.py:352}}
Jul 23 20:08:03.341060 n-d-793620-13 neutron-server[94026]: DEBUG neutron.scheduler.dhcp_agent_scheduler [None req-4c87e456-4106-48c4-90e2-28793ab2c55d admin admin] Network hostable DHCP agents. Network: 33bc6fe7-2451-41b0-b345-be420eadd6bb, hostable agents: ['ba6c9da6-3933-440f-bdaa-071bacd254fd'], hosted agents: [] {{(pid=94026) _get_network_hostable_dhcp_agents /opt/stack/neutron/neutron/scheduler/dhcp_agent_scheduler.py:329}}
Jul 23 20:08:03.361067 n-d-793620-13 neutron-server[94028]: DEBUG neutron.plugins.ml2.db [None req-6193ed3a-d315-4779-bf9e-7977c561c492 None None] For port abef0ceb-dd22-406e-b5b0-c59682baba98, host n-d-793620-13, got binding levels [PortBindingLevel(driver='openvswitch',host='n-d-793620-13',level=0,port_id=abef0ceb-dd22-406e-b5b0-c59682baba98,segment=NetworkSegment(75ed37b9-9d6c-4af6-a392-7d7da3a48d75),segment_id=75ed37b9-9d6c-4af6-a392-7d7da3a48d75)] {{(pid=94028) get_binding_level_objs /opt/stack/neutron/neutron/plugins/ml2/db.py:74}}
Jul 23 20:08:03.362542 n-d-793620-13 neutron-server[94026]: DEBUG neutron.scheduler.dhcp_agent_scheduler [None req-4c87e456-4106-48c4-90e2-28793ab2c55d admin admin] Network 33bc6fe7-2451-41b0-b345-be420eadd6bb is scheduled to be hosted by DHCP agent ba6c9da6-3933-440f-bdaa-071bacd254fd with binding_index 1 {{(pid=94026) bind /opt/stack/neutron/neutron/scheduler/dhcp_agent_scheduler.py:227}}
Jul 23 20:08:03.366342 n-d-793620-13 neutron-server[94028]: DEBUG neutron_lib.callbacks.manager [None req-6193ed3a-d315-4779-bf9e-7977c561c492 None None] Notify callbacks ['neutron.plugins.ml2.plugin.SecurityGroupServerNotifierRpcMixin._notify_sg_on_port_change-560329', 'neutron.plugins.ml2.ovo_rpc._ObjectChangeHandler.handle_event-158014', 'neutron.api.rpc.agentnotifiers.dhcp_rpc_agent_api.DhcpAgentNotifyAPI._native_event_send_dhcp_notification-3728629', 'neutron.db.l3_db.L3RpcNotifierMixin._notify_gateway_port_ip_changed-8744224521813', 'neutron.db.l3_dvrscheduler_db._notify_l3_agent_port_update-8744224084246', 'neutron.db.l3_hascheduler_db._notify_l3_agent_ha_port_update-8744224084264'] for port, after_update {{(pid=94028) _notify_loop /usr/local/lib/python3.8/dist-packages/neutron_lib/callbacks/manager.py:192}}
Jul 23 20:08:03.381369 n-d-793620-13 neutron-server[94026]: DEBUG neutron.scheduler.base_scheduler [None req-4c87e456-4106-48c4-90e2-28793ab2c55d admin admin] Resources bound (agent type, host, resource id): (DHCP agent, n-d-793620-13, 33bc6fe7-2451-41b0-b345-be420eadd6bb) {{(pid=94026) schedule /opt/stack/neutron/neutron/scheduler/base_scheduler.py:57}}
Jul 23 20:08:03.385878 n-d-793620-13 neutron-server[94026]: DEBUG neutron.pecan_wsgi.hooks.policy_enforcement [None req-4c87e456-4106-48c4-90e2-28793ab2c55d admin admin] Attributes excluded by policy engine: ['standard_attr_id', 'shared', 'network'] {{(pid=94026) _exclude_attributes_by_policy /opt/stack/neutron/neutron/pecan_wsgi/hooks/policy_enforcement.py:255}}
Jul 23 20:08:03.386540 n-d-793620-13 neutron-server[94026]: DEBUG neutron_lib.callbacks.manager [None req-4c87e456-4106-48c4-90e2-28793ab2c55d admin admin] Notify callbacks ['neutron.api.rpc.agentnotifiers.dhcp_rpc_agent_api.DhcpAgentNotifyAPI._send_dhcp_notification-3728583'] for subnet, before_response {{(pid=94026) _notify_loop /usr/local/lib/python3.8/dist-packages/neutron_lib/callbacks/manager.py:192}}
Jul 23 20:08:03.410324 n-d-793620-13 neutron-server[94028]: DEBUG neutron.api.rpc.handlers.dhcp_rpc [None req-0a828a52-a01a-4716-a9a3-187720621fb3 None None] Network 33bc6fe7-2451-41b0-b345-be420eadd6bb requested from n-d-793620-13 {{(pid=94028) get_network_info /opt/stack/neutron/neutron/api/rpc/handlers/dhcp_rpc.py:218}}
Jul 23 20:08:03.439462 n-d-793620-13 neutron-server[94026]: INFO neutron.wsgi [None req-4c87e456-4106-48c4-90e2-28793ab2c55d admin admin] 10.222.0.46 "POST /v2.0/subnets HTTP/1.1" status: 201 len: 859 time: 0.5884442
Jul 23 20:08:03.441975 n-d-793620-13 neutron-server[94026]: DEBUG neutron.wsgi [-] (94026) accepted ('10.222.0.46', 52660) {{(pid=94026) server /usr/local/lib/python3.8/dist-packages/eventlet/wsgi.py:982}}
Jul 23 20:08:03.449338 n-d-793620-13 neutron-server[94026]: DEBUG neutron.api.v2.base [None req-b41d0439-6464-4b59-b2f9-6175d43d65b2 admin admin] Request body: {'router': {'name': 'tempest-ServersWithSpecificFlavorTestJSON-812374871-router', 'tenant_id': 'ae1b4e824c3a42299bd2e206250ba27c', 'external_gateway_info': {'network_id': '6248530e-b7e5-4a34-b85a-f0fe6849937c'}}} {{(pid=94026) prepare_request_body /opt/stack/neutron/neutron/api/v2/base.py:729}}
Jul 23 20:08:03.484718 n-d-793620-13 neutron-server[94026]: DEBUG neutron_lib.callbacks.manager [None req-b41d0439-6464-4b59-b2f9-6175d43d65b2 admin admin] Notify callbacks ['neutron.services.l3_router.l3_router_plugin.L3_HA_NAT_db_mixin._before_router_create-3841943', 'neutron.services.l3_router.service_providers.driver_controller.DriverController._check_router_request-2178'] for router, before_create {{(pid=94026) _notify_loop /usr/local/lib/python3.8/dist-packages/neutron_lib/callbacks/manager.py:192}}
Jul 23 20:08:03.487383 n-d-793620-13 neutron-server[94026]: DEBUG neutron_lib.callbacks.manager [None req-b41d0439-6464-4b59-b2f9-6175d43d65b2 admin admin] Notify callbacks ['neutron.services.l3_router.l3_router_plugin.L3_HA_NAT_db_mixin._precommit_router_create-3842034', 'neutron.services.l3_router.l3_router_plugin.DVRResourceOperationHandler._set_distributed_flag-3838310', 'neutron.services.l3_router.l3_router_plugin.RouterAvailabilityZoneMixin._process_az_request-3760698', 'neutron.services.l3_router.service_providers.driver_controller.DriverController._set_router_provider-2235'] for router, precommit_create {{(pid=94026) _notify_loop /usr/local/lib/python3.8/dist-packages/neutron_lib/callbacks/manager.py:192}}
Jul 23 20:08:03.647896 n-d-793620-13 neutron-server[94026]: DEBUG neutron_lib.callbacks.manager [None req-b41d0439-6464-4b59-b2f9-6175d43d65b2 admin admin] Notify callbacks [] for router_controller, precommit_add_association {{(pid=94026) _notify_loop /usr/local/lib/python3.8/dist-packages/neutron_lib/callbacks/manager.py:192}}
Jul 23 20:08:03.810062 n-d-793620-13 neutron-server[94028]: DEBUG neutron.api.rpc.handlers.l3_rpc [None req-99ac1f6c-f936-4c46-a39b-e09dca93c18f None None] Sync routers for ids ['3bec2cf3-42e3-4d26-b399-110e2dacf141'] in n-d-793620-13 {{(pid=94028) sync_routers /opt/stack/neutron/neutron/api/rpc/handlers/l3_rpc.py:125}}
Jul 23 20:08:03.812932 n-d-793620-13 neutron-server[94028]: DEBUG neutron.api.rpc.handlers.resources_rpc [None req-6193ed3a-d315-4779-bf9e-7977c561c492 None None] Pushing event updated for resources: {'Port': ['ID=abef0ceb-dd22-406e-b5b0-c59682baba98,revision_number=4']} {{(pid=94028) push /opt/stack/neutron/neutron/api/rpc/handlers/resources_rpc.py:237}}
Jul 23 20:08:03.840149 n-d-793620-13 neutron-server[94028]: DEBUG neutron.db.l3_dvrscheduler_db [None req-99ac1f6c-f936-4c46-a39b-e09dca93c18f None None] Routers {'3bec2cf3-42e3-4d26-b399-110e2dacf141'} bound to L3 agent in host n-d-793620-13 {{(pid=94028) _get_router_ids_for_agent /opt/stack/neutron/neutron/db/l3_dvrscheduler_db.py:420}}
Jul 23 20:08:03.842268 n-d-793620-13 neutron-server[94028]: DEBUG neutron.db.l3_hamode_db [None req-99ac1f6c-f936-4c46-a39b-e09dca93c18f None None] neutron.services.l3_router.l3_router_plugin.L3RouterPlugin method get_ha_sync_data_for_host called with arguments (, 'n-d-793620-13', Agent(admin_state_up=True,agent_type='L3 agent',availability_zone='nova',binary='neutron-l3-agent',configurations={"agent_mode": "legacy", "ex_gw_ports": 1, "extensions": [], "floating_ips": 0, "handle_internal_only_routers": true, "interface_driver": "openvswitch", "interfaces": 1, "log_agent_heartbeats": false, "routers": 1},created_at=2021-07-23T19:58:16Z,description=,heartbeat_timestamp=2021-07-23T20:07:46Z,host='n-d-793620-13',id=5ea075d1-917b-4f04-beb7-7bab7247f2a5,load=0,resource_versions=,resources_synced=,started_at=2021-07-23T19:58:16Z,topic='l3_agent')) {'router_ids': ['3bec2cf3-42e3-4d26-b399-110e2dacf141'], 'active': True} {{(pid=94028) wrapper /usr/local/lib/python3.8/dist-packages/oslo_log/helpers.py:65}}
Jul 23 20:08:03.933124 n-d-793620-13 neutron-server[94026]: DEBUG neutron_lib.callbacks.manager [None req-b41d0439-6464-4b59-b2f9-6175d43d65b2 admin admin] Notify callbacks ['neutron.services.l3_router.l3_router_plugin.DVRResourceOperationHandler._handle_distributed_migration-3838280', 'neutron.services.l3_router.l3_router_plugin.L3_HA_NAT_db_mixin._validate_migration-3841661', 'neutron.services.l3_router.service_providers.driver_controller.DriverController._update_router_provider-2213'] for router, precommit_update {{(pid=94026) _notify_loop /usr/local/lib/python3.8/dist-packages/neutron_lib/callbacks/manager.py:192}}
Jul 23 20:08:03.962589 n-d-793620-13 neutron-server[94028]: DEBUG neutron.db.l3_dvr_db [None req-99ac1f6c-f936-4c46-a39b-e09dca93c18f None None] Set router 3bec2cf3-42e3-4d26-b399-110e2dacf141 gateway port host: n-d-793620-13 {{(pid=94028) _build_routers_list /opt/stack/neutron/neutron/db/l3_dvr_db.py:894}}
Jul 23 20:08:04.130885 n-d-793620-13 neutron-server[94027]: DEBUG neutron.wsgi [-] (94027) accepted ('10.222.0.46', 52716) {{(pid=94027) server /usr/local/lib/python3.8/dist-packages/eventlet/wsgi.py:982}}
Jul 23 20:08:04.174176 n-d-793620-13 neutron-server[94028]: DEBUG neutron.api.rpc.handlers.dhcp_rpc [None req-5b9e763e-ab19-4917-ada2-fc4de122d8ef None None] Create dhcp port {'port': {'name': '', 'admin_state_up': True, 'device_id': 'dhcp3eb2ef8f-baed-59fe-9cb4-73402c2e8b55-33bc6fe7-2451-41b0-b345-be420eadd6bb', 'network_id': '33bc6fe7-2451-41b0-b345-be420eadd6bb', 'tenant_id': 'ae1b4e824c3a42299bd2e206250ba27c', 'fixed_ips': [{'subnet_id': 'fce37a70-4f20-4d66-974a-0d37fab96f45'}]}} from n-d-793620-13. {{(pid=94028) create_dhcp_port /opt/stack/neutron/neutron/api/rpc/handlers/dhcp_rpc.py:285}}
Jul 23 20:08:04.175061 n-d-793620-13 neutron-server[94028]: DEBUG neutron_lib.callbacks.manager [None req-5b9e763e-ab19-4917-ada2-fc4de122d8ef None None] Notify callbacks ['neutron.plugins.ml2.plugin.SecurityGroupDbMixin._ensure_default_security_group_handler-560264'] for port, before_create {{(pid=94028) _notify_loop /usr/local/lib/python3.8/dist-packages/neutron_lib/callbacks/manager.py:192}}
Jul 23 20:08:04.308631 n-d-793620-13 neutron-server[94027]: DEBUG neutron.wsgi [-] (94027) accepted ('10.222.0.46', 52728) {{(pid=94027) server /usr/local/lib/python3.8/dist-packages/eventlet/wsgi.py:982}}
Jul 23 20:08:04.326705 n-d-793620-13 neutron-server[94026]: DEBUG neutron_lib.callbacks.manager [None req-b41d0439-6464-4b59-b2f9-6175d43d65b2 admin admin] Notify callbacks [] for router_gateway, before_create {{(pid=94026) _notify_loop /usr/local/lib/python3.8/dist-packages/neutron_lib/callbacks/manager.py:192}}
Jul 23 20:08:04.360563 n-d-793620-13 neutron-server[94026]: DEBUG neutron_lib.callbacks.manager [None req-b41d0439-6464-4b59-b2f9-6175d43d65b2 admin admin] Notify callbacks ['neutron.plugins.ml2.plugin.SecurityGroupDbMixin._ensure_default_security_group_handler-560264'] for port, before_create {{(pid=94026) _notify_loop /usr/local/lib/python3.8/dist-packages/neutron_lib/callbacks/manager.py:192}}
Jul 23 20:08:04.384225 n-d-793620-13 neutron-server[94028]: DEBUG neutron.db.db_base_plugin_common [None req-5b9e763e-ab19-4917-ada2-fc4de122d8ef None None] Allocated IP 172.20.0.2 (33bc6fe7-2451-41b0-b345-be420eadd6bb/fce37a70-4f20-4d66-974a-0d37fab96f45/5688d3bb-1b19-4111-93a6-52a97d1ee168) {{(pid=94028) _store_ip_allocation /opt/stack/neutron/neutron/db/db_base_plugin_common.py:131}}
Jul 23 20:08:04.394722 n-d-793620-13 neutron-server[94028]: DEBUG neutron.db.l3_hamode_db [None req-99ac1f6c-f936-4c46-a39b-e09dca93c18f None None] neutron.services.l3_router.l3_router_plugin.L3RouterPlugin method _process_sync_ha_data called with arguments (, [{'id': '3bec2cf3-42e3-4d26-b399-110e2dacf141', 'name': 'tempest-ServersWithSpecificFlavorTestJSON-815920267-router', 'tenant_id': '76eade1cb2814e6e937cadb8e223e730', 'admin_state_up': True, 'status': 'ACTIVE', 'external_gateway_info': {'network_id': '6248530e-b7e5-4a34-b85a-f0fe6849937c', 'external_fixed_ips': [{'subnet_id': 'a1e18daa-e522-4c40-a034-e06975ad220c', 'ip_address': '172.25.8.197'}], 'enable_snat': True}, 'gw_port_id': 'abef0ceb-dd22-406e-b5b0-c59682baba98', 'description': '', 'availability_zones': ['nova'], 'distributed': False, 'ha': False, 'ha_vr_id': 0, 'availability_zone_hints': [], 'routes': [], 'flavor_id': None, 'tags': [], 'created_at': '2021-07-23T20:07:56Z', 'updated_at': '2021-07-23T20:07:59Z', 'revision_number': 4, 'project_id': '76eade1cb2814e6e937cadb8e223e730', 'gw_port': {'id': 'abef0ceb-dd22-406e-b5b0-c59682baba98', 'name': '', 'network_id': '6248530e-b7e5-4a34-b85a-f0fe6849937c', 'tenant_id': '', 'mac_address': 'fa:16:3e:36:aa:24', 'admin_state_up': True, 'status': 'ACTIVE', 'device_id': '3bec2cf3-42e3-4d26-b399-110e2dacf141', 'device_owner': 'network:router_gateway', 'standard_attr_id': 41, 'fixed_ips': [{'subnet_id': 'a1e18daa-e522-4c40-a034-e06975ad220c', 'ip_address': '172.25.8.197', 'prefixlen': 24}], 'allowed_address_pairs': [], 'extra_dhcp_opts': [], 'security_groups': [], 'description': '', 'binding:vnic_type': 'normal', 'binding:profile': {}, 'binding:host_id': 'n-d-793620-13', 'binding:vif_type': 'ovs', 'binding:vif_details': {'connectivity': 'l2', 'port_filter': True, 'ovs_hybrid_plug': False, 'datapath_type': 'system', 'bridge_name': 'br-int'}, 'port_security_enabled': False, 'tags': [], 'created_at': '2021-07-23T20:07:57Z', 'updated_at': '2021-07-23T20:08:03Z', 'revision_number': 4, 'project_id': '', 'subnets': [{'id': 'a1e18daa-e522-4c40-a034-e06975ad220c', 'cidr': '172.25.8.0/24', 'gateway_ip': '172.25.8.1', 'dns_nameservers': [], 'ipv6_ra_mode': None, 'subnetpool_id': None}], 'extra_subnets': [], 'address_scopes': {4: None, 6: None}, 'mtu': 1500}, 'enable_snat': True, 'gw_port_host': 'n-d-793620-13', '_interfaces': [{'id': '0669f05c-afa0-4cd8-b2a6-c0c2abdba9be', 'name': '', 'network_id': 'c385f01d-dc68-45cc-9d38-87c24e0f4a97', 'tenant_id': '76eade1cb2814e6e937cadb8e223e730', 'mac_address': 'fa:16:3e:2f:7e:42', 'admin_state_up': True, 'status': 'DOWN', 'device_id': '3bec2cf3-42e3-4d26-b399-110e2dacf141', 'device_owner': 'network:router_interface', 'standard_attr_id': 42, 'fixed_ips': [{'subnet_id': '6b9da7d9-ac0e-4cb4-8013-ac33546b6c7d', 'ip_address': '172.20.0.1', 'prefixlen': 28}], 'allowed_address_pairs': [], 'extra_dhcp_opts': [], 'security_groups': [], 'description': '', 'binding:vnic_type': 'normal', 'binding:profile': {}, 'binding:host_id': '', 'binding:vif_type': 'unbound', 'binding:vif_details': {}, 'port_security_enabled': False, 'tags': [], 'created_at': '2021-07-23T20:07:59Z', 'updated_at': '2021-07-23T20:08:00Z', 'revision_number': 2, 'project_id': '76eade1cb2814e6e937cadb8e223e730', 'subnets': [{'id': '6b9da7d9-ac0e-4cb4-8013-ac33546b6c7d', 'cidr': '172.20.0.0/28', 'gateway_ip': '172.20.0.1', 'dns_nameservers': [], 'ipv6_ra_mode': None, 'subnetpool_id': None}], 'extra_subnets': [], 'address_scopes': {4: None, 6: None}, 'mtu': 1500}]}], 'n-d-793620-13', False) {} {{(pid=94028) wrapper /usr/local/lib/python3.8/dist-packages/oslo_log/helpers.py:65}}
Jul 23 20:08:04.443544 n-d-793620-13 neutron-server[94028]: DEBUG neutron.api.rpc.handlers.l3_rpc [None req-99ac1f6c-f936-4c46-a39b-e09dca93c18f None None] Checking router: 3bec2cf3-42e3-4d26-b399-110e2dacf141 for host: n-d-793620-13 {{(pid=94028) _ensure_host_set_on_ports /opt/stack/neutron/neutron/api/rpc/handlers/l3_rpc.py:155}}
Jul 23 20:08:04.443966 n-d-793620-13 neutron-server[94028]: DEBUG neutron.api.rpc.handlers.l3_rpc [None req-99ac1f6c-f936-4c46-a39b-e09dca93c18f None None] Updating router 3bec2cf3-42e3-4d26-b399-110e2dacf141 port 0669f05c-afa0-4cd8-b2a6-c0c2abdba9be binding host n-d-793620-13 {{(pid=94028) _ensure_host_set_on_port /opt/stack/neutron/neutron/api/rpc/handlers/l3_rpc.py:205}}
Jul 23 20:08:04.446828 n-d-793620-13 neutron-server[94027]: DEBUG neutron_lib.callbacks.manager [None req-319a7d66-4b23-4dd1-8937-48038a6a1f89 admin admin] Notify callbacks [] for security_group, before_create {{(pid=94027) _notify_loop /usr/local/lib/python3.8/dist-packages/neutron_lib/callbacks/manager.py:192}}
Jul 23 20:08:04.488671 n-d-793620-13 neutron-server[94028]: DEBUG neutron_lib.callbacks.manager [None req-99ac1f6c-f936-4c46-a39b-e09dca93c18f None None] Notify callbacks ['neutron.plugins.ml2.plugin.SecurityGroupDbMixin._ensure_default_security_group_handler-560264'] for port, before_update {{(pid=94028) _notify_loop /usr/local/lib/python3.8/dist-packages/neutron_lib/callbacks/manager.py:192}}
Jul 23 20:08:04.509800 n-d-793620-13 neutron-server[94026]: DEBUG neutron.db.db_base_plugin_common [None req-b41d0439-6464-4b59-b2f9-6175d43d65b2 admin admin] Allocated IP 172.25.8.80 (6248530e-b7e5-4a34-b85a-f0fe6849937c/a1e18daa-e522-4c40-a034-e06975ad220c/ff2926fb-a06e-4512-8c25-7137b3744368) {{(pid=94026) _store_ip_allocation /opt/stack/neutron/neutron/db/db_base_plugin_common.py:131}}
Jul 23 20:08:04.550857 n-d-793620-13 neutron-server[94027]: DEBUG neutron_lib.callbacks.manager [None req-e1d113c9-4c85-4808-8cd5-18f2770975f6 admin admin] Notify callbacks [] for security_group, before_create {{(pid=94027) _notify_loop /usr/local/lib/python3.8/dist-packages/neutron_lib/callbacks/manager.py:192}}
Jul 23 20:08:04.663011 n-d-793620-13 neutron-server[94027]: DEBUG neutron_lib.callbacks.manager [None req-319a7d66-4b23-4dd1-8937-48038a6a1f89 admin admin] Notify callbacks [] for security_group, precommit_create {{(pid=94027) _notify_loop /usr/local/lib/python3.8/dist-packages/neutron_lib/callbacks/manager.py:192}}
Jul 23 20:08:04.682463 n-d-793620-13 neutron-server[94027]: DEBUG neutron_lib.callbacks.manager [None req-319a7d66-4b23-4dd1-8937-48038a6a1f89 admin admin] Notify callbacks ['neutron.plugins.ml2.ovo_rpc._ObjectChangeHandler.handle_event-3689876'] for security_group, after_create {{(pid=94027) _notify_loop /usr/local/lib/python3.8/dist-packages/neutron_lib/callbacks/manager.py:192}}
Jul 23 20:08:04.744675 n-d-793620-13 neutron-server[94026]: DEBUG neutron_lib.callbacks.manager [None req-b41d0439-6464-4b59-b2f9-6175d43d65b2 admin admin] Notify callbacks [] for port, precommit_create {{(pid=94026) _notify_loop /usr/local/lib/python3.8/dist-packages/neutron_lib/callbacks/manager.py:192}}
Jul 23 20:08:04.752613 n-d-793620-13 neutron-server[94027]: INFO neutron.wsgi [None req-319a7d66-4b23-4dd1-8937-48038a6a1f89 admin admin] 10.222.0.46 "GET /v2.0/security-groups?tenant_id=671c729217914d72b3fcf6cb85edafc4&name=default HTTP/1.1" status: 200 len: 2975 time: 0.6194510
Jul 23 20:08:04.757291 n-d-793620-13 neutron-server[94026]: DEBUG neutron.wsgi [-] (94026) accepted ('10.222.0.46', 52760) {{(pid=94026) server /usr/local/lib/python3.8/dist-packages/eventlet/wsgi.py:982}}
Jul 23 20:08:04.783616 n-d-793620-13 neutron-server[94027]: DEBUG neutron.api.rpc.handlers.resources_rpc [None req-319a7d66-4b23-4dd1-8937-48038a6a1f89 admin admin] Pushing event updated for resources: {'SecurityGroup': ['ID=db2bc6fe-c781-4268-bcb5-9d11f0f3277a,revision_number=1']} {{(pid=94027) push /opt/stack/neutron/neutron/api/rpc/handlers/resources_rpc.py:237}}
Jul 23 20:08:04.893799 n-d-793620-13 neutron-server[94028]: DEBUG neutron_lib.callbacks.manager [None req-5b9e763e-ab19-4917-ada2-fc4de122d8ef None None] Notify callbacks [] for port, precommit_create {{(pid=94028) _notify_loop /usr/local/lib/python3.8/dist-packages/neutron_lib/callbacks/manager.py:192}}
Jul 23 20:08:04.903868 n-d-793620-13 neutron-server[94027]: DEBUG neutron_lib.callbacks.manager [None req-e1d113c9-4c85-4808-8cd5-18f2770975f6 admin admin] Notify callbacks [] for security_group, precommit_create {{(pid=94027) _notify_loop /usr/local/lib/python3.8/dist-packages/neutron_lib/callbacks/manager.py:192}}
Jul 23 20:08:04.910040 n-d-793620-13 neutron-server[94026]: DEBUG neutron_lib.callbacks.manager [None req-c34f5159-336c-40cc-8acf-78355cd01010 admin admin] Notify callbacks [] for security_group, before_delete {{(pid=94026) _notify_loop /usr/local/lib/python3.8/dist-packages/neutron_lib/callbacks/manager.py:192}}
Jul 23 20:08:04.915004 n-d-793620-13 neutron-server[94027]: DEBUG neutron_lib.callbacks.manager [None req-e1d113c9-4c85-4808-8cd5-18f2770975f6 admin admin] Notify callbacks ['neutron.plugins.ml2.ovo_rpc._ObjectChangeHandler.handle_event-3689876'] for security_group, after_create {{(pid=94027) _notify_loop /usr/local/lib/python3.8/dist-packages/neutron_lib/callbacks/manager.py:192}}
Jul 23 20:08:04.925744 n-d-793620-13 neutron-server[94028]: DEBUG neutron.db.provisioning_blocks [None req-5b9e763e-ab19-4917-ada2-fc4de122d8ef None None] Transition to ACTIVE for port object 5688d3bb-1b19-4111-93a6-52a97d1ee168 will not be triggered until provisioned by entity L2. {{(pid=94028) add_provisioning_component /opt/stack/neutron/neutron/db/provisioning_blocks.py:73}}
Jul 23 20:08:04.957453 n-d-793620-13 neutron-server[94026]: DEBUG neutron_lib.callbacks.manager [None req-c34f5159-336c-40cc-8acf-78355cd01010 admin admin] Notify callbacks [] for security_group, precommit_delete {{(pid=94026) _notify_loop /usr/local/lib/python3.8/dist-packages/neutron_lib/callbacks/manager.py:192}}
Jul 23 20:08:04.984839 n-d-793620-13 neutron-server[94027]: DEBUG neutron.api.rpc.handlers.resources_rpc [None req-e1d113c9-4c85-4808-8cd5-18f2770975f6 admin admin] Pushing event updated for resources: {'SecurityGroup': ['ID=4a5cd418-e91e-4a2a-b5f7-e7835bc6a778,revision_number=1']} {{(pid=94027) push /opt/stack/neutron/neutron/api/rpc/handlers/resources_rpc.py:237}}
Jul 23 20:08:04.991443 n-d-793620-13 neutron-server[94027]: INFO neutron.wsgi [None req-e1d113c9-4c85-4808-8cd5-18f2770975f6 admin admin] 10.222.0.46 "GET /v2.0/security-groups?tenant_id=65c55d5570ea431cad11b87318c3e364&name=default HTTP/1.1" status: 200 len: 2975 time: 0.6812768
Jul 23 20:08:04.992495 n-d-793620-13 neutron-server[94028]: DEBUG neutron.db.provisioning_blocks [None req-5b9e763e-ab19-4917-ada2-fc4de122d8ef None None] Transition to ACTIVE for port object 5688d3bb-1b19-4111-93a6-52a97d1ee168 will not be triggered until provisioned by entity DHCP. {{(pid=94028) add_provisioning_component /opt/stack/neutron/neutron/db/provisioning_blocks.py:73}}
Jul 23 20:08:04.995047 n-d-793620-13 neutron-server[94027]: DEBUG neutron.wsgi [-] (94027) accepted ('10.222.0.46', 52766) {{(pid=94027) server /usr/local/lib/python3.8/dist-packages/eventlet/wsgi.py:982}}
Jul 23 20:08:05.064929 n-d-793620-13 neutron-server[94028]: DEBUG neutron.plugins.ml2.rpc [None req-6193ed3a-d315-4779-bf9e-7977c561c492 None None] Device abef0ceb-dd22-406e-b5b0-c59682baba98 up at agent ovs-agent-n-d-793620-13 {{(pid=94028) update_device_up /opt/stack/neutron/neutron/plugins/ml2/rpc.py:296}}
Jul 23 20:08:05.083232 n-d-793620-13 neutron-server[94026]: DEBUG neutron_lib.callbacks.manager [None req-b41d0439-6464-4b59-b2f9-6175d43d65b2 admin admin] Notify callbacks ['neutron.plugins.ml2.plugin.SecurityGroupServerNotifierRpcMixin._notify_sg_on_port_change-560329', 'neutron.plugins.ml2.ovo_rpc._ObjectChangeHandler.handle_event-158014', 'neutron.api.rpc.agentnotifiers.dhcp_rpc_agent_api.DhcpAgentNotifyAPI._native_event_send_dhcp_notification-3728629', 'neutron.db.l3_dvrscheduler_db._notify_l3_agent_new_port-8744224084228'] for port, after_create {{(pid=94026) _notify_loop /usr/local/lib/python3.8/dist-packages/neutron_lib/callbacks/manager.py:192}}
Jul 23 20:08:05.103036 n-d-793620-13 neutron-server[94027]: DEBUG neutron_lib.callbacks.manager [None req-4af88bd2-eac0-4218-8173-4bef8d7e58d2 admin admin] Notify callbacks [] for security_group, before_delete {{(pid=94027) _notify_loop /usr/local/lib/python3.8/dist-packages/neutron_lib/callbacks/manager.py:192}}
Jul 23 20:08:05.118400 n-d-793620-13 neutron-server[94026]: DEBUG neutron.scheduler.dhcp_agent_scheduler [None req-b41d0439-6464-4b59-b2f9-6175d43d65b2 admin admin] Network 6248530e-b7e5-4a34-b85a-f0fe6849937c is already hosted by enough agents. {{(pid=94026) _get_dhcp_agents_hosting_network /opt/stack/neutron/neutron/scheduler/dhcp_agent_scheduler.py:275}}
Jul 23 20:08:05.120936 n-d-793620-13 neutron-server[94026]: DEBUG neutron.scheduler.base_scheduler [None req-b41d0439-6464-4b59-b2f9-6175d43d65b2 admin admin] Resources bound (agent type, host, resource id): {{(pid=94026) schedule /opt/stack/neutron/neutron/scheduler/base_scheduler.py:57}}
Jul 23 20:08:05.124761 n-d-793620-13 neutron-server[94028]: DEBUG neutron_lib.callbacks.manager [None req-5b9e763e-ab19-4917-ada2-fc4de122d8ef None None] Notify callbacks ['neutron.plugins.ml2.plugin.SecurityGroupServerNotifierRpcMixin._notify_sg_on_port_change-560329', 'neutron.plugins.ml2.ovo_rpc._ObjectChangeHandler.handle_event-158014', 'neutron.api.rpc.agentnotifiers.dhcp_rpc_agent_api.DhcpAgentNotifyAPI._native_event_send_dhcp_notification-3728629', 'neutron.db.l3_dvrscheduler_db._notify_l3_agent_new_port-8744224084228'] for port, after_create {{(pid=94028) _notify_loop /usr/local/lib/python3.8/dist-packages/neutron_lib/callbacks/manager.py:192}}
Jul 23 20:08:05.131245 n-d-793620-13 neutron-server[94026]: DEBUG neutron.db.l3_dvrscheduler_db [None req-b41d0439-6464-4b59-b2f9-6175d43d65b2 admin admin] Received port after_create {{(pid=94026) _notify_l3_agent_new_port /opt/stack/neutron/neutron/db/l3_dvrscheduler_db.py:535}}
Jul 23 20:08:05.167165 n-d-793620-13 neutron-server[94027]: DEBUG neutron_lib.callbacks.manager [None req-4af88bd2-eac0-4218-8173-4bef8d7e58d2 admin admin] Notify callbacks [] for security_group, precommit_delete {{(pid=94027) _notify_loop /usr/local/lib/python3.8/dist-packages/neutron_lib/callbacks/manager.py:192}}
Jul 23 20:08:05.227006 n-d-793620-13 neutron-server[94028]: DEBUG neutron.api.rpc.handlers.resources_rpc [None req-5b9e763e-ab19-4917-ada2-fc4de122d8ef None None] Pushing event updated for resources: {'Port': ['ID=5688d3bb-1b19-4111-93a6-52a97d1ee168,revision_number=1']} {{(pid=94028) push /opt/stack/neutron/neutron/api/rpc/handlers/resources_rpc.py:237}}
Jul 23 20:08:05.237915 n-d-793620-13 neutron-server[94028]: DEBUG neutron_lib.callbacks.manager [None req-99ac1f6c-f936-4c46-a39b-e09dca93c18f None None] Notify callbacks [] for port, precommit_update {{(pid=94028) _notify_loop /usr/local/lib/python3.8/dist-packages/neutron_lib/callbacks/manager.py:192}}
Jul 23 20:08:05.252992 n-d-793620-13 neutron-server[94027]: DEBUG neutron_lib.callbacks.manager [None req-4af88bd2-eac0-4218-8173-4bef8d7e58d2 admin admin] Notify callbacks ['neutron.plugins.ml2.ovo_rpc._ObjectChangeHandler.handle_event-3689876'] for security_group, after_delete {{(pid=94027) _notify_loop /usr/local/lib/python3.8/dist-packages/neutron_lib/callbacks/manager.py:192}}
Jul 23 20:08:05.254814 n-d-793620-13 neutron-server[94028]: DEBUG neutron.scheduler.dhcp_agent_scheduler [None req-5b9e763e-ab19-4917-ada2-fc4de122d8ef None None] Network 33bc6fe7-2451-41b0-b345-be420eadd6bb is already hosted by enough agents. {{(pid=94028) _get_dhcp_agents_hosting_network /opt/stack/neutron/neutron/scheduler/dhcp_agent_scheduler.py:275}}
Jul 23 20:08:05.255622 n-d-793620-13 neutron-server[94027]: DEBUG neutron_lib.callbacks.manager [None req-4af88bd2-eac0-4218-8173-4bef8d7e58d2 admin admin] Notify callbacks [] for security_group, before_response {{(pid=94027) _notify_loop /usr/local/lib/python3.8/dist-packages/neutron_lib/callbacks/manager.py:192}}
Jul 23 20:08:05.261269 n-d-793620-13 neutron-server[94027]: INFO neutron.wsgi [None req-4af88bd2-eac0-4218-8173-4bef8d7e58d2 admin admin] 10.222.0.46 "DELETE /v2.0/security-groups/4a5cd418-e91e-4a2a-b5f7-e7835bc6a778 HTTP/1.1" status: 204 len: 168 time: 0.2630227
Jul 23 20:08:05.262065 n-d-793620-13 neutron-server[94028]: DEBUG neutron.scheduler.base_scheduler [None req-5b9e763e-ab19-4917-ada2-fc4de122d8ef None None] Resources bound (agent type, host, resource id): {{(pid=94028) schedule /opt/stack/neutron/neutron/scheduler/base_scheduler.py:57}}
Jul 23 20:08:05.264868 n-d-793620-13 neutron-server[94028]: DEBUG neutron.db.l3_dvrscheduler_db [None req-5b9e763e-ab19-4917-ada2-fc4de122d8ef None None] Received port after_create {{(pid=94028) _notify_l3_agent_new_port /opt/stack/neutron/neutron/db/l3_dvrscheduler_db.py:535}}
Jul 23 20:08:05.273125 n-d-793620-13 neutron-server[94028]: DEBUG neutron.db.provisioning_blocks [None req-99ac1f6c-f936-4c46-a39b-e09dca93c18f None None] Transition to ACTIVE for port object 0669f05c-afa0-4cd8-b2a6-c0c2abdba9be will not be triggered until provisioned by entity L2. {{(pid=94028) add_provisioning_component /opt/stack/neutron/neutron/db/provisioning_blocks.py:73}}
Jul 23 20:08:05.283052 n-d-793620-13 neutron-server[94028]: DEBUG neutron_lib.callbacks.manager [None req-99ac1f6c-f936-4c46-a39b-e09dca93c18f None None] Notify callbacks ['neutron.plugins.ml2.plugin.SecurityGroupServerNotifierRpcMixin._notify_sg_on_port_change-560329', 'neutron.plugins.ml2.ovo_rpc._ObjectChangeHandler.handle_event-158014', 'neutron.api.rpc.agentnotifiers.dhcp_rpc_agent_api.DhcpAgentNotifyAPI._native_event_send_dhcp_notification-3728629', 'neutron.db.l3_db.L3RpcNotifierMixin._notify_gateway_port_ip_changed-8744224521813', 'neutron.db.l3_dvrscheduler_db._notify_l3_agent_port_update-8744224084246', 'neutron.db.l3_hascheduler_db._notify_l3_agent_ha_port_update-8744224084264'] for port, after_update {{(pid=94028) _notify_loop /usr/local/lib/python3.8/dist-packages/neutron_lib/callbacks/manager.py:192}}
Jul 23 20:08:05.298321 n-d-793620-13 neutron-server[94027]: DEBUG neutron.api.rpc.handlers.resources_rpc [None req-4af88bd2-eac0-4218-8173-4bef8d7e58d2 admin admin] Pushing event deleted for resources: {'SecurityGroup': ['ID=4a5cd418-e91e-4a2a-b5f7-e7835bc6a778,revision_number=None']} {{(pid=94027) push /opt/stack/neutron/neutron/api/rpc/handlers/resources_rpc.py:237}}
Jul 23 20:08:05.418492 n-d-793620-13 neutron-server[94028]: DEBUG neutron.db.provisioning_blocks [None req-6193ed3a-d315-4779-bf9e-7977c561c492 None None] Provisioning complete for port abef0ceb-dd22-406e-b5b0-c59682baba98 triggered by entity L2. {{(pid=94028) provisioning_complete /opt/stack/neutron/neutron/db/provisioning_blocks.py:139}}
Jul 23 20:08:05.418905 n-d-793620-13 neutron-server[94028]: DEBUG neutron_lib.callbacks.manager [None req-6193ed3a-d315-4779-bf9e-7977c561c492 None None] Notify callbacks ['neutron.plugins.ml2.plugin.Ml2Plugin._port_provisioned-731143'] for port, provisioning_complete {{(pid=94028) _notify_loop /usr/local/lib/python3.8/dist-packages/neutron_lib/callbacks/manager.py:192}}
Jul 23 20:08:05.446999 n-d-793620-13 neutron-server[94028]: DEBUG neutron.api.rpc.handlers.resources_rpc [None req-aa801e4e-1f77-4cd5-90a2-d24bcc62ed27 None None] Pushing event updated for resources: {'Port': ['ID=0669f05c-afa0-4cd8-b2a6-c0c2abdba9be,revision_number=3']} {{(pid=94028) push /opt/stack/neutron/neutron/api/rpc/handlers/resources_rpc.py:237}}
Jul 23 20:08:05.460377 n-d-793620-13 neutron-server[94028]: DEBUG neutron.plugins.ml2.managers [None req-5b9e763e-ab19-4917-ada2-fc4de122d8ef None None] Attempting to bind port 5688d3bb-1b19-4111-93a6-52a97d1ee168 on host n-d-793620-13 for vnic_type normal with profile {{(pid=94028) bind_port /opt/stack/neutron/neutron/plugins/ml2/managers.py:790}}
Jul 23 20:08:05.461145 n-d-793620-13 neutron-server[94028]: DEBUG neutron.plugins.ml2.managers [None req-5b9e763e-ab19-4917-ada2-fc4de122d8ef None None] Attempting to bind port 5688d3bb-1b19-4111-93a6-52a97d1ee168 by drivers openvswitch,hyperv on host n-d-793620-13 at level 0 using segments [{'id': '3e4c19e0-c0e2-4a70-acbf-901dbbfe7e5b', 'network_type': 'vlan', 'physical_network': 'physnet1', 'segmentation_id': 322, 'network_id': '33bc6fe7-2451-41b0-b345-be420eadd6bb'}] {{(pid=94028) _bind_port_level /opt/stack/neutron/neutron/plugins/ml2/managers.py:815}}
Jul 23 20:08:05.462192 n-d-793620-13 neutron-server[94028]: DEBUG neutron.plugins.ml2.drivers.mech_agent [None req-5b9e763e-ab19-4917-ada2-fc4de122d8ef None None] Attempting to bind port 5688d3bb-1b19-4111-93a6-52a97d1ee168 on network 33bc6fe7-2451-41b0-b345-be420eadd6bb {{(pid=94028) bind_port /opt/stack/neutron/neutron/plugins/ml2/drivers/mech_agent.py:85}}
