Jul 07 16:30:44.406771 n-d-793619-7 devstack@n-api.service[94261]: DEBUG nova.api.openstack.wsgi_app [-] database.mysql_enable_ndb = False {{(pid=94261) log_opt_values /usr/local/lib/python3.8/dist-packages/oslo_config/cfg.py:2609}}
Jul 07 16:30:44.407093 n-d-793619-7 devstack@n-api.service[94261]: DEBUG nova.api.openstack.wsgi_app [-] database.mysql_sql_mode = TRADITIONAL {{(pid=94261) log_opt_values /usr/local/lib/python3.8/dist-packages/oslo_config/cfg.py:2609}}
Jul 07 16:30:44.407403 n-d-793619-7 devstack@n-api.service[94261]: DEBUG nova.api.openstack.wsgi_app [-] database.pool_timeout = None {{(pid=94261) log_opt_values /usr/local/lib/python3.8/dist-packages/oslo_config/cfg.py:2609}}
Jul 07 16:30:44.407726 n-d-793619-7 devstack@n-api.service[94261]: DEBUG nova.api.openstack.wsgi_app [-] database.retry_interval = 10 {{(pid=94261) log_opt_values /usr/local/lib/python3.8/dist-packages/oslo_config/cfg.py:2609}}
Jul 07 16:30:44.408030 n-d-793619-7 devstack@n-api.service[94261]: DEBUG nova.api.openstack.wsgi_app [-] database.slave_connection = **** {{(pid=94261) log_opt_values /usr/local/lib/python3.8/dist-packages/oslo_config/cfg.py:2609}}
Jul 07 16:30:44.408344 n-d-793619-7 devstack@n-api.service[94261]: DEBUG nova.api.openstack.wsgi_app [-] database.sqlite_synchronous = True {{(pid=94261) log_opt_values /usr/local/lib/python3.8/dist-packages/oslo_config/cfg.py:2609}}
Jul 07 16:30:44.408654 n-d-793619-7 devstack@n-api.service[94261]: DEBUG nova.api.openstack.wsgi_app [-] database.use_db_reconnect = False {{(pid=94261) log_opt_values /usr/local/lib/python3.8/dist-packages/oslo_config/cfg.py:2609}}
Jul 07 16:30:44.408965 n-d-793619-7 devstack@n-api.service[94261]: DEBUG nova.api.openstack.wsgi_app [-] database.use_tpool = False {{(pid=94261) log_opt_values /usr/local/lib/python3.8/dist-packages/oslo_config/cfg.py:2609}}
Jul 07 16:30:44.409434 n-d-793619-7 devstack@n-api.service[94261]: DEBUG nova.api.openstack.wsgi_app [-] profiler.connection_string = messaging:// {{(pid=94261) log_opt_values /usr/local/lib/python3.8/dist-packages/oslo_config/cfg.py:2609}}
Jul 07 16:30:44.409748 n-d-793619-7 devstack@n-api.service[94261]: DEBUG nova.api.openstack.wsgi_app [-] profiler.enabled = False {{(pid=94261) log_opt_values /usr/local/lib/python3.8/dist-packages/oslo_config/cfg.py:2609}}
Jul 07 16:30:44.410070 n-d-793619-7 devstack@n-api.service[94261]: DEBUG nova.api.openstack.wsgi_app [-] profiler.es_doc_type = notification {{(pid=94261) log_opt_values /usr/local/lib/python3.8/dist-packages/oslo_config/cfg.py:2609}}
Jul 07 16:30:44.410381 n-d-793619-7 devstack@n-api.service[94261]: DEBUG nova.api.openstack.wsgi_app [-] profiler.es_scroll_size = 10000 {{(pid=94261) log_opt_values /usr/local/lib/python3.8/dist-packages/oslo_config/cfg.py:2609}}
Jul 07 16:30:44.410701 n-d-793619-7 devstack@n-api.service[94261]: DEBUG nova.api.openstack.wsgi_app [-] profiler.es_scroll_time = 2m {{(pid=94261) log_opt_values /usr/local/lib/python3.8/dist-packages/oslo_config/cfg.py:2609}}
Jul 07 16:30:44.411011 n-d-793619-7 devstack@n-api.service[94261]: DEBUG nova.api.openstack.wsgi_app [-] profiler.filter_error_trace = False {{(pid=94261) log_opt_values /usr/local/lib/python3.8/dist-packages/oslo_config/cfg.py:2609}}
Jul 07 16:30:44.411333 n-d-793619-7 devstack@n-api.service[94261]: DEBUG nova.api.openstack.wsgi_app [-] profiler.hmac_keys = SECRET_KEY {{(pid=94261) log_opt_values /usr/local/lib/python3.8/dist-packages/oslo_config/cfg.py:2609}}
Jul 07 16:30:44.411655 n-d-793619-7 devstack@n-api.service[94261]: DEBUG nova.api.openstack.wsgi_app [-] profiler.sentinel_service_name = mymaster {{(pid=94261) log_opt_values /usr/local/lib/python3.8/dist-packages/oslo_config/cfg.py:2609}}
Jul 07 16:30:44.411974 n-d-793619-7 devstack@n-api.service[94261]: DEBUG nova.api.openstack.wsgi_app [-] profiler.socket_timeout = 0.1 {{(pid=94261) log_opt_values /usr/local/lib/python3.8/dist-packages/oslo_config/cfg.py:2609}}
Jul 07 16:30:44.412285 n-d-793619-7 devstack@n-api.service[94261]: DEBUG nova.api.openstack.wsgi_app [-] profiler.trace_sqlalchemy = False {{(pid=94261) log_opt_values /usr/local/lib/python3.8/dist-packages/oslo_config/cfg.py:2609}}
Jul 07 16:30:44.412617 n-d-793619-7 devstack@n-api.service[94261]: DEBUG nova.api.openstack.wsgi_app [-] oslo_messaging_rabbit.amqp_auto_delete = False {{(pid=94261) log_opt_values /usr/local/lib/python3.8/dist-packages/oslo_config/cfg.py:2609}}
Jul 07 16:30:44.412929 n-d-793619-7 devstack@n-api.service[94261]: DEBUG nova.api.openstack.wsgi_app [-] oslo_messaging_rabbit.amqp_durable_queues = False {{(pid=94261) log_opt_values /usr/local/lib/python3.8/dist-packages/oslo_config/cfg.py:2609}}
Jul 07 16:30:44.413273 n-d-793619-7 devstack@n-api.service[94261]: DEBUG nova.api.openstack.wsgi_app [-] oslo_messaging_rabbit.conn_pool_min_size = 2 {{(pid=94261) log_opt_values /usr/local/lib/python3.8/dist-packages/oslo_config/cfg.py:2609}}
Jul 07 16:30:44.413587 n-d-793619-7 devstack@n-api.service[94261]: DEBUG nova.api.openstack.wsgi_app [-] oslo_messaging_rabbit.conn_pool_ttl = 1200 {{(pid=94261) log_opt_values /usr/local/lib/python3.8/dist-packages/oslo_config/cfg.py:2609}}
Jul 07 16:30:44.413898 n-d-793619-7 devstack@n-api.service[94261]: DEBUG nova.api.openstack.wsgi_app [-] oslo_messaging_rabbit.direct_mandatory_flag = True {{(pid=94261) log_opt_values /usr/local/lib/python3.8/dist-packages/oslo_config/cfg.py:2609}}
Jul 07 16:30:44.414206 n-d-793619-7 devstack@n-api.service[94261]: DEBUG nova.api.openstack.wsgi_app [-] oslo_messaging_rabbit.enable_cancel_on_failover = False {{(pid=94261) log_opt_values /usr/local/lib/python3.8/dist-packages/oslo_config/cfg.py:2609}}
Jul 07 16:30:44.414564 n-d-793619-7 devstack@n-api.service[94261]: DEBUG nova.api.openstack.wsgi_app [-] oslo_messaging_rabbit.heartbeat_in_pthread = True {{(pid=94261) log_opt_values /usr/local/lib/python3.8/dist-packages/oslo_config/cfg.py:2609}}
Jul 07 16:30:44.414847 n-d-793619-7 devstack@n-api.service[94261]: DEBUG nova.api.openstack.wsgi_app [-] oslo_messaging_rabbit.heartbeat_rate = 3 {{(pid=94261) log_opt_values /usr/local/lib/python3.8/dist-packages/oslo_config/cfg.py:2609}}
Jul 07 16:30:44.415173 n-d-793619-7 devstack@n-api.service[94261]: DEBUG nova.api.openstack.wsgi_app [-] oslo_messaging_rabbit.heartbeat_timeout_threshold = 600 {{(pid=94261) log_opt_values /usr/local/lib/python3.8/dist-packages/oslo_config/cfg.py:2609}}
Jul 07 16:30:44.415481 n-d-793619-7 devstack@n-api.service[94261]: DEBUG nova.api.openstack.wsgi_app [-] oslo_messaging_rabbit.kombu_compression = None {{(pid=94261) log_opt_values /usr/local/lib/python3.8/dist-packages/oslo_config/cfg.py:2609}}
Jul 07 16:30:44.415805 n-d-793619-7 devstack@n-api.service[94261]: DEBUG nova.api.openstack.wsgi_app [-] oslo_messaging_rabbit.kombu_failover_strategy = round-robin {{(pid=94261) log_opt_values /usr/local/lib/python3.8/dist-packages/oslo_config/cfg.py:2609}}
Jul 07 16:30:44.416127 n-d-793619-7 devstack@n-api.service[94261]: DEBUG nova.api.openstack.wsgi_app [-] oslo_messaging_rabbit.kombu_missing_consumer_retry_timeout = 60 {{(pid=94261) log_opt_values /usr/local/lib/python3.8/dist-packages/oslo_config/cfg.py:2609}}
Jul 07 16:30:44.416493 n-d-793619-7 devstack@n-api.service[94261]: DEBUG nova.api.openstack.wsgi_app [-] oslo_messaging_rabbit.kombu_reconnect_delay = 1.0 {{(pid=94261) log_opt_values /usr/local/lib/python3.8/dist-packages/oslo_config/cfg.py:2609}}
Jul 07 16:30:44.417004 n-d-793619-7 devstack@n-api.service[94261]: DEBUG nova.api.openstack.wsgi_app [-] oslo_messaging_rabbit.rabbit_ha_queues = False {{(pid=94261) log_opt_values /usr/local/lib/python3.8/dist-packages/oslo_config/cfg.py:2609}}
Jul 07 16:30:44.417203 n-d-793619-7 devstack@n-api.service[94261]: DEBUG nova.api.openstack.wsgi_app [-] oslo_messaging_rabbit.rabbit_interval_max = 30 {{(pid=94261) log_opt_values /usr/local/lib/python3.8/dist-packages/oslo_config/cfg.py:2609}}
Jul 07 16:30:44.417545 n-d-793619-7 devstack@n-api.service[94261]: DEBUG nova.api.openstack.wsgi_app [-] oslo_messaging_rabbit.rabbit_login_method = AMQPLAIN {{(pid=94261) log_opt_values /usr/local/lib/python3.8/dist-packages/oslo_config/cfg.py:2609}}
Jul 07 16:30:44.417859 n-d-793619-7 devstack@n-api.service[94261]: DEBUG nova.api.openstack.wsgi_app [-] oslo_messaging_rabbit.rabbit_qos_prefetch_count = 0 {{(pid=94261) log_opt_values /usr/local/lib/python3.8/dist-packages/oslo_config/cfg.py:2609}}
Jul 07 16:30:44.418178 n-d-793619-7 devstack@n-api.service[94261]: DEBUG nova.api.openstack.wsgi_app [-] oslo_messaging_rabbit.rabbit_retry_backoff = 2 {{(pid=94261) log_opt_values /usr/local/lib/python3.8/dist-packages/oslo_config/cfg.py:2609}}
Jul 07 16:30:44.418488 n-d-793619-7 devstack@n-api.service[94261]: DEBUG nova.api.openstack.wsgi_app [-] oslo_messaging_rabbit.rabbit_retry_interval = 1 {{(pid=94261) log_opt_values /usr/local/lib/python3.8/dist-packages/oslo_config/cfg.py:2609}}
Jul 07 16:30:44.418853 n-d-793619-7 devstack@n-api.service[94261]: DEBUG nova.api.openstack.wsgi_app [-] oslo_messaging_rabbit.rabbit_transient_queues_ttl = 1800 {{(pid=94261) log_opt_values /usr/local/lib/python3.8/dist-packages/oslo_config/cfg.py:2609}}
Jul 07 16:30:44.419176 n-d-793619-7 devstack@n-api.service[94261]: DEBUG nova.api.openstack.wsgi_app [-] oslo_messaging_rabbit.rpc_conn_pool_size = 30 {{(pid=94261) log_opt_values /usr/local/lib/python3.8/dist-packages/oslo_config/cfg.py:2609}}
Jul 07 16:30:44.419495 n-d-793619-7 devstack@n-api.service[94261]: DEBUG nova.api.openstack.wsgi_app [-] oslo_messaging_rabbit.ssl = False {{(pid=94261) log_opt_values /usr/local/lib/python3.8/dist-packages/oslo_config/cfg.py:2609}}
Jul 07 16:30:44.419822 n-d-793619-7 devstack@n-api.service[94261]: DEBUG nova.api.openstack.wsgi_app [-] oslo_messaging_rabbit.ssl_ca_file = {{(pid=94261) log_opt_values /usr/local/lib/python3.8/dist-packages/oslo_config/cfg.py:2609}}
Jul 07 16:30:44.420147 n-d-793619-7 devstack@n-api.service[94261]: DEBUG nova.api.openstack.wsgi_app [-] oslo_messaging_rabbit.ssl_cert_file = {{(pid=94261) log_opt_values /usr/local/lib/python3.8/dist-packages/oslo_config/cfg.py:2609}}
Jul 07 16:30:44.420473 n-d-793619-7 devstack@n-api.service[94261]: DEBUG nova.api.openstack.wsgi_app [-] oslo_messaging_rabbit.ssl_key_file = {{(pid=94261) log_opt_values /usr/local/lib/python3.8/dist-packages/oslo_config/cfg.py:2609}}
Jul 07 16:30:44.420800 n-d-793619-7 devstack@n-api.service[94261]: DEBUG nova.api.openstack.wsgi_app [-] oslo_messaging_rabbit.ssl_version = {{(pid=94261) log_opt_values /usr/local/lib/python3.8/dist-packages/oslo_config/cfg.py:2609}}
Jul 07 16:30:44.421486 n-d-793619-7 devstack@n-api.service[94261]: DEBUG nova.api.openstack.wsgi_app [-] oslo_messaging_notifications.driver = ['messagingv2'] {{(pid=94261) log_opt_values /usr/local/lib/python3.8/dist-packages/oslo_config/cfg.py:2609}}
Jul 07 16:30:44.421807 n-d-793619-7 devstack@n-api.service[94261]: DEBUG nova.api.openstack.wsgi_app [-] oslo_messaging_notifications.retry = -1 {{(pid=94261) log_opt_values /usr/local/lib/python3.8/dist-packages/oslo_config/cfg.py:2609}}
Jul 07 16:30:44.422153 n-d-793619-7 devstack@n-api.service[94261]: DEBUG nova.api.openstack.wsgi_app [-] oslo_messaging_notifications.topics = ['notifications'] {{(pid=94261) log_opt_values /usr/local/lib/python3.8/dist-packages/oslo_config/cfg.py:2609}}
Jul 07 16:30:44.422496 n-d-793619-7 devstack@n-api.service[94261]: DEBUG nova.api.openstack.wsgi_app [-] oslo_messaging_notifications.transport_url = **** {{(pid=94261) log_opt_values /usr/local/lib/python3.8/dist-packages/oslo_config/cfg.py:2609}}
Jul 07 16:30:44.422734 n-d-793619-7 devstack@n-api.service[94261]: DEBUG nova.api.openstack.wsgi_app [-] ******************************************************************************** {{(pid=94261) log_opt_values /usr/local/lib/python3.8/dist-packages/oslo_config/cfg.py:2613}}
Jul 07 16:30:44.426481 n-d-793619-7 devstack@n-api.service[94260]: DEBUG oslo_db.sqlalchemy.engines [None req-78613d6d-67da-402a-93d1-b24573e49b2b None None] MySQL server mode set to STRICT_TRANS_TABLES,STRICT_ALL_TABLES,NO_ZERO_IN_DATE,NO_ZERO_DATE,ERROR_FOR_DIVISION_BY_ZERO,TRADITIONAL,NO_ENGINE_SUBSTITUTION {{(pid=94260) _check_effective_sql_mode /usr/local/lib/python3.8/dist-packages/oslo_db/sqlalchemy/engines.py:314}}
Jul 07 16:30:44.445596 n-d-793619-7 devstack@n-api.service[94261]: DEBUG oslo_db.sqlalchemy.engines [None req-8330495f-8b61-4d82-8a27-e1ded9f49fb2 None None] MySQL server mode set to STRICT_TRANS_TABLES,STRICT_ALL_TABLES,NO_ZERO_IN_DATE,NO_ZERO_DATE,ERROR_FOR_DIVISION_BY_ZERO,TRADITIONAL,NO_ENGINE_SUBSTITUTION {{(pid=94261) _check_effective_sql_mode /usr/local/lib/python3.8/dist-packages/oslo_db/sqlalchemy/engines.py:314}}
Jul 07 16:30:44.504914 n-d-793619-7 devstack@n-api.service[94260]: DEBUG nova.context [None req-78613d6d-67da-402a-93d1-b24573e49b2b None None] Found 2 cells: 00000000-0000-0000-0000-000000000000(cell0),f0a4e9d9-36de-4b5b-a043-54fa645ec275(cell1) {{(pid=94260) load_cells /opt/stack/nova/nova/context.py:464}}
Jul 07 16:30:44.509136 n-d-793619-7 devstack@n-api.service[94260]: DEBUG oslo_concurrency.lockutils [None req-78613d6d-67da-402a-93d1-b24573e49b2b None None] Lock "00000000-0000-0000-0000-000000000000" acquired by "nova.context.set_target_cell..get_or_set_cached_cell_and_set_connections" :: waited 0.000s {{(pid=94260) inner /usr/local/lib/python3.8/dist-packages/oslo_concurrency/lockutils.py:355}}
Jul 07 16:30:44.511368 n-d-793619-7 devstack@n-api.service[94260]: DEBUG oslo_concurrency.lockutils [None req-78613d6d-67da-402a-93d1-b24573e49b2b None None] Lock "00000000-0000-0000-0000-000000000000" released by "nova.context.set_target_cell..get_or_set_cached_cell_and_set_connections" :: held 0.002s {{(pid=94260) inner /usr/local/lib/python3.8/dist-packages/oslo_concurrency/lockutils.py:367}}
Jul 07 16:30:44.512183 n-d-793619-7 devstack@n-api.service[94260]: DEBUG oslo_concurrency.lockutils [None req-78613d6d-67da-402a-93d1-b24573e49b2b None None] Lock "f0a4e9d9-36de-4b5b-a043-54fa645ec275" acquired by "nova.context.set_target_cell..get_or_set_cached_cell_and_set_connections" :: waited 0.000s {{(pid=94260) inner /usr/local/lib/python3.8/dist-packages/oslo_concurrency/lockutils.py:355}}
Jul 07 16:30:44.514182 n-d-793619-7 devstack@n-api.service[94260]: DEBUG oslo_concurrency.lockutils [None req-78613d6d-67da-402a-93d1-b24573e49b2b None None] Lock "f0a4e9d9-36de-4b5b-a043-54fa645ec275" released by "nova.context.set_target_cell..get_or_set_cached_cell_and_set_connections" :: held 0.002s {{(pid=94260) inner /usr/local/lib/python3.8/dist-packages/oslo_concurrency/lockutils.py:367}}
Jul 07 16:30:44.525250 n-d-793619-7 devstack@n-api.service[94260]: DEBUG oslo_db.sqlalchemy.engines [None req-78613d6d-67da-402a-93d1-b24573e49b2b None None] MySQL server mode set to STRICT_TRANS_TABLES,STRICT_ALL_TABLES,NO_ZERO_IN_DATE,NO_ZERO_DATE,ERROR_FOR_DIVISION_BY_ZERO,TRADITIONAL,NO_ENGINE_SUBSTITUTION {{(pid=94260) _check_effective_sql_mode /usr/local/lib/python3.8/dist-packages/oslo_db/sqlalchemy/engines.py:314}}
Jul 07 16:30:44.526503 n-d-793619-7 devstack@n-api.service[94261]: DEBUG nova.context [None req-8330495f-8b61-4d82-8a27-e1ded9f49fb2 None None] Found 2 cells: 00000000-0000-0000-0000-000000000000(cell0),f0a4e9d9-36de-4b5b-a043-54fa645ec275(cell1) {{(pid=94261) load_cells /opt/stack/nova/nova/context.py:464}}
Jul 07 16:30:44.530912 n-d-793619-7 devstack@n-api.service[94260]: DEBUG oslo_db.sqlalchemy.engines [None req-78613d6d-67da-402a-93d1-b24573e49b2b None None] MySQL server mode set to STRICT_TRANS_TABLES,STRICT_ALL_TABLES,NO_ZERO_IN_DATE,NO_ZERO_DATE,ERROR_FOR_DIVISION_BY_ZERO,TRADITIONAL,NO_ENGINE_SUBSTITUTION {{(pid=94260) _check_effective_sql_mode /usr/local/lib/python3.8/dist-packages/oslo_db/sqlalchemy/engines.py:314}}
Jul 07 16:30:44.531085 n-d-793619-7 devstack@n-api.service[94261]: DEBUG oslo_concurrency.lockutils [None req-8330495f-8b61-4d82-8a27-e1ded9f49fb2 None None] Lock "00000000-0000-0000-0000-000000000000" acquired by "nova.context.set_target_cell..get_or_set_cached_cell_and_set_connections" :: waited 0.000s {{(pid=94261) inner /usr/local/lib/python3.8/dist-packages/oslo_concurrency/lockutils.py:355}}
Jul 07 16:30:44.532635 n-d-793619-7 devstack@n-api.service[94261]: DEBUG oslo_concurrency.lockutils [None req-8330495f-8b61-4d82-8a27-e1ded9f49fb2 None None] Lock "00000000-0000-0000-0000-000000000000" released by "nova.context.set_target_cell..get_or_set_cached_cell_and_set_connections" :: held 0.002s {{(pid=94261) inner /usr/local/lib/python3.8/dist-packages/oslo_concurrency/lockutils.py:367}}
Jul 07 16:30:44.533493 n-d-793619-7 devstack@n-api.service[94261]: DEBUG oslo_concurrency.lockutils [None req-8330495f-8b61-4d82-8a27-e1ded9f49fb2 None None] Lock "f0a4e9d9-36de-4b5b-a043-54fa645ec275" acquired by "nova.context.set_target_cell..get_or_set_cached_cell_and_set_connections" :: waited 0.000s {{(pid=94261) inner /usr/local/lib/python3.8/dist-packages/oslo_concurrency/lockutils.py:355}}
Jul 07 16:30:44.535533 n-d-793619-7 devstack@n-api.service[94261]: DEBUG oslo_concurrency.lockutils [None req-8330495f-8b61-4d82-8a27-e1ded9f49fb2 None None] Lock "f0a4e9d9-36de-4b5b-a043-54fa645ec275" released by "nova.context.set_target_cell..get_or_set_cached_cell_and_set_connections" :: held 0.002s {{(pid=94261) inner /usr/local/lib/python3.8/dist-packages/oslo_concurrency/lockutils.py:367}}
Jul 07 16:30:44.546112 n-d-793619-7 devstack@n-api.service[94260]: /opt/stack/nova/nova/db/sqlalchemy/api.py:439: SAWarning: TypeDecorator SoftDeleteInteger() will not produce a cache key because the ``cache_ok`` flag is not set to True. Set this flag to True if this type object's state is safe to use in a cache key, or False to disable this warning.
Jul 07 16:30:44.546112 n-d-793619-7 devstack@n-api.service[94260]: return dict(min_versions)
Jul 07 16:30:44.548426 n-d-793619-7 devstack@n-api.service[94261]: DEBUG oslo_db.sqlalchemy.engines [None req-8330495f-8b61-4d82-8a27-e1ded9f49fb2 None None] MySQL server mode set to STRICT_TRANS_TABLES,STRICT_ALL_TABLES,NO_ZERO_IN_DATE,NO_ZERO_DATE,ERROR_FOR_DIVISION_BY_ZERO,TRADITIONAL,NO_ENGINE_SUBSTITUTION {{(pid=94261) _check_effective_sql_mode /usr/local/lib/python3.8/dist-packages/oslo_db/sqlalchemy/engines.py:314}}
Jul 07 16:30:44.553668 n-d-793619-7 devstack@n-api.service[94261]: DEBUG oslo_db.sqlalchemy.engines [None req-8330495f-8b61-4d82-8a27-e1ded9f49fb2 None None] MySQL server mode set to STRICT_TRANS_TABLES,STRICT_ALL_TABLES,NO_ZERO_IN_DATE,NO_ZERO_DATE,ERROR_FOR_DIVISION_BY_ZERO,TRADITIONAL,NO_ENGINE_SUBSTITUTION {{(pid=94261) _check_effective_sql_mode /usr/local/lib/python3.8/dist-packages/oslo_db/sqlalchemy/engines.py:314}}
Jul 07 16:30:44.575723 n-d-793619-7 devstack@n-api.service[94261]: /opt/stack/nova/nova/db/sqlalchemy/api.py:439: SAWarning: TypeDecorator SoftDeleteInteger() will not produce a cache key because the ``cache_ok`` flag is not set to True. Set this flag to True if this type object's state is safe to use in a cache key, or False to disable this warning.
Jul 07 16:30:44.575723 n-d-793619-7 devstack@n-api.service[94261]: return dict(min_versions)
Jul 07 16:30:44.900118 n-d-793619-7 devstack@n-api.service[94260]: DEBUG oslo_db.sqlalchemy.engines [None req-78613d6d-67da-402a-93d1-b24573e49b2b None None] MySQL server mode set to STRICT_TRANS_TABLES,STRICT_ALL_TABLES,NO_ZERO_IN_DATE,NO_ZERO_DATE,ERROR_FOR_DIVISION_BY_ZERO,TRADITIONAL,NO_ENGINE_SUBSTITUTION {{(pid=94260) _check_effective_sql_mode /usr/local/lib/python3.8/dist-packages/oslo_db/sqlalchemy/engines.py:314}}
Jul 07 16:30:44.911954 n-d-793619-7 devstack@n-api.service[94260]: /opt/stack/nova/nova/db/sqlalchemy/api.py:505: SAWarning: TypeDecorator SoftDeleteInteger() will not produce a cache key because the ``cache_ok`` flag is not set to True. Set this flag to True if this type object's state is safe to use in a cache key, or False to disable this warning.
Jul 07 16:30:44.911954 n-d-793619-7 devstack@n-api.service[94260]: result = model_query(context, models.Service, read_deleted="no").\
Jul 07 16:30:44.919722 n-d-793619-7 devstack@n-api.service[94261]: DEBUG oslo_db.sqlalchemy.engines [None req-8330495f-8b61-4d82-8a27-e1ded9f49fb2 None None] MySQL server mode set to STRICT_TRANS_TABLES,STRICT_ALL_TABLES,NO_ZERO_IN_DATE,NO_ZERO_DATE,ERROR_FOR_DIVISION_BY_ZERO,TRADITIONAL,NO_ENGINE_SUBSTITUTION {{(pid=94261) _check_effective_sql_mode /usr/local/lib/python3.8/dist-packages/oslo_db/sqlalchemy/engines.py:314}}
Jul 07 16:30:44.936179 n-d-793619-7 devstack@n-api.service[94261]: /opt/stack/nova/nova/db/sqlalchemy/api.py:505: SAWarning: TypeDecorator SoftDeleteInteger() will not produce a cache key because the ``cache_ok`` flag is not set to True. Set this flag to True if this type object's state is safe to use in a cache key, or False to disable this warning.
Jul 07 16:30:44.936179 n-d-793619-7 devstack@n-api.service[94261]: result = model_query(context, models.Service, read_deleted="no").\
Jul 07 16:30:45.262300 n-d-793619-7 devstack@n-api.service[94260]: WARNING keystonemiddleware.auth_token [None req-78613d6d-67da-402a-93d1-b24573e49b2b None None] AuthToken middleware is set with keystone_authtoken.service_token_roles_required set to False. This is backwards compatible but deprecated behaviour. Please set this to True.
Jul 07 16:30:45.268847 n-d-793619-7 devstack@n-api.service[94260]: WARNING keystonemiddleware.auth_token [None req-78613d6d-67da-402a-93d1-b24573e49b2b None None] Configuring www_authenticate_uri to point to the public identity endpoint is required; clients may not be able to authenticate against an admin endpoint
Jul 07 16:30:45.279332 n-d-793619-7 devstack@n-api.service[94261]: WARNING keystonemiddleware.auth_token [None req-8330495f-8b61-4d82-8a27-e1ded9f49fb2 None None] AuthToken middleware is set with keystone_authtoken.service_token_roles_required set to False. This is backwards compatible but deprecated behaviour. Please set this to True.
Jul 07 16:30:45.285978 n-d-793619-7 devstack@n-api.service[94261]: WARNING keystonemiddleware.auth_token [None req-8330495f-8b61-4d82-8a27-e1ded9f49fb2 None None] Configuring www_authenticate_uri to point to the public identity endpoint is required; clients may not be able to authenticate against an admin endpoint
Jul 07 16:30:45.618577 n-d-793619-7 devstack@n-api.service[94260]: WARNING keystonemiddleware.auth_token [None req-78613d6d-67da-402a-93d1-b24573e49b2b None None] AuthToken middleware is set with keystone_authtoken.service_token_roles_required set to False. This is backwards compatible but deprecated behaviour. Please set this to True.
Jul 07 16:30:45.624524 n-d-793619-7 devstack@n-api.service[94260]: WARNING keystonemiddleware.auth_token [None req-78613d6d-67da-402a-93d1-b24573e49b2b None None] Configuring www_authenticate_uri to point to the public identity endpoint is required; clients may not be able to authenticate against an admin endpoint
Jul 07 16:30:45.630073 n-d-793619-7 devstack@n-api.service[94260]: WSGI app 0 (mountpoint='') ready in 6 seconds on interpreter 0x559b99f7b9c0 pid: 94260 (default app)
Jul 07 16:30:45.632433 n-d-793619-7 devstack@n-api.service[94260]: DEBUG nova.api.openstack.wsgi [None req-78613d6d-67da-402a-93d1-b24573e49b2b None None] Calling method '>' {{(pid=94260) _process_stack /opt/stack/nova/nova/api/openstack/wsgi.py:513}}
Jul 07 16:30:45.633703 n-d-793619-7 devstack@n-api.service[94260]: INFO nova.api.openstack.requestlog [None req-78613d6d-67da-402a-93d1-b24573e49b2b None None] 10.222.0.78 "GET /compute/v2.1/" status: 200 len: 388 microversion: 2.1 time: 0.002011
Jul 07 16:30:45.634375 n-d-793619-7 devstack@n-api.service[94260]: [pid: 94260|app: 0|req: 1/1] 10.222.0.78 () {50 vars in 789 bytes} [Wed Jul 7 16:30:45 2021] GET /compute/v2.1/ => generated 388 bytes in 3 msecs (HTTP/1.1 200) 9 headers in 357 bytes (1 switches on core 0)
Jul 07 16:30:45.653675 n-d-793619-7 devstack@n-api.service[94261]: WARNING keystonemiddleware.auth_token [None req-8330495f-8b61-4d82-8a27-e1ded9f49fb2 None None] AuthToken middleware is set with keystone_authtoken.service_token_roles_required set to False. This is backwards compatible but deprecated behaviour. Please set this to True.
Jul 07 16:30:45.658885 n-d-793619-7 devstack@n-api.service[94261]: WARNING keystonemiddleware.auth_token [None req-8330495f-8b61-4d82-8a27-e1ded9f49fb2 None None] Configuring www_authenticate_uri to point to the public identity endpoint is required; clients may not be able to authenticate against an admin endpoint
Jul 07 16:30:45.664257 n-d-793619-7 devstack@n-api.service[94261]: WSGI app 0 (mountpoint='') ready in 6 seconds on interpreter 0x559b99f7b9c0 pid: 94261 (default app)
Jul 07 16:32:07.837896 n-d-793619-7 devstack@n-api.service[94260]: DEBUG nova.api.openstack.wsgi [None req-78613d6d-67da-402a-93d1-b24573e49b2b None None] Calling method '>' {{(pid=94260) _process_stack /opt/stack/nova/nova/api/openstack/wsgi.py:513}}
Jul 07 16:32:07.838913 n-d-793619-7 devstack@n-api.service[94260]: INFO nova.api.openstack.requestlog [None req-78613d6d-67da-402a-93d1-b24573e49b2b None None] 10.222.0.78 "GET /compute/v2.1" status: 200 len: 388 microversion: 2.1 time: 0.001570
Jul 07 16:32:07.839305 n-d-793619-7 devstack@n-api.service[94260]: [pid: 94260|app: 0|req: 2/2] 10.222.0.78 () {54 vars in 931 bytes} [Wed Jul 7 16:32:07 2021] GET /compute/v2.1 => generated 388 bytes in 2 msecs (HTTP/1.1 200) 9 headers in 357 bytes (1 switches on core 0)
Jul 07 16:32:08.268882 n-d-793619-7 devstack@n-api.service[94261]: DEBUG nova.api.openstack.wsgi [None req-85987ba8-ff68-4d7d-a4f6-6cf74d893e46 admin admin] Calling method '>' {{(pid=94261) _process_stack /opt/stack/nova/nova/api/openstack/wsgi.py:513}}
Jul 07 16:32:08.299077 n-d-793619-7 devstack@n-api.service[94261]: INFO nova.api.openstack.requestlog [None req-85987ba8-ff68-4d7d-a4f6-6cf74d893e46 admin admin] 10.222.0.78 "GET /compute/v2.1/flavors/detail?is_public=True" status: 200 len: 15 microversion: 2.61 time: 0.452729
Jul 07 16:32:08.299849 n-d-793619-7 devstack@n-api.service[94261]: [pid: 94261|app: 0|req: 1/3] 10.222.0.78 () {60 vars in 1292 bytes} [Wed Jul 7 16:32:07 2021] GET /compute/v2.1/flavors/detail?is_public=True => generated 15 bytes in 455 msecs (HTTP/1.1 200) 9 headers in 358 bytes (1 switches on core 0)
Jul 07 16:32:10.531947 n-d-793619-7 devstack@n-api.service[94260]: DEBUG nova.api.openstack.wsgi [None req-78613d6d-67da-402a-93d1-b24573e49b2b None None] Calling method '>' {{(pid=94260) _process_stack /opt/stack/nova/nova/api/openstack/wsgi.py:513}}
Jul 07 16:32:10.532944 n-d-793619-7 devstack@n-api.service[94260]: INFO nova.api.openstack.requestlog [None req-78613d6d-67da-402a-93d1-b24573e49b2b None None] 10.222.0.78 "GET /compute/v2.1" status: 200 len: 388 microversion: 2.1 time: 0.001429
Jul 07 16:32:10.538507 n-d-793619-7 devstack@n-api.service[94260]: [pid: 94260|app: 0|req: 3/4] 10.222.0.78 () {54 vars in 931 bytes} [Wed Jul 7 16:32:10 2021] GET /compute/v2.1 => generated 388 bytes in 7 msecs (HTTP/1.1 200) 9 headers in 357 bytes (1 switches on core 0)
Jul 07 16:32:10.599295 n-d-793619-7 devstack@n-api.service[94261]: DEBUG nova.api.openstack.wsgi [None req-d3c1f749-d80c-4cc1-8de1-cf9cbd060f87 admin admin] Action: 'create', calling method: >, body: {"flavor": {"ram": 256, "vcpus": 1, "swap": 0, "rxtx_factor": 1.0, "os-flavor-access:is_public": true, "OS-FLV-EXT-DATA:ephemeral": 0, "id": "c1", "name": "cirros256", "disk": 1}} {{(pid=94261) _process_stack /opt/stack/nova/nova/api/openstack/wsgi.py:511}}
Jul 07 16:32:10.619562 n-d-793619-7 devstack@n-api.service[94261]: /usr/local/lib/python3.8/dist-packages/oslo_policy/policy.py:1064: UserWarning: Policy os_compute_api:os-flavor-manage:create failed scope check. The token used to make the request was project scoped but the policy requires ['system'] scope. This behavior may change in the future where using the intended scope is required
Jul 07 16:32:10.619562 n-d-793619-7 devstack@n-api.service[94261]: warnings.warn(msg)
Jul 07 16:32:10.651486 n-d-793619-7 devstack@n-api.service[94261]: INFO nova.api.openstack.requestlog [None req-d3c1f749-d80c-4cc1-8de1-cf9cbd060f87 admin admin] 10.222.0.78 "POST /compute/v2.1/flavors" status: 200 len: 407 microversion: 2.61 time: 0.111552
Jul 07 16:32:10.658605 n-d-793619-7 devstack@n-api.service[94261]: [pid: 94261|app: 0|req: 2/5] 10.222.0.78 () {64 vars in 1283 bytes} [Wed Jul 7 16:32:10 2021] POST /compute/v2.1/flavors => generated 407 bytes in 113 msecs (HTTP/1.1 200) 9 headers in 359 bytes (2 switches on core 0)
Jul 07 16:32:10.880284 n-d-793619-7 devstack@n-api.service[94260]: DEBUG nova.api.openstack.wsgi [None req-4d506237-5afb-4803-9b15-c44dda108f69 admin admin] Action: 'create', calling method: >, body: {"extra_specs": {"hw_rng:allowed": "True"}} {{(pid=94260) _process_stack /opt/stack/nova/nova/api/openstack/wsgi.py:511}}
Jul 07 16:32:10.883792 n-d-793619-7 devstack@n-api.service[94260]: /usr/local/lib/python3.8/dist-packages/oslo_policy/policy.py:1064: UserWarning: Policy os_compute_api:os-flavor-extra-specs:create failed scope check. The token used to make the request was project scoped but the policy requires ['system'] scope. This behavior may change in the future where using the intended scope is required
Jul 07 16:32:10.883792 n-d-793619-7 devstack@n-api.service[94260]: warnings.warn(msg)
Jul 07 16:32:10.932714 n-d-793619-7 devstack@n-api.service[94260]: INFO nova.api.openstack.requestlog [None req-4d506237-5afb-4803-9b15-c44dda108f69 admin admin] 10.222.0.78 "POST /compute/v2.1/flavors/c1/os-extra_specs" status: 200 len: 43 microversion: 2.61 time: 0.271909
Jul 07 16:32:10.933570 n-d-793619-7 devstack@n-api.service[94260]: [pid: 94260|app: 0|req: 4/6] 10.222.0.78 () {64 vars in 1336 bytes} [Wed Jul 7 16:32:10 2021] POST /compute/v2.1/flavors/c1/os-extra_specs => generated 43 bytes in 273 msecs (HTTP/1.1 200) 9 headers in 358 bytes (1 switches on core 0)
Jul 07 16:32:13.161349 n-d-793619-7 devstack@n-api.service[94261]: DEBUG nova.api.openstack.wsgi [None req-d3c1f749-d80c-4cc1-8de1-cf9cbd060f87 admin admin] Calling method '>' {{(pid=94261) _process_stack /opt/stack/nova/nova/api/openstack/wsgi.py:513}}
Jul 07 16:32:13.162544 n-d-793619-7 devstack@n-api.service[94261]: INFO nova.api.openstack.requestlog [None req-d3c1f749-d80c-4cc1-8de1-cf9cbd060f87 admin admin] 10.222.0.78 "GET /compute/v2.1" status: 200 len: 388 microversion: 2.1 time: 0.001593
Jul 07 16:32:13.162883 n-d-793619-7 devstack@n-api.service[94261]: [pid: 94261|app: 0|req: 3/7] 10.222.0.78 () {54 vars in 931 bytes} [Wed Jul 7 16:32:13 2021] GET /compute/v2.1 => generated 388 bytes in 3 msecs (HTTP/1.1 200) 9 headers in 357 bytes (1 switches on core 0)
Jul 07 16:32:13.273085 n-d-793619-7 devstack@n-api.service[94260]: DEBUG nova.api.openstack.wsgi [None req-20fc54e0-b0f3-455e-aa04-813a25123995 admin admin] Action: 'create', calling method: >, body: {"flavor": {"id": "d1", "name": "ds512M", "swap": 0, "os-flavor-access:is_public": true, "rxtx_factor": 1.0, "vcpus": 1, "disk": 5, "ram": 512, "OS-FLV-EXT-DATA:ephemeral": 0}} {{(pid=94260) _process_stack /opt/stack/nova/nova/api/openstack/wsgi.py:511}}
Jul 07 16:32:13.294943 n-d-793619-7 devstack@n-api.service[94260]: /usr/local/lib/python3.8/dist-packages/oslo_policy/policy.py:1064: UserWarning: Policy os_compute_api:os-flavor-manage:create failed scope check. The token used to make the request was project scoped but the policy requires ['system'] scope. This behavior may change in the future where using the intended scope is required
Jul 07 16:32:13.294943 n-d-793619-7 devstack@n-api.service[94260]: warnings.warn(msg)
Jul 07 16:32:13.317009 n-d-793619-7 devstack@n-api.service[94260]: INFO nova.api.openstack.requestlog [None req-20fc54e0-b0f3-455e-aa04-813a25123995 admin admin] 10.222.0.78 "POST /compute/v2.1/flavors" status: 200 len: 404 microversion: 2.61 time: 0.147479
Jul 07 16:32:13.318845 n-d-793619-7 devstack@n-api.service[94260]: [pid: 94260|app: 0|req: 5/8] 10.222.0.78 () {64 vars in 1283 bytes} [Wed Jul 7 16:32:13 2021] POST /compute/v2.1/flavors => generated 404 bytes in 150 msecs (HTTP/1.1 200) 9 headers in 359 bytes (1 switches on core 0)
Jul 07 16:32:13.332584 n-d-793619-7 devstack@n-api.service[94261]: DEBUG nova.api.openstack.wsgi [None req-43a9c86d-7dab-4b83-8f43-1dc2bbae46e9 admin admin] Action: 'create', calling method: >, body: {"extra_specs": {"hw_rng:allowed": "True"}} {{(pid=94261) _process_stack /opt/stack/nova/nova/api/openstack/wsgi.py:511}}
Jul 07 16:32:13.334167 n-d-793619-7 devstack@n-api.service[94261]: /usr/local/lib/python3.8/dist-packages/oslo_policy/policy.py:1064: UserWarning: Policy os_compute_api:os-flavor-extra-specs:create failed scope check. The token used to make the request was project scoped but the policy requires ['system'] scope. This behavior may change in the future where using the intended scope is required
Jul 07 16:32:13.334167 n-d-793619-7 devstack@n-api.service[94261]: warnings.warn(msg)
Jul 07 16:32:13.385852 n-d-793619-7 devstack@n-api.service[94261]: INFO nova.api.openstack.requestlog [None req-43a9c86d-7dab-4b83-8f43-1dc2bbae46e9 admin admin] 10.222.0.78 "POST /compute/v2.1/flavors/d1/os-extra_specs" status: 200 len: 43 microversion: 2.61 time: 0.056900
Jul 07 16:32:13.386336 n-d-793619-7 devstack@n-api.service[94261]: [pid: 94261|app: 0|req: 4/9] 10.222.0.78 () {64 vars in 1336 bytes} [Wed Jul 7 16:32:13 2021] POST /compute/v2.1/flavors/d1/os-extra_specs => generated 43 bytes in 58 msecs (HTTP/1.1 200) 9 headers in 358 bytes (1 switches on core 0)
Jul 07 16:32:15.590892 n-d-793619-7 devstack@n-api.service[94260]: DEBUG nova.api.openstack.wsgi [None req-20fc54e0-b0f3-455e-aa04-813a25123995 admin admin] Calling method '>' {{(pid=94260) _process_stack /opt/stack/nova/nova/api/openstack/wsgi.py:513}}
Jul 07 16:32:15.591900 n-d-793619-7 devstack@n-api.service[94260]: INFO nova.api.openstack.requestlog [None req-20fc54e0-b0f3-455e-aa04-813a25123995 admin admin] 10.222.0.78 "GET /compute/v2.1" status: 200 len: 388 microversion: 2.1 time: 0.001462
Jul 07 16:32:15.592302 n-d-793619-7 devstack@n-api.service[94260]: [pid: 94260|app: 0|req: 6/10] 10.222.0.78 () {54 vars in 931 bytes} [Wed Jul 7 16:32:15 2021] GET /compute/v2.1 => generated 388 bytes in 2 msecs (HTTP/1.1 200) 9 headers in 357 bytes (1 switches on core 0)
Jul 07 16:32:15.649673 n-d-793619-7 devstack@n-api.service[94261]: DEBUG nova.api.openstack.wsgi [None req-dbe7d1f3-6f1c-4fa4-8cc8-b1c52db74473 admin admin] Action: 'create', calling method: >, body: {"flavor": {"name": "ds1G", "disk": 10, "swap": 0, "OS-FLV-EXT-DATA:ephemeral": 0, "ram": 1024, "vcpus": 1, "rxtx_factor": 1.0, "os-flavor-access:is_public": true, "id": "d2"}} {{(pid=94261) _process_stack /opt/stack/nova/nova/api/openstack/wsgi.py:511}}
Jul 07 16:32:15.671045 n-d-793619-7 devstack@n-api.service[94261]: INFO nova.api.openstack.requestlog [None req-dbe7d1f3-6f1c-4fa4-8cc8-b1c52db74473 admin admin] 10.222.0.78 "POST /compute/v2.1/flavors" status: 200 len: 404 microversion: 2.61 time: 0.072492
Jul 07 16:32:15.671683 n-d-793619-7 devstack@n-api.service[94261]: [pid: 94261|app: 0|req: 5/11] 10.222.0.78 () {64 vars in 1283 bytes} [Wed Jul 7 16:32:15 2021] POST /compute/v2.1/flavors => generated 404 bytes in 74 msecs (HTTP/1.1 200) 9 headers in 359 bytes (2 switches on core 0)
Jul 07 16:32:15.683544 n-d-793619-7 devstack@n-api.service[94260]: DEBUG nova.api.openstack.wsgi [None req-3c8d69fe-b843-4c69-96d8-f3b545977dfe admin admin] Action: 'create', calling method: >, body: {"extra_specs": {"hw_rng:allowed": "True"}} {{(pid=94260) _process_stack /opt/stack/nova/nova/api/openstack/wsgi.py:511}}
Jul 07 16:32:15.710278 n-d-793619-7 devstack@n-api.service[94260]: INFO nova.api.openstack.requestlog [None req-3c8d69fe-b843-4c69-96d8-f3b545977dfe admin admin] 10.222.0.78 "POST /compute/v2.1/flavors/d2/os-extra_specs" status: 200 len: 43 microversion: 2.61 time: 0.030424
Jul 07 16:32:15.711443 n-d-793619-7 devstack@n-api.service[94260]: [pid: 94260|app: 0|req: 7/12] 10.222.0.78 () {64 vars in 1336 bytes} [Wed Jul 7 16:32:15 2021] POST /compute/v2.1/flavors/d2/os-extra_specs => generated 43 bytes in 32 msecs (HTTP/1.1 200) 9 headers in 358 bytes (1 switches on core 0)
Jul 07 16:32:18.234911 n-d-793619-7 devstack@n-api.service[94261]: DEBUG nova.api.openstack.wsgi [None req-dbe7d1f3-6f1c-4fa4-8cc8-b1c52db74473 admin admin] Calling method '>' {{(pid=94261) _process_stack /opt/stack/nova/nova/api/openstack/wsgi.py:513}}
Jul 07 16:32:18.236249 n-d-793619-7 devstack@n-api.service[94261]: INFO nova.api.openstack.requestlog [None req-dbe7d1f3-6f1c-4fa4-8cc8-b1c52db74473 admin admin] 10.222.0.78 "GET /compute/v2.1" status: 200 len: 388 microversion: 2.1 time: 0.002018
Jul 07 16:32:18.237253 n-d-793619-7 devstack@n-api.service[94261]: [pid: 94261|app: 0|req: 6/13] 10.222.0.78 () {54 vars in 931 bytes} [Wed Jul 7 16:32:18 2021] GET /compute/v2.1 => generated 388 bytes in 4 msecs (HTTP/1.1 200) 9 headers in 357 bytes (1 switches on core 0)
Jul 07 16:32:18.340191 n-d-793619-7 devstack@n-api.service[94260]: DEBUG nova.api.openstack.wsgi [None req-718f3ff9-f1c0-42a1-b3c6-3c346c6b3de6 admin admin] Action: 'create', calling method: >, body: {"flavor": {"ram": 2048, "OS-FLV-EXT-DATA:ephemeral": 0, "id": "d3", "rxtx_factor": 1.0, "swap": 0, "disk": 10, "name": "ds2G", "vcpus": 2, "os-flavor-access:is_public": true}} {{(pid=94260) _process_stack /opt/stack/nova/nova/api/openstack/wsgi.py:511}}
Jul 07 16:32:18.367096 n-d-793619-7 devstack@n-api.service[94260]: INFO nova.api.openstack.requestlog [None req-718f3ff9-f1c0-42a1-b3c6-3c346c6b3de6 admin admin] 10.222.0.78 "POST /compute/v2.1/flavors" status: 200 len: 404 microversion: 2.61 time: 0.118982
Jul 07 16:32:18.373136 n-d-793619-7 devstack@n-api.service[94260]: [pid: 94260|app: 0|req: 8/14] 10.222.0.78 () {64 vars in 1283 bytes} [Wed Jul 7 16:32:18 2021] POST /compute/v2.1/flavors => generated 404 bytes in 121 msecs (HTTP/1.1 200) 9 headers in 359 bytes (1 switches on core 0)
Jul 07 16:32:18.381178 n-d-793619-7 devstack@n-api.service[94261]: DEBUG nova.api.openstack.wsgi [None req-e0a046bd-c6b4-4e79-9c3c-661e76e448da admin admin] Action: 'create', calling method: >, body: {"extra_specs": {"hw_rng:allowed": "True"}} {{(pid=94261) _process_stack /opt/stack/nova/nova/api/openstack/wsgi.py:511}}
Jul 07 16:32:18.420529 n-d-793619-7 devstack@n-api.service[94261]: INFO nova.api.openstack.requestlog [None req-e0a046bd-c6b4-4e79-9c3c-661e76e448da admin admin] 10.222.0.78 "POST /compute/v2.1/flavors/d3/os-extra_specs" status: 200 len: 43 microversion: 2.61 time: 0.041668
Jul 07 16:32:18.429721 n-d-793619-7 devstack@n-api.service[94261]: [pid: 94261|app: 0|req: 7/15] 10.222.0.78 () {64 vars in 1336 bytes} [Wed Jul 7 16:32:18 2021] POST /compute/v2.1/flavors/d3/os-extra_specs => generated 43 bytes in 46 msecs (HTTP/1.1 200) 9 headers in 358 bytes (1 switches on core 0)
Jul 07 16:32:20.865022 n-d-793619-7 devstack@n-api.service[94260]: DEBUG nova.api.openstack.wsgi [None req-718f3ff9-f1c0-42a1-b3c6-3c346c6b3de6 admin admin] Calling method '>' {{(pid=94260) _process_stack /opt/stack/nova/nova/api/openstack/wsgi.py:513}}
Jul 07 16:32:20.867358 n-d-793619-7 devstack@n-api.service[94260]: INFO nova.api.openstack.requestlog [None req-718f3ff9-f1c0-42a1-b3c6-3c346c6b3de6 admin admin] 10.222.0.78 "GET /compute/v2.1" status: 200 len: 388 microversion: 2.1 time: 0.003257
Jul 07 16:32:20.868052 n-d-793619-7 devstack@n-api.service[94260]: [pid: 94260|app: 0|req: 9/16] 10.222.0.78 () {54 vars in 931 bytes} [Wed Jul 7 16:32:20 2021] GET /compute/v2.1 => generated 388 bytes in 5 msecs (HTTP/1.1 200) 9 headers in 357 bytes (1 switches on core 0)
Jul 07 16:32:20.940068 n-d-793619-7 devstack@n-api.service[94261]: DEBUG nova.api.openstack.wsgi [None req-ff3b1abf-2c8e-49c3-a7cc-13a96bd0508a admin admin] Action: 'create', calling method: >, body: {"flavor": {"swap": 0, "rxtx_factor": 1.0, "os-flavor-access:is_public": true, "disk": 20, "OS-FLV-EXT-DATA:ephemeral": 0, "ram": 4096, "name": "ds4G", "id": "d4", "vcpus": 4}} {{(pid=94261) _process_stack /opt/stack/nova/nova/api/openstack/wsgi.py:511}}
Jul 07 16:32:20.960984 n-d-793619-7 devstack@n-api.service[94261]: INFO nova.api.openstack.requestlog [None req-ff3b1abf-2c8e-49c3-a7cc-13a96bd0508a admin admin] 10.222.0.78 "POST /compute/v2.1/flavors" status: 200 len: 404 microversion: 2.61 time: 0.085993
Jul 07 16:32:20.961631 n-d-793619-7 devstack@n-api.service[94261]: [pid: 94261|app: 0|req: 8/17] 10.222.0.78 () {64 vars in 1283 bytes} [Wed Jul 7 16:32:20 2021] POST /compute/v2.1/flavors => generated 404 bytes in 87 msecs (HTTP/1.1 200) 9 headers in 359 bytes (1 switches on core 0)
Jul 07 16:32:20.973820 n-d-793619-7 devstack@n-api.service[94260]: DEBUG nova.api.openstack.wsgi [None req-5d0d84a0-f657-4148-bbde-7e3b5fa43e31 admin admin] Action: 'create', calling method: >, body: {"extra_specs": {"hw_rng:allowed": "True"}} {{(pid=94260) _process_stack /opt/stack/nova/nova/api/openstack/wsgi.py:511}}
Jul 07 16:32:20.997661 n-d-793619-7 devstack@n-api.service[94260]: INFO nova.api.openstack.requestlog [None req-5d0d84a0-f657-4148-bbde-7e3b5fa43e31 admin admin] 10.222.0.78 "POST /compute/v2.1/flavors/d4/os-extra_specs" status: 200 len: 43 microversion: 2.61 time: 0.028131
Jul 07 16:32:21.001672 n-d-793619-7 devstack@n-api.service[94260]: [pid: 94260|app: 0|req: 10/18] 10.222.0.78 () {64 vars in 1336 bytes} [Wed Jul 7 16:32:20 2021] POST /compute/v2.1/flavors/d4/os-extra_specs => generated 43 bytes in 33 msecs (HTTP/1.1 200) 9 headers in 358 bytes (2 switches on core 0)
Jul 07 16:32:23.389749 n-d-793619-7 devstack@n-api.service[94261]: DEBUG nova.api.openstack.wsgi [None req-ff3b1abf-2c8e-49c3-a7cc-13a96bd0508a admin admin] Calling method '>' {{(pid=94261) _process_stack /opt/stack/nova/nova/api/openstack/wsgi.py:513}}
Jul 07 16:32:23.391420 n-d-793619-7 devstack@n-api.service[94261]: INFO nova.api.openstack.requestlog [None req-ff3b1abf-2c8e-49c3-a7cc-13a96bd0508a admin admin] 10.222.0.78 "GET /compute/v2.1" status: 200 len: 388 microversion: 2.1 time: 0.002145
Jul 07 16:32:23.392900 n-d-793619-7 devstack@n-api.service[94261]: [pid: 94261|app: 0|req: 9/19] 10.222.0.78 () {54 vars in 931 bytes} [Wed Jul 7 16:32:23 2021] GET /compute/v2.1 => generated 388 bytes in 4 msecs (HTTP/1.1 200) 9 headers in 357 bytes (1 switches on core 0)
Jul 07 16:32:23.487413 n-d-793619-7 devstack@n-api.service[94260]: DEBUG nova.api.openstack.wsgi [None req-fc917f5d-2afd-45ea-94ec-18d943ce08da admin admin] Calling method '>' {{(pid=94260) _process_stack /opt/stack/nova/nova/api/openstack/wsgi.py:513}}
Jul 07 16:32:23.513922 n-d-793619-7 devstack@n-api.service[94260]: INFO nova.api.openstack.requestlog [None req-fc917f5d-2afd-45ea-94ec-18d943ce08da admin admin] 10.222.0.78 "GET /compute/v2.1/flavors/detail?is_public=True" status: 200 len: 2106 microversion: 2.61 time: 0.105567
Jul 07 16:32:23.514719 n-d-793619-7 devstack@n-api.service[94260]: [pid: 94260|app: 0|req: 11/20] 10.222.0.78 () {60 vars in 1292 bytes} [Wed Jul 7 16:32:23 2021] GET /compute/v2.1/flavors/detail?is_public=True => generated 2106 bytes in 107 msecs (HTTP/1.1 200) 9 headers in 360 bytes (1 switches on core 0)
Jul 07 16:32:25.842764 n-d-793619-7 devstack@n-api.service[94261]: DEBUG nova.api.openstack.wsgi [None req-ff3b1abf-2c8e-49c3-a7cc-13a96bd0508a admin admin] Calling method '>' {{(pid=94261) _process_stack /opt/stack/nova/nova/api/openstack/wsgi.py:513}}
Jul 07 16:32:25.844358 n-d-793619-7 devstack@n-api.service[94261]: INFO nova.api.openstack.requestlog [None req-ff3b1abf-2c8e-49c3-a7cc-13a96bd0508a admin admin] 10.222.0.78 "GET /compute/v2.1" status: 200 len: 388 microversion: 2.1 time: 0.002017
Jul 07 16:32:25.853190 n-d-793619-7 devstack@n-api.service[94261]: [pid: 94261|app: 0|req: 10/21] 10.222.0.78 () {54 vars in 931 bytes} [Wed Jul 7 16:32:25 2021] GET /compute/v2.1 => generated 388 bytes in 8 msecs (HTTP/1.1 200) 9 headers in 357 bytes (2 switches on core 0)
Jul 07 16:32:25.918708 n-d-793619-7 devstack@n-api.service[94260]: DEBUG nova.api.openstack.wsgi [None req-1898591c-64fb-455e-ba0a-97ace681807a admin admin] Action: 'create', calling method: >, body: {"flavor": {"ram": 512, "os-flavor-access:is_public": true, "disk": 1, "id": "1", "swap": 0, "vcpus": 1, "OS-FLV-EXT-DATA:ephemeral": 0, "name": "m1.tiny", "rxtx_factor": 1.0}} {{(pid=94260) _process_stack /opt/stack/nova/nova/api/openstack/wsgi.py:511}}
Jul 07 16:32:25.938571 n-d-793619-7 devstack@n-api.service[94260]: INFO nova.api.openstack.requestlog [None req-1898591c-64fb-455e-ba0a-97ace681807a admin admin] 10.222.0.78 "POST /compute/v2.1/flavors" status: 200 len: 402 microversion: 2.61 time: 0.087286
Jul 07 16:32:25.939123 n-d-793619-7 devstack@n-api.service[94260]: [pid: 94260|app: 0|req: 12/22] 10.222.0.78 () {64 vars in 1283 bytes} [Wed Jul 7 16:32:25 2021] POST /compute/v2.1/flavors => generated 402 bytes in 88 msecs (HTTP/1.1 200) 9 headers in 359 bytes (1 switches on core 0)
Jul 07 16:32:25.951224 n-d-793619-7 devstack@n-api.service[94261]: DEBUG nova.api.openstack.wsgi [None req-0f1c8c10-8840-435b-88a4-59c114323f75 admin admin] Action: 'create', calling method: >, body: {"extra_specs": {"hw_rng:allowed": "True"}} {{(pid=94261) _process_stack /opt/stack/nova/nova/api/openstack/wsgi.py:511}}
Jul 07 16:32:25.976034 n-d-793619-7 devstack@n-api.service[94261]: INFO nova.api.openstack.requestlog [None req-0f1c8c10-8840-435b-88a4-59c114323f75 admin admin] 10.222.0.78 "POST /compute/v2.1/flavors/1/os-extra_specs" status: 200 len: 43 microversion: 2.61 time: 0.028526
Jul 07 16:32:25.976635 n-d-793619-7 devstack@n-api.service[94261]: [pid: 94261|app: 0|req: 11/23] 10.222.0.78 () {64 vars in 1333 bytes} [Wed Jul 7 16:32:25 2021] POST /compute/v2.1/flavors/1/os-extra_specs => generated 43 bytes in 30 msecs (HTTP/1.1 200) 9 headers in 358 bytes (2 switches on core 0)
Jul 07 16:32:28.292207 n-d-793619-7 devstack@n-api.service[94260]: DEBUG nova.api.openstack.wsgi [None req-1898591c-64fb-455e-ba0a-97ace681807a admin admin] Calling method '>' {{(pid=94260) _process_stack /opt/stack/nova/nova/api/openstack/wsgi.py:513}}
Jul 07 16:32:28.293272 n-d-793619-7 devstack@n-api.service[94260]: INFO nova.api.openstack.requestlog [None req-1898591c-64fb-455e-ba0a-97ace681807a admin admin] 10.222.0.78 "GET /compute/v2.1" status: 200 len: 388 microversion: 2.1 time: 0.001463
Jul 07 16:32:28.295592 n-d-793619-7 devstack@n-api.service[94260]: [pid: 94260|app: 0|req: 13/24] 10.222.0.78 () {54 vars in 931 bytes} [Wed Jul 7 16:32:28 2021] GET /compute/v2.1 => generated 388 bytes in 3 msecs (HTTP/1.1 200) 9 headers in 357 bytes (1 switches on core 0)
Jul 07 16:32:28.354404 n-d-793619-7 devstack@n-api.service[94261]: DEBUG nova.api.openstack.wsgi [None req-00e828dc-cb60-464f-a3e9-3b29d84561b7 admin admin] Action: 'create', calling method: >, body: {"flavor": {"vcpus": 1, "os-flavor-access:is_public": true, "swap": 0, "disk": 20, "id": "2", "name": "m1.small", "rxtx_factor": 1.0, "ram": 2048, "OS-FLV-EXT-DATA:ephemeral": 0}} {{(pid=94261) _process_stack /opt/stack/nova/nova/api/openstack/wsgi.py:511}}
Jul 07 16:32:28.373408 n-d-793619-7 devstack@n-api.service[94261]: INFO nova.api.openstack.requestlog [None req-00e828dc-cb60-464f-a3e9-3b29d84561b7 admin admin] 10.222.0.78 "POST /compute/v2.1/flavors" status: 200 len: 405 microversion: 2.61 time: 0.072875
Jul 07 16:32:28.373935 n-d-793619-7 devstack@n-api.service[94261]: [pid: 94261|app: 0|req: 12/25] 10.222.0.78 () {64 vars in 1283 bytes} [Wed Jul 7 16:32:28 2021] POST /compute/v2.1/flavors => generated 405 bytes in 74 msecs (HTTP/1.1 200) 9 headers in 359 bytes (1 switches on core 0)
Jul 07 16:32:28.385985 n-d-793619-7 devstack@n-api.service[94260]: DEBUG nova.api.openstack.wsgi [None req-0d96be64-0fb5-4a89-8537-936cf0cdd4fa admin admin] Action: 'create', calling method: >, body: {"extra_specs": {"hw_rng:allowed": "True"}} {{(pid=94260) _process_stack /opt/stack/nova/nova/api/openstack/wsgi.py:511}}
Jul 07 16:32:28.409993 n-d-793619-7 devstack@n-api.service[94260]: INFO nova.api.openstack.requestlog [None req-0d96be64-0fb5-4a89-8537-936cf0cdd4fa admin admin] 10.222.0.78 "POST /compute/v2.1/flavors/2/os-extra_specs" status: 200 len: 43 microversion: 2.61 time: 0.027636
Jul 07 16:32:28.410589 n-d-793619-7 devstack@n-api.service[94260]: [pid: 94260|app: 0|req: 14/26] 10.222.0.78 () {64 vars in 1333 bytes} [Wed Jul 7 16:32:28 2021] POST /compute/v2.1/flavors/2/os-extra_specs => generated 43 bytes in 29 msecs (HTTP/1.1 200) 9 headers in 358 bytes (1 switches on core 0)
Jul 07 16:32:30.799804 n-d-793619-7 devstack@n-api.service[94261]: DEBUG nova.api.openstack.wsgi [None req-00e828dc-cb60-464f-a3e9-3b29d84561b7 admin admin] Calling method '>' {{(pid=94261) _process_stack /opt/stack/nova/nova/api/openstack/wsgi.py:513}}
Jul 07 16:32:30.799804 n-d-793619-7 devstack@n-api.service[94261]: INFO nova.api.openstack.requestlog [None req-00e828dc-cb60-464f-a3e9-3b29d84561b7 admin admin] 10.222.0.78 "GET /compute/v2.1" status: 200 len: 388 microversion: 2.1 time: 0.001485
Jul 07 16:32:30.799804 n-d-793619-7 devstack@n-api.service[94261]: [pid: 94261|app: 0|req: 13/27] 10.222.0.78 () {54 vars in 931 bytes} [Wed Jul 7 16:32:30 2021] GET /compute/v2.1 => generated 388 bytes in 2 msecs (HTTP/1.1 200) 9 headers in 357 bytes (1 switches on core 0)
Jul 07 16:32:30.869901 n-d-793619-7 devstack@n-api.service[94260]: DEBUG nova.api.openstack.wsgi [None req-22b7e2ac-ca81-43e1-8a12-bfde82ac087b admin admin] Action: 'create', calling method: >, body: {"flavor": {"id": "3", "rxtx_factor": 1.0, "vcpus": 2, "os-flavor-access:is_public": true, "OS-FLV-EXT-DATA:ephemeral": 0, "swap": 0, "name": "m1.medium", "disk": 40, "ram": 4096}} {{(pid=94260) _process_stack /opt/stack/nova/nova/api/openstack/wsgi.py:511}}
