Jul 16 18:04:21.610442 n-d-793619-10 devstack@placement-api.service[94305]: DEBUG placement.objects.research_context [req-ec8254d4-2d90-4678-8784-423cac45a64b req-6075eab7-93d7-4456-9694-ec4c429c54d5 service placement] getting providers with 1 DISK_GB {{(pid=94305) __init__ /opt/stack/placement/placement/objects/research_context.py:126}}
Jul 16 18:04:21.623340 n-d-793619-10 devstack@placement-api.service[94305]: DEBUG placement.objects.research_context [req-ec8254d4-2d90-4678-8784-423cac45a64b req-6075eab7-93d7-4456-9694-ec4c429c54d5 service placement] getting providers with 1024 MEMORY_MB {{(pid=94305) __init__ /opt/stack/placement/placement/objects/research_context.py:126}}
Jul 16 18:04:21.636719 n-d-793619-10 devstack@placement-api.service[94305]: DEBUG placement.objects.research_context [req-ec8254d4-2d90-4678-8784-423cac45a64b req-6075eab7-93d7-4456-9694-ec4c429c54d5 service placement] getting providers with 1 VCPU {{(pid=94305) __init__ /opt/stack/placement/placement/objects/research_context.py:126}}
Jul 16 18:04:21.655630 n-d-793619-10 devstack@placement-api.service[94305]: DEBUG placement.objects.research_context [req-ec8254d4-2d90-4678-8784-423cac45a64b req-6075eab7-93d7-4456-9694-ec4c429c54d5 service placement] found 2 providers with available 1 DISK_GB {{(pid=94305) get_provider_ids_matching /opt/stack/placement/placement/objects/research_context.py:549}}
Jul 16 18:04:21.658095 n-d-793619-10 devstack@placement-api.service[94305]: DEBUG placement.objects.research_context [req-ec8254d4-2d90-4678-8784-423cac45a64b req-6075eab7-93d7-4456-9694-ec4c429c54d5 service placement] found 2 providers with available 1024 MEMORY_MB {{(pid=94305) get_provider_ids_matching /opt/stack/placement/placement/objects/research_context.py:549}}
Jul 16 18:04:21.658697 n-d-793619-10 devstack@placement-api.service[94305]: DEBUG placement.objects.research_context [req-ec8254d4-2d90-4678-8784-423cac45a64b req-6075eab7-93d7-4456-9694-ec4c429c54d5 service placement] found 2 providers after filtering by previous result {{(pid=94305) get_provider_ids_matching /opt/stack/placement/placement/objects/research_context.py:580}}
Jul 16 18:04:21.659164 n-d-793619-10 devstack@placement-api.service[94305]: DEBUG placement.objects.research_context [req-ec8254d4-2d90-4678-8784-423cac45a64b req-6075eab7-93d7-4456-9694-ec4c429c54d5 service placement] found 2 providers with available 1 VCPU {{(pid=94305) get_provider_ids_matching /opt/stack/placement/placement/objects/research_context.py:549}}
Jul 16 18:04:21.659918 n-d-793619-10 devstack@placement-api.service[94305]: DEBUG placement.objects.research_context [req-ec8254d4-2d90-4678-8784-423cac45a64b req-6075eab7-93d7-4456-9694-ec4c429c54d5 service placement] found 2 providers after filtering by previous result {{(pid=94305) get_provider_ids_matching /opt/stack/placement/placement/objects/research_context.py:580}}
Jul 16 18:04:21.710932 n-d-793619-10 devstack@placement-api.service[94305]: DEBUG placement.objects.allocation_candidate [req-ec8254d4-2d90-4678-8784-423cac45a64b req-6075eab7-93d7-4456-9694-ec4c429c54d5 service placement] RequestGroup(use_same_provider=False, resources={DISK_GB:1, MEMORY_MB:1024, VCPU:1}, traits=[], aggregates=[]) (suffix '') returned 2 matches {{(pid=94305) _get_by_requests /opt/stack/placement/placement/objects/allocation_candidate.py:145}}
Jul 16 18:04:21.712855 n-d-793619-10 devstack@placement-api.service[94306]: DEBUG placement.requestlog [req-2c792a9c-79ea-43e6-84e3-bb97ee3f5ae7 req-62d29981-eca9-4198-8433-a1eaca31d062 None None] Starting request: 10.222.0.46 "GET /placement/allocations/6e7acb60-725b-497f-a138-b0e481d474b7" {{(pid=94306) __call__ /opt/stack/placement/placement/requestlog.py:55}}
Jul 16 18:04:21.723991 n-d-793619-10 devstack@placement-api.service[94305]: DEBUG placement.objects.allocation_candidate [req-ec8254d4-2d90-4678-8784-423cac45a64b req-6075eab7-93d7-4456-9694-ec4c429c54d5 service placement] Merging candidates yields 2 allocation requests and 2 provider summaries {{(pid=94305) _merge_candidates /opt/stack/placement/placement/objects/allocation_candidate.py:783}}
Jul 16 18:04:21.734528 n-d-793619-10 devstack@placement-api.service[94305]: INFO placement.requestlog [req-ec8254d4-2d90-4678-8784-423cac45a64b req-6075eab7-93d7-4456-9694-ec4c429c54d5 service placement] 10.222.0.60 "GET /placement/allocation_candidates?limit=1000&resources=DISK_GB%3A1%2CMEMORY_MB%3A1024%2CVCPU%3A1&root_required=%21COMPUTE_STATUS_DISABLED" status: 200 len: 1309 microversion: 1.35
Jul 16 18:04:21.735157 n-d-793619-10 devstack@placement-api.service[94305]: [pid: 94305|app: 0|req: 82/161] 10.222.0.60 () {60 vars in 1507 bytes} [Fri Jul 16 18:04:21 2021] GET /placement/allocation_candidates?limit=1000&resources=DISK_GB%3A1%2CMEMORY_MB%3A1024%2CVCPU%3A1&root_required=%21COMPUTE_STATUS_DISABLED => generated 1309 bytes in 194 msecs (HTTP/1.1 200) 8 headers in 297 bytes (1 switches on core 0)
Jul 16 18:04:21.746232 n-d-793619-10 devstack@placement-api.service[94306]: INFO placement.requestlog [req-2c792a9c-79ea-43e6-84e3-bb97ee3f5ae7 req-62d29981-eca9-4198-8433-a1eaca31d062 service placement] 10.222.0.46 "GET /placement/allocations/6e7acb60-725b-497f-a138-b0e481d474b7" status: 200 len: 259 microversion: 1.28
Jul 16 18:04:21.751005 n-d-793619-10 devstack@placement-api.service[94306]: [pid: 94306|app: 0|req: 80/162] 10.222.0.46 () {60 vars in 1378 bytes} [Fri Jul 16 18:04:21 2021] GET /placement/allocations/6e7acb60-725b-497f-a138-b0e481d474b7 => generated 259 bytes in 38 msecs (HTTP/1.1 200) 8 headers in 296 bytes (1 switches on core 0)
Jul 16 18:04:21.860091 n-d-793619-10 devstack@placement-api.service[94305]: DEBUG placement.requestlog [req-ec8254d4-2d90-4678-8784-423cac45a64b req-aac2eb9c-fd08-41e1-ab7d-7bbc503e7513 None None] Starting request: 10.222.0.60 "GET /placement/allocations/07899a9c-337c-4979-8a7a-e106d3b18975" {{(pid=94305) __call__ /opt/stack/placement/placement/requestlog.py:55}}
Jul 16 18:04:21.876982 n-d-793619-10 devstack@placement-api.service[94305]: INFO placement.requestlog [req-ec8254d4-2d90-4678-8784-423cac45a64b req-aac2eb9c-fd08-41e1-ab7d-7bbc503e7513 service placement] 10.222.0.60 "GET /placement/allocations/07899a9c-337c-4979-8a7a-e106d3b18975" status: 200 len: 19 microversion: 1.28
Jul 16 18:04:21.880069 n-d-793619-10 devstack@placement-api.service[94305]: [pid: 94305|app: 0|req: 83/163] 10.222.0.60 () {60 vars in 1381 bytes} [Fri Jul 16 18:04:21 2021] GET /placement/allocations/07899a9c-337c-4979-8a7a-e106d3b18975 => generated 19 bytes in 20 msecs (HTTP/1.1 200) 8 headers in 295 bytes (1 switches on core 0)
Jul 16 18:04:21.886669 n-d-793619-10 devstack@placement-api.service[94306]: DEBUG placement.requestlog [req-ec8254d4-2d90-4678-8784-423cac45a64b req-9df28b2c-fa89-44fa-b097-71c779007506 None None] Starting request: 10.222.0.60 "PUT /placement/allocations/07899a9c-337c-4979-8a7a-e106d3b18975" {{(pid=94306) __call__ /opt/stack/placement/placement/requestlog.py:55}}
Jul 16 18:04:22.001924 n-d-793619-10 devstack@placement-api.service[94306]: DEBUG placement.handlers.allocation [req-ec8254d4-2d90-4678-8784-423cac45a64b req-9df28b2c-fa89-44fa-b097-71c779007506 service placement] Successfully wrote allocations [, , ] {{(pid=94306) _create_allocations /opt/stack/placement/placement/handlers/allocation.py:435}}
Jul 16 18:04:22.002788 n-d-793619-10 devstack@placement-api.service[94306]: INFO placement.requestlog [req-ec8254d4-2d90-4678-8784-423cac45a64b req-9df28b2c-fa89-44fa-b097-71c779007506 service placement] 10.222.0.60 "PUT /placement/allocations/07899a9c-337c-4979-8a7a-e106d3b18975" status: 204 len: 0 microversion: 1.35
Jul 16 18:04:22.003786 n-d-793619-10 devstack@placement-api.service[94306]: [pid: 94306|app: 0|req: 81/164] 10.222.0.60 () {64 vars in 1434 bytes} [Fri Jul 16 18:04:21 2021] PUT /placement/allocations/07899a9c-337c-4979-8a7a-e106d3b18975 => generated 0 bytes in 117 msecs (HTTP/1.1 204) 5 headers in 199 bytes (1 switches on core 0)
Jul 16 18:04:22.583862 n-d-793619-10 devstack@placement-api.service[94305]: DEBUG placement.requestlog [req-ec8254d4-2d90-4678-8784-423cac45a64b req-3f3449c4-f266-4302-9cf0-1b99e85a3a0c None None] Starting request: 10.222.0.46 "GET /placement/allocations/07899a9c-337c-4979-8a7a-e106d3b18975" {{(pid=94305) __call__ /opt/stack/placement/placement/requestlog.py:55}}
Jul 16 18:04:22.606166 n-d-793619-10 devstack@placement-api.service[94305]: INFO placement.requestlog [req-ec8254d4-2d90-4678-8784-423cac45a64b req-3f3449c4-f266-4302-9cf0-1b99e85a3a0c service placement] 10.222.0.46 "GET /placement/allocations/07899a9c-337c-4979-8a7a-e106d3b18975" status: 200 len: 259 microversion: 1.28
Jul 16 18:04:22.606288 n-d-793619-10 devstack@placement-api.service[94305]: [pid: 94305|app: 0|req: 84/165] 10.222.0.46 () {60 vars in 1378 bytes} [Fri Jul 16 18:04:22 2021] GET /placement/allocations/07899a9c-337c-4979-8a7a-e106d3b18975 => generated 259 bytes in 23 msecs (HTTP/1.1 200) 8 headers in 296 bytes (1 switches on core 0)
Jul 16 18:04:30.339641 n-d-793619-10 devstack@placement-api.service[94306]: DEBUG placement.requestlog [None req-04ffc6c5-2359-49ba-b3c7-70faa9a62041 None None] Starting request: 10.222.0.60 "GET /placement/" {{(pid=94306) __call__ /opt/stack/placement/placement/requestlog.py:55}}
Jul 16 18:04:30.341469 n-d-793619-10 devstack@placement-api.service[94306]: INFO placement.requestlog [None req-04ffc6c5-2359-49ba-b3c7-70faa9a62041 None None] 10.222.0.60 "GET /placement/" status: 200 len: 136 microversion: 1.0
Jul 16 18:04:30.341855 n-d-793619-10 devstack@placement-api.service[94306]: [pid: 94306|app: 0|req: 82/166] 10.222.0.60 () {54 vars in 916 bytes} [Fri Jul 16 18:04:30 2021] GET /placement => generated 136 bytes in 2 msecs (HTTP/1.1 200) 6 headers in 224 bytes (2 switches on core 0)
Jul 16 18:04:30.356819 n-d-793619-10 devstack@placement-api.service[94305]: DEBUG placement.requestlog [req-8bb097b0-f7f2-4088-b3ff-d877d888fda9 req-e35927f4-62bc-4fa9-92c5-cdd218116cd4 None None] Starting request: 10.222.0.60 "GET /placement/allocations/1360bcb1-7888-448f-a476-9450698646b7" {{(pid=94305) __call__ /opt/stack/placement/placement/requestlog.py:55}}
Jul 16 18:04:30.669320 n-d-793619-10 devstack@placement-api.service[94305]: INFO placement.requestlog [req-8bb097b0-f7f2-4088-b3ff-d877d888fda9 req-e35927f4-62bc-4fa9-92c5-cdd218116cd4 service placement] 10.222.0.60 "GET /placement/allocations/1360bcb1-7888-448f-a476-9450698646b7" status: 200 len: 259 microversion: 1.28
Jul 16 18:04:30.670174 n-d-793619-10 devstack@placement-api.service[94305]: [pid: 94305|app: 0|req: 85/167] 10.222.0.60 () {60 vars in 1381 bytes} [Fri Jul 16 18:04:30 2021] GET /placement/allocations/1360bcb1-7888-448f-a476-9450698646b7 => generated 259 bytes in 314 msecs (HTTP/1.1 200) 8 headers in 296 bytes (1 switches on core 0)
Jul 16 18:04:30.679764 n-d-793619-10 devstack@placement-api.service[94306]: DEBUG placement.requestlog [req-8bb097b0-f7f2-4088-b3ff-d877d888fda9 req-93cbccc3-1f30-4d93-9905-48173db124f9 None None] Starting request: 10.222.0.60 "GET /placement/allocations/1360bcb1-7888-448f-a476-9450698646b7" {{(pid=94306) __call__ /opt/stack/placement/placement/requestlog.py:55}}
Jul 16 18:04:30.718200 n-d-793619-10 devstack@placement-api.service[94306]: INFO placement.requestlog [req-8bb097b0-f7f2-4088-b3ff-d877d888fda9 req-93cbccc3-1f30-4d93-9905-48173db124f9 service placement] 10.222.0.60 "GET /placement/allocations/1360bcb1-7888-448f-a476-9450698646b7" status: 200 len: 259 microversion: 1.28
Jul 16 18:04:30.724261 n-d-793619-10 devstack@placement-api.service[94305]: DEBUG placement.requestlog [req-8bb097b0-f7f2-4088-b3ff-d877d888fda9 req-704d5437-bdd5-4de7-b8c4-e9b558bf494e None None] Starting request: 10.222.0.60 "GET /placement/allocations/999a546d-7b13-4587-938d-a67521a880bc" {{(pid=94305) __call__ /opt/stack/placement/placement/requestlog.py:55}}
Jul 16 18:04:30.734736 n-d-793619-10 devstack@placement-api.service[94306]: [pid: 94306|app: 0|req: 83/168] 10.222.0.60 () {60 vars in 1381 bytes} [Fri Jul 16 18:04:30 2021] GET /placement/allocations/1360bcb1-7888-448f-a476-9450698646b7 => generated 259 bytes in 55 msecs (HTTP/1.1 200) 8 headers in 296 bytes (1 switches on core 0)
Jul 16 18:04:30.738841 n-d-793619-10 devstack@placement-api.service[94305]: INFO placement.requestlog [req-8bb097b0-f7f2-4088-b3ff-d877d888fda9 req-704d5437-bdd5-4de7-b8c4-e9b558bf494e service placement] 10.222.0.60 "GET /placement/allocations/999a546d-7b13-4587-938d-a67521a880bc" status: 200 len: 19 microversion: 1.28
Jul 16 18:04:30.747866 n-d-793619-10 devstack@placement-api.service[94306]: DEBUG placement.requestlog [req-8bb097b0-f7f2-4088-b3ff-d877d888fda9 req-eefa89f7-edff-458a-914c-6472c07be982 None None] Starting request: 10.222.0.60 "POST /placement/allocations" {{(pid=94306) __call__ /opt/stack/placement/placement/requestlog.py:55}}
Jul 16 18:04:30.751941 n-d-793619-10 devstack@placement-api.service[94305]: [pid: 94305|app: 0|req: 86/169] 10.222.0.60 () {60 vars in 1381 bytes} [Fri Jul 16 18:04:30 2021] GET /placement/allocations/999a546d-7b13-4587-938d-a67521a880bc => generated 19 bytes in 23 msecs (HTTP/1.1 200) 8 headers in 295 bytes (1 switches on core 0)
Jul 16 18:04:30.895991 n-d-793619-10 devstack@placement-api.service[94306]: DEBUG placement.handlers.allocation [req-8bb097b0-f7f2-4088-b3ff-d877d888fda9 req-eefa89f7-edff-458a-914c-6472c07be982 service placement] Successfully wrote allocations [, , , , , ] {{(pid=94306) _create_allocations /opt/stack/placement/placement/handlers/allocation.py:524}}
Jul 16 18:04:30.896859 n-d-793619-10 devstack@placement-api.service[94306]: INFO placement.requestlog [req-8bb097b0-f7f2-4088-b3ff-d877d888fda9 req-eefa89f7-edff-458a-914c-6472c07be982 service placement] 10.222.0.60 "POST /placement/allocations" status: 204 len: 0 microversion: 1.28
Jul 16 18:04:30.897199 n-d-793619-10 devstack@placement-api.service[94306]: [pid: 94306|app: 0|req: 84/170] 10.222.0.60 () {64 vars in 1324 bytes} [Fri Jul 16 18:04:30 2021] POST /placement/allocations => generated 0 bytes in 150 msecs (HTTP/1.1 204) 5 headers in 199 bytes (1 switches on core 0)
Jul 16 18:04:30.925994 n-d-793619-10 devstack@placement-api.service[94305]: DEBUG placement.requestlog [req-8bb097b0-f7f2-4088-b3ff-d877d888fda9 req-bfb2fab8-2af4-4994-ab99-259f8791180f None None] Starting request: 10.222.0.60 "GET /placement/allocation_candidates?limit=1000&resources=DISK_GB%3A1%2CMEMORY_MB%3A512%2CVCPU%3A1&root_required=%21COMPUTE_STATUS_DISABLED" {{(pid=94305) __call__ /opt/stack/placement/placement/requestlog.py:55}}
Jul 16 18:04:30.985801 n-d-793619-10 devstack@placement-api.service[94305]: DEBUG placement.objects.research_context [req-8bb097b0-f7f2-4088-b3ff-d877d888fda9 req-bfb2fab8-2af4-4994-ab99-259f8791180f service placement] getting providers with 1 DISK_GB {{(pid=94305) __init__ /opt/stack/placement/placement/objects/research_context.py:126}}
Jul 16 18:04:30.994863 n-d-793619-10 devstack@placement-api.service[94305]: DEBUG placement.objects.research_context [req-8bb097b0-f7f2-4088-b3ff-d877d888fda9 req-bfb2fab8-2af4-4994-ab99-259f8791180f service placement] getting providers with 512 MEMORY_MB {{(pid=94305) __init__ /opt/stack/placement/placement/objects/research_context.py:126}}
Jul 16 18:04:31.013540 n-d-793619-10 devstack@placement-api.service[94305]: DEBUG placement.objects.research_context [req-8bb097b0-f7f2-4088-b3ff-d877d888fda9 req-bfb2fab8-2af4-4994-ab99-259f8791180f service placement] getting providers with 1 VCPU {{(pid=94305) __init__ /opt/stack/placement/placement/objects/research_context.py:126}}
Jul 16 18:04:31.019383 n-d-793619-10 devstack@placement-api.service[94305]: DEBUG placement.objects.research_context [req-8bb097b0-f7f2-4088-b3ff-d877d888fda9 req-bfb2fab8-2af4-4994-ab99-259f8791180f service placement] found 2 providers with available 1 DISK_GB {{(pid=94305) get_provider_ids_matching /opt/stack/placement/placement/objects/research_context.py:549}}
Jul 16 18:04:31.019865 n-d-793619-10 devstack@placement-api.service[94305]: DEBUG placement.objects.research_context [req-8bb097b0-f7f2-4088-b3ff-d877d888fda9 req-bfb2fab8-2af4-4994-ab99-259f8791180f service placement] found 2 providers with available 512 MEMORY_MB {{(pid=94305) get_provider_ids_matching /opt/stack/placement/placement/objects/research_context.py:549}}
Jul 16 18:04:31.020297 n-d-793619-10 devstack@placement-api.service[94305]: DEBUG placement.objects.research_context [req-8bb097b0-f7f2-4088-b3ff-d877d888fda9 req-bfb2fab8-2af4-4994-ab99-259f8791180f service placement] found 2 providers after filtering by previous result {{(pid=94305) get_provider_ids_matching /opt/stack/placement/placement/objects/research_context.py:580}}
Jul 16 18:04:31.020748 n-d-793619-10 devstack@placement-api.service[94305]: DEBUG placement.objects.research_context [req-8bb097b0-f7f2-4088-b3ff-d877d888fda9 req-bfb2fab8-2af4-4994-ab99-259f8791180f service placement] found 2 providers with available 1 VCPU {{(pid=94305) get_provider_ids_matching /opt/stack/placement/placement/objects/research_context.py:549}}
Jul 16 18:04:31.021168 n-d-793619-10 devstack@placement-api.service[94305]: DEBUG placement.objects.research_context [req-8bb097b0-f7f2-4088-b3ff-d877d888fda9 req-bfb2fab8-2af4-4994-ab99-259f8791180f service placement] found 2 providers after filtering by previous result {{(pid=94305) get_provider_ids_matching /opt/stack/placement/placement/objects/research_context.py:580}}
Jul 16 18:04:31.033851 n-d-793619-10 devstack@placement-api.service[94305]: DEBUG placement.objects.allocation_candidate [req-8bb097b0-f7f2-4088-b3ff-d877d888fda9 req-bfb2fab8-2af4-4994-ab99-259f8791180f service placement] RequestGroup(use_same_provider=False, resources={DISK_GB:1, MEMORY_MB:512, VCPU:1}, traits=[], aggregates=[]) (suffix '') returned 2 matches {{(pid=94305) _get_by_requests /opt/stack/placement/placement/objects/allocation_candidate.py:145}}
Jul 16 18:04:31.034453 n-d-793619-10 devstack@placement-api.service[94305]: DEBUG placement.objects.allocation_candidate [req-8bb097b0-f7f2-4088-b3ff-d877d888fda9 req-bfb2fab8-2af4-4994-ab99-259f8791180f service placement] Merging candidates yields 2 allocation requests and 2 provider summaries {{(pid=94305) _merge_candidates /opt/stack/placement/placement/objects/allocation_candidate.py:783}}
Jul 16 18:04:31.037299 n-d-793619-10 devstack@placement-api.service[94305]: INFO placement.requestlog [req-8bb097b0-f7f2-4088-b3ff-d877d888fda9 req-bfb2fab8-2af4-4994-ab99-259f8791180f service placement] 10.222.0.60 "GET /placement/allocation_candidates?limit=1000&resources=DISK_GB%3A1%2CMEMORY_MB%3A512%2CVCPU%3A1&root_required=%21COMPUTE_STATUS_DISABLED" status: 200 len: 1307 microversion: 1.35
Jul 16 18:04:31.040151 n-d-793619-10 devstack@placement-api.service[94305]: [pid: 94305|app: 0|req: 87/171] 10.222.0.60 () {60 vars in 1505 bytes} [Fri Jul 16 18:04:30 2021] GET /placement/allocation_candidates?limit=1000&resources=DISK_GB%3A1%2CMEMORY_MB%3A512%2CVCPU%3A1&root_required=%21COMPUTE_STATUS_DISABLED => generated 1307 bytes in 114 msecs (HTTP/1.1 200) 8 headers in 297 bytes (1 switches on core 0)
Jul 16 18:04:31.126796 n-d-793619-10 devstack@placement-api.service[94306]: DEBUG placement.requestlog [req-8bb097b0-f7f2-4088-b3ff-d877d888fda9 req-7645af39-4d34-435a-aa19-8463b7ff2e76 None None] Starting request: 10.222.0.60 "GET /placement/allocations/1360bcb1-7888-448f-a476-9450698646b7" {{(pid=94306) __call__ /opt/stack/placement/placement/requestlog.py:55}}
Jul 16 18:04:31.140948 n-d-793619-10 devstack@placement-api.service[94306]: INFO placement.requestlog [req-8bb097b0-f7f2-4088-b3ff-d877d888fda9 req-7645af39-4d34-435a-aa19-8463b7ff2e76 service placement] 10.222.0.60 "GET /placement/allocations/1360bcb1-7888-448f-a476-9450698646b7" status: 200 len: 19 microversion: 1.28
Jul 16 18:04:31.141288 n-d-793619-10 devstack@placement-api.service[94306]: [pid: 94306|app: 0|req: 85/172] 10.222.0.60 () {60 vars in 1381 bytes} [Fri Jul 16 18:04:31 2021] GET /placement/allocations/1360bcb1-7888-448f-a476-9450698646b7 => generated 19 bytes in 15 msecs (HTTP/1.1 200) 8 headers in 295 bytes (2 switches on core 0)
Jul 16 18:04:31.148235 n-d-793619-10 devstack@placement-api.service[94305]: DEBUG placement.requestlog [req-8bb097b0-f7f2-4088-b3ff-d877d888fda9 req-9674ffc1-1f62-4cbb-b8d4-1d4791f25335 None None] Starting request: 10.222.0.60 "PUT /placement/allocations/1360bcb1-7888-448f-a476-9450698646b7" {{(pid=94305) __call__ /opt/stack/placement/placement/requestlog.py:55}}
Jul 16 18:04:31.221763 n-d-793619-10 devstack@placement-api.service[94305]: DEBUG placement.handlers.allocation [req-8bb097b0-f7f2-4088-b3ff-d877d888fda9 req-9674ffc1-1f62-4cbb-b8d4-1d4791f25335 service placement] Successfully wrote allocations [, , ] {{(pid=94305) _create_allocations /opt/stack/placement/placement/handlers/allocation.py:435}}
Jul 16 18:04:31.222568 n-d-793619-10 devstack@placement-api.service[94305]: INFO placement.requestlog [req-8bb097b0-f7f2-4088-b3ff-d877d888fda9 req-9674ffc1-1f62-4cbb-b8d4-1d4791f25335 service placement] 10.222.0.60 "PUT /placement/allocations/1360bcb1-7888-448f-a476-9450698646b7" status: 204 len: 0 microversion: 1.35
Jul 16 18:04:31.224123 n-d-793619-10 devstack@placement-api.service[94305]: [pid: 94305|app: 0|req: 88/173] 10.222.0.60 () {64 vars in 1434 bytes} [Fri Jul 16 18:04:31 2021] PUT /placement/allocations/1360bcb1-7888-448f-a476-9450698646b7 => generated 0 bytes in 76 msecs (HTTP/1.1 204) 5 headers in 199 bytes (2 switches on core 0)
Jul 16 18:04:31.486034 n-d-793619-10 devstack@placement-api.service[94306]: DEBUG placement.requestlog [req-8bb097b0-f7f2-4088-b3ff-d877d888fda9 req-bca4c93e-4b10-4419-89c8-fd609a2dd2e5 None None] Starting request: 10.222.0.45 "GET /placement/allocations/1360bcb1-7888-448f-a476-9450698646b7" {{(pid=94306) __call__ /opt/stack/placement/placement/requestlog.py:55}}
Jul 16 18:04:31.514340 n-d-793619-10 devstack@placement-api.service[94306]: INFO placement.requestlog [req-8bb097b0-f7f2-4088-b3ff-d877d888fda9 req-bca4c93e-4b10-4419-89c8-fd609a2dd2e5 service placement] 10.222.0.45 "GET /placement/allocations/1360bcb1-7888-448f-a476-9450698646b7" status: 200 len: 258 microversion: 1.28
Jul 16 18:04:31.514790 n-d-793619-10 devstack@placement-api.service[94306]: [pid: 94306|app: 0|req: 86/174] 10.222.0.45 () {60 vars in 1378 bytes} [Fri Jul 16 18:04:31 2021] GET /placement/allocations/1360bcb1-7888-448f-a476-9450698646b7 => generated 258 bytes in 29 msecs (HTTP/1.1 200) 8 headers in 296 bytes (1 switches on core 0)
Jul 16 18:04:31.894364 n-d-793619-10 devstack@placement-api.service[94305]: DEBUG placement.requestlog [req-853569bb-b21d-4202-ab90-cf9dbe46e4b4 req-c28a1042-02a9-4bb6-8e98-530297569efe None None] Starting request: 10.222.0.46 "GET /placement/resource_providers/07c48fba-cde3-40e6-9992-0f29a3eea446/allocations" {{(pid=94305) __call__ /opt/stack/placement/placement/requestlog.py:55}}
Jul 16 18:04:31.934812 n-d-793619-10 devstack@placement-api.service[94305]: INFO placement.requestlog [req-853569bb-b21d-4202-ab90-cf9dbe46e4b4 req-c28a1042-02a9-4bb6-8e98-530297569efe service placement] 10.222.0.46 "GET /placement/resource_providers/07c48fba-cde3-40e6-9992-0f29a3eea446/allocations" status: 200 len: 457 microversion: 1.0
Jul 16 18:04:31.935369 n-d-793619-10 devstack@placement-api.service[94305]: [pid: 94305|app: 0|req: 89/175] 10.222.0.46 () {58 vars in 1391 bytes} [Fri Jul 16 18:04:31 2021] GET /placement/resource_providers/07c48fba-cde3-40e6-9992-0f29a3eea446/allocations => generated 457 bytes in 41 msecs (HTTP/1.1 200) 6 headers in 224 bytes (1 switches on core 0)
Jul 16 18:04:33.074849 n-d-793619-10 devstack@placement-api.service[94306]: DEBUG placement.requestlog [req-7bde05c4-a425-4ee7-9a9f-998c341995da req-1f05648a-abcc-4e3b-93fd-4be6edcd9989 None None] Starting request: 10.222.0.60 "GET /placement/allocation_candidates?limit=1000&resources=DISK_GB%3A1%2CMEMORY_MB%3A1024%2CVCPU%3A1&root_required=%21COMPUTE_STATUS_DISABLED" {{(pid=94306) __call__ /opt/stack/placement/placement/requestlog.py:55}}
Jul 16 18:04:33.138019 n-d-793619-10 devstack@placement-api.service[94306]: DEBUG placement.objects.research_context [req-7bde05c4-a425-4ee7-9a9f-998c341995da req-1f05648a-abcc-4e3b-93fd-4be6edcd9989 service placement] getting providers with 1 DISK_GB {{(pid=94306) __init__ /opt/stack/placement/placement/objects/research_context.py:126}}
Jul 16 18:04:33.144773 n-d-793619-10 devstack@placement-api.service[94306]: DEBUG placement.objects.research_context [req-7bde05c4-a425-4ee7-9a9f-998c341995da req-1f05648a-abcc-4e3b-93fd-4be6edcd9989 service placement] getting providers with 1024 MEMORY_MB {{(pid=94306) __init__ /opt/stack/placement/placement/objects/research_context.py:126}}
Jul 16 18:04:33.158554 n-d-793619-10 devstack@placement-api.service[94306]: DEBUG placement.objects.research_context [req-7bde05c4-a425-4ee7-9a9f-998c341995da req-1f05648a-abcc-4e3b-93fd-4be6edcd9989 service placement] getting providers with 1 VCPU {{(pid=94306) __init__ /opt/stack/placement/placement/objects/research_context.py:126}}
Jul 16 18:04:33.173974 n-d-793619-10 devstack@placement-api.service[94306]: DEBUG placement.objects.research_context [req-7bde05c4-a425-4ee7-9a9f-998c341995da req-1f05648a-abcc-4e3b-93fd-4be6edcd9989 service placement] found 2 providers with available 1 DISK_GB {{(pid=94306) get_provider_ids_matching /opt/stack/placement/placement/objects/research_context.py:549}}
Jul 16 18:04:33.174256 n-d-793619-10 devstack@placement-api.service[94306]: DEBUG placement.objects.research_context [req-7bde05c4-a425-4ee7-9a9f-998c341995da req-1f05648a-abcc-4e3b-93fd-4be6edcd9989 service placement] found 2 providers with available 1024 MEMORY_MB {{(pid=94306) get_provider_ids_matching /opt/stack/placement/placement/objects/research_context.py:549}}
Jul 16 18:04:33.174526 n-d-793619-10 devstack@placement-api.service[94306]: DEBUG placement.objects.research_context [req-7bde05c4-a425-4ee7-9a9f-998c341995da req-1f05648a-abcc-4e3b-93fd-4be6edcd9989 service placement] found 2 providers after filtering by previous result {{(pid=94306) get_provider_ids_matching /opt/stack/placement/placement/objects/research_context.py:580}}
Jul 16 18:04:33.174949 n-d-793619-10 devstack@placement-api.service[94306]: DEBUG placement.objects.research_context [req-7bde05c4-a425-4ee7-9a9f-998c341995da req-1f05648a-abcc-4e3b-93fd-4be6edcd9989 service placement] found 2 providers with available 1 VCPU {{(pid=94306) get_provider_ids_matching /opt/stack/placement/placement/objects/research_context.py:549}}
Jul 16 18:04:33.176483 n-d-793619-10 devstack@placement-api.service[94306]: DEBUG placement.objects.research_context [req-7bde05c4-a425-4ee7-9a9f-998c341995da req-1f05648a-abcc-4e3b-93fd-4be6edcd9989 service placement] found 2 providers after filtering by previous result {{(pid=94306) get_provider_ids_matching /opt/stack/placement/placement/objects/research_context.py:580}}
Jul 16 18:04:33.189453 n-d-793619-10 devstack@placement-api.service[94306]: DEBUG placement.objects.allocation_candidate [req-7bde05c4-a425-4ee7-9a9f-998c341995da req-1f05648a-abcc-4e3b-93fd-4be6edcd9989 service placement] RequestGroup(use_same_provider=False, resources={DISK_GB:1, MEMORY_MB:1024, VCPU:1}, traits=[], aggregates=[]) (suffix '') returned 2 matches {{(pid=94306) _get_by_requests /opt/stack/placement/placement/objects/allocation_candidate.py:145}}
Jul 16 18:04:33.190043 n-d-793619-10 devstack@placement-api.service[94306]: DEBUG placement.objects.allocation_candidate [req-7bde05c4-a425-4ee7-9a9f-998c341995da req-1f05648a-abcc-4e3b-93fd-4be6edcd9989 service placement] Merging candidates yields 2 allocation requests and 2 provider summaries {{(pid=94306) _merge_candidates /opt/stack/placement/placement/objects/allocation_candidate.py:783}}
Jul 16 18:04:33.191787 n-d-793619-10 devstack@placement-api.service[94306]: INFO placement.requestlog [req-7bde05c4-a425-4ee7-9a9f-998c341995da req-1f05648a-abcc-4e3b-93fd-4be6edcd9989 service placement] 10.222.0.60 "GET /placement/allocation_candidates?limit=1000&resources=DISK_GB%3A1%2CMEMORY_MB%3A1024%2CVCPU%3A1&root_required=%21COMPUTE_STATUS_DISABLED" status: 200 len: 1309 microversion: 1.35
Jul 16 18:04:33.196381 n-d-793619-10 devstack@placement-api.service[94306]: [pid: 94306|app: 0|req: 87/176] 10.222.0.60 () {60 vars in 1507 bytes} [Fri Jul 16 18:04:33 2021] GET /placement/allocation_candidates?limit=1000&resources=DISK_GB%3A1%2CMEMORY_MB%3A1024%2CVCPU%3A1&root_required=%21COMPUTE_STATUS_DISABLED => generated 1309 bytes in 122 msecs (HTTP/1.1 200) 8 headers in 297 bytes (1 switches on core 0)
Jul 16 18:04:33.279430 n-d-793619-10 devstack@placement-api.service[94305]: DEBUG placement.requestlog [req-7bde05c4-a425-4ee7-9a9f-998c341995da req-6fd50bc2-a125-400a-8425-148aca581f8d None None] Starting request: 10.222.0.60 "GET /placement/allocations/0bce8196-c031-4f15-b096-eabaadcd1d38" {{(pid=94305) __call__ /opt/stack/placement/placement/requestlog.py:55}}
Jul 16 18:04:33.294162 n-d-793619-10 devstack@placement-api.service[94305]: INFO placement.requestlog [req-7bde05c4-a425-4ee7-9a9f-998c341995da req-6fd50bc2-a125-400a-8425-148aca581f8d service placement] 10.222.0.60 "GET /placement/allocations/0bce8196-c031-4f15-b096-eabaadcd1d38" status: 200 len: 19 microversion: 1.28
Jul 16 18:04:33.294890 n-d-793619-10 devstack@placement-api.service[94305]: [pid: 94305|app: 0|req: 90/177] 10.222.0.60 () {60 vars in 1381 bytes} [Fri Jul 16 18:04:33 2021] GET /placement/allocations/0bce8196-c031-4f15-b096-eabaadcd1d38 => generated 19 bytes in 15 msecs (HTTP/1.1 200) 8 headers in 295 bytes (1 switches on core 0)
Jul 16 18:04:33.301497 n-d-793619-10 devstack@placement-api.service[94306]: DEBUG placement.requestlog [req-7bde05c4-a425-4ee7-9a9f-998c341995da req-f7972a30-7d38-4edf-96c6-922dfc0ec439 None None] Starting request: 10.222.0.60 "PUT /placement/allocations/0bce8196-c031-4f15-b096-eabaadcd1d38" {{(pid=94306) __call__ /opt/stack/placement/placement/requestlog.py:55}}
Jul 16 18:04:33.385765 n-d-793619-10 devstack@placement-api.service[94306]: DEBUG placement.handlers.allocation [req-7bde05c4-a425-4ee7-9a9f-998c341995da req-f7972a30-7d38-4edf-96c6-922dfc0ec439 service placement] Successfully wrote allocations [, , ] {{(pid=94306) _create_allocations /opt/stack/placement/placement/handlers/allocation.py:435}}
Jul 16 18:04:33.386617 n-d-793619-10 devstack@placement-api.service[94306]: INFO placement.requestlog [req-7bde05c4-a425-4ee7-9a9f-998c341995da req-f7972a30-7d38-4edf-96c6-922dfc0ec439 service placement] 10.222.0.60 "PUT /placement/allocations/0bce8196-c031-4f15-b096-eabaadcd1d38" status: 204 len: 0 microversion: 1.35
Jul 16 18:04:33.387508 n-d-793619-10 devstack@placement-api.service[94306]: [pid: 94306|app: 0|req: 88/178] 10.222.0.60 () {64 vars in 1434 bytes} [Fri Jul 16 18:04:33 2021] PUT /placement/allocations/0bce8196-c031-4f15-b096-eabaadcd1d38 => generated 0 bytes in 86 msecs (HTTP/1.1 204) 5 headers in 199 bytes (1 switches on core 0)
Jul 16 18:04:34.042209 n-d-793619-10 devstack@placement-api.service[94305]: DEBUG placement.requestlog [req-7bde05c4-a425-4ee7-9a9f-998c341995da req-18ec2f2c-8392-44a1-b6f1-db37b2f4493f None None] Starting request: 10.222.0.46 "GET /placement/allocations/0bce8196-c031-4f15-b096-eabaadcd1d38" {{(pid=94305) __call__ /opt/stack/placement/placement/requestlog.py:55}}
Jul 16 18:04:34.080710 n-d-793619-10 devstack@placement-api.service[94305]: INFO placement.requestlog [req-7bde05c4-a425-4ee7-9a9f-998c341995da req-18ec2f2c-8392-44a1-b6f1-db37b2f4493f service placement] 10.222.0.46 "GET /placement/allocations/0bce8196-c031-4f15-b096-eabaadcd1d38" status: 200 len: 259 microversion: 1.28
Jul 16 18:04:34.081225 n-d-793619-10 devstack@placement-api.service[94305]: [pid: 94305|app: 0|req: 91/179] 10.222.0.46 () {60 vars in 1378 bytes} [Fri Jul 16 18:04:34 2021] GET /placement/allocations/0bce8196-c031-4f15-b096-eabaadcd1d38 => generated 259 bytes in 39 msecs (HTTP/1.1 200) 8 headers in 296 bytes (1 switches on core 0)
Jul 16 18:04:35.260654 n-d-793619-10 devstack@placement-api.service[94306]: DEBUG placement.requestlog [req-2c792a9c-79ea-43e6-84e3-bb97ee3f5ae7 req-d7ad664d-0723-40ae-b4a2-1f69c05d1d24 None None] Starting request: 10.222.0.45 "GET /placement/resource_providers/f76d17a8-bcfe-423c-a7fb-d3f10e636fed/allocations" {{(pid=94306) __call__ /opt/stack/placement/placement/requestlog.py:55}}
Jul 16 18:04:35.288691 n-d-793619-10 devstack@placement-api.service[94306]: INFO placement.requestlog [req-2c792a9c-79ea-43e6-84e3-bb97ee3f5ae7 req-d7ad664d-0723-40ae-b4a2-1f69c05d1d24 service placement] 10.222.0.45 "GET /placement/resource_providers/f76d17a8-bcfe-423c-a7fb-d3f10e636fed/allocations" status: 200 len: 658 microversion: 1.0
Jul 16 18:04:35.289799 n-d-793619-10 devstack@placement-api.service[94306]: [pid: 94306|app: 0|req: 89/180] 10.222.0.45 () {58 vars in 1391 bytes} [Fri Jul 16 18:04:35 2021] GET /placement/resource_providers/f76d17a8-bcfe-423c-a7fb-d3f10e636fed/allocations => generated 658 bytes in 29 msecs (HTTP/1.1 200) 6 headers in 224 bytes (1 switches on core 0)
Jul 16 18:04:35.724933 n-d-793619-10 devstack@placement-api.service[94305]: DEBUG placement.requestlog [req-2c792a9c-79ea-43e6-84e3-bb97ee3f5ae7 req-3bb7edb2-6333-4956-884f-e3777486ce1b None None] Starting request: 10.222.0.45 "GET /placement/allocations/152562b4-15d2-4f31-b66b-7337da03e4eb" {{(pid=94305) __call__ /opt/stack/placement/placement/requestlog.py:55}}
Jul 16 18:04:35.740767 n-d-793619-10 devstack@placement-api.service[94305]: INFO placement.requestlog [req-2c792a9c-79ea-43e6-84e3-bb97ee3f5ae7 req-3bb7edb2-6333-4956-884f-e3777486ce1b service placement] 10.222.0.45 "GET /placement/allocations/152562b4-15d2-4f31-b66b-7337da03e4eb" status: 200 len: 259 microversion: 1.28
Jul 16 18:04:35.740994 n-d-793619-10 devstack@placement-api.service[94305]: [pid: 94305|app: 0|req: 92/181] 10.222.0.45 () {60 vars in 1378 bytes} [Fri Jul 16 18:04:35 2021] GET /placement/allocations/152562b4-15d2-4f31-b66b-7337da03e4eb => generated 259 bytes in 16 msecs (HTTP/1.1 200) 8 headers in 296 bytes (1 switches on core 0)
Jul 16 18:04:35.751814 n-d-793619-10 devstack@placement-api.service[94306]: DEBUG placement.requestlog [req-2c792a9c-79ea-43e6-84e3-bb97ee3f5ae7 req-617d88a5-f4b2-45cb-beab-21be10cfdd8a None None] Starting request: 10.222.0.45 "PUT /placement/allocations/152562b4-15d2-4f31-b66b-7337da03e4eb" {{(pid=94306) __call__ /opt/stack/placement/placement/requestlog.py:55}}
Jul 16 18:04:35.796275 n-d-793619-10 devstack@placement-api.service[94306]: DEBUG placement.handlers.allocation [req-2c792a9c-79ea-43e6-84e3-bb97ee3f5ae7 req-617d88a5-f4b2-45cb-beab-21be10cfdd8a service placement] Successfully wrote allocations [, , ] {{(pid=94306) _create_allocations /opt/stack/placement/placement/handlers/allocation.py:435}}
Jul 16 18:04:35.796965 n-d-793619-10 devstack@placement-api.service[94306]: INFO placement.requestlog [req-2c792a9c-79ea-43e6-84e3-bb97ee3f5ae7 req-617d88a5-f4b2-45cb-beab-21be10cfdd8a service placement] 10.222.0.45 "PUT /placement/allocations/152562b4-15d2-4f31-b66b-7337da03e4eb" status: 204 len: 0 microversion: 1.28
Jul 16 18:04:35.797545 n-d-793619-10 devstack@placement-api.service[94306]: [pid: 94306|app: 0|req: 90/182] 10.222.0.45 () {64 vars in 1431 bytes} [Fri Jul 16 18:04:35 2021] PUT /placement/allocations/152562b4-15d2-4f31-b66b-7337da03e4eb => generated 0 bytes in 46 msecs (HTTP/1.1 204) 5 headers in 199 bytes (1 switches on core 0)
Jul 16 18:04:38.094507 n-d-793619-10 devstack@placement-api.service[94305]: DEBUG placement.requestlog [req-7d4a3cec-fd03-4d99-a862-48d406242e55 req-8463ccbe-9387-4a63-b1cb-8397c46460f1 None None] Starting request: 10.222.0.60 "GET /placement/allocation_candidates?limit=1000&resources=DISK_GB%3A1%2CMEMORY_MB%3A1024%2CVCPU%3A1&root_required=%21COMPUTE_STATUS_DISABLED" {{(pid=94305) __call__ /opt/stack/placement/placement/requestlog.py:55}}
Jul 16 18:04:38.225123 n-d-793619-10 devstack@placement-api.service[94305]: DEBUG placement.objects.research_context [req-7d4a3cec-fd03-4d99-a862-48d406242e55 req-8463ccbe-9387-4a63-b1cb-8397c46460f1 service placement] getting providers with 1 DISK_GB {{(pid=94305) __init__ /opt/stack/placement/placement/objects/research_context.py:126}}
Jul 16 18:04:38.231749 n-d-793619-10 devstack@placement-api.service[94305]: DEBUG placement.objects.research_context [req-7d4a3cec-fd03-4d99-a862-48d406242e55 req-8463ccbe-9387-4a63-b1cb-8397c46460f1 service placement] getting providers with 1024 MEMORY_MB {{(pid=94305) __init__ /opt/stack/placement/placement/objects/research_context.py:126}}
Jul 16 18:04:38.238255 n-d-793619-10 devstack@placement-api.service[94305]: DEBUG placement.objects.research_context [req-7d4a3cec-fd03-4d99-a862-48d406242e55 req-8463ccbe-9387-4a63-b1cb-8397c46460f1 service placement] getting providers with 1 VCPU {{(pid=94305) __init__ /opt/stack/placement/placement/objects/research_context.py:126}}
Jul 16 18:04:38.244597 n-d-793619-10 devstack@placement-api.service[94305]: DEBUG placement.objects.research_context [req-7d4a3cec-fd03-4d99-a862-48d406242e55 req-8463ccbe-9387-4a63-b1cb-8397c46460f1 service placement] found 2 providers with available 1 DISK_GB {{(pid=94305) get_provider_ids_matching /opt/stack/placement/placement/objects/research_context.py:549}}
Jul 16 18:04:38.245199 n-d-793619-10 devstack@placement-api.service[94305]: DEBUG placement.objects.research_context [req-7d4a3cec-fd03-4d99-a862-48d406242e55 req-8463ccbe-9387-4a63-b1cb-8397c46460f1 service placement] found 2 providers with available 1024 MEMORY_MB {{(pid=94305) get_provider_ids_matching /opt/stack/placement/placement/objects/research_context.py:549}}
Jul 16 18:04:38.245605 n-d-793619-10 devstack@placement-api.service[94305]: DEBUG placement.objects.research_context [req-7d4a3cec-fd03-4d99-a862-48d406242e55 req-8463ccbe-9387-4a63-b1cb-8397c46460f1 service placement] found 2 providers after filtering by previous result {{(pid=94305) get_provider_ids_matching /opt/stack/placement/placement/objects/research_context.py:580}}
Jul 16 18:04:38.245879 n-d-793619-10 devstack@placement-api.service[94305]: DEBUG placement.objects.research_context [req-7d4a3cec-fd03-4d99-a862-48d406242e55 req-8463ccbe-9387-4a63-b1cb-8397c46460f1 service placement] found 2 providers with available 1 VCPU {{(pid=94305) get_provider_ids_matching /opt/stack/placement/placement/objects/research_context.py:549}}
Jul 16 18:04:38.246139 n-d-793619-10 devstack@placement-api.service[94305]: DEBUG placement.objects.research_context [req-7d4a3cec-fd03-4d99-a862-48d406242e55 req-8463ccbe-9387-4a63-b1cb-8397c46460f1 service placement] found 2 providers after filtering by previous result {{(pid=94305) get_provider_ids_matching /opt/stack/placement/placement/objects/research_context.py:580}}
Jul 16 18:04:38.260706 n-d-793619-10 devstack@placement-api.service[94305]: DEBUG placement.objects.allocation_candidate [req-7d4a3cec-fd03-4d99-a862-48d406242e55 req-8463ccbe-9387-4a63-b1cb-8397c46460f1 service placement] RequestGroup(use_same_provider=False, resources={DISK_GB:1, MEMORY_MB:1024, VCPU:1}, traits=[], aggregates=[]) (suffix '') returned 2 matches {{(pid=94305) _get_by_requests /opt/stack/placement/placement/objects/allocation_candidate.py:145}}
Jul 16 18:04:38.261961 n-d-793619-10 devstack@placement-api.service[94305]: DEBUG placement.objects.allocation_candidate [req-7d4a3cec-fd03-4d99-a862-48d406242e55 req-8463ccbe-9387-4a63-b1cb-8397c46460f1 service placement] Merging candidates yields 2 allocation requests and 2 provider summaries {{(pid=94305) _merge_candidates /opt/stack/placement/placement/objects/allocation_candidate.py:783}}
Jul 16 18:04:38.266357 n-d-793619-10 devstack@placement-api.service[94305]: INFO placement.requestlog [req-7d4a3cec-fd03-4d99-a862-48d406242e55 req-8463ccbe-9387-4a63-b1cb-8397c46460f1 service placement] 10.222.0.60 "GET /placement/allocation_candidates?limit=1000&resources=DISK_GB%3A1%2CMEMORY_MB%3A1024%2CVCPU%3A1&root_required=%21COMPUTE_STATUS_DISABLED" status: 200 len: 1309 microversion: 1.35
Jul 16 18:04:38.266714 n-d-793619-10 devstack@placement-api.service[94305]: [pid: 94305|app: 0|req: 93/183] 10.222.0.60 () {60 vars in 1507 bytes} [Fri Jul 16 18:04:38 2021] GET /placement/allocation_candidates?limit=1000&resources=DISK_GB%3A1%2CMEMORY_MB%3A1024%2CVCPU%3A1&root_required=%21COMPUTE_STATUS_DISABLED => generated 1309 bytes in 173 msecs (HTTP/1.1 200) 8 headers in 297 bytes (1 switches on core 0)
Jul 16 18:04:38.331712 n-d-793619-10 devstack@placement-api.service[94306]: DEBUG placement.requestlog [req-7d4a3cec-fd03-4d99-a862-48d406242e55 req-fcbf5052-2054-47a8-9a9b-063be2444d20 None None] Starting request: 10.222.0.60 "GET /placement/allocations/fd557375-45d0-4c1e-94b1-5b42aa7c2863" {{(pid=94306) __call__ /opt/stack/placement/placement/requestlog.py:55}}
Jul 16 18:04:38.344230 n-d-793619-10 devstack@placement-api.service[94306]: INFO placement.requestlog [req-7d4a3cec-fd03-4d99-a862-48d406242e55 req-fcbf5052-2054-47a8-9a9b-063be2444d20 service placement] 10.222.0.60 "GET /placement/allocations/fd557375-45d0-4c1e-94b1-5b42aa7c2863" status: 200 len: 19 microversion: 1.28
Jul 16 18:04:38.344667 n-d-793619-10 devstack@placement-api.service[94306]: [pid: 94306|app: 0|req: 91/184] 10.222.0.60 () {60 vars in 1381 bytes} [Fri Jul 16 18:04:38 2021] GET /placement/allocations/fd557375-45d0-4c1e-94b1-5b42aa7c2863 => generated 19 bytes in 13 msecs (HTTP/1.1 200) 8 headers in 295 bytes (1 switches on core 0)
Jul 16 18:04:38.352565 n-d-793619-10 devstack@placement-api.service[94305]: DEBUG placement.requestlog [req-7d4a3cec-fd03-4d99-a862-48d406242e55 req-c612f5c1-c05a-4ecf-9dcb-4606b29e53ec None None] Starting request: 10.222.0.60 "PUT /placement/allocations/fd557375-45d0-4c1e-94b1-5b42aa7c2863" {{(pid=94305) __call__ /opt/stack/placement/placement/requestlog.py:55}}
Jul 16 18:04:38.421550 n-d-793619-10 devstack@placement-api.service[94305]: DEBUG placement.handlers.allocation [req-7d4a3cec-fd03-4d99-a862-48d406242e55 req-c612f5c1-c05a-4ecf-9dcb-4606b29e53ec service placement] Successfully wrote allocations [, , ] {{(pid=94305) _create_allocations /opt/stack/placement/placement/handlers/allocation.py:435}}
Jul 16 18:04:38.422282 n-d-793619-10 devstack@placement-api.service[94305]: INFO placement.requestlog [req-7d4a3cec-fd03-4d99-a862-48d406242e55 req-c612f5c1-c05a-4ecf-9dcb-4606b29e53ec service placement] 10.222.0.60 "PUT /placement/allocations/fd557375-45d0-4c1e-94b1-5b42aa7c2863" status: 204 len: 0 microversion: 1.35
Jul 16 18:04:38.423017 n-d-793619-10 devstack@placement-api.service[94305]: [pid: 94305|app: 0|req: 94/185] 10.222.0.60 () {64 vars in 1434 bytes} [Fri Jul 16 18:04:38 2021] PUT /placement/allocations/fd557375-45d0-4c1e-94b1-5b42aa7c2863 => generated 0 bytes in 71 msecs (HTTP/1.1 204) 5 headers in 199 bytes (2 switches on core 0)
Jul 16 18:04:38.920752 n-d-793619-10 devstack@placement-api.service[94306]: DEBUG placement.requestlog [req-7d4a3cec-fd03-4d99-a862-48d406242e55 req-d8ae6abb-1e83-4f10-af71-00cfbd055576 None None] Starting request: 10.222.0.45 "GET /placement/allocations/fd557375-45d0-4c1e-94b1-5b42aa7c2863" {{(pid=94306) __call__ /opt/stack/placement/placement/requestlog.py:55}}
Jul 16 18:04:38.938776 n-d-793619-10 devstack@placement-api.service[94306]: INFO placement.requestlog [req-7d4a3cec-fd03-4d99-a862-48d406242e55 req-d8ae6abb-1e83-4f10-af71-00cfbd055576 service placement] 10.222.0.45 "GET /placement/allocations/fd557375-45d0-4c1e-94b1-5b42aa7c2863" status: 200 len: 259 microversion: 1.28
Jul 16 18:04:38.939089 n-d-793619-10 devstack@placement-api.service[94306]: [pid: 94306|app: 0|req: 92/186] 10.222.0.45 () {60 vars in 1378 bytes} [Fri Jul 16 18:04:38 2021] GET /placement/allocations/fd557375-45d0-4c1e-94b1-5b42aa7c2863 => generated 259 bytes in 19 msecs (HTTP/1.1 200) 8 headers in 296 bytes (1 switches on core 0)
Jul 16 18:04:46.412496 n-d-793619-10 devstack@placement-api.service[94305]: DEBUG placement.requestlog [req-1f256806-601c-43c8-a391-9cd712fe3c08 req-e22ba443-e9a9-4336-8c92-009b3f49d599 None None] Starting request: 10.222.0.60 "GET /placement/allocation_candidates?limit=1000&resources=DISK_GB%3A1%2CMEMORY_MB%3A1024%2CVCPU%3A1&root_required=%21COMPUTE_STATUS_DISABLED" {{(pid=94305) __call__ /opt/stack/placement/placement/requestlog.py:55}}
Jul 16 18:04:46.445156 n-d-793619-10 devstack@placement-api.service[94305]: DEBUG placement.objects.research_context [req-1f256806-601c-43c8-a391-9cd712fe3c08 req-e22ba443-e9a9-4336-8c92-009b3f49d599 service placement] getting providers with 1 DISK_GB {{(pid=94305) __init__ /opt/stack/placement/placement/objects/research_context.py:126}}
Jul 16 18:04:46.453611 n-d-793619-10 devstack@placement-api.service[94305]: DEBUG placement.objects.research_context [req-1f256806-601c-43c8-a391-9cd712fe3c08 req-e22ba443-e9a9-4336-8c92-009b3f49d599 service placement] getting providers with 1024 MEMORY_MB {{(pid=94305) __init__ /opt/stack/placement/placement/objects/research_context.py:126}}
Jul 16 18:04:46.460785 n-d-793619-10 devstack@placement-api.service[94305]: DEBUG placement.objects.research_context [req-1f256806-601c-43c8-a391-9cd712fe3c08 req-e22ba443-e9a9-4336-8c92-009b3f49d599 service placement] getting providers with 1 VCPU {{(pid=94305) __init__ /opt/stack/placement/placement/objects/research_context.py:126}}
Jul 16 18:04:46.468553 n-d-793619-10 devstack@placement-api.service[94305]: DEBUG placement.objects.research_context [req-1f256806-601c-43c8-a391-9cd712fe3c08 req-e22ba443-e9a9-4336-8c92-009b3f49d599 service placement] found 2 providers with available 1 DISK_GB {{(pid=94305) get_provider_ids_matching /opt/stack/placement/placement/objects/research_context.py:549}}
Jul 16 18:04:46.468820 n-d-793619-10 devstack@placement-api.service[94305]: DEBUG placement.objects.research_context [req-1f256806-601c-43c8-a391-9cd712fe3c08 req-e22ba443-e9a9-4336-8c92-009b3f49d599 service placement] found 2 providers with available 1024 MEMORY_MB {{(pid=94305) get_provider_ids_matching /opt/stack/placement/placement/objects/research_context.py:549}}
Jul 16 18:04:46.469100 n-d-793619-10 devstack@placement-api.service[94305]: DEBUG placement.objects.research_context [req-1f256806-601c-43c8-a391-9cd712fe3c08 req-e22ba443-e9a9-4336-8c92-009b3f49d599 service placement] found 2 providers after filtering by previous result {{(pid=94305) get_provider_ids_matching /opt/stack/placement/placement/objects/research_context.py:580}}
Jul 16 18:04:46.469360 n-d-793619-10 devstack@placement-api.service[94305]: DEBUG placement.objects.research_context [req-1f256806-601c-43c8-a391-9cd712fe3c08 req-e22ba443-e9a9-4336-8c92-009b3f49d599 service placement] found 2 providers with available 1 VCPU {{(pid=94305) get_provider_ids_matching /opt/stack/placement/placement/objects/research_context.py:549}}
Jul 16 18:04:46.469631 n-d-793619-10 devstack@placement-api.service[94305]: DEBUG placement.objects.research_context [req-1f256806-601c-43c8-a391-9cd712fe3c08 req-e22ba443-e9a9-4336-8c92-009b3f49d599 service placement] found 2 providers after filtering by previous result {{(pid=94305) get_provider_ids_matching /opt/stack/placement/placement/objects/research_context.py:580}}
Jul 16 18:04:46.493719 n-d-793619-10 devstack@placement-api.service[94305]: DEBUG placement.objects.allocation_candidate [req-1f256806-601c-43c8-a391-9cd712fe3c08 req-e22ba443-e9a9-4336-8c92-009b3f49d599 service placement] RequestGroup(use_same_provider=False, resources={DISK_GB:1, MEMORY_MB:1024, VCPU:1}, traits=[], aggregates=[]) (suffix '') returned 2 matches {{(pid=94305) _get_by_requests /opt/stack/placement/placement/objects/allocation_candidate.py:145}}
Jul 16 18:04:46.497143 n-d-793619-10 devstack@placement-api.service[94305]: DEBUG placement.objects.allocation_candidate [req-1f256806-601c-43c8-a391-9cd712fe3c08 req-e22ba443-e9a9-4336-8c92-009b3f49d599 service placement] Merging candidates yields 2 allocation requests and 2 provider summaries {{(pid=94305) _merge_candidates /opt/stack/placement/placement/objects/allocation_candidate.py:783}}
Jul 16 18:04:46.499648 n-d-793619-10 devstack@placement-api.service[94305]: INFO placement.requestlog [req-1f256806-601c-43c8-a391-9cd712fe3c08 req-e22ba443-e9a9-4336-8c92-009b3f49d599 service placement] 10.222.0.60 "GET /placement/allocation_candidates?limit=1000&resources=DISK_GB%3A1%2CMEMORY_MB%3A1024%2CVCPU%3A1&root_required=%21COMPUTE_STATUS_DISABLED" status: 200 len: 1309 microversion: 1.35
Jul 16 18:04:46.500353 n-d-793619-10 devstack@placement-api.service[94305]: [pid: 94305|app: 0|req: 95/187] 10.222.0.60 () {60 vars in 1507 bytes} [Fri Jul 16 18:04:46 2021] GET /placement/allocation_candidates?limit=1000&resources=DISK_GB%3A1%2CMEMORY_MB%3A1024%2CVCPU%3A1&root_required=%21COMPUTE_STATUS_DISABLED => generated 1309 bytes in 88 msecs (HTTP/1.1 200) 8 headers in 297 bytes (1 switches on core 0)
Jul 16 18:04:46.578304 n-d-793619-10 devstack@placement-api.service[94306]: DEBUG placement.requestlog [req-1f256806-601c-43c8-a391-9cd712fe3c08 req-d942a4c7-91b2-41bc-983b-17c1f1dfe60b None None] Starting request: 10.222.0.60 "GET /placement/allocations/1d68d33b-52d2-4d04-af5c-c09db7391e56" {{(pid=94306) __call__ /opt/stack/placement/placement/requestlog.py:55}}
Jul 16 18:04:46.590291 n-d-793619-10 devstack@placement-api.service[94306]: INFO placement.requestlog [req-1f256806-601c-43c8-a391-9cd712fe3c08 req-d942a4c7-91b2-41bc-983b-17c1f1dfe60b service placement] 10.222.0.60 "GET /placement/allocations/1d68d33b-52d2-4d04-af5c-c09db7391e56" status: 200 len: 19 microversion: 1.28
Jul 16 18:04:46.593214 n-d-793619-10 devstack@placement-api.service[94306]: [pid: 94306|app: 0|req: 93/188] 10.222.0.60 () {60 vars in 1381 bytes} [Fri Jul 16 18:04:46 2021] GET /placement/allocations/1d68d33b-52d2-4d04-af5c-c09db7391e56 => generated 19 bytes in 15 msecs (HTTP/1.1 200) 8 headers in 295 bytes (1 switches on core 0)
