Jun 02 17:54:53.989012 n-d-793618-2 devstack@placement-api.service[104640]: DEBUG placement.requestlog [req-fac0b94c-3b23-4f5d-ac2c-133ab43fbc0a req-87967a31-ffc3-4e15-96a0-0684ad4c5483 None None] Starting request: 10.222.0.25 "GET /placement/allocation_candidates?limit=1000&resources=DISK_GB%3A1%2CMEMORY_MB%3A1024%2CVCPU%3A1&root_required=%21COMPUTE_STATUS_DISABLED" {{(pid=104640) __call__ /opt/stack/placement/placement/requestlog.py:55}}
Jun 02 17:54:54.017686 n-d-793618-2 devstack@placement-api.service[104640]: DEBUG placement.objects.research_context [req-fac0b94c-3b23-4f5d-ac2c-133ab43fbc0a req-87967a31-ffc3-4e15-96a0-0684ad4c5483 service placement] getting providers with 1 DISK_GB {{(pid=104640) __init__ /opt/stack/placement/placement/objects/research_context.py:126}}
Jun 02 17:54:54.023909 n-d-793618-2 devstack@placement-api.service[104640]: DEBUG placement.objects.research_context [req-fac0b94c-3b23-4f5d-ac2c-133ab43fbc0a req-87967a31-ffc3-4e15-96a0-0684ad4c5483 service placement] getting providers with 1024 MEMORY_MB {{(pid=104640) __init__ /opt/stack/placement/placement/objects/research_context.py:126}}
Jun 02 17:54:54.030850 n-d-793618-2 devstack@placement-api.service[104640]: DEBUG placement.objects.research_context [req-fac0b94c-3b23-4f5d-ac2c-133ab43fbc0a req-87967a31-ffc3-4e15-96a0-0684ad4c5483 service placement] getting providers with 1 VCPU {{(pid=104640) __init__ /opt/stack/placement/placement/objects/research_context.py:126}}
Jun 02 17:54:54.037498 n-d-793618-2 devstack@placement-api.service[104640]: DEBUG placement.objects.research_context [req-fac0b94c-3b23-4f5d-ac2c-133ab43fbc0a req-87967a31-ffc3-4e15-96a0-0684ad4c5483 service placement] found 2 providers with available 1 DISK_GB {{(pid=104640) get_provider_ids_matching /opt/stack/placement/placement/objects/research_context.py:549}}
Jun 02 17:54:54.037991 n-d-793618-2 devstack@placement-api.service[104640]: DEBUG placement.objects.research_context [req-fac0b94c-3b23-4f5d-ac2c-133ab43fbc0a req-87967a31-ffc3-4e15-96a0-0684ad4c5483 service placement] found 2 providers with available 1024 MEMORY_MB {{(pid=104640) get_provider_ids_matching /opt/stack/placement/placement/objects/research_context.py:549}}
Jun 02 17:54:54.038413 n-d-793618-2 devstack@placement-api.service[104640]: DEBUG placement.objects.research_context [req-fac0b94c-3b23-4f5d-ac2c-133ab43fbc0a req-87967a31-ffc3-4e15-96a0-0684ad4c5483 service placement] found 2 providers after filtering by previous result {{(pid=104640) get_provider_ids_matching /opt/stack/placement/placement/objects/research_context.py:580}}
Jun 02 17:54:54.038823 n-d-793618-2 devstack@placement-api.service[104640]: DEBUG placement.objects.research_context [req-fac0b94c-3b23-4f5d-ac2c-133ab43fbc0a req-87967a31-ffc3-4e15-96a0-0684ad4c5483 service placement] found 2 providers with available 1 VCPU {{(pid=104640) get_provider_ids_matching /opt/stack/placement/placement/objects/research_context.py:549}}
Jun 02 17:54:54.039268 n-d-793618-2 devstack@placement-api.service[104640]: DEBUG placement.objects.research_context [req-fac0b94c-3b23-4f5d-ac2c-133ab43fbc0a req-87967a31-ffc3-4e15-96a0-0684ad4c5483 service placement] found 2 providers after filtering by previous result {{(pid=104640) get_provider_ids_matching /opt/stack/placement/placement/objects/research_context.py:580}}
Jun 02 17:54:54.053458 n-d-793618-2 devstack@placement-api.service[104640]: DEBUG placement.objects.allocation_candidate [req-fac0b94c-3b23-4f5d-ac2c-133ab43fbc0a req-87967a31-ffc3-4e15-96a0-0684ad4c5483 service placement] RequestGroup(use_same_provider=False, resources={DISK_GB:1, MEMORY_MB:1024, VCPU:1}, traits=[], aggregates=[]) (suffix '') returned 2 matches {{(pid=104640) _get_by_requests /opt/stack/placement/placement/objects/allocation_candidate.py:145}}
Jun 02 17:54:54.053821 n-d-793618-2 devstack@placement-api.service[104640]: DEBUG placement.objects.allocation_candidate [req-fac0b94c-3b23-4f5d-ac2c-133ab43fbc0a req-87967a31-ffc3-4e15-96a0-0684ad4c5483 service placement] Merging candidates yields 2 allocation requests and 2 provider summaries {{(pid=104640) _merge_candidates /opt/stack/placement/placement/objects/allocation_candidate.py:783}}
Jun 02 17:54:54.055528 n-d-793618-2 devstack@placement-api.service[104640]: INFO placement.requestlog [req-fac0b94c-3b23-4f5d-ac2c-133ab43fbc0a req-87967a31-ffc3-4e15-96a0-0684ad4c5483 service placement] 10.222.0.25 "GET /placement/allocation_candidates?limit=1000&resources=DISK_GB%3A1%2CMEMORY_MB%3A1024%2CVCPU%3A1&root_required=%21COMPUTE_STATUS_DISABLED" status: 200 len: 1310 microversion: 1.35
Jun 02 17:54:54.056424 n-d-793618-2 devstack@placement-api.service[104640]: [pid: 104640|app: 0|req: 159/314] 10.222.0.25 () {60 vars in 1506 bytes} [Wed Jun 2 17:54:53 2021] GET /placement/allocation_candidates?limit=1000&resources=DISK_GB%3A1%2CMEMORY_MB%3A1024%2CVCPU%3A1&root_required=%21COMPUTE_STATUS_DISABLED => generated 1310 bytes in 67 msecs (HTTP/1.1 200) 8 headers in 297 bytes (1 switches on core 0)
Jun 02 17:54:54.111820 n-d-793618-2 devstack@placement-api.service[104639]: DEBUG placement.requestlog [req-fac0b94c-3b23-4f5d-ac2c-133ab43fbc0a req-98265de4-c38f-46a8-ba98-b3cbd7e6f2f0 None None] Starting request: 10.222.0.25 "GET /placement/allocations/1cafe19a-0d3c-427a-a52f-4c19a261b12e" {{(pid=104639) __call__ /opt/stack/placement/placement/requestlog.py:55}}
Jun 02 17:54:54.123452 n-d-793618-2 devstack@placement-api.service[104639]: INFO placement.requestlog [req-fac0b94c-3b23-4f5d-ac2c-133ab43fbc0a req-98265de4-c38f-46a8-ba98-b3cbd7e6f2f0 service placement] 10.222.0.25 "GET /placement/allocations/1cafe19a-0d3c-427a-a52f-4c19a261b12e" status: 200 len: 19 microversion: 1.28
Jun 02 17:54:54.123671 n-d-793618-2 devstack@placement-api.service[104639]: [pid: 104639|app: 0|req: 156/315] 10.222.0.25 () {60 vars in 1380 bytes} [Wed Jun 2 17:54:54 2021] GET /placement/allocations/1cafe19a-0d3c-427a-a52f-4c19a261b12e => generated 19 bytes in 12 msecs (HTTP/1.1 200) 8 headers in 295 bytes (1 switches on core 0)
Jun 02 17:54:54.129571 n-d-793618-2 devstack@placement-api.service[104640]: DEBUG placement.requestlog [req-fac0b94c-3b23-4f5d-ac2c-133ab43fbc0a req-9613072e-21da-4d02-8a66-d183aed52a1a None None] Starting request: 10.222.0.25 "PUT /placement/allocations/1cafe19a-0d3c-427a-a52f-4c19a261b12e" {{(pid=104640) __call__ /opt/stack/placement/placement/requestlog.py:55}}
Jun 02 17:54:54.191994 n-d-793618-2 devstack@placement-api.service[104640]: DEBUG placement.handlers.allocation [req-fac0b94c-3b23-4f5d-ac2c-133ab43fbc0a req-9613072e-21da-4d02-8a66-d183aed52a1a service placement] Successfully wrote allocations [, , ] {{(pid=104640) _create_allocations /opt/stack/placement/placement/handlers/allocation.py:435}}
Jun 02 17:54:54.192540 n-d-793618-2 devstack@placement-api.service[104640]: INFO placement.requestlog [req-fac0b94c-3b23-4f5d-ac2c-133ab43fbc0a req-9613072e-21da-4d02-8a66-d183aed52a1a service placement] 10.222.0.25 "PUT /placement/allocations/1cafe19a-0d3c-427a-a52f-4c19a261b12e" status: 204 len: 0 microversion: 1.35
Jun 02 17:54:54.193081 n-d-793618-2 devstack@placement-api.service[104640]: [pid: 104640|app: 0|req: 160/316] 10.222.0.25 () {64 vars in 1433 bytes} [Wed Jun 2 17:54:54 2021] PUT /placement/allocations/1cafe19a-0d3c-427a-a52f-4c19a261b12e => generated 0 bytes in 64 msecs (HTTP/1.1 204) 5 headers in 199 bytes (1 switches on core 0)
Jun 02 17:54:54.609814 n-d-793618-2 devstack@placement-api.service[104639]: DEBUG placement.requestlog [req-fac0b94c-3b23-4f5d-ac2c-133ab43fbc0a req-922d3f17-bdff-4f32-adf8-022c0b0576c3 None None] Starting request: 10.222.0.38 "GET /placement/allocations/1cafe19a-0d3c-427a-a52f-4c19a261b12e" {{(pid=104639) __call__ /opt/stack/placement/placement/requestlog.py:55}}
Jun 02 17:54:54.624514 n-d-793618-2 devstack@placement-api.service[104639]: INFO placement.requestlog [req-fac0b94c-3b23-4f5d-ac2c-133ab43fbc0a req-922d3f17-bdff-4f32-adf8-022c0b0576c3 service placement] 10.222.0.38 "GET /placement/allocations/1cafe19a-0d3c-427a-a52f-4c19a261b12e" status: 200 len: 259 microversion: 1.28
Jun 02 17:54:54.625003 n-d-793618-2 devstack@placement-api.service[104639]: [pid: 104639|app: 0|req: 157/317] 10.222.0.38 () {60 vars in 1378 bytes} [Wed Jun 2 17:54:54 2021] GET /placement/allocations/1cafe19a-0d3c-427a-a52f-4c19a261b12e => generated 259 bytes in 15 msecs (HTTP/1.1 200) 8 headers in 296 bytes (1 switches on core 0)
Jun 02 17:54:55.181990 n-d-793618-2 devstack@placement-api.service[104640]: DEBUG placement.requestlog [req-0b37f27f-59b4-4726-b897-9dd5c3c7eb55 req-1cc1bdd4-ff07-486e-8bd3-2f8adcc5d1fc None None] Starting request: 10.222.0.25 "GET /placement/allocation_candidates?limit=1000&resources=DISK_GB%3A1%2CMEMORY_MB%3A1024%2CVCPU%3A1&root_required=%21COMPUTE_STATUS_DISABLED" {{(pid=104640) __call__ /opt/stack/placement/placement/requestlog.py:55}}
Jun 02 17:54:55.212062 n-d-793618-2 devstack@placement-api.service[104640]: DEBUG placement.objects.research_context [req-0b37f27f-59b4-4726-b897-9dd5c3c7eb55 req-1cc1bdd4-ff07-486e-8bd3-2f8adcc5d1fc service placement] getting providers with 1 DISK_GB {{(pid=104640) __init__ /opt/stack/placement/placement/objects/research_context.py:126}}
Jun 02 17:54:55.218457 n-d-793618-2 devstack@placement-api.service[104640]: DEBUG placement.objects.research_context [req-0b37f27f-59b4-4726-b897-9dd5c3c7eb55 req-1cc1bdd4-ff07-486e-8bd3-2f8adcc5d1fc service placement] getting providers with 1024 MEMORY_MB {{(pid=104640) __init__ /opt/stack/placement/placement/objects/research_context.py:126}}
Jun 02 17:54:55.224794 n-d-793618-2 devstack@placement-api.service[104640]: DEBUG placement.objects.research_context [req-0b37f27f-59b4-4726-b897-9dd5c3c7eb55 req-1cc1bdd4-ff07-486e-8bd3-2f8adcc5d1fc service placement] getting providers with 1 VCPU {{(pid=104640) __init__ /opt/stack/placement/placement/objects/research_context.py:126}}
Jun 02 17:54:55.230953 n-d-793618-2 devstack@placement-api.service[104640]: DEBUG placement.objects.research_context [req-0b37f27f-59b4-4726-b897-9dd5c3c7eb55 req-1cc1bdd4-ff07-486e-8bd3-2f8adcc5d1fc service placement] found 2 providers with available 1 DISK_GB {{(pid=104640) get_provider_ids_matching /opt/stack/placement/placement/objects/research_context.py:549}}
Jun 02 17:54:55.231284 n-d-793618-2 devstack@placement-api.service[104640]: DEBUG placement.objects.research_context [req-0b37f27f-59b4-4726-b897-9dd5c3c7eb55 req-1cc1bdd4-ff07-486e-8bd3-2f8adcc5d1fc service placement] found 2 providers with available 1024 MEMORY_MB {{(pid=104640) get_provider_ids_matching /opt/stack/placement/placement/objects/research_context.py:549}}
Jun 02 17:54:55.231758 n-d-793618-2 devstack@placement-api.service[104640]: DEBUG placement.objects.research_context [req-0b37f27f-59b4-4726-b897-9dd5c3c7eb55 req-1cc1bdd4-ff07-486e-8bd3-2f8adcc5d1fc service placement] found 2 providers after filtering by previous result {{(pid=104640) get_provider_ids_matching /opt/stack/placement/placement/objects/research_context.py:580}}
Jun 02 17:54:55.232206 n-d-793618-2 devstack@placement-api.service[104640]: DEBUG placement.objects.research_context [req-0b37f27f-59b4-4726-b897-9dd5c3c7eb55 req-1cc1bdd4-ff07-486e-8bd3-2f8adcc5d1fc service placement] found 2 providers with available 1 VCPU {{(pid=104640) get_provider_ids_matching /opt/stack/placement/placement/objects/research_context.py:549}}
Jun 02 17:54:55.232693 n-d-793618-2 devstack@placement-api.service[104640]: DEBUG placement.objects.research_context [req-0b37f27f-59b4-4726-b897-9dd5c3c7eb55 req-1cc1bdd4-ff07-486e-8bd3-2f8adcc5d1fc service placement] found 2 providers after filtering by previous result {{(pid=104640) get_provider_ids_matching /opt/stack/placement/placement/objects/research_context.py:580}}
Jun 02 17:54:55.245658 n-d-793618-2 devstack@placement-api.service[104640]: DEBUG placement.objects.allocation_candidate [req-0b37f27f-59b4-4726-b897-9dd5c3c7eb55 req-1cc1bdd4-ff07-486e-8bd3-2f8adcc5d1fc service placement] RequestGroup(use_same_provider=False, resources={DISK_GB:1, MEMORY_MB:1024, VCPU:1}, traits=[], aggregates=[]) (suffix '') returned 2 matches {{(pid=104640) _get_by_requests /opt/stack/placement/placement/objects/allocation_candidate.py:145}}
Jun 02 17:54:55.246446 n-d-793618-2 devstack@placement-api.service[104640]: DEBUG placement.objects.allocation_candidate [req-0b37f27f-59b4-4726-b897-9dd5c3c7eb55 req-1cc1bdd4-ff07-486e-8bd3-2f8adcc5d1fc service placement] Merging candidates yields 2 allocation requests and 2 provider summaries {{(pid=104640) _merge_candidates /opt/stack/placement/placement/objects/allocation_candidate.py:783}}
Jun 02 17:54:55.248185 n-d-793618-2 devstack@placement-api.service[104640]: INFO placement.requestlog [req-0b37f27f-59b4-4726-b897-9dd5c3c7eb55 req-1cc1bdd4-ff07-486e-8bd3-2f8adcc5d1fc service placement] 10.222.0.25 "GET /placement/allocation_candidates?limit=1000&resources=DISK_GB%3A1%2CMEMORY_MB%3A1024%2CVCPU%3A1&root_required=%21COMPUTE_STATUS_DISABLED" status: 200 len: 1312 microversion: 1.35
Jun 02 17:54:55.248948 n-d-793618-2 devstack@placement-api.service[104640]: [pid: 104640|app: 0|req: 161/318] 10.222.0.25 () {60 vars in 1506 bytes} [Wed Jun 2 17:54:55 2021] GET /placement/allocation_candidates?limit=1000&resources=DISK_GB%3A1%2CMEMORY_MB%3A1024%2CVCPU%3A1&root_required=%21COMPUTE_STATUS_DISABLED => generated 1312 bytes in 67 msecs (HTTP/1.1 200) 8 headers in 297 bytes (1 switches on core 0)
Jun 02 17:54:55.294196 n-d-793618-2 devstack@placement-api.service[104639]: DEBUG placement.requestlog [req-0b37f27f-59b4-4726-b897-9dd5c3c7eb55 req-86dd4b1f-43e3-405e-9c5c-3566769aa11d None None] Starting request: 10.222.0.25 "GET /placement/allocations/79d97478-e8f5-4710-a5ed-72f3af8fd68c" {{(pid=104639) __call__ /opt/stack/placement/placement/requestlog.py:55}}
Jun 02 17:54:55.305281 n-d-793618-2 devstack@placement-api.service[104639]: INFO placement.requestlog [req-0b37f27f-59b4-4726-b897-9dd5c3c7eb55 req-86dd4b1f-43e3-405e-9c5c-3566769aa11d service placement] 10.222.0.25 "GET /placement/allocations/79d97478-e8f5-4710-a5ed-72f3af8fd68c" status: 200 len: 19 microversion: 1.28
Jun 02 17:54:55.307267 n-d-793618-2 devstack@placement-api.service[104639]: [pid: 104639|app: 0|req: 158/319] 10.222.0.25 () {60 vars in 1380 bytes} [Wed Jun 2 17:54:55 2021] GET /placement/allocations/79d97478-e8f5-4710-a5ed-72f3af8fd68c => generated 19 bytes in 13 msecs (HTTP/1.1 200) 8 headers in 295 bytes (1 switches on core 0)
Jun 02 17:54:55.311148 n-d-793618-2 devstack@placement-api.service[104640]: DEBUG placement.requestlog [req-0b37f27f-59b4-4726-b897-9dd5c3c7eb55 req-e2d312b1-d9cc-491f-a63e-09234feae97f None None] Starting request: 10.222.0.25 "PUT /placement/allocations/79d97478-e8f5-4710-a5ed-72f3af8fd68c" {{(pid=104640) __call__ /opt/stack/placement/placement/requestlog.py:55}}
Jun 02 17:54:55.415201 n-d-793618-2 devstack@placement-api.service[104640]: DEBUG placement.handlers.allocation [req-0b37f27f-59b4-4726-b897-9dd5c3c7eb55 req-e2d312b1-d9cc-491f-a63e-09234feae97f service placement] Successfully wrote allocations [, , ] {{(pid=104640) _create_allocations /opt/stack/placement/placement/handlers/allocation.py:435}}
Jun 02 17:54:55.415734 n-d-793618-2 devstack@placement-api.service[104640]: INFO placement.requestlog [req-0b37f27f-59b4-4726-b897-9dd5c3c7eb55 req-e2d312b1-d9cc-491f-a63e-09234feae97f service placement] 10.222.0.25 "PUT /placement/allocations/79d97478-e8f5-4710-a5ed-72f3af8fd68c" status: 204 len: 0 microversion: 1.35
Jun 02 17:54:55.417134 n-d-793618-2 devstack@placement-api.service[104640]: [pid: 104640|app: 0|req: 162/320] 10.222.0.25 () {64 vars in 1433 bytes} [Wed Jun 2 17:54:55 2021] PUT /placement/allocations/79d97478-e8f5-4710-a5ed-72f3af8fd68c => generated 0 bytes in 106 msecs (HTTP/1.1 204) 5 headers in 199 bytes (1 switches on core 0)
Jun 02 17:54:55.714039 n-d-793618-2 devstack@placement-api.service[104639]: DEBUG placement.requestlog [req-0b37f27f-59b4-4726-b897-9dd5c3c7eb55 req-0de62f43-6ba8-40c9-b4fb-f31559cd6a63 None None] Starting request: 10.222.0.59 "GET /placement/allocations/79d97478-e8f5-4710-a5ed-72f3af8fd68c" {{(pid=104639) __call__ /opt/stack/placement/placement/requestlog.py:55}}
Jun 02 17:54:55.729579 n-d-793618-2 devstack@placement-api.service[104639]: INFO placement.requestlog [req-0b37f27f-59b4-4726-b897-9dd5c3c7eb55 req-0de62f43-6ba8-40c9-b4fb-f31559cd6a63 service placement] 10.222.0.59 "GET /placement/allocations/79d97478-e8f5-4710-a5ed-72f3af8fd68c" status: 200 len: 259 microversion: 1.28
Jun 02 17:54:55.729946 n-d-793618-2 devstack@placement-api.service[104639]: [pid: 104639|app: 0|req: 159/321] 10.222.0.59 () {60 vars in 1378 bytes} [Wed Jun 2 17:54:55 2021] GET /placement/allocations/79d97478-e8f5-4710-a5ed-72f3af8fd68c => generated 259 bytes in 16 msecs (HTTP/1.1 200) 8 headers in 296 bytes (1 switches on core 0)
Jun 02 17:54:59.917356 n-d-793618-2 devstack@placement-api.service[104640]: DEBUG placement.requestlog [req-e5fc7d2a-3fa5-471e-b159-f540a6924150 req-6807d17f-fb4b-407e-9c56-c4e6c752d49b None None] Starting request: 10.222.0.25 "GET /placement/allocation_candidates?resources=DISK_GB%3A1%2CMEMORY_MB%3A1024%2CVCPU%3A1&root_required=%21COMPUTE_STATUS_DISABLED" {{(pid=104640) __call__ /opt/stack/placement/placement/requestlog.py:55}}
Jun 02 17:54:59.959804 n-d-793618-2 devstack@placement-api.service[104640]: DEBUG placement.objects.research_context [req-e5fc7d2a-3fa5-471e-b159-f540a6924150 req-6807d17f-fb4b-407e-9c56-c4e6c752d49b service placement] getting providers with 1 DISK_GB {{(pid=104640) __init__ /opt/stack/placement/placement/objects/research_context.py:126}}
Jun 02 17:54:59.967248 n-d-793618-2 devstack@placement-api.service[104640]: DEBUG placement.objects.research_context [req-e5fc7d2a-3fa5-471e-b159-f540a6924150 req-6807d17f-fb4b-407e-9c56-c4e6c752d49b service placement] getting providers with 1024 MEMORY_MB {{(pid=104640) __init__ /opt/stack/placement/placement/objects/research_context.py:126}}
Jun 02 17:54:59.976888 n-d-793618-2 devstack@placement-api.service[104640]: DEBUG placement.objects.research_context [req-e5fc7d2a-3fa5-471e-b159-f540a6924150 req-6807d17f-fb4b-407e-9c56-c4e6c752d49b service placement] getting providers with 1 VCPU {{(pid=104640) __init__ /opt/stack/placement/placement/objects/research_context.py:126}}
Jun 02 17:54:59.988285 n-d-793618-2 devstack@placement-api.service[104640]: DEBUG placement.objects.research_context [req-e5fc7d2a-3fa5-471e-b159-f540a6924150 req-6807d17f-fb4b-407e-9c56-c4e6c752d49b service placement] found 2 providers with available 1 DISK_GB {{(pid=104640) get_provider_ids_matching /opt/stack/placement/placement/objects/research_context.py:549}}
Jun 02 17:54:59.988759 n-d-793618-2 devstack@placement-api.service[104640]: DEBUG placement.objects.research_context [req-e5fc7d2a-3fa5-471e-b159-f540a6924150 req-6807d17f-fb4b-407e-9c56-c4e6c752d49b service placement] found 2 providers with available 1024 MEMORY_MB {{(pid=104640) get_provider_ids_matching /opt/stack/placement/placement/objects/research_context.py:549}}
Jun 02 17:54:59.989500 n-d-793618-2 devstack@placement-api.service[104640]: DEBUG placement.objects.research_context [req-e5fc7d2a-3fa5-471e-b159-f540a6924150 req-6807d17f-fb4b-407e-9c56-c4e6c752d49b service placement] found 2 providers after filtering by previous result {{(pid=104640) get_provider_ids_matching /opt/stack/placement/placement/objects/research_context.py:580}}
Jun 02 17:54:59.989918 n-d-793618-2 devstack@placement-api.service[104640]: DEBUG placement.objects.research_context [req-e5fc7d2a-3fa5-471e-b159-f540a6924150 req-6807d17f-fb4b-407e-9c56-c4e6c752d49b service placement] found 2 providers with available 1 VCPU {{(pid=104640) get_provider_ids_matching /opt/stack/placement/placement/objects/research_context.py:549}}
Jun 02 17:54:59.990398 n-d-793618-2 devstack@placement-api.service[104640]: DEBUG placement.objects.research_context [req-e5fc7d2a-3fa5-471e-b159-f540a6924150 req-6807d17f-fb4b-407e-9c56-c4e6c752d49b service placement] found 2 providers after filtering by previous result {{(pid=104640) get_provider_ids_matching /opt/stack/placement/placement/objects/research_context.py:580}}
Jun 02 17:55:00.009532 n-d-793618-2 devstack@placement-api.service[104640]: DEBUG placement.objects.allocation_candidate [req-e5fc7d2a-3fa5-471e-b159-f540a6924150 req-6807d17f-fb4b-407e-9c56-c4e6c752d49b service placement] RequestGroup(use_same_provider=False, resources={DISK_GB:1, MEMORY_MB:1024, VCPU:1}, traits=[], aggregates=[]) (suffix '') returned 2 matches {{(pid=104640) _get_by_requests /opt/stack/placement/placement/objects/allocation_candidate.py:145}}
Jun 02 17:55:00.010030 n-d-793618-2 devstack@placement-api.service[104640]: DEBUG placement.objects.allocation_candidate [req-e5fc7d2a-3fa5-471e-b159-f540a6924150 req-6807d17f-fb4b-407e-9c56-c4e6c752d49b service placement] Merging candidates yields 2 allocation requests and 2 provider summaries {{(pid=104640) _merge_candidates /opt/stack/placement/placement/objects/allocation_candidate.py:783}}
Jun 02 17:55:00.011600 n-d-793618-2 devstack@placement-api.service[104640]: INFO placement.requestlog [req-e5fc7d2a-3fa5-471e-b159-f540a6924150 req-6807d17f-fb4b-407e-9c56-c4e6c752d49b service placement] 10.222.0.25 "GET /placement/allocation_candidates?resources=DISK_GB%3A1%2CMEMORY_MB%3A1024%2CVCPU%3A1&root_required=%21COMPUTE_STATUS_DISABLED" status: 200 len: 1314 microversion: 1.35
Jun 02 17:55:00.012291 n-d-793618-2 devstack@placement-api.service[104640]: [pid: 104640|app: 0|req: 163/322] 10.222.0.25 () {60 vars in 1484 bytes} [Wed Jun 2 17:54:59 2021] GET /placement/allocation_candidates?resources=DISK_GB%3A1%2CMEMORY_MB%3A1024%2CVCPU%3A1&root_required=%21COMPUTE_STATUS_DISABLED => generated 1314 bytes in 95 msecs (HTTP/1.1 200) 8 headers in 297 bytes (1 switches on core 0)
Jun 02 17:55:00.079674 n-d-793618-2 devstack@placement-api.service[104639]: DEBUG placement.requestlog [req-e5fc7d2a-3fa5-471e-b159-f540a6924150 req-fb65b595-b957-451f-957b-8425dbe9bf64 None None] Starting request: 10.222.0.25 "GET /placement/allocations/b6d3336a-96fc-4bd3-8410-a6ec583a6161" {{(pid=104639) __call__ /opt/stack/placement/placement/requestlog.py:55}}
Jun 02 17:55:00.092827 n-d-793618-2 devstack@placement-api.service[104639]: INFO placement.requestlog [req-e5fc7d2a-3fa5-471e-b159-f540a6924150 req-fb65b595-b957-451f-957b-8425dbe9bf64 service placement] 10.222.0.25 "GET /placement/allocations/b6d3336a-96fc-4bd3-8410-a6ec583a6161" status: 200 len: 19 microversion: 1.28
Jun 02 17:55:00.098544 n-d-793618-2 devstack@placement-api.service[104639]: [pid: 104639|app: 0|req: 160/323] 10.222.0.25 () {60 vars in 1380 bytes} [Wed Jun 2 17:55:00 2021] GET /placement/allocations/b6d3336a-96fc-4bd3-8410-a6ec583a6161 => generated 19 bytes in 19 msecs (HTTP/1.1 200) 8 headers in 295 bytes (1 switches on core 0)
Jun 02 17:55:00.100365 n-d-793618-2 devstack@placement-api.service[104640]: DEBUG placement.requestlog [req-e5fc7d2a-3fa5-471e-b159-f540a6924150 req-4c1ff365-7a9d-446a-908c-a1fa6b4a9f44 None None] Starting request: 10.222.0.25 "PUT /placement/allocations/b6d3336a-96fc-4bd3-8410-a6ec583a6161" {{(pid=104640) __call__ /opt/stack/placement/placement/requestlog.py:55}}
Jun 02 17:55:00.159204 n-d-793618-2 devstack@placement-api.service[104640]: DEBUG placement.handlers.allocation [req-e5fc7d2a-3fa5-471e-b159-f540a6924150 req-4c1ff365-7a9d-446a-908c-a1fa6b4a9f44 service placement] Successfully wrote allocations [, , ] {{(pid=104640) _create_allocations /opt/stack/placement/placement/handlers/allocation.py:435}}
Jun 02 17:55:00.159204 n-d-793618-2 devstack@placement-api.service[104640]: INFO placement.requestlog [req-e5fc7d2a-3fa5-471e-b159-f540a6924150 req-4c1ff365-7a9d-446a-908c-a1fa6b4a9f44 service placement] 10.222.0.25 "PUT /placement/allocations/b6d3336a-96fc-4bd3-8410-a6ec583a6161" status: 204 len: 0 microversion: 1.35
Jun 02 17:55:00.159916 n-d-793618-2 devstack@placement-api.service[104640]: [pid: 104640|app: 0|req: 164/324] 10.222.0.25 () {64 vars in 1433 bytes} [Wed Jun 2 17:55:00 2021] PUT /placement/allocations/b6d3336a-96fc-4bd3-8410-a6ec583a6161 => generated 0 bytes in 60 msecs (HTTP/1.1 204) 5 headers in 199 bytes (1 switches on core 0)
Jun 02 17:55:00.565443 n-d-793618-2 devstack@placement-api.service[104639]: DEBUG placement.requestlog [req-e5fc7d2a-3fa5-471e-b159-f540a6924150 req-9aacf3a7-2c7a-44c5-ae0f-c607fd97b36a None None] Starting request: 10.222.0.38 "GET /placement/allocations/b6d3336a-96fc-4bd3-8410-a6ec583a6161" {{(pid=104639) __call__ /opt/stack/placement/placement/requestlog.py:55}}
Jun 02 17:55:00.583985 n-d-793618-2 devstack@placement-api.service[104639]: INFO placement.requestlog [req-e5fc7d2a-3fa5-471e-b159-f540a6924150 req-9aacf3a7-2c7a-44c5-ae0f-c607fd97b36a service placement] 10.222.0.38 "GET /placement/allocations/b6d3336a-96fc-4bd3-8410-a6ec583a6161" status: 200 len: 259 microversion: 1.28
Jun 02 17:55:00.586388 n-d-793618-2 devstack@placement-api.service[104639]: [pid: 104639|app: 0|req: 161/325] 10.222.0.38 () {60 vars in 1378 bytes} [Wed Jun 2 17:55:00 2021] GET /placement/allocations/b6d3336a-96fc-4bd3-8410-a6ec583a6161 => generated 259 bytes in 21 msecs (HTTP/1.1 200) 8 headers in 296 bytes (1 switches on core 0)
Jun 02 17:55:09.730507 n-d-793618-2 devstack@placement-api.service[104640]: DEBUG placement.requestlog [req-7f7427db-b20f-4ae5-aadc-cf39a96f3c5c req-b5ea20a1-fe66-4f5e-8a00-076013c89934 None None] Starting request: 10.222.0.25 "GET /placement/allocation_candidates?limit=1000&resources=DISK_GB%3A1%2CMEMORY_MB%3A1024%2CVCPU%3A1&root_required=%21COMPUTE_STATUS_DISABLED" {{(pid=104640) __call__ /opt/stack/placement/placement/requestlog.py:55}}
Jun 02 17:55:09.784291 n-d-793618-2 devstack@placement-api.service[104640]: DEBUG placement.objects.research_context [req-7f7427db-b20f-4ae5-aadc-cf39a96f3c5c req-b5ea20a1-fe66-4f5e-8a00-076013c89934 service placement] getting providers with 1 DISK_GB {{(pid=104640) __init__ /opt/stack/placement/placement/objects/research_context.py:126}}
Jun 02 17:55:09.790105 n-d-793618-2 devstack@placement-api.service[104640]: DEBUG placement.objects.research_context [req-7f7427db-b20f-4ae5-aadc-cf39a96f3c5c req-b5ea20a1-fe66-4f5e-8a00-076013c89934 service placement] getting providers with 1024 MEMORY_MB {{(pid=104640) __init__ /opt/stack/placement/placement/objects/research_context.py:126}}
Jun 02 17:55:09.803845 n-d-793618-2 devstack@placement-api.service[104640]: DEBUG placement.objects.research_context [req-7f7427db-b20f-4ae5-aadc-cf39a96f3c5c req-b5ea20a1-fe66-4f5e-8a00-076013c89934 service placement] getting providers with 1 VCPU {{(pid=104640) __init__ /opt/stack/placement/placement/objects/research_context.py:126}}
Jun 02 17:55:09.820118 n-d-793618-2 devstack@placement-api.service[104640]: DEBUG placement.objects.research_context [req-7f7427db-b20f-4ae5-aadc-cf39a96f3c5c req-b5ea20a1-fe66-4f5e-8a00-076013c89934 service placement] found 2 providers with available 1 DISK_GB {{(pid=104640) get_provider_ids_matching /opt/stack/placement/placement/objects/research_context.py:549}}
Jun 02 17:55:09.820696 n-d-793618-2 devstack@placement-api.service[104640]: DEBUG placement.objects.research_context [req-7f7427db-b20f-4ae5-aadc-cf39a96f3c5c req-b5ea20a1-fe66-4f5e-8a00-076013c89934 service placement] found 2 providers with available 1024 MEMORY_MB {{(pid=104640) get_provider_ids_matching /opt/stack/placement/placement/objects/research_context.py:549}}
Jun 02 17:55:09.821135 n-d-793618-2 devstack@placement-api.service[104640]: DEBUG placement.objects.research_context [req-7f7427db-b20f-4ae5-aadc-cf39a96f3c5c req-b5ea20a1-fe66-4f5e-8a00-076013c89934 service placement] found 2 providers after filtering by previous result {{(pid=104640) get_provider_ids_matching /opt/stack/placement/placement/objects/research_context.py:580}}
Jun 02 17:55:09.821555 n-d-793618-2 devstack@placement-api.service[104640]: DEBUG placement.objects.research_context [req-7f7427db-b20f-4ae5-aadc-cf39a96f3c5c req-b5ea20a1-fe66-4f5e-8a00-076013c89934 service placement] found 2 providers with available 1 VCPU {{(pid=104640) get_provider_ids_matching /opt/stack/placement/placement/objects/research_context.py:549}}
Jun 02 17:55:09.821976 n-d-793618-2 devstack@placement-api.service[104640]: DEBUG placement.objects.research_context [req-7f7427db-b20f-4ae5-aadc-cf39a96f3c5c req-b5ea20a1-fe66-4f5e-8a00-076013c89934 service placement] found 2 providers after filtering by previous result {{(pid=104640) get_provider_ids_matching /opt/stack/placement/placement/objects/research_context.py:580}}
Jun 02 17:55:09.844983 n-d-793618-2 devstack@placement-api.service[104640]: DEBUG placement.objects.allocation_candidate [req-7f7427db-b20f-4ae5-aadc-cf39a96f3c5c req-b5ea20a1-fe66-4f5e-8a00-076013c89934 service placement] RequestGroup(use_same_provider=False, resources={DISK_GB:1, MEMORY_MB:1024, VCPU:1}, traits=[], aggregates=[]) (suffix '') returned 2 matches {{(pid=104640) _get_by_requests /opt/stack/placement/placement/objects/allocation_candidate.py:145}}
Jun 02 17:55:09.846057 n-d-793618-2 devstack@placement-api.service[104640]: DEBUG placement.objects.allocation_candidate [req-7f7427db-b20f-4ae5-aadc-cf39a96f3c5c req-b5ea20a1-fe66-4f5e-8a00-076013c89934 service placement] Merging candidates yields 2 allocation requests and 2 provider summaries {{(pid=104640) _merge_candidates /opt/stack/placement/placement/objects/allocation_candidate.py:783}}
Jun 02 17:55:09.847652 n-d-793618-2 devstack@placement-api.service[104640]: INFO placement.requestlog [req-7f7427db-b20f-4ae5-aadc-cf39a96f3c5c req-b5ea20a1-fe66-4f5e-8a00-076013c89934 service placement] 10.222.0.25 "GET /placement/allocation_candidates?limit=1000&resources=DISK_GB%3A1%2CMEMORY_MB%3A1024%2CVCPU%3A1&root_required=%21COMPUTE_STATUS_DISABLED" status: 200 len: 1314 microversion: 1.35
Jun 02 17:55:09.854552 n-d-793618-2 devstack@placement-api.service[104640]: [pid: 104640|app: 0|req: 165/326] 10.222.0.25 () {60 vars in 1506 bytes} [Wed Jun 2 17:55:09 2021] GET /placement/allocation_candidates?limit=1000&resources=DISK_GB%3A1%2CMEMORY_MB%3A1024%2CVCPU%3A1&root_required=%21COMPUTE_STATUS_DISABLED => generated 1314 bytes in 124 msecs (HTTP/1.1 200) 8 headers in 297 bytes (1 switches on core 0)
Jun 02 17:55:09.956411 n-d-793618-2 devstack@placement-api.service[104639]: DEBUG placement.requestlog [req-7f7427db-b20f-4ae5-aadc-cf39a96f3c5c req-88e6808f-b4ad-473f-95d1-29258c2041cf None None] Starting request: 10.222.0.25 "GET /placement/allocations/f12ce67b-db42-499d-8e11-64b7e3563283" {{(pid=104639) __call__ /opt/stack/placement/placement/requestlog.py:55}}
Jun 02 17:55:09.973854 n-d-793618-2 devstack@placement-api.service[104639]: INFO placement.requestlog [req-7f7427db-b20f-4ae5-aadc-cf39a96f3c5c req-88e6808f-b4ad-473f-95d1-29258c2041cf service placement] 10.222.0.25 "GET /placement/allocations/f12ce67b-db42-499d-8e11-64b7e3563283" status: 200 len: 19 microversion: 1.28
Jun 02 17:55:09.981344 n-d-793618-2 devstack@placement-api.service[104639]: [pid: 104639|app: 0|req: 162/327] 10.222.0.25 () {60 vars in 1380 bytes} [Wed Jun 2 17:55:09 2021] GET /placement/allocations/f12ce67b-db42-499d-8e11-64b7e3563283 => generated 19 bytes in 25 msecs (HTTP/1.1 200) 8 headers in 295 bytes (1 switches on core 0)
Jun 02 17:55:09.986872 n-d-793618-2 devstack@placement-api.service[104640]: DEBUG placement.requestlog [req-7f7427db-b20f-4ae5-aadc-cf39a96f3c5c req-42fbbaa8-7dc5-4d93-8c87-303ebbf6a896 None None] Starting request: 10.222.0.25 "PUT /placement/allocations/f12ce67b-db42-499d-8e11-64b7e3563283" {{(pid=104640) __call__ /opt/stack/placement/placement/requestlog.py:55}}
Jun 02 17:55:10.071467 n-d-793618-2 devstack@placement-api.service[104640]: DEBUG placement.handlers.allocation [req-7f7427db-b20f-4ae5-aadc-cf39a96f3c5c req-42fbbaa8-7dc5-4d93-8c87-303ebbf6a896 service placement] Successfully wrote allocations [, , ] {{(pid=104640) _create_allocations /opt/stack/placement/placement/handlers/allocation.py:435}}
Jun 02 17:55:10.072024 n-d-793618-2 devstack@placement-api.service[104640]: INFO placement.requestlog [req-7f7427db-b20f-4ae5-aadc-cf39a96f3c5c req-42fbbaa8-7dc5-4d93-8c87-303ebbf6a896 service placement] 10.222.0.25 "PUT /placement/allocations/f12ce67b-db42-499d-8e11-64b7e3563283" status: 204 len: 0 microversion: 1.35
Jun 02 17:55:10.072670 n-d-793618-2 devstack@placement-api.service[104640]: [pid: 104640|app: 0|req: 166/328] 10.222.0.25 () {64 vars in 1433 bytes} [Wed Jun 2 17:55:09 2021] PUT /placement/allocations/f12ce67b-db42-499d-8e11-64b7e3563283 => generated 0 bytes in 86 msecs (HTTP/1.1 204) 5 headers in 199 bytes (1 switches on core 0)
Jun 02 17:55:10.630780 n-d-793618-2 devstack@placement-api.service[104639]: DEBUG placement.requestlog [req-7f7427db-b20f-4ae5-aadc-cf39a96f3c5c req-57f879da-0ae0-4b55-99d6-10b5c4ff37bb None None] Starting request: 10.222.0.59 "GET /placement/allocations/f12ce67b-db42-499d-8e11-64b7e3563283" {{(pid=104639) __call__ /opt/stack/placement/placement/requestlog.py:55}}
Jun 02 17:55:10.657643 n-d-793618-2 devstack@placement-api.service[104639]: INFO placement.requestlog [req-7f7427db-b20f-4ae5-aadc-cf39a96f3c5c req-57f879da-0ae0-4b55-99d6-10b5c4ff37bb service placement] 10.222.0.59 "GET /placement/allocations/f12ce67b-db42-499d-8e11-64b7e3563283" status: 200 len: 259 microversion: 1.28
Jun 02 17:55:10.658487 n-d-793618-2 devstack@placement-api.service[104639]: [pid: 104639|app: 0|req: 163/329] 10.222.0.59 () {60 vars in 1378 bytes} [Wed Jun 2 17:55:10 2021] GET /placement/allocations/f12ce67b-db42-499d-8e11-64b7e3563283 => generated 259 bytes in 28 msecs (HTTP/1.1 200) 8 headers in 296 bytes (1 switches on core 0)
Jun 02 17:55:11.060694 n-d-793618-2 devstack@placement-api.service[104640]: DEBUG placement.requestlog [req-ad492022-af61-49d4-86f7-b4680fb0446f req-8373d8e9-2a71-4b2e-bc80-2d732419442a None None] Starting request: 10.222.0.38 "GET /placement/allocations/3e1d371a-37b3-4943-97d4-5650f4cf5414" {{(pid=104640) __call__ /opt/stack/placement/placement/requestlog.py:55}}
Jun 02 17:55:11.078622 n-d-793618-2 devstack@placement-api.service[104640]: INFO placement.requestlog [req-ad492022-af61-49d4-86f7-b4680fb0446f req-8373d8e9-2a71-4b2e-bc80-2d732419442a service placement] 10.222.0.38 "GET /placement/allocations/3e1d371a-37b3-4943-97d4-5650f4cf5414" status: 200 len: 259 microversion: 1.28
Jun 02 17:55:11.079779 n-d-793618-2 devstack@placement-api.service[104640]: [pid: 104640|app: 0|req: 167/330] 10.222.0.38 () {60 vars in 1378 bytes} [Wed Jun 2 17:55:11 2021] GET /placement/allocations/3e1d371a-37b3-4943-97d4-5650f4cf5414 => generated 259 bytes in 19 msecs (HTTP/1.1 200) 8 headers in 296 bytes (1 switches on core 0)
Jun 02 17:55:11.086656 n-d-793618-2 devstack@placement-api.service[104639]: DEBUG placement.requestlog [req-ad492022-af61-49d4-86f7-b4680fb0446f req-441a7df5-16c4-430d-849c-864041e9763f None None] Starting request: 10.222.0.38 "PUT /placement/allocations/3e1d371a-37b3-4943-97d4-5650f4cf5414" {{(pid=104639) __call__ /opt/stack/placement/placement/requestlog.py:55}}
Jun 02 17:55:11.177007 n-d-793618-2 devstack@placement-api.service[104639]: DEBUG placement.handlers.allocation [req-ad492022-af61-49d4-86f7-b4680fb0446f req-441a7df5-16c4-430d-849c-864041e9763f service placement] Successfully wrote allocations [, , ] {{(pid=104639) _create_allocations /opt/stack/placement/placement/handlers/allocation.py:435}}
Jun 02 17:55:11.177895 n-d-793618-2 devstack@placement-api.service[104639]: INFO placement.requestlog [req-ad492022-af61-49d4-86f7-b4680fb0446f req-441a7df5-16c4-430d-849c-864041e9763f service placement] 10.222.0.38 "PUT /placement/allocations/3e1d371a-37b3-4943-97d4-5650f4cf5414" status: 204 len: 0 microversion: 1.28
Jun 02 17:55:11.178643 n-d-793618-2 devstack@placement-api.service[104639]: [pid: 104639|app: 0|req: 164/331] 10.222.0.38 () {64 vars in 1431 bytes} [Wed Jun 2 17:55:11 2021] PUT /placement/allocations/3e1d371a-37b3-4943-97d4-5650f4cf5414 => generated 0 bytes in 92 msecs (HTTP/1.1 204) 5 headers in 199 bytes (1 switches on core 0)
Jun 02 17:55:12.330449 n-d-793618-2 devstack@placement-api.service[104640]: DEBUG placement.requestlog [req-aec92e40-0e1e-4a72-9885-28ba81256517 req-203be4ff-fcbe-45d0-9b70-14ce6559b556 None None] Starting request: 10.222.0.38 "GET /placement/allocations/1d681aac-c154-476e-aacc-0fce444e42fe" {{(pid=104640) __call__ /opt/stack/placement/placement/requestlog.py:55}}
Jun 02 17:55:12.357031 n-d-793618-2 devstack@placement-api.service[104640]: INFO placement.requestlog [req-aec92e40-0e1e-4a72-9885-28ba81256517 req-203be4ff-fcbe-45d0-9b70-14ce6559b556 service placement] 10.222.0.38 "GET /placement/allocations/1d681aac-c154-476e-aacc-0fce444e42fe" status: 200 len: 259 microversion: 1.28
Jun 02 17:55:12.357251 n-d-793618-2 devstack@placement-api.service[104640]: [pid: 104640|app: 0|req: 168/332] 10.222.0.38 () {60 vars in 1378 bytes} [Wed Jun 2 17:55:12 2021] GET /placement/allocations/1d681aac-c154-476e-aacc-0fce444e42fe => generated 259 bytes in 27 msecs (HTTP/1.1 200) 8 headers in 296 bytes (2 switches on core 0)
Jun 02 17:55:12.367112 n-d-793618-2 devstack@placement-api.service[104639]: DEBUG placement.requestlog [req-aec92e40-0e1e-4a72-9885-28ba81256517 req-fa7f6212-338d-4c01-8703-36cabf173efe None None] Starting request: 10.222.0.38 "PUT /placement/allocations/1d681aac-c154-476e-aacc-0fce444e42fe" {{(pid=104639) __call__ /opt/stack/placement/placement/requestlog.py:55}}
Jun 02 17:55:12.450662 n-d-793618-2 devstack@placement-api.service[104639]: DEBUG placement.handlers.allocation [req-aec92e40-0e1e-4a72-9885-28ba81256517 req-fa7f6212-338d-4c01-8703-36cabf173efe service placement] Successfully wrote allocations [, , ] {{(pid=104639) _create_allocations /opt/stack/placement/placement/handlers/allocation.py:435}}
Jun 02 17:55:12.451286 n-d-793618-2 devstack@placement-api.service[104639]: INFO placement.requestlog [req-aec92e40-0e1e-4a72-9885-28ba81256517 req-fa7f6212-338d-4c01-8703-36cabf173efe service placement] 10.222.0.38 "PUT /placement/allocations/1d681aac-c154-476e-aacc-0fce444e42fe" status: 204 len: 0 microversion: 1.28
Jun 02 17:55:12.451791 n-d-793618-2 devstack@placement-api.service[104639]: [pid: 104639|app: 0|req: 165/333] 10.222.0.38 () {64 vars in 1431 bytes} [Wed Jun 2 17:55:12 2021] PUT /placement/allocations/1d681aac-c154-476e-aacc-0fce444e42fe => generated 0 bytes in 85 msecs (HTTP/1.1 204) 5 headers in 199 bytes (1 switches on core 0)
Jun 02 17:55:16.043323 n-d-793618-2 devstack@placement-api.service[104640]: DEBUG placement.requestlog [None req-46b191f4-2e82-4dc8-a682-3ab169ff2389 None None] Starting request: 10.222.0.25 "GET /placement/" {{(pid=104640) __call__ /opt/stack/placement/placement/requestlog.py:55}}
Jun 02 17:55:16.044915 n-d-793618-2 devstack@placement-api.service[104640]: INFO placement.requestlog [None req-46b191f4-2e82-4dc8-a682-3ab169ff2389 None None] 10.222.0.25 "GET /placement/" status: 200 len: 136 microversion: 1.0
Jun 02 17:55:16.045530 n-d-793618-2 devstack@placement-api.service[104640]: [pid: 104640|app: 0|req: 169/334] 10.222.0.25 () {54 vars in 906 bytes} [Wed Jun 2 17:55:16 2021] GET /placement => generated 136 bytes in 2 msecs (HTTP/1.1 200) 6 headers in 224 bytes (1 switches on core 0)
Jun 02 17:55:16.055882 n-d-793618-2 devstack@placement-api.service[104639]: DEBUG placement.requestlog [req-7ae2a673-a4ed-40d2-bdf5-0370e874da4e req-14a7140e-8dc8-4ac5-9179-c7f20082f53e None None] Starting request: 10.222.0.25 "GET /placement/resource_providers/12f72c91-feb5-4e1d-b042-913e55ced9d8/traits" {{(pid=104639) __call__ /opt/stack/placement/placement/requestlog.py:55}}
Jun 02 17:55:16.150241 n-d-793618-2 devstack@placement-api.service[104639]: INFO placement.requestlog [req-7ae2a673-a4ed-40d2-bdf5-0370e874da4e req-14a7140e-8dc8-4ac5-9179-c7f20082f53e service placement] 10.222.0.25 "GET /placement/resource_providers/12f72c91-feb5-4e1d-b042-913e55ced9d8/traits" status: 200 len: 212 microversion: 1.6
Jun 02 17:55:16.161424 n-d-793618-2 devstack@placement-api.service[104639]: [pid: 104639|app: 0|req: 166/335] 10.222.0.25 () {60 vars in 1412 bytes} [Wed Jun 2 17:55:16 2021] GET /placement/resource_providers/12f72c91-feb5-4e1d-b042-913e55ced9d8/traits => generated 212 bytes in 101 msecs (HTTP/1.1 200) 6 headers in 224 bytes (1 switches on core 0)
Jun 02 17:55:16.743001 n-d-793618-2 devstack@placement-api.service[104640]: DEBUG placement.requestlog [None req-2d928be3-3484-4b84-8781-ad02c00dc2f5 None None] Starting request: 10.222.0.25 "GET /placement/" {{(pid=104640) __call__ /opt/stack/placement/placement/requestlog.py:55}}
Jun 02 17:55:16.744004 n-d-793618-2 devstack@placement-api.service[104640]: INFO placement.requestlog [None req-2d928be3-3484-4b84-8781-ad02c00dc2f5 None None] 10.222.0.25 "GET /placement/" status: 200 len: 136 microversion: 1.0
Jun 02 17:55:16.744177 n-d-793618-2 devstack@placement-api.service[104640]: [pid: 104640|app: 0|req: 170/336] 10.222.0.25 () {54 vars in 915 bytes} [Wed Jun 2 17:55:16 2021] GET /placement => generated 136 bytes in 1 msecs (HTTP/1.1 200) 6 headers in 224 bytes (1 switches on core 0)
Jun 02 17:55:16.752780 n-d-793618-2 devstack@placement-api.service[104639]: DEBUG placement.requestlog [req-7ae2a673-a4ed-40d2-bdf5-0370e874da4e req-a48a139b-87a2-47bf-b6f6-0ce24c800659 None None] Starting request: 10.222.0.25 "GET /placement/allocations/1cafe19a-0d3c-427a-a52f-4c19a261b12e" {{(pid=104639) __call__ /opt/stack/placement/placement/requestlog.py:55}}
Jun 02 17:55:16.875942 n-d-793618-2 devstack@placement-api.service[104640]: DEBUG placement.requestlog [req-11c43886-5521-408c-8a8e-ee34b919016b req-996ad5d1-3a64-48f4-9405-6fd2c4540f71 None None] Starting request: 10.222.0.25 "GET /placement/allocation_candidates?limit=1000&resources=DISK_GB%3A1%2CMEMORY_MB%3A1024%2CVCPU%3A1&root_required=%21COMPUTE_STATUS_DISABLED" {{(pid=104640) __call__ /opt/stack/placement/placement/requestlog.py:55}}
Jun 02 17:55:16.905341 n-d-793618-2 devstack@placement-api.service[104639]: INFO placement.requestlog [req-7ae2a673-a4ed-40d2-bdf5-0370e874da4e req-a48a139b-87a2-47bf-b6f6-0ce24c800659 service placement] 10.222.0.25 "GET /placement/allocations/1cafe19a-0d3c-427a-a52f-4c19a261b12e" status: 200 len: 259 microversion: 1.28
Jun 02 17:55:16.906450 n-d-793618-2 devstack@placement-api.service[104639]: [pid: 104639|app: 0|req: 167/337] 10.222.0.25 () {60 vars in 1380 bytes} [Wed Jun 2 17:55:16 2021] GET /placement/allocations/1cafe19a-0d3c-427a-a52f-4c19a261b12e => generated 259 bytes in 154 msecs (HTTP/1.1 200) 8 headers in 296 bytes (1 switches on core 0)
Jun 02 17:55:16.914107 n-d-793618-2 devstack@placement-api.service[104639]: DEBUG placement.requestlog [req-7ae2a673-a4ed-40d2-bdf5-0370e874da4e req-907bdb5b-ce7f-4ab7-998c-67a3b0c305b4 None None] Starting request: 10.222.0.25 "GET /placement/allocations/1cafe19a-0d3c-427a-a52f-4c19a261b12e" {{(pid=104639) __call__ /opt/stack/placement/placement/requestlog.py:55}}
Jun 02 17:55:16.948462 n-d-793618-2 devstack@placement-api.service[104640]: DEBUG placement.objects.research_context [req-11c43886-5521-408c-8a8e-ee34b919016b req-996ad5d1-3a64-48f4-9405-6fd2c4540f71 service placement] getting providers with 1 DISK_GB {{(pid=104640) __init__ /opt/stack/placement/placement/objects/research_context.py:126}}
Jun 02 17:55:16.958886 n-d-793618-2 devstack@placement-api.service[104639]: INFO placement.requestlog [req-7ae2a673-a4ed-40d2-bdf5-0370e874da4e req-907bdb5b-ce7f-4ab7-998c-67a3b0c305b4 service placement] 10.222.0.25 "GET /placement/allocations/1cafe19a-0d3c-427a-a52f-4c19a261b12e" status: 200 len: 259 microversion: 1.28
Jun 02 17:55:16.959506 n-d-793618-2 devstack@placement-api.service[104639]: [pid: 104639|app: 0|req: 168/338] 10.222.0.25 () {60 vars in 1380 bytes} [Wed Jun 2 17:55:16 2021] GET /placement/allocations/1cafe19a-0d3c-427a-a52f-4c19a261b12e => generated 259 bytes in 46 msecs (HTTP/1.1 200) 8 headers in 296 bytes (1 switches on core 0)
Jun 02 17:55:16.960215 n-d-793618-2 devstack@placement-api.service[104640]: DEBUG placement.objects.research_context [req-11c43886-5521-408c-8a8e-ee34b919016b req-996ad5d1-3a64-48f4-9405-6fd2c4540f71 service placement] getting providers with 1024 MEMORY_MB {{(pid=104640) __init__ /opt/stack/placement/placement/objects/research_context.py:126}}
Jun 02 17:55:16.974280 n-d-793618-2 devstack@placement-api.service[104640]: DEBUG placement.objects.research_context [req-11c43886-5521-408c-8a8e-ee34b919016b req-996ad5d1-3a64-48f4-9405-6fd2c4540f71 service placement] getting providers with 1 VCPU {{(pid=104640) __init__ /opt/stack/placement/placement/objects/research_context.py:126}}
Jun 02 17:55:16.979410 n-d-793618-2 devstack@placement-api.service[104639]: DEBUG placement.requestlog [req-7ae2a673-a4ed-40d2-bdf5-0370e874da4e req-e80223d1-bdc8-4d9d-b502-7b02fab72a07 None None] Starting request: 10.222.0.25 "GET /placement/allocations/c1df9534-5d0a-43fe-ae61-e850201cd946" {{(pid=104639) __call__ /opt/stack/placement/placement/requestlog.py:55}}
Jun 02 17:55:16.984112 n-d-793618-2 devstack@placement-api.service[104640]: DEBUG placement.objects.research_context [req-11c43886-5521-408c-8a8e-ee34b919016b req-996ad5d1-3a64-48f4-9405-6fd2c4540f71 service placement] found 2 providers with available 1 DISK_GB {{(pid=104640) get_provider_ids_matching /opt/stack/placement/placement/objects/research_context.py:549}}
Jun 02 17:55:16.984747 n-d-793618-2 devstack@placement-api.service[104640]: DEBUG placement.objects.research_context [req-11c43886-5521-408c-8a8e-ee34b919016b req-996ad5d1-3a64-48f4-9405-6fd2c4540f71 service placement] found 2 providers with available 1024 MEMORY_MB {{(pid=104640) get_provider_ids_matching /opt/stack/placement/placement/objects/research_context.py:549}}
Jun 02 17:55:16.985232 n-d-793618-2 devstack@placement-api.service[104640]: DEBUG placement.objects.research_context [req-11c43886-5521-408c-8a8e-ee34b919016b req-996ad5d1-3a64-48f4-9405-6fd2c4540f71 service placement] found 2 providers after filtering by previous result {{(pid=104640) get_provider_ids_matching /opt/stack/placement/placement/objects/research_context.py:580}}
Jun 02 17:55:16.985708 n-d-793618-2 devstack@placement-api.service[104640]: DEBUG placement.objects.research_context [req-11c43886-5521-408c-8a8e-ee34b919016b req-996ad5d1-3a64-48f4-9405-6fd2c4540f71 service placement] found 2 providers with available 1 VCPU {{(pid=104640) get_provider_ids_matching /opt/stack/placement/placement/objects/research_context.py:549}}
Jun 02 17:55:16.986184 n-d-793618-2 devstack@placement-api.service[104640]: DEBUG placement.objects.research_context [req-11c43886-5521-408c-8a8e-ee34b919016b req-996ad5d1-3a64-48f4-9405-6fd2c4540f71 service placement] found 2 providers after filtering by previous result {{(pid=104640) get_provider_ids_matching /opt/stack/placement/placement/objects/research_context.py:580}}
Jun 02 17:55:16.997429 n-d-793618-2 devstack@placement-api.service[104639]: INFO placement.requestlog [req-7ae2a673-a4ed-40d2-bdf5-0370e874da4e req-e80223d1-bdc8-4d9d-b502-7b02fab72a07 service placement] 10.222.0.25 "GET /placement/allocations/c1df9534-5d0a-43fe-ae61-e850201cd946" status: 200 len: 19 microversion: 1.28
Jun 02 17:55:16.997663 n-d-793618-2 devstack@placement-api.service[104639]: [pid: 104639|app: 0|req: 169/339] 10.222.0.25 () {60 vars in 1380 bytes} [Wed Jun 2 17:55:16 2021] GET /placement/allocations/c1df9534-5d0a-43fe-ae61-e850201cd946 => generated 19 bytes in 18 msecs (HTTP/1.1 200) 8 headers in 295 bytes (2 switches on core 0)
Jun 02 17:55:17.003504 n-d-793618-2 devstack@placement-api.service[104639]: DEBUG placement.requestlog [req-7ae2a673-a4ed-40d2-bdf5-0370e874da4e req-655f6ba3-6d9b-4b71-a801-3d3d2e1054cb None None] Starting request: 10.222.0.25 "POST /placement/allocations" {{(pid=104639) __call__ /opt/stack/placement/placement/requestlog.py:55}}
Jun 02 17:55:17.009408 n-d-793618-2 devstack@placement-api.service[104640]: DEBUG placement.objects.allocation_candidate [req-11c43886-5521-408c-8a8e-ee34b919016b req-996ad5d1-3a64-48f4-9405-6fd2c4540f71 service placement] RequestGroup(use_same_provider=False, resources={DISK_GB:1, MEMORY_MB:1024, VCPU:1}, traits=[], aggregates=[]) (suffix '') returned 2 matches {{(pid=104640) _get_by_requests /opt/stack/placement/placement/objects/allocation_candidate.py:145}}
Jun 02 17:55:17.010575 n-d-793618-2 devstack@placement-api.service[104640]: DEBUG placement.objects.allocation_candidate [req-11c43886-5521-408c-8a8e-ee34b919016b req-996ad5d1-3a64-48f4-9405-6fd2c4540f71 service placement] Merging candidates yields 2 allocation requests and 2 provider summaries {{(pid=104640) _merge_candidates /opt/stack/placement/placement/objects/allocation_candidate.py:783}}
Jun 02 17:55:17.012690 n-d-793618-2 devstack@placement-api.service[104640]: INFO placement.requestlog [req-11c43886-5521-408c-8a8e-ee34b919016b req-996ad5d1-3a64-48f4-9405-6fd2c4540f71 service placement] 10.222.0.25 "GET /placement/allocation_candidates?limit=1000&resources=DISK_GB%3A1%2CMEMORY_MB%3A1024%2CVCPU%3A1&root_required=%21COMPUTE_STATUS_DISABLED" status: 200 len: 1313 microversion: 1.35
Jun 02 17:55:17.013742 n-d-793618-2 devstack@placement-api.service[104640]: [pid: 104640|app: 0|req: 171/340] 10.222.0.25 () {60 vars in 1506 bytes} [Wed Jun 2 17:55:16 2021] GET /placement/allocation_candidates?limit=1000&resources=DISK_GB%3A1%2CMEMORY_MB%3A1024%2CVCPU%3A1&root_required=%21COMPUTE_STATUS_DISABLED => generated 1313 bytes in 138 msecs (HTTP/1.1 200) 8 headers in 297 bytes (1 switches on core 0)
Jun 02 17:55:17.106128 n-d-793618-2 devstack@placement-api.service[104639]: DEBUG placement.handlers.allocation [req-7ae2a673-a4ed-40d2-bdf5-0370e874da4e req-655f6ba3-6d9b-4b71-a801-3d3d2e1054cb service placement] Successfully wrote allocations [, , , , , ] {{(pid=104639) _create_allocations /opt/stack/placement/placement/handlers/allocation.py:524}}
