Oct 05 16:44:58.352280 n-d-792803-3 devstack@placement-api.service[114620]: [pid: 114620|app: 0|req: 151/279] 10.222.0.25 () {60 vars in 1377 bytes} [Wed Oct 5 16:44:58 2022] GET /placement/allocations/f165242a-7792-4ebb-a0c3-73df3ca32412 => generated 259 bytes in 25 msecs (HTTP/1.1 200) 8 headers in 296 bytes (1 switches on core 0)
Oct 05 16:44:58.362579 n-d-792803-3 devstack@placement-api.service[114620]: DEBUG placement.requestlog [req-421fa771-89e7-478a-8a43-eef5fdc751ca req-a30576a5-f297-4898-826b-ce81f5dea4a2 None None] Starting request: 10.222.0.25 "PUT /placement/allocations/f165242a-7792-4ebb-a0c3-73df3ca32412" {{(pid=114620) __call__ /opt/stack/placement/placement/requestlog.py:55}}
Oct 05 16:44:58.438639 n-d-792803-3 devstack@placement-api.service[114620]: DEBUG placement.handlers.allocation [req-421fa771-89e7-478a-8a43-eef5fdc751ca req-a30576a5-f297-4898-826b-ce81f5dea4a2 service placement] Successfully wrote allocations [, , ] {{(pid=114620) _update_consumers_and_create_allocations /opt/stack/placement/placement/handlers/allocation.py:462}}
Oct 05 16:44:58.445253 n-d-792803-3 devstack@placement-api.service[114619]: INFO placement.requestlog [req-302ffd55-9051-46c7-8c0c-f4c7488ba6ea req-6427d2c0-005a-49ed-ae7d-3f6922fb842c service placement] 10.222.0.43 "PUT /placement/allocations/329e97c2-bfec-4570-aa27-eecc63a48a01" status: 204 len: 0 microversion: 1.36
Oct 05 16:44:58.451756 n-d-792803-3 devstack@placement-api.service[114619]: [pid: 114619|app: 0|req: 129/280] 10.222.0.43 () {64 vars in 1433 bytes} [Wed Oct 5 16:44:58 2022] PUT /placement/allocations/329e97c2-bfec-4570-aa27-eecc63a48a01 => generated 0 bytes in 361 msecs (HTTP/1.1 204) 5 headers in 199 bytes (1 switches on core 0)
Oct 05 16:44:58.552419 n-d-792803-3 devstack@placement-api.service[114620]: INFO placement.requestlog [req-421fa771-89e7-478a-8a43-eef5fdc751ca req-a30576a5-f297-4898-826b-ce81f5dea4a2 service placement] 10.222.0.25 "PUT /placement/allocations/f165242a-7792-4ebb-a0c3-73df3ca32412" status: 204 len: 0 microversion: 1.28
Oct 05 16:44:58.554228 n-d-792803-3 devstack@placement-api.service[114620]: [pid: 114620|app: 0|req: 152/281] 10.222.0.25 () {64 vars in 1430 bytes} [Wed Oct 5 16:44:58 2022] PUT /placement/allocations/f165242a-7792-4ebb-a0c3-73df3ca32412 => generated 0 bytes in 193 msecs (HTTP/1.1 204) 5 headers in 199 bytes (1 switches on core 0)
Oct 05 16:44:59.788264 n-d-792803-3 devstack@placement-api.service[114619]: DEBUG dbcounter [-] [114619] Writing DB stats placement:DELETE=3,placement:SELECT=91,placement:INSERT=4,placement:UPDATE=2 {{(pid=114619) stat_writer /usr/local/lib/python3.8/dist-packages/dbcounter.py:114}}
Oct 05 16:45:00.305719 n-d-792803-3 devstack@placement-api.service[114619]: DEBUG placement.requestlog [req-302ffd55-9051-46c7-8c0c-f4c7488ba6ea req-dc4d95d0-8a7f-4a9e-8fd6-53a947692d64 None None] Starting request: 10.222.0.47 "GET /placement/allocations/329e97c2-bfec-4570-aa27-eecc63a48a01" {{(pid=114619) __call__ /opt/stack/placement/placement/requestlog.py:55}}
Oct 05 16:45:00.335725 n-d-792803-3 devstack@placement-api.service[114619]: INFO placement.requestlog [req-302ffd55-9051-46c7-8c0c-f4c7488ba6ea req-dc4d95d0-8a7f-4a9e-8fd6-53a947692d64 service placement] 10.222.0.47 "GET /placement/allocations/329e97c2-bfec-4570-aa27-eecc63a48a01" status: 200 len: 258 microversion: 1.28
Oct 05 16:45:00.336613 n-d-792803-3 devstack@placement-api.service[114619]: [pid: 114619|app: 0|req: 130/282] 10.222.0.47 () {60 vars in 1377 bytes} [Wed Oct 5 16:45:00 2022] GET /placement/allocations/329e97c2-bfec-4570-aa27-eecc63a48a01 => generated 258 bytes in 31 msecs (HTTP/1.1 200) 8 headers in 296 bytes (1 switches on core 0)
Oct 05 16:45:00.402634 n-d-792803-3 devstack@placement-api.service[114620]: DEBUG placement.requestlog [None req-8371816e-8184-4b44-8075-c7b7c4353cbc None None] Starting request: 10.222.0.43 "GET /placement/resource_providers/01287cd3-d8d3-4400-bc19-b61456e11159/aggregates" {{(pid=114620) __call__ /opt/stack/placement/placement/requestlog.py:55}}
Oct 05 16:45:00.534604 n-d-792803-3 devstack@placement-api.service[114620]: INFO placement.requestlog [None req-8371816e-8184-4b44-8075-c7b7c4353cbc service placement] 10.222.0.43 "GET /placement/resource_providers/01287cd3-d8d3-4400-bc19-b61456e11159/aggregates" status: 404 len: 235 microversion: 1.1
Oct 05 16:45:00.535499 n-d-792803-3 devstack@placement-api.service[114620]: [pid: 114620|app: 0|req: 153/283] 10.222.0.43 () {58 vars in 1362 bytes} [Wed Oct 5 16:45:00 2022] GET /placement/resource_providers/01287cd3-d8d3-4400-bc19-b61456e11159/aggregates => generated 235 bytes in 133 msecs (HTTP/1.1 404) 5 headers in 202 bytes (1 switches on core 0)
Oct 05 16:45:00.582499 n-d-792803-3 devstack@placement-api.service[114619]: DEBUG placement.requestlog [None req-9bed35a7-0366-4a26-8941-953e9e2a7b10 None None] Starting request: 10.222.0.43 "DELETE /placement/resource_providers/01287cd3-d8d3-4400-bc19-b61456e11159" {{(pid=114619) __call__ /opt/stack/placement/placement/requestlog.py:55}}
Oct 05 16:45:00.608633 n-d-792803-3 devstack@placement-api.service[114619]: DEBUG placement.wsgi_wrapper [None req-9bed35a7-0366-4a26-8941-953e9e2a7b10 service placement] Placement API returning an error response: No resource provider with uuid 01287cd3-d8d3-4400-bc19-b61456e11159 found for delete {{(pid=114619) call_func /opt/stack/placement/placement/wsgi_wrapper.py:31}}
Oct 05 16:45:00.609827 n-d-792803-3 devstack@placement-api.service[114619]: INFO placement.requestlog [None req-9bed35a7-0366-4a26-8941-953e9e2a7b10 service placement] 10.222.0.43 "DELETE /placement/resource_providers/01287cd3-d8d3-4400-bc19-b61456e11159" status: 404 len: 246 microversion: 1.1
Oct 05 16:45:00.610727 n-d-792803-3 devstack@placement-api.service[114619]: [pid: 114619|app: 0|req: 131/284] 10.222.0.43 () {60 vars in 1351 bytes} [Wed Oct 5 16:45:00 2022] DELETE /placement/resource_providers/01287cd3-d8d3-4400-bc19-b61456e11159 => generated 246 bytes in 28 msecs (HTTP/1.1 404) 6 headers in 231 bytes (1 switches on core 0)
Oct 05 16:45:00.996766 n-d-792803-3 devstack@placement-api.service[114620]: DEBUG placement.requestlog [req-302ffd55-9051-46c7-8c0c-f4c7488ba6ea req-a1094350-d4a2-4f4a-8c71-e64116ef57cf None None] Starting request: 10.222.0.47 "GET /placement/resource_providers/cc7bef87-4a2b-421c-b29f-a6b27ce611c6/allocations" {{(pid=114620) __call__ /opt/stack/placement/placement/requestlog.py:55}}
Oct 05 16:45:01.032135 n-d-792803-3 devstack@placement-api.service[114620]: INFO placement.requestlog [req-302ffd55-9051-46c7-8c0c-f4c7488ba6ea req-a1094350-d4a2-4f4a-8c71-e64116ef57cf service placement] 10.222.0.47 "GET /placement/resource_providers/cc7bef87-4a2b-421c-b29f-a6b27ce611c6/allocations" status: 200 len: 557 microversion: 1.0
Oct 05 16:45:01.033036 n-d-792803-3 devstack@placement-api.service[114620]: [pid: 114620|app: 0|req: 154/285] 10.222.0.47 () {58 vars in 1390 bytes} [Wed Oct 5 16:45:00 2022] GET /placement/resource_providers/cc7bef87-4a2b-421c-b29f-a6b27ce611c6/allocations => generated 557 bytes in 37 msecs (HTTP/1.1 200) 6 headers in 224 bytes (1 switches on core 0)
Oct 05 16:45:01.041187 n-d-792803-3 devstack@placement-api.service[114619]: DEBUG placement.requestlog [req-302ffd55-9051-46c7-8c0c-f4c7488ba6ea req-1dba6315-1aec-4c54-9fe6-703bc050ed06 None None] Starting request: 10.222.0.47 "GET /placement/allocations/938bd2ea-874e-4f61-8f73-487282c9975a" {{(pid=114619) __call__ /opt/stack/placement/placement/requestlog.py:55}}
Oct 05 16:45:01.058441 n-d-792803-3 devstack@placement-api.service[114619]: INFO placement.requestlog [req-302ffd55-9051-46c7-8c0c-f4c7488ba6ea req-1dba6315-1aec-4c54-9fe6-703bc050ed06 service placement] 10.222.0.47 "GET /placement/allocations/938bd2ea-874e-4f61-8f73-487282c9975a" status: 200 len: 258 microversion: 1.28
Oct 05 16:45:01.061389 n-d-792803-3 devstack@placement-api.service[114619]: [pid: 114619|app: 0|req: 132/286] 10.222.0.47 () {60 vars in 1377 bytes} [Wed Oct 5 16:45:01 2022] GET /placement/allocations/938bd2ea-874e-4f61-8f73-487282c9975a => generated 258 bytes in 20 msecs (HTTP/1.1 200) 8 headers in 296 bytes (1 switches on core 0)
Oct 05 16:45:01.077538 n-d-792803-3 devstack@placement-api.service[114620]: DEBUG placement.requestlog [req-302ffd55-9051-46c7-8c0c-f4c7488ba6ea req-c5554aef-c4bc-443a-a227-df32a23303cc None None] Starting request: 10.222.0.47 "GET /placement/allocations/31aa4529-174e-41c7-bcf7-9ae583c71725" {{(pid=114620) __call__ /opt/stack/placement/placement/requestlog.py:55}}
Oct 05 16:45:01.112058 n-d-792803-3 devstack@placement-api.service[114620]: INFO placement.requestlog [req-302ffd55-9051-46c7-8c0c-f4c7488ba6ea req-c5554aef-c4bc-443a-a227-df32a23303cc service placement] 10.222.0.47 "GET /placement/allocations/31aa4529-174e-41c7-bcf7-9ae583c71725" status: 200 len: 258 microversion: 1.28
Oct 05 16:45:01.113005 n-d-792803-3 devstack@placement-api.service[114620]: [pid: 114620|app: 0|req: 155/287] 10.222.0.47 () {60 vars in 1377 bytes} [Wed Oct 5 16:45:01 2022] GET /placement/allocations/31aa4529-174e-41c7-bcf7-9ae583c71725 => generated 258 bytes in 38 msecs (HTTP/1.1 200) 8 headers in 296 bytes (1 switches on core 0)
Oct 05 16:45:01.121539 n-d-792803-3 devstack@placement-api.service[114619]: DEBUG placement.requestlog [req-302ffd55-9051-46c7-8c0c-f4c7488ba6ea req-61ce6efc-d7af-40a1-9638-8718e31d12fc None None] Starting request: 10.222.0.47 "GET /placement/allocations/329e97c2-bfec-4570-aa27-eecc63a48a01" {{(pid=114619) __call__ /opt/stack/placement/placement/requestlog.py:55}}
Oct 05 16:45:01.148784 n-d-792803-3 devstack@placement-api.service[114619]: INFO placement.requestlog [req-302ffd55-9051-46c7-8c0c-f4c7488ba6ea req-61ce6efc-d7af-40a1-9638-8718e31d12fc service placement] 10.222.0.47 "GET /placement/allocations/329e97c2-bfec-4570-aa27-eecc63a48a01" status: 200 len: 258 microversion: 1.28
Oct 05 16:45:01.149828 n-d-792803-3 devstack@placement-api.service[114619]: [pid: 114619|app: 0|req: 133/288] 10.222.0.47 () {60 vars in 1377 bytes} [Wed Oct 5 16:45:01 2022] GET /placement/allocations/329e97c2-bfec-4570-aa27-eecc63a48a01 => generated 258 bytes in 29 msecs (HTTP/1.1 200) 8 headers in 296 bytes (2 switches on core 0)
Oct 05 16:45:01.159065 n-d-792803-3 devstack@placement-api.service[114620]: DEBUG placement.requestlog [req-302ffd55-9051-46c7-8c0c-f4c7488ba6ea req-bb0c45d3-097d-4dac-a86b-77706c33bfd8 None None] Starting request: 10.222.0.47 "GET /placement/allocations/ef171f2a-faf1-4f4a-b49d-50d42183ea11" {{(pid=114620) __call__ /opt/stack/placement/placement/requestlog.py:55}}
Oct 05 16:45:01.185371 n-d-792803-3 devstack@placement-api.service[114620]: INFO placement.requestlog [req-302ffd55-9051-46c7-8c0c-f4c7488ba6ea req-bb0c45d3-097d-4dac-a86b-77706c33bfd8 service placement] 10.222.0.47 "GET /placement/allocations/ef171f2a-faf1-4f4a-b49d-50d42183ea11" status: 200 len: 258 microversion: 1.28
Oct 05 16:45:01.185871 n-d-792803-3 devstack@placement-api.service[114620]: [pid: 114620|app: 0|req: 156/289] 10.222.0.47 () {60 vars in 1377 bytes} [Wed Oct 5 16:45:01 2022] GET /placement/allocations/ef171f2a-faf1-4f4a-b49d-50d42183ea11 => generated 258 bytes in 29 msecs (HTTP/1.1 200) 8 headers in 296 bytes (2 switches on core 0)
Oct 05 16:45:01.193811 n-d-792803-3 devstack@placement-api.service[114619]: DEBUG placement.requestlog [req-302ffd55-9051-46c7-8c0c-f4c7488ba6ea req-23d861d5-4b7d-49c5-866d-3f45f9beb30d None None] Starting request: 10.222.0.47 "GET /placement/allocations/fa937139-5598-4997-93ab-ad72cb552736" {{(pid=114619) __call__ /opt/stack/placement/placement/requestlog.py:55}}
Oct 05 16:45:01.220483 n-d-792803-3 devstack@placement-api.service[114619]: INFO placement.requestlog [req-302ffd55-9051-46c7-8c0c-f4c7488ba6ea req-23d861d5-4b7d-49c5-866d-3f45f9beb30d service placement] 10.222.0.47 "GET /placement/allocations/fa937139-5598-4997-93ab-ad72cb552736" status: 200 len: 258 microversion: 1.28
Oct 05 16:45:01.222562 n-d-792803-3 devstack@placement-api.service[114619]: [pid: 114619|app: 0|req: 134/290] 10.222.0.47 () {60 vars in 1377 bytes} [Wed Oct 5 16:45:01 2022] GET /placement/allocations/fa937139-5598-4997-93ab-ad72cb552736 => generated 258 bytes in 29 msecs (HTTP/1.1 200) 8 headers in 296 bytes (1 switches on core 0)
Oct 05 16:45:04.563920 n-d-792803-3 devstack@placement-api.service[114620]: DEBUG dbcounter [-] [114620] Writing DB stats placement:SELECT=100 {{(pid=114620) stat_writer /usr/local/lib/python3.8/dist-packages/dbcounter.py:114}}
Oct 05 16:45:05.334792 n-d-792803-3 devstack@placement-api.service[114620]: DEBUG placement.requestlog [req-65bef276-2d86-4109-9486-6b1645104a96 req-34237602-4a29-4d7e-9d8d-fa5eeb049aa2 None None] Starting request: 10.222.0.43 "GET /placement/resource_providers/628c5a61-9b1c-4341-9697-7a4a5df5adf7/traits" {{(pid=114620) __call__ /opt/stack/placement/placement/requestlog.py:55}}
Oct 05 16:45:05.376755 n-d-792803-3 devstack@placement-api.service[114620]: INFO placement.requestlog [req-65bef276-2d86-4109-9486-6b1645104a96 req-34237602-4a29-4d7e-9d8d-fa5eeb049aa2 service placement] 10.222.0.43 "GET /placement/resource_providers/628c5a61-9b1c-4341-9697-7a4a5df5adf7/traits" status: 200 len: 212 microversion: 1.6
Oct 05 16:45:05.378017 n-d-792803-3 devstack@placement-api.service[114620]: [pid: 114620|app: 0|req: 157/291] 10.222.0.43 () {60 vars in 1412 bytes} [Wed Oct 5 16:45:05 2022] GET /placement/resource_providers/628c5a61-9b1c-4341-9697-7a4a5df5adf7/traits => generated 212 bytes in 43 msecs (HTTP/1.1 200) 6 headers in 224 bytes (1 switches on core 0)
Oct 05 16:45:06.626228 n-d-792803-3 devstack@placement-api.service[114619]: DEBUG placement.requestlog [req-65bef276-2d86-4109-9486-6b1645104a96 req-6095fd7f-0783-4fa1-816e-48369645f459 None None] Starting request: 10.222.0.43 "GET /placement/allocations/edd78351-0008-4b07-9f74-8e7f1438089d" {{(pid=114619) __call__ /opt/stack/placement/placement/requestlog.py:55}}
Oct 05 16:45:06.641853 n-d-792803-3 devstack@placement-api.service[114619]: INFO placement.requestlog [req-65bef276-2d86-4109-9486-6b1645104a96 req-6095fd7f-0783-4fa1-816e-48369645f459 service placement] 10.222.0.43 "GET /placement/allocations/edd78351-0008-4b07-9f74-8e7f1438089d" status: 200 len: 259 microversion: 1.28
Oct 05 16:45:06.642215 n-d-792803-3 devstack@placement-api.service[114619]: [pid: 114619|app: 0|req: 135/292] 10.222.0.43 () {60 vars in 1380 bytes} [Wed Oct 5 16:45:06 2022] GET /placement/allocations/edd78351-0008-4b07-9f74-8e7f1438089d => generated 259 bytes in 16 msecs (HTTP/1.1 200) 8 headers in 296 bytes (1 switches on core 0)
Oct 05 16:45:06.649592 n-d-792803-3 devstack@placement-api.service[114620]: DEBUG placement.requestlog [req-65bef276-2d86-4109-9486-6b1645104a96 req-10cd8995-8617-42ee-90b6-d22566a6a06f None None] Starting request: 10.222.0.43 "GET /placement/allocations/edd78351-0008-4b07-9f74-8e7f1438089d" {{(pid=114620) __call__ /opt/stack/placement/placement/requestlog.py:55}}
Oct 05 16:45:06.666213 n-d-792803-3 devstack@placement-api.service[114620]: INFO placement.requestlog [req-65bef276-2d86-4109-9486-6b1645104a96 req-10cd8995-8617-42ee-90b6-d22566a6a06f service placement] 10.222.0.43 "GET /placement/allocations/edd78351-0008-4b07-9f74-8e7f1438089d" status: 200 len: 259 microversion: 1.28
Oct 05 16:45:06.673011 n-d-792803-3 devstack@placement-api.service[114620]: [pid: 114620|app: 0|req: 158/293] 10.222.0.43 () {60 vars in 1380 bytes} [Wed Oct 5 16:45:06 2022] GET /placement/allocations/edd78351-0008-4b07-9f74-8e7f1438089d => generated 259 bytes in 24 msecs (HTTP/1.1 200) 8 headers in 296 bytes (1 switches on core 0)
Oct 05 16:45:06.674409 n-d-792803-3 devstack@placement-api.service[114619]: DEBUG placement.requestlog [req-65bef276-2d86-4109-9486-6b1645104a96 req-58d86470-fac1-4813-8325-f74034bf9c94 None None] Starting request: 10.222.0.43 "GET /placement/allocations/dca8ed66-12a4-4f07-a467-a61a64323b6a" {{(pid=114619) __call__ /opt/stack/placement/placement/requestlog.py:55}}
Oct 05 16:45:06.687515 n-d-792803-3 devstack@placement-api.service[114619]: INFO placement.requestlog [req-65bef276-2d86-4109-9486-6b1645104a96 req-58d86470-fac1-4813-8325-f74034bf9c94 service placement] 10.222.0.43 "GET /placement/allocations/dca8ed66-12a4-4f07-a467-a61a64323b6a" status: 200 len: 19 microversion: 1.28
Oct 05 16:45:06.694427 n-d-792803-3 devstack@placement-api.service[114620]: DEBUG placement.requestlog [req-65bef276-2d86-4109-9486-6b1645104a96 req-359b683f-3dd6-44a6-9205-cfc1ef8d44c7 None None] Starting request: 10.222.0.43 "POST /placement/allocations" {{(pid=114620) __call__ /opt/stack/placement/placement/requestlog.py:55}}
Oct 05 16:45:06.703771 n-d-792803-3 devstack@placement-api.service[114619]: [pid: 114619|app: 0|req: 136/294] 10.222.0.43 () {60 vars in 1380 bytes} [Wed Oct 5 16:45:06 2022] GET /placement/allocations/dca8ed66-12a4-4f07-a467-a61a64323b6a => generated 19 bytes in 29 msecs (HTTP/1.1 200) 8 headers in 295 bytes (1 switches on core 0)
Oct 05 16:45:07.012307 n-d-792803-3 devstack@placement-api.service[114620]: DEBUG placement.handlers.allocation [req-65bef276-2d86-4109-9486-6b1645104a96 req-359b683f-3dd6-44a6-9205-cfc1ef8d44c7 service placement] Successfully wrote allocations [, , , , , ] {{(pid=114620) _update_consumers_and_create_allocations /opt/stack/placement/placement/handlers/allocation.py:572}}
Oct 05 16:45:07.208654 n-d-792803-3 devstack@placement-api.service[114620]: INFO placement.requestlog [req-65bef276-2d86-4109-9486-6b1645104a96 req-359b683f-3dd6-44a6-9205-cfc1ef8d44c7 service placement] 10.222.0.43 "POST /placement/allocations" status: 204 len: 0 microversion: 1.28
Oct 05 16:45:07.209488 n-d-792803-3 devstack@placement-api.service[114620]: [pid: 114620|app: 0|req: 159/295] 10.222.0.43 () {64 vars in 1323 bytes} [Wed Oct 5 16:45:06 2022] POST /placement/allocations => generated 0 bytes in 515 msecs (HTTP/1.1 204) 5 headers in 199 bytes (2 switches on core 0)
Oct 05 16:45:07.647587 n-d-792803-3 devstack@placement-api.service[114619]: DEBUG placement.requestlog [req-65bef276-2d86-4109-9486-6b1645104a96 req-0d4fadb6-cd0a-4055-bc26-898bb51a861b None None] Starting request: 10.222.0.43 "GET /placement/allocation_candidates?limit=1000&resources=DISK_GB%3A1%2CMEMORY_MB%3A1024%2CVCPU%3A1&root_required=%21COMPUTE_STATUS_DISABLED" {{(pid=114619) __call__ /opt/stack/placement/placement/requestlog.py:55}}
Oct 05 16:45:07.713050 n-d-792803-3 devstack@placement-api.service[114619]: DEBUG placement.objects.research_context [req-65bef276-2d86-4109-9486-6b1645104a96 req-0d4fadb6-cd0a-4055-bc26-898bb51a861b service placement] getting providers with 1 DISK_GB {{(pid=114619) __init__ /opt/stack/placement/placement/objects/research_context.py:136}}
Oct 05 16:45:07.718855 n-d-792803-3 devstack@placement-api.service[114619]: DEBUG placement.objects.research_context [req-65bef276-2d86-4109-9486-6b1645104a96 req-0d4fadb6-cd0a-4055-bc26-898bb51a861b service placement] getting providers with 1024 MEMORY_MB {{(pid=114619) __init__ /opt/stack/placement/placement/objects/research_context.py:136}}
Oct 05 16:45:07.724907 n-d-792803-3 devstack@placement-api.service[114619]: DEBUG placement.objects.research_context [req-65bef276-2d86-4109-9486-6b1645104a96 req-0d4fadb6-cd0a-4055-bc26-898bb51a861b service placement] getting providers with 1 VCPU {{(pid=114619) __init__ /opt/stack/placement/placement/objects/research_context.py:136}}
Oct 05 16:45:07.731557 n-d-792803-3 devstack@placement-api.service[114619]: DEBUG placement.objects.research_context [req-65bef276-2d86-4109-9486-6b1645104a96 req-0d4fadb6-cd0a-4055-bc26-898bb51a861b service placement] found 2 providers with available 1 DISK_GB {{(pid=114619) get_provider_ids_matching /opt/stack/placement/placement/objects/research_context.py:563}}
Oct 05 16:45:07.732075 n-d-792803-3 devstack@placement-api.service[114619]: DEBUG placement.objects.research_context [req-65bef276-2d86-4109-9486-6b1645104a96 req-0d4fadb6-cd0a-4055-bc26-898bb51a861b service placement] found 2 providers with available 1024 MEMORY_MB {{(pid=114619) get_provider_ids_matching /opt/stack/placement/placement/objects/research_context.py:563}}
Oct 05 16:45:07.732658 n-d-792803-3 devstack@placement-api.service[114619]: DEBUG placement.objects.research_context [req-65bef276-2d86-4109-9486-6b1645104a96 req-0d4fadb6-cd0a-4055-bc26-898bb51a861b service placement] found 2 providers after filtering by previous result {{(pid=114619) get_provider_ids_matching /opt/stack/placement/placement/objects/research_context.py:594}}
Oct 05 16:45:07.733279 n-d-792803-3 devstack@placement-api.service[114619]: DEBUG placement.objects.research_context [req-65bef276-2d86-4109-9486-6b1645104a96 req-0d4fadb6-cd0a-4055-bc26-898bb51a861b service placement] found 2 providers with available 1 VCPU {{(pid=114619) get_provider_ids_matching /opt/stack/placement/placement/objects/research_context.py:563}}
Oct 05 16:45:07.734380 n-d-792803-3 devstack@placement-api.service[114619]: DEBUG placement.objects.research_context [req-65bef276-2d86-4109-9486-6b1645104a96 req-0d4fadb6-cd0a-4055-bc26-898bb51a861b service placement] found 2 providers after filtering by previous result {{(pid=114619) get_provider_ids_matching /opt/stack/placement/placement/objects/research_context.py:594}}
Oct 05 16:45:07.750351 n-d-792803-3 devstack@placement-api.service[114619]: DEBUG placement.objects.allocation_candidate [req-65bef276-2d86-4109-9486-6b1645104a96 req-0d4fadb6-cd0a-4055-bc26-898bb51a861b service placement] RequestGroup(use_same_provider=False, resources={DISK_GB:1, MEMORY_MB:1024, VCPU:1}, traits=(), aggregates=[]) (suffix '') returned 2 matches {{(pid=114619) _get_by_requests /opt/stack/placement/placement/objects/allocation_candidate.py:156}}
Oct 05 16:45:07.750918 n-d-792803-3 devstack@placement-api.service[114619]: DEBUG placement.objects.allocation_candidate [req-65bef276-2d86-4109-9486-6b1645104a96 req-0d4fadb6-cd0a-4055-bc26-898bb51a861b service placement] Merging candidates yields 2 allocation requests and 2 provider summaries {{(pid=114619) _merge_candidates /opt/stack/placement/placement/objects/allocation_candidate.py:809}}
Oct 05 16:45:07.756330 n-d-792803-3 devstack@placement-api.service[114619]: INFO placement.requestlog [req-65bef276-2d86-4109-9486-6b1645104a96 req-0d4fadb6-cd0a-4055-bc26-898bb51a861b service placement] 10.222.0.43 "GET /placement/allocation_candidates?limit=1000&resources=DISK_GB%3A1%2CMEMORY_MB%3A1024%2CVCPU%3A1&root_required=%21COMPUTE_STATUS_DISABLED" status: 200 len: 1309 microversion: 1.36
Oct 05 16:45:07.768687 n-d-792803-3 devstack@placement-api.service[114619]: [pid: 114619|app: 0|req: 137/296] 10.222.0.43 () {60 vars in 1506 bytes} [Wed Oct 5 16:45:07 2022] GET /placement/allocation_candidates?limit=1000&resources=DISK_GB%3A1%2CMEMORY_MB%3A1024%2CVCPU%3A1&root_required=%21COMPUTE_STATUS_DISABLED => generated 1309 bytes in 122 msecs (HTTP/1.1 200) 8 headers in 297 bytes (1 switches on core 0)
Oct 05 16:45:07.813691 n-d-792803-3 devstack@placement-api.service[114620]: DEBUG placement.requestlog [req-65bef276-2d86-4109-9486-6b1645104a96 req-a4b7a85c-2899-4053-bd51-bd1e749edce2 None None] Starting request: 10.222.0.43 "GET /placement/allocations/edd78351-0008-4b07-9f74-8e7f1438089d" {{(pid=114620) __call__ /opt/stack/placement/placement/requestlog.py:55}}
Oct 05 16:45:07.826880 n-d-792803-3 devstack@placement-api.service[114620]: INFO placement.requestlog [req-65bef276-2d86-4109-9486-6b1645104a96 req-a4b7a85c-2899-4053-bd51-bd1e749edce2 service placement] 10.222.0.43 "GET /placement/allocations/edd78351-0008-4b07-9f74-8e7f1438089d" status: 200 len: 19 microversion: 1.28
Oct 05 16:45:07.827355 n-d-792803-3 devstack@placement-api.service[114620]: [pid: 114620|app: 0|req: 160/297] 10.222.0.43 () {60 vars in 1380 bytes} [Wed Oct 5 16:45:07 2022] GET /placement/allocations/edd78351-0008-4b07-9f74-8e7f1438089d => generated 19 bytes in 14 msecs (HTTP/1.1 200) 8 headers in 295 bytes (1 switches on core 0)
Oct 05 16:45:07.834918 n-d-792803-3 devstack@placement-api.service[114619]: DEBUG placement.requestlog [req-65bef276-2d86-4109-9486-6b1645104a96 req-99ad7a67-38a4-49fc-adca-c5ce0c9ae7aa None None] Starting request: 10.222.0.43 "PUT /placement/allocations/edd78351-0008-4b07-9f74-8e7f1438089d" {{(pid=114619) __call__ /opt/stack/placement/placement/requestlog.py:55}}
Oct 05 16:45:08.219521 n-d-792803-3 devstack@placement-api.service[114619]: DEBUG placement.handlers.allocation [req-65bef276-2d86-4109-9486-6b1645104a96 req-99ad7a67-38a4-49fc-adca-c5ce0c9ae7aa service placement] Successfully wrote allocations [, , ] {{(pid=114619) _update_consumers_and_create_allocations /opt/stack/placement/placement/handlers/allocation.py:462}}
Oct 05 16:45:08.351121 n-d-792803-3 devstack@placement-api.service[114619]: INFO placement.requestlog [req-65bef276-2d86-4109-9486-6b1645104a96 req-99ad7a67-38a4-49fc-adca-c5ce0c9ae7aa service placement] 10.222.0.43 "PUT /placement/allocations/edd78351-0008-4b07-9f74-8e7f1438089d" status: 204 len: 0 microversion: 1.36
Oct 05 16:45:08.355593 n-d-792803-3 devstack@placement-api.service[114619]: [pid: 114619|app: 0|req: 138/298] 10.222.0.43 () {64 vars in 1433 bytes} [Wed Oct 5 16:45:07 2022] PUT /placement/allocations/edd78351-0008-4b07-9f74-8e7f1438089d => generated 0 bytes in 517 msecs (HTTP/1.1 204) 5 headers in 199 bytes (1 switches on core 0)
Oct 05 16:45:09.083621 n-d-792803-3 devstack@placement-api.service[114620]: DEBUG placement.requestlog [req-65bef276-2d86-4109-9486-6b1645104a96 req-08f5ea05-8315-4fbc-8992-62f2bf85ee33 None None] Starting request: 10.222.0.47 "GET /placement/allocations/edd78351-0008-4b07-9f74-8e7f1438089d" {{(pid=114620) __call__ /opt/stack/placement/placement/requestlog.py:55}}
Oct 05 16:45:09.103751 n-d-792803-3 devstack@placement-api.service[114620]: INFO placement.requestlog [req-65bef276-2d86-4109-9486-6b1645104a96 req-08f5ea05-8315-4fbc-8992-62f2bf85ee33 service placement] 10.222.0.47 "GET /placement/allocations/edd78351-0008-4b07-9f74-8e7f1438089d" status: 200 len: 258 microversion: 1.28
Oct 05 16:45:09.104677 n-d-792803-3 devstack@placement-api.service[114620]: [pid: 114620|app: 0|req: 161/299] 10.222.0.47 () {60 vars in 1377 bytes} [Wed Oct 5 16:45:09 2022] GET /placement/allocations/edd78351-0008-4b07-9f74-8e7f1438089d => generated 258 bytes in 21 msecs (HTTP/1.1 200) 8 headers in 296 bytes (1 switches on core 0)
Oct 05 16:45:09.720631 n-d-792803-3 devstack@placement-api.service[114619]: DEBUG dbcounter [-] [114619] Writing DB stats placement:SELECT=92,placement:INSERT=4,placement:DELETE=2,placement:UPDATE=2 {{(pid=114619) stat_writer /usr/local/lib/python3.8/dist-packages/dbcounter.py:114}}
Oct 05 16:45:10.368287 n-d-792803-3 devstack@placement-api.service[114619]: DEBUG placement.requestlog [req-25a21105-dc3d-4797-bb9a-d082317ee3d9 req-3e7c02a6-21c1-4e47-9fe9-0e9511eb1f18 None None] Starting request: 10.222.0.43 "GET /placement/allocation_candidates?limit=1000&resources=DISK_GB%3A1%2CMEMORY_MB%3A1024%2CVCPU%3A1&root_required=%21COMPUTE_STATUS_DISABLED" {{(pid=114619) __call__ /opt/stack/placement/placement/requestlog.py:55}}
Oct 05 16:45:10.432604 n-d-792803-3 devstack@placement-api.service[114619]: DEBUG placement.objects.research_context [req-25a21105-dc3d-4797-bb9a-d082317ee3d9 req-3e7c02a6-21c1-4e47-9fe9-0e9511eb1f18 service placement] getting providers with 1 DISK_GB {{(pid=114619) __init__ /opt/stack/placement/placement/objects/research_context.py:136}}
Oct 05 16:45:10.441323 n-d-792803-3 devstack@placement-api.service[114619]: DEBUG placement.objects.research_context [req-25a21105-dc3d-4797-bb9a-d082317ee3d9 req-3e7c02a6-21c1-4e47-9fe9-0e9511eb1f18 service placement] getting providers with 1024 MEMORY_MB {{(pid=114619) __init__ /opt/stack/placement/placement/objects/research_context.py:136}}
Oct 05 16:45:10.447630 n-d-792803-3 devstack@placement-api.service[114619]: DEBUG placement.objects.research_context [req-25a21105-dc3d-4797-bb9a-d082317ee3d9 req-3e7c02a6-21c1-4e47-9fe9-0e9511eb1f18 service placement] getting providers with 1 VCPU {{(pid=114619) __init__ /opt/stack/placement/placement/objects/research_context.py:136}}
Oct 05 16:45:10.453778 n-d-792803-3 devstack@placement-api.service[114619]: DEBUG placement.objects.research_context [req-25a21105-dc3d-4797-bb9a-d082317ee3d9 req-3e7c02a6-21c1-4e47-9fe9-0e9511eb1f18 service placement] found 2 providers with available 1 DISK_GB {{(pid=114619) get_provider_ids_matching /opt/stack/placement/placement/objects/research_context.py:563}}
Oct 05 16:45:10.454181 n-d-792803-3 devstack@placement-api.service[114619]: DEBUG placement.objects.research_context [req-25a21105-dc3d-4797-bb9a-d082317ee3d9 req-3e7c02a6-21c1-4e47-9fe9-0e9511eb1f18 service placement] found 2 providers with available 1024 MEMORY_MB {{(pid=114619) get_provider_ids_matching /opt/stack/placement/placement/objects/research_context.py:563}}
Oct 05 16:45:10.454599 n-d-792803-3 devstack@placement-api.service[114619]: DEBUG placement.objects.research_context [req-25a21105-dc3d-4797-bb9a-d082317ee3d9 req-3e7c02a6-21c1-4e47-9fe9-0e9511eb1f18 service placement] found 2 providers after filtering by previous result {{(pid=114619) get_provider_ids_matching /opt/stack/placement/placement/objects/research_context.py:594}}
Oct 05 16:45:10.454960 n-d-792803-3 devstack@placement-api.service[114619]: DEBUG placement.objects.research_context [req-25a21105-dc3d-4797-bb9a-d082317ee3d9 req-3e7c02a6-21c1-4e47-9fe9-0e9511eb1f18 service placement] found 2 providers with available 1 VCPU {{(pid=114619) get_provider_ids_matching /opt/stack/placement/placement/objects/research_context.py:563}}
Oct 05 16:45:10.455350 n-d-792803-3 devstack@placement-api.service[114619]: DEBUG placement.objects.research_context [req-25a21105-dc3d-4797-bb9a-d082317ee3d9 req-3e7c02a6-21c1-4e47-9fe9-0e9511eb1f18 service placement] found 2 providers after filtering by previous result {{(pid=114619) get_provider_ids_matching /opt/stack/placement/placement/objects/research_context.py:594}}
Oct 05 16:45:10.476419 n-d-792803-3 devstack@placement-api.service[114619]: DEBUG placement.objects.allocation_candidate [req-25a21105-dc3d-4797-bb9a-d082317ee3d9 req-3e7c02a6-21c1-4e47-9fe9-0e9511eb1f18 service placement] RequestGroup(use_same_provider=False, resources={DISK_GB:1, MEMORY_MB:1024, VCPU:1}, traits=(), aggregates=[]) (suffix '') returned 2 matches {{(pid=114619) _get_by_requests /opt/stack/placement/placement/objects/allocation_candidate.py:156}}
Oct 05 16:45:10.479865 n-d-792803-3 devstack@placement-api.service[114619]: DEBUG placement.objects.allocation_candidate [req-25a21105-dc3d-4797-bb9a-d082317ee3d9 req-3e7c02a6-21c1-4e47-9fe9-0e9511eb1f18 service placement] Merging candidates yields 2 allocation requests and 2 provider summaries {{(pid=114619) _merge_candidates /opt/stack/placement/placement/objects/allocation_candidate.py:809}}
Oct 05 16:45:10.480418 n-d-792803-3 devstack@placement-api.service[114619]: INFO placement.requestlog [req-25a21105-dc3d-4797-bb9a-d082317ee3d9 req-3e7c02a6-21c1-4e47-9fe9-0e9511eb1f18 service placement] 10.222.0.43 "GET /placement/allocation_candidates?limit=1000&resources=DISK_GB%3A1%2CMEMORY_MB%3A1024%2CVCPU%3A1&root_required=%21COMPUTE_STATUS_DISABLED" status: 200 len: 1309 microversion: 1.36
Oct 05 16:45:10.483772 n-d-792803-3 devstack@placement-api.service[114619]: [pid: 114619|app: 0|req: 139/300] 10.222.0.43 () {60 vars in 1506 bytes} [Wed Oct 5 16:45:10 2022] GET /placement/allocation_candidates?limit=1000&resources=DISK_GB%3A1%2CMEMORY_MB%3A1024%2CVCPU%3A1&root_required=%21COMPUTE_STATUS_DISABLED => generated 1309 bytes in 116 msecs (HTTP/1.1 200) 8 headers in 297 bytes (1 switches on core 0)
Oct 05 16:45:10.587341 n-d-792803-3 devstack@placement-api.service[114620]: DEBUG placement.requestlog [req-25a21105-dc3d-4797-bb9a-d082317ee3d9 req-0e94204b-607a-4f88-a273-263f7420e724 None None] Starting request: 10.222.0.43 "GET /placement/allocations/8a53c33e-e352-4024-925d-7994c58dce83" {{(pid=114620) __call__ /opt/stack/placement/placement/requestlog.py:55}}
Oct 05 16:45:10.600141 n-d-792803-3 devstack@placement-api.service[114620]: INFO placement.requestlog [req-25a21105-dc3d-4797-bb9a-d082317ee3d9 req-0e94204b-607a-4f88-a273-263f7420e724 service placement] 10.222.0.43 "GET /placement/allocations/8a53c33e-e352-4024-925d-7994c58dce83" status: 200 len: 19 microversion: 1.28
Oct 05 16:45:10.600900 n-d-792803-3 devstack@placement-api.service[114620]: [pid: 114620|app: 0|req: 162/301] 10.222.0.43 () {60 vars in 1380 bytes} [Wed Oct 5 16:45:10 2022] GET /placement/allocations/8a53c33e-e352-4024-925d-7994c58dce83 => generated 19 bytes in 14 msecs (HTTP/1.1 200) 8 headers in 295 bytes (1 switches on core 0)
Oct 05 16:45:10.610029 n-d-792803-3 devstack@placement-api.service[114619]: DEBUG placement.requestlog [req-25a21105-dc3d-4797-bb9a-d082317ee3d9 req-5dab048e-c8f0-43cd-962c-f7b46a7d6838 None None] Starting request: 10.222.0.43 "PUT /placement/allocations/8a53c33e-e352-4024-925d-7994c58dce83" {{(pid=114619) __call__ /opt/stack/placement/placement/requestlog.py:55}}
Oct 05 16:45:10.895965 n-d-792803-3 devstack@placement-api.service[114620]: DEBUG placement.requestlog [None req-00bd6ca6-4ba8-460d-a12a-6a92d2216334 None None] Starting request: 10.222.0.43 "GET /placement/resource_providers/ccd77621-191f-4a19-9764-64a2a17db53e/aggregates" {{(pid=114620) __call__ /opt/stack/placement/placement/requestlog.py:55}}
Oct 05 16:45:10.997888 n-d-792803-3 devstack@placement-api.service[114620]: INFO placement.requestlog [None req-00bd6ca6-4ba8-460d-a12a-6a92d2216334 service placement] 10.222.0.43 "GET /placement/resource_providers/ccd77621-191f-4a19-9764-64a2a17db53e/aggregates" status: 404 len: 235 microversion: 1.1
Oct 05 16:45:10.998509 n-d-792803-3 devstack@placement-api.service[114620]: [pid: 114620|app: 0|req: 163/302] 10.222.0.43 () {58 vars in 1362 bytes} [Wed Oct 5 16:45:10 2022] GET /placement/resource_providers/ccd77621-191f-4a19-9764-64a2a17db53e/aggregates => generated 235 bytes in 103 msecs (HTTP/1.1 404) 5 headers in 202 bytes (2 switches on core 0)
Oct 05 16:45:11.010016 n-d-792803-3 devstack@placement-api.service[114620]: DEBUG placement.requestlog [None req-7180ebbc-7eb7-428b-9635-109e0e457a17 None None] Starting request: 10.222.0.43 "DELETE /placement/resource_providers/ccd77621-191f-4a19-9764-64a2a17db53e" {{(pid=114620) __call__ /opt/stack/placement/placement/requestlog.py:55}}
Oct 05 16:45:11.026494 n-d-792803-3 devstack@placement-api.service[114620]: DEBUG placement.wsgi_wrapper [None req-7180ebbc-7eb7-428b-9635-109e0e457a17 service placement] Placement API returning an error response: No resource provider with uuid ccd77621-191f-4a19-9764-64a2a17db53e found for delete {{(pid=114620) call_func /opt/stack/placement/placement/wsgi_wrapper.py:31}}
Oct 05 16:45:11.027626 n-d-792803-3 devstack@placement-api.service[114620]: INFO placement.requestlog [None req-7180ebbc-7eb7-428b-9635-109e0e457a17 service placement] 10.222.0.43 "DELETE /placement/resource_providers/ccd77621-191f-4a19-9764-64a2a17db53e" status: 404 len: 246 microversion: 1.1
Oct 05 16:45:11.028459 n-d-792803-3 devstack@placement-api.service[114620]: [pid: 114620|app: 0|req: 164/303] 10.222.0.43 () {60 vars in 1351 bytes} [Wed Oct 5 16:45:11 2022] DELETE /placement/resource_providers/ccd77621-191f-4a19-9764-64a2a17db53e => generated 246 bytes in 19 msecs (HTTP/1.1 404) 6 headers in 231 bytes (2 switches on core 0)
Oct 05 16:45:11.168884 n-d-792803-3 devstack@placement-api.service[114619]: DEBUG placement.handlers.allocation [req-25a21105-dc3d-4797-bb9a-d082317ee3d9 req-5dab048e-c8f0-43cd-962c-f7b46a7d6838 service placement] Successfully wrote allocations [, , ] {{(pid=114619) _update_consumers_and_create_allocations /opt/stack/placement/placement/handlers/allocation.py:462}}
Oct 05 16:45:11.257089 n-d-792803-3 devstack@placement-api.service[114619]: INFO placement.requestlog [req-25a21105-dc3d-4797-bb9a-d082317ee3d9 req-5dab048e-c8f0-43cd-962c-f7b46a7d6838 service placement] 10.222.0.43 "PUT /placement/allocations/8a53c33e-e352-4024-925d-7994c58dce83" status: 204 len: 0 microversion: 1.36
Oct 05 16:45:11.257769 n-d-792803-3 devstack@placement-api.service[114619]: [pid: 114619|app: 0|req: 140/304] 10.222.0.43 () {64 vars in 1433 bytes} [Wed Oct 5 16:45:10 2022] PUT /placement/allocations/8a53c33e-e352-4024-925d-7994c58dce83 => generated 0 bytes in 648 msecs (HTTP/1.1 204) 5 headers in 199 bytes (1 switches on core 0)
Oct 05 16:45:13.043755 n-d-792803-3 devstack@placement-api.service[114620]: DEBUG placement.requestlog [req-65bef276-2d86-4109-9486-6b1645104a96 req-a3c22362-77b6-47ae-992a-84eecf2ab14c None None] Starting request: 10.222.0.47 "GET /placement/resource_providers/cc7bef87-4a2b-421c-b29f-a6b27ce611c6/allocations" {{(pid=114620) __call__ /opt/stack/placement/placement/requestlog.py:55}}
Oct 05 16:45:13.076504 n-d-792803-3 devstack@placement-api.service[114620]: INFO placement.requestlog [req-65bef276-2d86-4109-9486-6b1645104a96 req-a3c22362-77b6-47ae-992a-84eecf2ab14c service placement] 10.222.0.47 "GET /placement/resource_providers/cc7bef87-4a2b-421c-b29f-a6b27ce611c6/allocations" status: 200 len: 760 microversion: 1.0
Oct 05 16:45:13.076967 n-d-792803-3 devstack@placement-api.service[114620]: [pid: 114620|app: 0|req: 165/305] 10.222.0.47 () {58 vars in 1390 bytes} [Wed Oct 5 16:45:13 2022] GET /placement/resource_providers/cc7bef87-4a2b-421c-b29f-a6b27ce611c6/allocations => generated 760 bytes in 34 msecs (HTTP/1.1 200) 6 headers in 224 bytes (1 switches on core 0)
Oct 05 16:45:13.090832 n-d-792803-3 devstack@placement-api.service[114619]: DEBUG placement.requestlog [req-65bef276-2d86-4109-9486-6b1645104a96 req-e48abea9-9934-409a-8499-a0ab58b25553 None None] Starting request: 10.222.0.47 "GET /placement/allocations/8a53c33e-e352-4024-925d-7994c58dce83" {{(pid=114619) __call__ /opt/stack/placement/placement/requestlog.py:55}}
Oct 05 16:45:13.125274 n-d-792803-3 devstack@placement-api.service[114619]: INFO placement.requestlog [req-65bef276-2d86-4109-9486-6b1645104a96 req-e48abea9-9934-409a-8499-a0ab58b25553 service placement] 10.222.0.47 "GET /placement/allocations/8a53c33e-e352-4024-925d-7994c58dce83" status: 200 len: 259 microversion: 1.28
Oct 05 16:45:13.125274 n-d-792803-3 devstack@placement-api.service[114619]: [pid: 114619|app: 0|req: 141/306] 10.222.0.47 () {60 vars in 1377 bytes} [Wed Oct 5 16:45:13 2022] GET /placement/allocations/8a53c33e-e352-4024-925d-7994c58dce83 => generated 259 bytes in 31 msecs (HTTP/1.1 200) 8 headers in 296 bytes (1 switches on core 0)
Oct 05 16:45:13.135765 n-d-792803-3 devstack@placement-api.service[114620]: DEBUG placement.requestlog [req-65bef276-2d86-4109-9486-6b1645104a96 req-eec3a386-1f5c-40ea-8bf7-fbe89361841c None None] Starting request: 10.222.0.47 "GET /placement/allocations/938bd2ea-874e-4f61-8f73-487282c9975a" {{(pid=114620) __call__ /opt/stack/placement/placement/requestlog.py:55}}
Oct 05 16:45:13.159969 n-d-792803-3 devstack@placement-api.service[114620]: INFO placement.requestlog [req-65bef276-2d86-4109-9486-6b1645104a96 req-eec3a386-1f5c-40ea-8bf7-fbe89361841c service placement] 10.222.0.47 "GET /placement/allocations/938bd2ea-874e-4f61-8f73-487282c9975a" status: 200 len: 259 microversion: 1.28
Oct 05 16:45:13.160681 n-d-792803-3 devstack@placement-api.service[114620]: [pid: 114620|app: 0|req: 166/307] 10.222.0.47 () {60 vars in 1377 bytes} [Wed Oct 5 16:45:13 2022] GET /placement/allocations/938bd2ea-874e-4f61-8f73-487282c9975a => generated 259 bytes in 25 msecs (HTTP/1.1 200) 8 headers in 296 bytes (1 switches on core 0)
Oct 05 16:45:13.179342 n-d-792803-3 devstack@placement-api.service[114619]: DEBUG placement.requestlog [req-65bef276-2d86-4109-9486-6b1645104a96 req-6139a9bc-04b6-4cd8-ace1-ce196042c399 None None] Starting request: 10.222.0.47 "GET /placement/allocations/31aa4529-174e-41c7-bcf7-9ae583c71725" {{(pid=114619) __call__ /opt/stack/placement/placement/requestlog.py:55}}
Oct 05 16:45:13.195047 n-d-792803-3 devstack@placement-api.service[114619]: INFO placement.requestlog [req-65bef276-2d86-4109-9486-6b1645104a96 req-6139a9bc-04b6-4cd8-ace1-ce196042c399 service placement] 10.222.0.47 "GET /placement/allocations/31aa4529-174e-41c7-bcf7-9ae583c71725" status: 200 len: 259 microversion: 1.28
Oct 05 16:45:13.195463 n-d-792803-3 devstack@placement-api.service[114619]: [pid: 114619|app: 0|req: 142/308] 10.222.0.47 () {60 vars in 1377 bytes} [Wed Oct 5 16:45:13 2022] GET /placement/allocations/31aa4529-174e-41c7-bcf7-9ae583c71725 => generated 259 bytes in 16 msecs (HTTP/1.1 200) 8 headers in 296 bytes (2 switches on core 0)
Oct 05 16:45:13.220357 n-d-792803-3 devstack@placement-api.service[114620]: DEBUG placement.requestlog [req-65bef276-2d86-4109-9486-6b1645104a96 req-8271eff8-e000-491d-bc76-8191cbe8d77a None None] Starting request: 10.222.0.47 "GET /placement/allocations/329e97c2-bfec-4570-aa27-eecc63a48a01" {{(pid=114620) __call__ /opt/stack/placement/placement/requestlog.py:55}}
Oct 05 16:45:13.246939 n-d-792803-3 devstack@placement-api.service[114620]: INFO placement.requestlog [req-65bef276-2d86-4109-9486-6b1645104a96 req-8271eff8-e000-491d-bc76-8191cbe8d77a service placement] 10.222.0.47 "GET /placement/allocations/329e97c2-bfec-4570-aa27-eecc63a48a01" status: 200 len: 259 microversion: 1.28
Oct 05 16:45:13.247515 n-d-792803-3 devstack@placement-api.service[114620]: [pid: 114620|app: 0|req: 167/309] 10.222.0.47 () {60 vars in 1377 bytes} [Wed Oct 5 16:45:13 2022] GET /placement/allocations/329e97c2-bfec-4570-aa27-eecc63a48a01 => generated 259 bytes in 27 msecs (HTTP/1.1 200) 8 headers in 296 bytes (1 switches on core 0)
Oct 05 16:45:13.260261 n-d-792803-3 devstack@placement-api.service[114620]: DEBUG placement.requestlog [req-25a21105-dc3d-4797-bb9a-d082317ee3d9 req-16f59e36-092c-4fb5-a200-44acc77b2d1b None None] Starting request: 10.222.0.47 "GET /placement/allocations/8a53c33e-e352-4024-925d-7994c58dce83" {{(pid=114620) __call__ /opt/stack/placement/placement/requestlog.py:55}}
Oct 05 16:45:13.260440 n-d-792803-3 devstack@placement-api.service[114619]: DEBUG placement.requestlog [req-65bef276-2d86-4109-9486-6b1645104a96 req-f3eca8f4-2341-4e78-8273-f0b84ba7f995 None None] Starting request: 10.222.0.47 "GET /placement/allocations/edd78351-0008-4b07-9f74-8e7f1438089d" {{(pid=114619) __call__ /opt/stack/placement/placement/requestlog.py:55}}
Oct 05 16:45:13.284112 n-d-792803-3 devstack@placement-api.service[114619]: INFO placement.requestlog [req-65bef276-2d86-4109-9486-6b1645104a96 req-f3eca8f4-2341-4e78-8273-f0b84ba7f995 service placement] 10.222.0.47 "GET /placement/allocations/edd78351-0008-4b07-9f74-8e7f1438089d" status: 200 len: 259 microversion: 1.28
Oct 05 16:45:13.284572 n-d-792803-3 devstack@placement-api.service[114619]: [pid: 114619|app: 0|req: 143/310] 10.222.0.47 () {60 vars in 1377 bytes} [Wed Oct 5 16:45:13 2022] GET /placement/allocations/edd78351-0008-4b07-9f74-8e7f1438089d => generated 259 bytes in 25 msecs (HTTP/1.1 200) 8 headers in 296 bytes (1 switches on core 0)
Oct 05 16:45:13.291445 n-d-792803-3 devstack@placement-api.service[114619]: DEBUG placement.requestlog [req-65bef276-2d86-4109-9486-6b1645104a96 req-96c4cc90-ac22-426e-ae32-6a130e9933eb None None] Starting request: 10.222.0.47 "GET /placement/allocations/ef171f2a-faf1-4f4a-b49d-50d42183ea11" {{(pid=114619) __call__ /opt/stack/placement/placement/requestlog.py:55}}
Oct 05 16:45:13.294376 n-d-792803-3 devstack@placement-api.service[114620]: INFO placement.requestlog [req-25a21105-dc3d-4797-bb9a-d082317ee3d9 req-16f59e36-092c-4fb5-a200-44acc77b2d1b service placement] 10.222.0.47 "GET /placement/allocations/8a53c33e-e352-4024-925d-7994c58dce83" status: 200 len: 259 microversion: 1.28
Oct 05 16:45:13.294749 n-d-792803-3 devstack@placement-api.service[114620]: [pid: 114620|app: 0|req: 168/311] 10.222.0.47 () {60 vars in 1377 bytes} [Wed Oct 5 16:45:13 2022] GET /placement/allocations/8a53c33e-e352-4024-925d-7994c58dce83 => generated 259 bytes in 35 msecs (HTTP/1.1 200) 8 headers in 296 bytes (1 switches on core 0)
Oct 05 16:45:13.307194 n-d-792803-3 devstack@placement-api.service[114619]: INFO placement.requestlog [req-65bef276-2d86-4109-9486-6b1645104a96 req-96c4cc90-ac22-426e-ae32-6a130e9933eb service placement] 10.222.0.47 "GET /placement/allocations/ef171f2a-faf1-4f4a-b49d-50d42183ea11" status: 200 len: 259 microversion: 1.28
Oct 05 16:45:13.307639 n-d-792803-3 devstack@placement-api.service[114619]: [pid: 114619|app: 0|req: 144/312] 10.222.0.47 () {60 vars in 1377 bytes} [Wed Oct 5 16:45:13 2022] GET /placement/allocations/ef171f2a-faf1-4f4a-b49d-50d42183ea11 => generated 259 bytes in 17 msecs (HTTP/1.1 200) 8 headers in 296 bytes (2 switches on core 0)
Oct 05 16:45:13.314740 n-d-792803-3 devstack@placement-api.service[114620]: DEBUG placement.requestlog [req-65bef276-2d86-4109-9486-6b1645104a96 req-31e19eac-cb56-4728-b091-afea46d37a10 None None] Starting request: 10.222.0.47 "GET /placement/allocations/fa937139-5598-4997-93ab-ad72cb552736" {{(pid=114620) __call__ /opt/stack/placement/placement/requestlog.py:55}}
Oct 05 16:45:13.331746 n-d-792803-3 devstack@placement-api.service[114620]: INFO placement.requestlog [req-65bef276-2d86-4109-9486-6b1645104a96 req-31e19eac-cb56-4728-b091-afea46d37a10 service placement] 10.222.0.47 "GET /placement/allocations/fa937139-5598-4997-93ab-ad72cb552736" status: 200 len: 259 microversion: 1.28
Oct 05 16:45:13.332127 n-d-792803-3 devstack@placement-api.service[114620]: [pid: 114620|app: 0|req: 169/313] 10.222.0.47 () {60 vars in 1377 bytes} [Wed Oct 5 16:45:13 2022] GET /placement/allocations/fa937139-5598-4997-93ab-ad72cb552736 => generated 259 bytes in 18 msecs (HTTP/1.1 200) 8 headers in 296 bytes (1 switches on core 0)
Oct 05 16:45:13.826404 n-d-792803-3 devstack@placement-api.service[114619]: DEBUG placement.requestlog [req-ea558b20-9e71-4df6-a015-1a0c827a277e req-d0ac990f-64c9-4709-8043-2bf7e52cf940 None None] Starting request: 10.222.0.47 "GET /placement/resource_providers/cc7bef87-4a2b-421c-b29f-a6b27ce611c6/allocations" {{(pid=114619) __call__ /opt/stack/placement/placement/requestlog.py:55}}
Oct 05 16:45:13.850690 n-d-792803-3 devstack@placement-api.service[114619]: INFO placement.requestlog [req-ea558b20-9e71-4df6-a015-1a0c827a277e req-d0ac990f-64c9-4709-8043-2bf7e52cf940 service placement] 10.222.0.47 "GET /placement/resource_providers/cc7bef87-4a2b-421c-b29f-a6b27ce611c6/allocations" status: 200 len: 760 microversion: 1.0
Oct 05 16:45:13.851460 n-d-792803-3 devstack@placement-api.service[114619]: [pid: 114619|app: 0|req: 145/314] 10.222.0.47 () {58 vars in 1390 bytes} [Wed Oct 5 16:45:13 2022] GET /placement/resource_providers/cc7bef87-4a2b-421c-b29f-a6b27ce611c6/allocations => generated 760 bytes in 26 msecs (HTTP/1.1 200) 6 headers in 224 bytes (1 switches on core 0)
Oct 05 16:45:13.861037 n-d-792803-3 devstack@placement-api.service[114620]: DEBUG placement.requestlog [req-ea558b20-9e71-4df6-a015-1a0c827a277e req-e1899dc8-e3b4-48a5-9323-dbde93e702ad None None] Starting request: 10.222.0.47 "GET /placement/allocations/8a53c33e-e352-4024-925d-7994c58dce83" {{(pid=114620) __call__ /opt/stack/placement/placement/requestlog.py:55}}
Oct 05 16:45:13.875813 n-d-792803-3 devstack@placement-api.service[114620]: DEBUG dbcounter [-] [114620] Writing DB stats placement:DELETE=5,placement:SELECT=86,placement:UPDATE=5,placement:INSERT=4 {{(pid=114620) stat_writer /usr/local/lib/python3.8/dist-packages/dbcounter.py:114}}
Oct 05 16:45:13.879735 n-d-792803-3 devstack@placement-api.service[114620]: INFO placement.requestlog [req-ea558b20-9e71-4df6-a015-1a0c827a277e req-e1899dc8-e3b4-48a5-9323-dbde93e702ad service placement] 10.222.0.47 "GET /placement/allocations/8a53c33e-e352-4024-925d-7994c58dce83" status: 200 len: 259 microversion: 1.28
Oct 05 16:45:13.888587 n-d-792803-3 devstack@placement-api.service[114620]: [pid: 114620|app: 0|req: 170/315] 10.222.0.47 () {60 vars in 1377 bytes} [Wed Oct 5 16:45:13 2022] GET /placement/allocations/8a53c33e-e352-4024-925d-7994c58dce83 => generated 259 bytes in 19 msecs (HTTP/1.1 200) 8 headers in 296 bytes (1 switches on core 0)
Oct 05 16:45:13.888724 n-d-792803-3 devstack@placement-api.service[114619]: DEBUG placement.requestlog [req-ea558b20-9e71-4df6-a015-1a0c827a277e req-193863da-9256-45c7-ad3d-8c39645efc24 None None] Starting request: 10.222.0.47 "GET /placement/allocations/938bd2ea-874e-4f61-8f73-487282c9975a" {{(pid=114619) __call__ /opt/stack/placement/placement/requestlog.py:55}}
Oct 05 16:45:13.902426 n-d-792803-3 devstack@placement-api.service[114619]: INFO placement.requestlog [req-ea558b20-9e71-4df6-a015-1a0c827a277e req-193863da-9256-45c7-ad3d-8c39645efc24 service placement] 10.222.0.47 "GET /placement/allocations/938bd2ea-874e-4f61-8f73-487282c9975a" status: 200 len: 259 microversion: 1.28
Oct 05 16:45:13.903024 n-d-792803-3 devstack@placement-api.service[114619]: [pid: 114619|app: 0|req: 146/316] 10.222.0.47 () {60 vars in 1377 bytes} [Wed Oct 5 16:45:13 2022] GET /placement/allocations/938bd2ea-874e-4f61-8f73-487282c9975a => generated 259 bytes in 16 msecs (HTTP/1.1 200) 8 headers in 296 bytes (2 switches on core 0)
Oct 05 16:45:13.914515 n-d-792803-3 devstack@placement-api.service[114620]: DEBUG placement.requestlog [req-ea558b20-9e71-4df6-a015-1a0c827a277e req-78a5210d-a4a0-4a0d-8325-21d4224ca54d None None] Starting request: 10.222.0.47 "GET /placement/allocations/31aa4529-174e-41c7-bcf7-9ae583c71725" {{(pid=114620) __call__ /opt/stack/placement/placement/requestlog.py:55}}
Oct 05 16:45:13.930459 n-d-792803-3 devstack@placement-api.service[114620]: INFO placement.requestlog [req-ea558b20-9e71-4df6-a015-1a0c827a277e req-78a5210d-a4a0-4a0d-8325-21d4224ca54d service placement] 10.222.0.47 "GET /placement/allocations/31aa4529-174e-41c7-bcf7-9ae583c71725" status: 200 len: 259 microversion: 1.28
