Oct 05 16:45:51.504741 n-d-792803-3 devstack@placement-api.service[114619]: INFO placement.requestlog [req-e9999cf2-b636-4951-b118-34edfe1027cf req-e6f01aaf-bf26-4696-ba71-e560f230e980 service placement] 10.222.0.25 "GET /placement/allocations/596ca121-441e-4906-8621-ce39eb017f10" status: 200 len: 259 microversion: 1.28
Oct 05 16:45:51.505032 n-d-792803-3 devstack@placement-api.service[114619]: [pid: 114619|app: 0|req: 205/441] 10.222.0.25 () {60 vars in 1377 bytes} [Wed Oct 5 16:45:51 2022] GET /placement/allocations/596ca121-441e-4906-8621-ce39eb017f10 => generated 259 bytes in 33 msecs (HTTP/1.1 200) 8 headers in 296 bytes (1 switches on core 0)
Oct 05 16:45:54.180968 n-d-792803-3 devstack@placement-api.service[114620]: DEBUG placement.requestlog [req-d9c2cd0c-a4a6-4e4b-8ac3-a92d38dd787e req-9f294fdb-3b79-451d-a2ac-222cbe1e2a13 None None] Starting request: 10.222.0.43 "GET /placement/allocation_candidates?resources=DISK_GB%3A1%2CMEMORY_MB%3A1024%2CVCPU%3A1&root_required=%21COMPUTE_STATUS_DISABLED" {{(pid=114620) __call__ /opt/stack/placement/placement/requestlog.py:55}}
Oct 05 16:45:54.245920 n-d-792803-3 devstack@placement-api.service[114620]: DEBUG placement.objects.research_context [req-d9c2cd0c-a4a6-4e4b-8ac3-a92d38dd787e req-9f294fdb-3b79-451d-a2ac-222cbe1e2a13 service placement] getting providers with 1 DISK_GB {{(pid=114620) __init__ /opt/stack/placement/placement/objects/research_context.py:136}}
Oct 05 16:45:54.252121 n-d-792803-3 devstack@placement-api.service[114620]: DEBUG placement.objects.research_context [req-d9c2cd0c-a4a6-4e4b-8ac3-a92d38dd787e req-9f294fdb-3b79-451d-a2ac-222cbe1e2a13 service placement] getting providers with 1024 MEMORY_MB {{(pid=114620) __init__ /opt/stack/placement/placement/objects/research_context.py:136}}
Oct 05 16:45:54.258105 n-d-792803-3 devstack@placement-api.service[114620]: DEBUG placement.objects.research_context [req-d9c2cd0c-a4a6-4e4b-8ac3-a92d38dd787e req-9f294fdb-3b79-451d-a2ac-222cbe1e2a13 service placement] getting providers with 1 VCPU {{(pid=114620) __init__ /opt/stack/placement/placement/objects/research_context.py:136}}
Oct 05 16:45:54.264479 n-d-792803-3 devstack@placement-api.service[114620]: DEBUG placement.objects.research_context [req-d9c2cd0c-a4a6-4e4b-8ac3-a92d38dd787e req-9f294fdb-3b79-451d-a2ac-222cbe1e2a13 service placement] found 2 providers with available 1 DISK_GB {{(pid=114620) get_provider_ids_matching /opt/stack/placement/placement/objects/research_context.py:563}}
Oct 05 16:45:54.264760 n-d-792803-3 devstack@placement-api.service[114620]: DEBUG placement.objects.research_context [req-d9c2cd0c-a4a6-4e4b-8ac3-a92d38dd787e req-9f294fdb-3b79-451d-a2ac-222cbe1e2a13 service placement] found 2 providers with available 1024 MEMORY_MB {{(pid=114620) get_provider_ids_matching /opt/stack/placement/placement/objects/research_context.py:563}}
Oct 05 16:45:54.265037 n-d-792803-3 devstack@placement-api.service[114620]: DEBUG placement.objects.research_context [req-d9c2cd0c-a4a6-4e4b-8ac3-a92d38dd787e req-9f294fdb-3b79-451d-a2ac-222cbe1e2a13 service placement] found 2 providers after filtering by previous result {{(pid=114620) get_provider_ids_matching /opt/stack/placement/placement/objects/research_context.py:594}}
Oct 05 16:45:54.265295 n-d-792803-3 devstack@placement-api.service[114620]: DEBUG placement.objects.research_context [req-d9c2cd0c-a4a6-4e4b-8ac3-a92d38dd787e req-9f294fdb-3b79-451d-a2ac-222cbe1e2a13 service placement] found 2 providers with available 1 VCPU {{(pid=114620) get_provider_ids_matching /opt/stack/placement/placement/objects/research_context.py:563}}
Oct 05 16:45:54.265907 n-d-792803-3 devstack@placement-api.service[114620]: DEBUG placement.objects.research_context [req-d9c2cd0c-a4a6-4e4b-8ac3-a92d38dd787e req-9f294fdb-3b79-451d-a2ac-222cbe1e2a13 service placement] found 2 providers after filtering by previous result {{(pid=114620) get_provider_ids_matching /opt/stack/placement/placement/objects/research_context.py:594}}
Oct 05 16:45:54.277587 n-d-792803-3 devstack@placement-api.service[114620]: DEBUG placement.objects.allocation_candidate [req-d9c2cd0c-a4a6-4e4b-8ac3-a92d38dd787e req-9f294fdb-3b79-451d-a2ac-222cbe1e2a13 service placement] RequestGroup(use_same_provider=False, resources={DISK_GB:1, MEMORY_MB:1024, VCPU:1}, traits=(), aggregates=[]) (suffix '') returned 2 matches {{(pid=114620) _get_by_requests /opt/stack/placement/placement/objects/allocation_candidate.py:156}}
Oct 05 16:45:54.277968 n-d-792803-3 devstack@placement-api.service[114620]: DEBUG placement.objects.allocation_candidate [req-d9c2cd0c-a4a6-4e4b-8ac3-a92d38dd787e req-9f294fdb-3b79-451d-a2ac-222cbe1e2a13 service placement] Merging candidates yields 2 allocation requests and 2 provider summaries {{(pid=114620) _merge_candidates /opt/stack/placement/placement/objects/allocation_candidate.py:809}}
Oct 05 16:45:54.279560 n-d-792803-3 devstack@placement-api.service[114620]: INFO placement.requestlog [req-d9c2cd0c-a4a6-4e4b-8ac3-a92d38dd787e req-9f294fdb-3b79-451d-a2ac-222cbe1e2a13 service placement] 10.222.0.43 "GET /placement/allocation_candidates?resources=DISK_GB%3A1%2CMEMORY_MB%3A1024%2CVCPU%3A1&root_required=%21COMPUTE_STATUS_DISABLED" status: 200 len: 1312 microversion: 1.36
Oct 05 16:45:54.279949 n-d-792803-3 devstack@placement-api.service[114620]: [pid: 114620|app: 0|req: 237/442] 10.222.0.43 () {60 vars in 1484 bytes} [Wed Oct 5 16:45:54 2022] GET /placement/allocation_candidates?resources=DISK_GB%3A1%2CMEMORY_MB%3A1024%2CVCPU%3A1&root_required=%21COMPUTE_STATUS_DISABLED => generated 1312 bytes in 100 msecs (HTTP/1.1 200) 8 headers in 297 bytes (1 switches on core 0)
Oct 05 16:45:54.329903 n-d-792803-3 devstack@placement-api.service[114619]: DEBUG placement.requestlog [req-d9c2cd0c-a4a6-4e4b-8ac3-a92d38dd787e req-ff8c1d4d-030b-491c-8278-629cdc851177 None None] Starting request: 10.222.0.43 "GET /placement/allocations/38baabe2-b811-4b19-8759-4bd3fc3af079" {{(pid=114619) __call__ /opt/stack/placement/placement/requestlog.py:55}}
Oct 05 16:45:54.341354 n-d-792803-3 devstack@placement-api.service[114619]: INFO placement.requestlog [req-d9c2cd0c-a4a6-4e4b-8ac3-a92d38dd787e req-ff8c1d4d-030b-491c-8278-629cdc851177 service placement] 10.222.0.43 "GET /placement/allocations/38baabe2-b811-4b19-8759-4bd3fc3af079" status: 200 len: 19 microversion: 1.28
Oct 05 16:45:54.341767 n-d-792803-3 devstack@placement-api.service[114619]: [pid: 114619|app: 0|req: 206/443] 10.222.0.43 () {60 vars in 1380 bytes} [Wed Oct 5 16:45:54 2022] GET /placement/allocations/38baabe2-b811-4b19-8759-4bd3fc3af079 => generated 19 bytes in 12 msecs (HTTP/1.1 200) 8 headers in 295 bytes (1 switches on core 0)
Oct 05 16:45:54.348520 n-d-792803-3 devstack@placement-api.service[114620]: DEBUG placement.requestlog [req-d9c2cd0c-a4a6-4e4b-8ac3-a92d38dd787e req-457eb1bf-918d-42d8-9c4a-ee8a4265ad31 None None] Starting request: 10.222.0.43 "PUT /placement/allocations/38baabe2-b811-4b19-8759-4bd3fc3af079" {{(pid=114620) __call__ /opt/stack/placement/placement/requestlog.py:55}}
Oct 05 16:45:54.480566 n-d-792803-3 devstack@placement-api.service[114620]: DEBUG placement.handlers.allocation [req-d9c2cd0c-a4a6-4e4b-8ac3-a92d38dd787e req-457eb1bf-918d-42d8-9c4a-ee8a4265ad31 service placement] Successfully wrote allocations [, , ] {{(pid=114620) _update_consumers_and_create_allocations /opt/stack/placement/placement/handlers/allocation.py:462}}
Oct 05 16:45:54.630517 n-d-792803-3 devstack@placement-api.service[114620]: INFO placement.requestlog [req-d9c2cd0c-a4a6-4e4b-8ac3-a92d38dd787e req-457eb1bf-918d-42d8-9c4a-ee8a4265ad31 service placement] 10.222.0.43 "PUT /placement/allocations/38baabe2-b811-4b19-8759-4bd3fc3af079" status: 204 len: 0 microversion: 1.36
Oct 05 16:45:54.630922 n-d-792803-3 devstack@placement-api.service[114620]: [pid: 114620|app: 0|req: 238/444] 10.222.0.43 () {64 vars in 1433 bytes} [Wed Oct 5 16:45:54 2022] PUT /placement/allocations/38baabe2-b811-4b19-8759-4bd3fc3af079 => generated 0 bytes in 283 msecs (HTTP/1.1 204) 5 headers in 199 bytes (2 switches on core 0)
Oct 05 16:45:56.178040 n-d-792803-3 devstack@placement-api.service[114619]: DEBUG placement.requestlog [req-d9c2cd0c-a4a6-4e4b-8ac3-a92d38dd787e req-4ac2d623-a6b5-4ff0-bf64-fdc9e8b3e488 None None] Starting request: 10.222.0.25 "GET /placement/allocations/38baabe2-b811-4b19-8759-4bd3fc3af079" {{(pid=114619) __call__ /opt/stack/placement/placement/requestlog.py:55}}
Oct 05 16:45:56.198956 n-d-792803-3 devstack@placement-api.service[114619]: INFO placement.requestlog [req-d9c2cd0c-a4a6-4e4b-8ac3-a92d38dd787e req-4ac2d623-a6b5-4ff0-bf64-fdc9e8b3e488 service placement] 10.222.0.25 "GET /placement/allocations/38baabe2-b811-4b19-8759-4bd3fc3af079" status: 200 len: 259 microversion: 1.28
Oct 05 16:45:56.199702 n-d-792803-3 devstack@placement-api.service[114619]: [pid: 114619|app: 0|req: 207/445] 10.222.0.25 () {60 vars in 1377 bytes} [Wed Oct 5 16:45:56 2022] GET /placement/allocations/38baabe2-b811-4b19-8759-4bd3fc3af079 => generated 259 bytes in 22 msecs (HTTP/1.1 200) 8 headers in 296 bytes (1 switches on core 0)
Oct 05 16:45:56.542236 n-d-792803-3 devstack@placement-api.service[114620]: DEBUG placement.requestlog [req-087d3565-1982-4ddf-b4a3-c5eaeb5ebc24 req-6ba0cd5d-723b-4ed0-8b92-1968d570ad1d None None] Starting request: 10.222.0.47 "GET /placement/resource_providers/cc7bef87-4a2b-421c-b29f-a6b27ce611c6/allocations" {{(pid=114620) __call__ /opt/stack/placement/placement/requestlog.py:55}}
Oct 05 16:45:56.581263 n-d-792803-3 devstack@placement-api.service[114620]: INFO placement.requestlog [req-087d3565-1982-4ddf-b4a3-c5eaeb5ebc24 req-6ba0cd5d-723b-4ed0-8b92-1968d570ad1d service placement] 10.222.0.47 "GET /placement/resource_providers/cc7bef87-4a2b-421c-b29f-a6b27ce611c6/allocations" status: 200 len: 760 microversion: 1.0
Oct 05 16:45:56.583051 n-d-792803-3 devstack@placement-api.service[114620]: [pid: 114620|app: 0|req: 239/446] 10.222.0.47 () {58 vars in 1390 bytes} [Wed Oct 5 16:45:56 2022] GET /placement/resource_providers/cc7bef87-4a2b-421c-b29f-a6b27ce611c6/allocations => generated 760 bytes in 42 msecs (HTTP/1.1 200) 6 headers in 224 bytes (2 switches on core 0)
Oct 05 16:45:56.698043 n-d-792803-3 devstack@placement-api.service[114619]: DEBUG placement.requestlog [req-d9c2cd0c-a4a6-4e4b-8ac3-a92d38dd787e req-c4da4fe0-6feb-4b8e-816e-bf717f7c300d None None] Starting request: 10.222.0.25 "GET /placement/resource_providers/628c5a61-9b1c-4341-9697-7a4a5df5adf7/allocations" {{(pid=114619) __call__ /opt/stack/placement/placement/requestlog.py:55}}
Oct 05 16:45:56.762456 n-d-792803-3 devstack@placement-api.service[114619]: INFO placement.requestlog [req-d9c2cd0c-a4a6-4e4b-8ac3-a92d38dd787e req-c4da4fe0-6feb-4b8e-816e-bf717f7c300d service placement] 10.222.0.25 "GET /placement/resource_providers/628c5a61-9b1c-4341-9697-7a4a5df5adf7/allocations" status: 200 len: 1164 microversion: 1.0
Oct 05 16:45:56.763314 n-d-792803-3 devstack@placement-api.service[114619]: [pid: 114619|app: 0|req: 208/447] 10.222.0.25 () {58 vars in 1390 bytes} [Wed Oct 5 16:45:56 2022] GET /placement/resource_providers/628c5a61-9b1c-4341-9697-7a4a5df5adf7/allocations => generated 1164 bytes in 65 msecs (HTTP/1.1 200) 6 headers in 225 bytes (1 switches on core 0)
Oct 05 16:45:56.775522 n-d-792803-3 devstack@placement-api.service[114620]: DEBUG placement.requestlog [req-d9c2cd0c-a4a6-4e4b-8ac3-a92d38dd787e req-92fe0051-a693-4af6-a08d-0ba6f4c0e4a8 None None] Starting request: 10.222.0.25 "GET /placement/allocations/d09d7898-339c-494d-bfd5-74f7f036ca47" {{(pid=114620) __call__ /opt/stack/placement/placement/requestlog.py:55}}
Oct 05 16:45:56.801774 n-d-792803-3 devstack@placement-api.service[114620]: INFO placement.requestlog [req-d9c2cd0c-a4a6-4e4b-8ac3-a92d38dd787e req-92fe0051-a693-4af6-a08d-0ba6f4c0e4a8 service placement] 10.222.0.25 "GET /placement/allocations/d09d7898-339c-494d-bfd5-74f7f036ca47" status: 200 len: 259 microversion: 1.28
Oct 05 16:45:56.802776 n-d-792803-3 devstack@placement-api.service[114620]: [pid: 114620|app: 0|req: 240/448] 10.222.0.25 () {60 vars in 1377 bytes} [Wed Oct 5 16:45:56 2022] GET /placement/allocations/d09d7898-339c-494d-bfd5-74f7f036ca47 => generated 259 bytes in 28 msecs (HTTP/1.1 200) 8 headers in 296 bytes (1 switches on core 0)
Oct 05 16:45:56.820912 n-d-792803-3 devstack@placement-api.service[114619]: DEBUG placement.requestlog [req-d9c2cd0c-a4a6-4e4b-8ac3-a92d38dd787e req-d76d68f9-282c-4399-a0cb-b6f610007ff5 None None] Starting request: 10.222.0.25 "GET /placement/allocations/f15ddd1b-b669-474b-a59e-a3ae38ef315b" {{(pid=114619) __call__ /opt/stack/placement/placement/requestlog.py:55}}
Oct 05 16:45:56.837237 n-d-792803-3 devstack@placement-api.service[114620]: DEBUG placement.requestlog [req-087d3565-1982-4ddf-b4a3-c5eaeb5ebc24 req-ed42f0d7-bb2a-47c9-82fe-6566ccbe6bac None None] Starting request: 10.222.0.47 "GET /placement/resource_providers/cc7bef87-4a2b-421c-b29f-a6b27ce611c6/allocations" {{(pid=114620) __call__ /opt/stack/placement/placement/requestlog.py:55}}
Oct 05 16:45:56.838046 n-d-792803-3 devstack@placement-api.service[114619]: INFO placement.requestlog [req-d9c2cd0c-a4a6-4e4b-8ac3-a92d38dd787e req-d76d68f9-282c-4399-a0cb-b6f610007ff5 service placement] 10.222.0.25 "GET /placement/allocations/f15ddd1b-b669-474b-a59e-a3ae38ef315b" status: 200 len: 259 microversion: 1.28
Oct 05 16:45:56.838576 n-d-792803-3 devstack@placement-api.service[114619]: [pid: 114619|app: 0|req: 209/449] 10.222.0.25 () {60 vars in 1377 bytes} [Wed Oct 5 16:45:56 2022] GET /placement/allocations/f15ddd1b-b669-474b-a59e-a3ae38ef315b => generated 259 bytes in 21 msecs (HTTP/1.1 200) 8 headers in 296 bytes (2 switches on core 0)
Oct 05 16:45:56.853700 n-d-792803-3 devstack@placement-api.service[114619]: DEBUG placement.requestlog [req-d9c2cd0c-a4a6-4e4b-8ac3-a92d38dd787e req-3bcc0909-5af1-4702-86c7-bab9f19e3a7e None None] Starting request: 10.222.0.25 "GET /placement/allocations/dca8ed66-12a4-4f07-a467-a61a64323b6a" {{(pid=114619) __call__ /opt/stack/placement/placement/requestlog.py:55}}
Oct 05 16:45:56.877261 n-d-792803-3 devstack@placement-api.service[114619]: INFO placement.requestlog [req-d9c2cd0c-a4a6-4e4b-8ac3-a92d38dd787e req-3bcc0909-5af1-4702-86c7-bab9f19e3a7e service placement] 10.222.0.25 "GET /placement/allocations/dca8ed66-12a4-4f07-a467-a61a64323b6a" status: 200 len: 259 microversion: 1.28
Oct 05 16:45:56.877960 n-d-792803-3 devstack@placement-api.service[114619]: [pid: 114619|app: 0|req: 210/450] 10.222.0.25 () {60 vars in 1377 bytes} [Wed Oct 5 16:45:56 2022] GET /placement/allocations/dca8ed66-12a4-4f07-a467-a61a64323b6a => generated 259 bytes in 28 msecs (HTTP/1.1 200) 8 headers in 296 bytes (1 switches on core 0)
Oct 05 16:45:56.885214 n-d-792803-3 devstack@placement-api.service[114620]: INFO placement.requestlog [req-087d3565-1982-4ddf-b4a3-c5eaeb5ebc24 req-ed42f0d7-bb2a-47c9-82fe-6566ccbe6bac service placement] 10.222.0.47 "GET /placement/resource_providers/cc7bef87-4a2b-421c-b29f-a6b27ce611c6/allocations" status: 200 len: 760 microversion: 1.0
Oct 05 16:45:56.885981 n-d-792803-3 devstack@placement-api.service[114620]: [pid: 114620|app: 0|req: 241/451] 10.222.0.47 () {58 vars in 1390 bytes} [Wed Oct 5 16:45:56 2022] GET /placement/resource_providers/cc7bef87-4a2b-421c-b29f-a6b27ce611c6/allocations => generated 760 bytes in 49 msecs (HTTP/1.1 200) 6 headers in 224 bytes (1 switches on core 0)
Oct 05 16:45:56.889596 n-d-792803-3 devstack@placement-api.service[114619]: DEBUG placement.requestlog [req-d9c2cd0c-a4a6-4e4b-8ac3-a92d38dd787e req-0eada7b9-a6a3-47ca-a965-30b1a30061e7 None None] Starting request: 10.222.0.25 "GET /placement/allocations/d4f23a8b-2017-48db-9215-034c1aa7bfbf" {{(pid=114619) __call__ /opt/stack/placement/placement/requestlog.py:55}}
Oct 05 16:45:56.894930 n-d-792803-3 devstack@placement-api.service[114620]: DEBUG placement.requestlog [req-087d3565-1982-4ddf-b4a3-c5eaeb5ebc24 req-2fe51088-8e48-4fdf-b176-852322bd39bb None None] Starting request: 10.222.0.47 "GET /placement/allocations/15f0b154-db1d-41ea-9ea0-166f3275a1ed" {{(pid=114620) __call__ /opt/stack/placement/placement/requestlog.py:55}}
Oct 05 16:45:56.911373 n-d-792803-3 devstack@placement-api.service[114620]: INFO placement.requestlog [req-087d3565-1982-4ddf-b4a3-c5eaeb5ebc24 req-2fe51088-8e48-4fdf-b176-852322bd39bb service placement] 10.222.0.47 "GET /placement/allocations/15f0b154-db1d-41ea-9ea0-166f3275a1ed" status: 200 len: 259 microversion: 1.28
Oct 05 16:45:56.912040 n-d-792803-3 devstack@placement-api.service[114620]: [pid: 114620|app: 0|req: 242/452] 10.222.0.47 () {60 vars in 1377 bytes} [Wed Oct 5 16:45:56 2022] GET /placement/allocations/15f0b154-db1d-41ea-9ea0-166f3275a1ed => generated 259 bytes in 17 msecs (HTTP/1.1 200) 8 headers in 296 bytes (2 switches on core 0)
Oct 05 16:45:56.916164 n-d-792803-3 devstack@placement-api.service[114619]: INFO placement.requestlog [req-d9c2cd0c-a4a6-4e4b-8ac3-a92d38dd787e req-0eada7b9-a6a3-47ca-a965-30b1a30061e7 service placement] 10.222.0.25 "GET /placement/allocations/d4f23a8b-2017-48db-9215-034c1aa7bfbf" status: 200 len: 259 microversion: 1.28
Oct 05 16:45:56.918050 n-d-792803-3 devstack@placement-api.service[114619]: [pid: 114619|app: 0|req: 211/453] 10.222.0.25 () {60 vars in 1377 bytes} [Wed Oct 5 16:45:56 2022] GET /placement/allocations/d4f23a8b-2017-48db-9215-034c1aa7bfbf => generated 259 bytes in 29 msecs (HTTP/1.1 200) 8 headers in 296 bytes (2 switches on core 0)
Oct 05 16:45:56.921066 n-d-792803-3 devstack@placement-api.service[114620]: DEBUG placement.requestlog [req-087d3565-1982-4ddf-b4a3-c5eaeb5ebc24 req-e79a8d2c-9050-4a08-8b5d-2e33ed4e515d None None] Starting request: 10.222.0.47 "GET /placement/allocations/3cc97545-647d-4089-933d-b89b010865c1" {{(pid=114620) __call__ /opt/stack/placement/placement/requestlog.py:55}}
Oct 05 16:45:56.927166 n-d-792803-3 devstack@placement-api.service[114619]: DEBUG placement.requestlog [req-d9c2cd0c-a4a6-4e4b-8ac3-a92d38dd787e req-e84ac029-abfa-49b5-9950-6c10b9ac509f None None] Starting request: 10.222.0.25 "GET /placement/allocations/38baabe2-b811-4b19-8759-4bd3fc3af079" {{(pid=114619) __call__ /opt/stack/placement/placement/requestlog.py:55}}
Oct 05 16:45:56.949123 n-d-792803-3 devstack@placement-api.service[114620]: DEBUG dbcounter [-] [114620] Writing DB stats placement:SELECT=92,placement:INSERT=4,placement:DELETE=2,placement:UPDATE=2 {{(pid=114620) stat_writer /usr/local/lib/python3.8/dist-packages/dbcounter.py:114}}
Oct 05 16:45:56.953824 n-d-792803-3 devstack@placement-api.service[114619]: INFO placement.requestlog [req-d9c2cd0c-a4a6-4e4b-8ac3-a92d38dd787e req-e84ac029-abfa-49b5-9950-6c10b9ac509f service placement] 10.222.0.25 "GET /placement/allocations/38baabe2-b811-4b19-8759-4bd3fc3af079" status: 200 len: 259 microversion: 1.28
Oct 05 16:45:56.954547 n-d-792803-3 devstack@placement-api.service[114619]: [pid: 114619|app: 0|req: 212/454] 10.222.0.25 () {60 vars in 1377 bytes} [Wed Oct 5 16:45:56 2022] GET /placement/allocations/38baabe2-b811-4b19-8759-4bd3fc3af079 => generated 259 bytes in 28 msecs (HTTP/1.1 200) 8 headers in 296 bytes (1 switches on core 0)
Oct 05 16:45:56.955025 n-d-792803-3 devstack@placement-api.service[114620]: INFO placement.requestlog [req-087d3565-1982-4ddf-b4a3-c5eaeb5ebc24 req-e79a8d2c-9050-4a08-8b5d-2e33ed4e515d service placement] 10.222.0.47 "GET /placement/allocations/3cc97545-647d-4089-933d-b89b010865c1" status: 200 len: 259 microversion: 1.28
Oct 05 16:45:56.955488 n-d-792803-3 devstack@placement-api.service[114620]: [pid: 114620|app: 0|req: 243/455] 10.222.0.47 () {60 vars in 1377 bytes} [Wed Oct 5 16:45:56 2022] GET /placement/allocations/3cc97545-647d-4089-933d-b89b010865c1 => generated 259 bytes in 35 msecs (HTTP/1.1 200) 8 headers in 296 bytes (1 switches on core 0)
Oct 05 16:45:56.965145 n-d-792803-3 devstack@placement-api.service[114619]: DEBUG placement.requestlog [req-d9c2cd0c-a4a6-4e4b-8ac3-a92d38dd787e req-bbfbeda7-f641-48c9-aaa3-ff43a4f7c4ad None None] Starting request: 10.222.0.25 "GET /placement/allocations/329e97c2-bfec-4570-aa27-eecc63a48a01" {{(pid=114619) __call__ /opt/stack/placement/placement/requestlog.py:55}}
Oct 05 16:45:56.968287 n-d-792803-3 devstack@placement-api.service[114620]: DEBUG placement.requestlog [req-087d3565-1982-4ddf-b4a3-c5eaeb5ebc24 req-25764843-3f2b-4cdf-bc04-fcdea2c5448e None None] Starting request: 10.222.0.47 "GET /placement/allocations/938bd2ea-874e-4f61-8f73-487282c9975a" {{(pid=114620) __call__ /opt/stack/placement/placement/requestlog.py:55}}
Oct 05 16:45:56.976444 n-d-792803-3 devstack@placement-api.service[114619]: DEBUG dbcounter [-] [114619] Writing DB stats placement:SELECT=90,placement:INSERT=6,placement:DELETE=2,placement:UPDATE=2 {{(pid=114619) stat_writer /usr/local/lib/python3.8/dist-packages/dbcounter.py:114}}
Oct 05 16:45:56.987919 n-d-792803-3 devstack@placement-api.service[114619]: INFO placement.requestlog [req-d9c2cd0c-a4a6-4e4b-8ac3-a92d38dd787e req-bbfbeda7-f641-48c9-aaa3-ff43a4f7c4ad service placement] 10.222.0.25 "GET /placement/allocations/329e97c2-bfec-4570-aa27-eecc63a48a01" status: 200 len: 259 microversion: 1.28
Oct 05 16:45:56.988803 n-d-792803-3 devstack@placement-api.service[114619]: [pid: 114619|app: 0|req: 213/456] 10.222.0.25 () {60 vars in 1377 bytes} [Wed Oct 5 16:45:56 2022] GET /placement/allocations/329e97c2-bfec-4570-aa27-eecc63a48a01 => generated 259 bytes in 24 msecs (HTTP/1.1 200) 8 headers in 296 bytes (1 switches on core 0)
Oct 05 16:45:56.996131 n-d-792803-3 devstack@placement-api.service[114620]: INFO placement.requestlog [req-087d3565-1982-4ddf-b4a3-c5eaeb5ebc24 req-25764843-3f2b-4cdf-bc04-fcdea2c5448e service placement] 10.222.0.47 "GET /placement/allocations/938bd2ea-874e-4f61-8f73-487282c9975a" status: 200 len: 259 microversion: 1.28
Oct 05 16:45:56.996818 n-d-792803-3 devstack@placement-api.service[114620]: [pid: 114620|app: 0|req: 244/457] 10.222.0.47 () {60 vars in 1377 bytes} [Wed Oct 5 16:45:56 2022] GET /placement/allocations/938bd2ea-874e-4f61-8f73-487282c9975a => generated 259 bytes in 29 msecs (HTTP/1.1 200) 8 headers in 296 bytes (1 switches on core 0)
Oct 05 16:45:56.999325 n-d-792803-3 devstack@placement-api.service[114619]: DEBUG placement.requestlog [req-d9c2cd0c-a4a6-4e4b-8ac3-a92d38dd787e req-b74b7d63-4e4f-4b08-a98f-de7451183ba2 None None] Starting request: 10.222.0.25 "GET /placement/allocations/843bc160-726f-4d80-9aa5-d7446c7c77a3" {{(pid=114619) __call__ /opt/stack/placement/placement/requestlog.py:55}}
Oct 05 16:45:57.006496 n-d-792803-3 devstack@placement-api.service[114620]: DEBUG placement.requestlog [req-087d3565-1982-4ddf-b4a3-c5eaeb5ebc24 req-06148654-cfcc-4313-a2ab-40a8c6f5735f None None] Starting request: 10.222.0.47 "GET /placement/allocations/ef171f2a-faf1-4f4a-b49d-50d42183ea11" {{(pid=114620) __call__ /opt/stack/placement/placement/requestlog.py:55}}
Oct 05 16:45:57.019960 n-d-792803-3 devstack@placement-api.service[114619]: INFO placement.requestlog [req-d9c2cd0c-a4a6-4e4b-8ac3-a92d38dd787e req-b74b7d63-4e4f-4b08-a98f-de7451183ba2 service placement] 10.222.0.25 "GET /placement/allocations/843bc160-726f-4d80-9aa5-d7446c7c77a3" status: 200 len: 259 microversion: 1.28
Oct 05 16:45:57.021868 n-d-792803-3 devstack@placement-api.service[114619]: [pid: 114619|app: 0|req: 214/458] 10.222.0.25 () {60 vars in 1377 bytes} [Wed Oct 5 16:45:56 2022] GET /placement/allocations/843bc160-726f-4d80-9aa5-d7446c7c77a3 => generated 259 bytes in 23 msecs (HTTP/1.1 200) 8 headers in 296 bytes (2 switches on core 0)
Oct 05 16:45:57.029363 n-d-792803-3 devstack@placement-api.service[114620]: INFO placement.requestlog [req-087d3565-1982-4ddf-b4a3-c5eaeb5ebc24 req-06148654-cfcc-4313-a2ab-40a8c6f5735f service placement] 10.222.0.47 "GET /placement/allocations/ef171f2a-faf1-4f4a-b49d-50d42183ea11" status: 200 len: 259 microversion: 1.28
Oct 05 16:45:57.036047 n-d-792803-3 devstack@placement-api.service[114620]: [pid: 114620|app: 0|req: 245/459] 10.222.0.47 () {60 vars in 1377 bytes} [Wed Oct 5 16:45:57 2022] GET /placement/allocations/ef171f2a-faf1-4f4a-b49d-50d42183ea11 => generated 259 bytes in 24 msecs (HTTP/1.1 200) 8 headers in 296 bytes (1 switches on core 0)
Oct 05 16:45:57.042330 n-d-792803-3 devstack@placement-api.service[114619]: DEBUG placement.requestlog [req-d9c2cd0c-a4a6-4e4b-8ac3-a92d38dd787e req-4bdd9d04-b984-4069-9b3c-9bfe004aa3de None None] Starting request: 10.222.0.25 "GET /placement/allocations/e8cab32e-34ae-41d3-978e-909bfb87b5c2" {{(pid=114619) __call__ /opt/stack/placement/placement/requestlog.py:55}}
Oct 05 16:45:57.042924 n-d-792803-3 devstack@placement-api.service[114620]: DEBUG placement.requestlog [req-087d3565-1982-4ddf-b4a3-c5eaeb5ebc24 req-e06e564d-df32-4a88-9a3e-f100d2b1a913 None None] Starting request: 10.222.0.47 "GET /placement/allocations/ce62a76c-aa3a-4e8d-b55c-7919fad07bd8" {{(pid=114620) __call__ /opt/stack/placement/placement/requestlog.py:55}}
Oct 05 16:45:57.075709 n-d-792803-3 devstack@placement-api.service[114620]: INFO placement.requestlog [req-087d3565-1982-4ddf-b4a3-c5eaeb5ebc24 req-e06e564d-df32-4a88-9a3e-f100d2b1a913 service placement] 10.222.0.47 "GET /placement/allocations/ce62a76c-aa3a-4e8d-b55c-7919fad07bd8" status: 200 len: 259 microversion: 1.28
Oct 05 16:45:57.076942 n-d-792803-3 devstack@placement-api.service[114620]: [pid: 114620|app: 0|req: 246/460] 10.222.0.47 () {60 vars in 1377 bytes} [Wed Oct 5 16:45:57 2022] GET /placement/allocations/ce62a76c-aa3a-4e8d-b55c-7919fad07bd8 => generated 259 bytes in 35 msecs (HTTP/1.1 200) 8 headers in 296 bytes (1 switches on core 0)
Oct 05 16:45:57.086426 n-d-792803-3 devstack@placement-api.service[114619]: INFO placement.requestlog [req-d9c2cd0c-a4a6-4e4b-8ac3-a92d38dd787e req-4bdd9d04-b984-4069-9b3c-9bfe004aa3de service placement] 10.222.0.25 "GET /placement/allocations/e8cab32e-34ae-41d3-978e-909bfb87b5c2" status: 200 len: 259 microversion: 1.28
Oct 05 16:45:57.089116 n-d-792803-3 devstack@placement-api.service[114620]: DEBUG placement.requestlog [req-087d3565-1982-4ddf-b4a3-c5eaeb5ebc24 req-e40f4977-a64c-44fd-8a50-532ee23e8b9e None None] Starting request: 10.222.0.47 "GET /placement/allocations/edd78351-0008-4b07-9f74-8e7f1438089d" {{(pid=114620) __call__ /opt/stack/placement/placement/requestlog.py:55}}
Oct 05 16:45:57.089898 n-d-792803-3 devstack@placement-api.service[114619]: [pid: 114619|app: 0|req: 215/461] 10.222.0.25 () {60 vars in 1377 bytes} [Wed Oct 5 16:45:57 2022] GET /placement/allocations/e8cab32e-34ae-41d3-978e-909bfb87b5c2 => generated 259 bytes in 48 msecs (HTTP/1.1 200) 8 headers in 296 bytes (1 switches on core 0)
Oct 05 16:45:57.099256 n-d-792803-3 devstack@placement-api.service[114619]: DEBUG placement.requestlog [req-d9c2cd0c-a4a6-4e4b-8ac3-a92d38dd787e req-bbb4a443-52d6-4f25-b2ab-48e5074dfcbd None None] Starting request: 10.222.0.25 "GET /placement/allocations/08a12d2d-cec2-43cf-884b-fe6a5b8c22b3" {{(pid=114619) __call__ /opt/stack/placement/placement/requestlog.py:55}}
Oct 05 16:45:57.114399 n-d-792803-3 devstack@placement-api.service[114620]: INFO placement.requestlog [req-087d3565-1982-4ddf-b4a3-c5eaeb5ebc24 req-e40f4977-a64c-44fd-8a50-532ee23e8b9e service placement] 10.222.0.47 "GET /placement/allocations/edd78351-0008-4b07-9f74-8e7f1438089d" status: 200 len: 259 microversion: 1.28
Oct 05 16:45:57.116716 n-d-792803-3 devstack@placement-api.service[114620]: [pid: 114620|app: 0|req: 247/462] 10.222.0.47 () {60 vars in 1377 bytes} [Wed Oct 5 16:45:57 2022] GET /placement/allocations/edd78351-0008-4b07-9f74-8e7f1438089d => generated 259 bytes in 28 msecs (HTTP/1.1 200) 8 headers in 296 bytes (1 switches on core 0)
Oct 05 16:45:57.122022 n-d-792803-3 devstack@placement-api.service[114619]: INFO placement.requestlog [req-d9c2cd0c-a4a6-4e4b-8ac3-a92d38dd787e req-bbb4a443-52d6-4f25-b2ab-48e5074dfcbd service placement] 10.222.0.25 "GET /placement/allocations/08a12d2d-cec2-43cf-884b-fe6a5b8c22b3" status: 200 len: 259 microversion: 1.28
Oct 05 16:45:57.123239 n-d-792803-3 devstack@placement-api.service[114619]: [pid: 114619|app: 0|req: 216/463] 10.222.0.25 () {60 vars in 1377 bytes} [Wed Oct 5 16:45:57 2022] GET /placement/allocations/08a12d2d-cec2-43cf-884b-fe6a5b8c22b3 => generated 259 bytes in 26 msecs (HTTP/1.1 200) 8 headers in 296 bytes (2 switches on core 0)
Oct 05 16:45:57.125148 n-d-792803-3 devstack@placement-api.service[114620]: DEBUG placement.requestlog [req-087d3565-1982-4ddf-b4a3-c5eaeb5ebc24 req-c86174ee-d1a5-4d1a-a308-8242cc6a4557 None None] Starting request: 10.222.0.47 "GET /placement/allocations/d837f149-b974-4f3f-93a9-0f098d425444" {{(pid=114620) __call__ /opt/stack/placement/placement/requestlog.py:55}}
Oct 05 16:45:57.135267 n-d-792803-3 devstack@placement-api.service[114619]: DEBUG placement.requestlog [req-d9c2cd0c-a4a6-4e4b-8ac3-a92d38dd787e req-0de2a255-d207-4994-95e4-a30d6215cc0a None None] Starting request: 10.222.0.25 "GET /placement/allocations/8a53c33e-e352-4024-925d-7994c58dce83" {{(pid=114619) __call__ /opt/stack/placement/placement/requestlog.py:55}}
Oct 05 16:45:57.144891 n-d-792803-3 devstack@placement-api.service[114620]: INFO placement.requestlog [req-087d3565-1982-4ddf-b4a3-c5eaeb5ebc24 req-c86174ee-d1a5-4d1a-a308-8242cc6a4557 service placement] 10.222.0.47 "GET /placement/allocations/d837f149-b974-4f3f-93a9-0f098d425444" status: 200 len: 259 microversion: 1.28
Oct 05 16:45:57.145448 n-d-792803-3 devstack@placement-api.service[114620]: [pid: 114620|app: 0|req: 248/464] 10.222.0.47 () {60 vars in 1377 bytes} [Wed Oct 5 16:45:57 2022] GET /placement/allocations/d837f149-b974-4f3f-93a9-0f098d425444 => generated 259 bytes in 21 msecs (HTTP/1.1 200) 8 headers in 296 bytes (2 switches on core 0)
Oct 05 16:45:57.153912 n-d-792803-3 devstack@placement-api.service[114619]: INFO placement.requestlog [req-d9c2cd0c-a4a6-4e4b-8ac3-a92d38dd787e req-0de2a255-d207-4994-95e4-a30d6215cc0a service placement] 10.222.0.25 "GET /placement/allocations/8a53c33e-e352-4024-925d-7994c58dce83" status: 200 len: 259 microversion: 1.28
Oct 05 16:45:57.154308 n-d-792803-3 devstack@placement-api.service[114619]: [pid: 114619|app: 0|req: 217/465] 10.222.0.25 () {60 vars in 1377 bytes} [Wed Oct 5 16:45:57 2022] GET /placement/allocations/8a53c33e-e352-4024-925d-7994c58dce83 => generated 259 bytes in 21 msecs (HTTP/1.1 200) 8 headers in 296 bytes (1 switches on core 0)
Oct 05 16:45:57.162798 n-d-792803-3 devstack@placement-api.service[114620]: DEBUG placement.requestlog [req-d9c2cd0c-a4a6-4e4b-8ac3-a92d38dd787e req-45347536-b36a-4aa3-8a61-1d7cd11f4833 None None] Starting request: 10.222.0.25 "GET /placement/allocations/596ca121-441e-4906-8621-ce39eb017f10" {{(pid=114620) __call__ /opt/stack/placement/placement/requestlog.py:55}}
Oct 05 16:45:57.179725 n-d-792803-3 devstack@placement-api.service[114620]: INFO placement.requestlog [req-d9c2cd0c-a4a6-4e4b-8ac3-a92d38dd787e req-45347536-b36a-4aa3-8a61-1d7cd11f4833 service placement] 10.222.0.25 "GET /placement/allocations/596ca121-441e-4906-8621-ce39eb017f10" status: 200 len: 259 microversion: 1.28
Oct 05 16:45:57.183978 n-d-792803-3 devstack@placement-api.service[114620]: [pid: 114620|app: 0|req: 249/466] 10.222.0.25 () {60 vars in 1377 bytes} [Wed Oct 5 16:45:57 2022] GET /placement/allocations/596ca121-441e-4906-8621-ce39eb017f10 => generated 259 bytes in 18 msecs (HTTP/1.1 200) 8 headers in 296 bytes (2 switches on core 0)
Oct 05 16:45:58.175334 n-d-792803-3 devstack@placement-api.service[114619]: DEBUG placement.requestlog [req-beb28706-8c1b-496d-a8b5-5de8335d8888 req-7c722801-8b93-4da8-be89-0743e74de580 None None] Starting request: 10.222.0.25 "GET /placement/resource_providers/628c5a61-9b1c-4341-9697-7a4a5df5adf7/allocations" {{(pid=114619) __call__ /opt/stack/placement/placement/requestlog.py:55}}
Oct 05 16:45:58.234628 n-d-792803-3 devstack@placement-api.service[114619]: INFO placement.requestlog [req-beb28706-8c1b-496d-a8b5-5de8335d8888 req-7c722801-8b93-4da8-be89-0743e74de580 service placement] 10.222.0.25 "GET /placement/resource_providers/628c5a61-9b1c-4341-9697-7a4a5df5adf7/allocations" status: 200 len: 1164 microversion: 1.0
Oct 05 16:45:58.235302 n-d-792803-3 devstack@placement-api.service[114619]: [pid: 114619|app: 0|req: 218/467] 10.222.0.25 () {58 vars in 1390 bytes} [Wed Oct 5 16:45:58 2022] GET /placement/resource_providers/628c5a61-9b1c-4341-9697-7a4a5df5adf7/allocations => generated 1164 bytes in 60 msecs (HTTP/1.1 200) 6 headers in 225 bytes (1 switches on core 0)
Oct 05 16:45:58.246098 n-d-792803-3 devstack@placement-api.service[114620]: DEBUG placement.requestlog [req-beb28706-8c1b-496d-a8b5-5de8335d8888 req-294d4a10-767e-49a8-9a06-f557c32cd445 None None] Starting request: 10.222.0.25 "GET /placement/allocations/d09d7898-339c-494d-bfd5-74f7f036ca47" {{(pid=114620) __call__ /opt/stack/placement/placement/requestlog.py:55}}
Oct 05 16:45:58.272205 n-d-792803-3 devstack@placement-api.service[114620]: INFO placement.requestlog [req-beb28706-8c1b-496d-a8b5-5de8335d8888 req-294d4a10-767e-49a8-9a06-f557c32cd445 service placement] 10.222.0.25 "GET /placement/allocations/d09d7898-339c-494d-bfd5-74f7f036ca47" status: 200 len: 259 microversion: 1.28
Oct 05 16:45:58.272602 n-d-792803-3 devstack@placement-api.service[114620]: [pid: 114620|app: 0|req: 250/468] 10.222.0.25 () {60 vars in 1377 bytes} [Wed Oct 5 16:45:58 2022] GET /placement/allocations/d09d7898-339c-494d-bfd5-74f7f036ca47 => generated 259 bytes in 29 msecs (HTTP/1.1 200) 8 headers in 296 bytes (1 switches on core 0)
Oct 05 16:45:58.284917 n-d-792803-3 devstack@placement-api.service[114619]: DEBUG placement.requestlog [req-beb28706-8c1b-496d-a8b5-5de8335d8888 req-f6c21605-3d5d-48a7-84f9-a1ac166eb537 None None] Starting request: 10.222.0.25 "GET /placement/allocations/f15ddd1b-b669-474b-a59e-a3ae38ef315b" {{(pid=114619) __call__ /opt/stack/placement/placement/requestlog.py:55}}
Oct 05 16:45:58.306914 n-d-792803-3 devstack@placement-api.service[114619]: INFO placement.requestlog [req-beb28706-8c1b-496d-a8b5-5de8335d8888 req-f6c21605-3d5d-48a7-84f9-a1ac166eb537 service placement] 10.222.0.25 "GET /placement/allocations/f15ddd1b-b669-474b-a59e-a3ae38ef315b" status: 200 len: 259 microversion: 1.28
Oct 05 16:45:58.311271 n-d-792803-3 devstack@placement-api.service[114619]: [pid: 114619|app: 0|req: 219/469] 10.222.0.25 () {60 vars in 1377 bytes} [Wed Oct 5 16:45:58 2022] GET /placement/allocations/f15ddd1b-b669-474b-a59e-a3ae38ef315b => generated 259 bytes in 24 msecs (HTTP/1.1 200) 8 headers in 296 bytes (1 switches on core 0)
Oct 05 16:45:58.322761 n-d-792803-3 devstack@placement-api.service[114620]: DEBUG placement.requestlog [req-beb28706-8c1b-496d-a8b5-5de8335d8888 req-ec912e18-c6d9-4d6f-a7f4-19af681f3aa2 None None] Starting request: 10.222.0.25 "GET /placement/allocations/dca8ed66-12a4-4f07-a467-a61a64323b6a" {{(pid=114620) __call__ /opt/stack/placement/placement/requestlog.py:55}}
Oct 05 16:45:58.340389 n-d-792803-3 devstack@placement-api.service[114620]: INFO placement.requestlog [req-beb28706-8c1b-496d-a8b5-5de8335d8888 req-ec912e18-c6d9-4d6f-a7f4-19af681f3aa2 service placement] 10.222.0.25 "GET /placement/allocations/dca8ed66-12a4-4f07-a467-a61a64323b6a" status: 200 len: 259 microversion: 1.28
Oct 05 16:45:58.341008 n-d-792803-3 devstack@placement-api.service[114620]: [pid: 114620|app: 0|req: 251/470] 10.222.0.25 () {60 vars in 1377 bytes} [Wed Oct 5 16:45:58 2022] GET /placement/allocations/dca8ed66-12a4-4f07-a467-a61a64323b6a => generated 259 bytes in 22 msecs (HTTP/1.1 200) 8 headers in 296 bytes (1 switches on core 0)
Oct 05 16:45:58.350594 n-d-792803-3 devstack@placement-api.service[114619]: DEBUG placement.requestlog [req-beb28706-8c1b-496d-a8b5-5de8335d8888 req-0eaf8dcd-479a-4b70-be10-aa54465a26d6 None None] Starting request: 10.222.0.25 "GET /placement/allocations/d4f23a8b-2017-48db-9215-034c1aa7bfbf" {{(pid=114619) __call__ /opt/stack/placement/placement/requestlog.py:55}}
Oct 05 16:45:58.369090 n-d-792803-3 devstack@placement-api.service[114619]: INFO placement.requestlog [req-beb28706-8c1b-496d-a8b5-5de8335d8888 req-0eaf8dcd-479a-4b70-be10-aa54465a26d6 service placement] 10.222.0.25 "GET /placement/allocations/d4f23a8b-2017-48db-9215-034c1aa7bfbf" status: 200 len: 259 microversion: 1.28
Oct 05 16:45:58.370336 n-d-792803-3 devstack@placement-api.service[114619]: [pid: 114619|app: 0|req: 220/471] 10.222.0.25 () {60 vars in 1377 bytes} [Wed Oct 5 16:45:58 2022] GET /placement/allocations/d4f23a8b-2017-48db-9215-034c1aa7bfbf => generated 259 bytes in 20 msecs (HTTP/1.1 200) 8 headers in 296 bytes (2 switches on core 0)
Oct 05 16:45:58.414209 n-d-792803-3 devstack@placement-api.service[114620]: DEBUG placement.requestlog [req-beb28706-8c1b-496d-a8b5-5de8335d8888 req-946b532e-a8f9-444a-980e-5dd562aa8ee7 None None] Starting request: 10.222.0.25 "GET /placement/allocations/38baabe2-b811-4b19-8759-4bd3fc3af079" {{(pid=114620) __call__ /opt/stack/placement/placement/requestlog.py:55}}
Oct 05 16:45:58.432190 n-d-792803-3 devstack@placement-api.service[114620]: INFO placement.requestlog [req-beb28706-8c1b-496d-a8b5-5de8335d8888 req-946b532e-a8f9-444a-980e-5dd562aa8ee7 service placement] 10.222.0.25 "GET /placement/allocations/38baabe2-b811-4b19-8759-4bd3fc3af079" status: 200 len: 259 microversion: 1.28
Oct 05 16:45:58.433597 n-d-792803-3 devstack@placement-api.service[114620]: [pid: 114620|app: 0|req: 252/472] 10.222.0.25 () {60 vars in 1377 bytes} [Wed Oct 5 16:45:58 2022] GET /placement/allocations/38baabe2-b811-4b19-8759-4bd3fc3af079 => generated 259 bytes in 20 msecs (HTTP/1.1 200) 8 headers in 296 bytes (2 switches on core 0)
Oct 05 16:45:58.450646 n-d-792803-3 devstack@placement-api.service[114619]: DEBUG placement.requestlog [req-beb28706-8c1b-496d-a8b5-5de8335d8888 req-027b986a-3f09-4e79-ae46-7851bf787fa8 None None] Starting request: 10.222.0.25 "GET /placement/allocations/329e97c2-bfec-4570-aa27-eecc63a48a01" {{(pid=114619) __call__ /opt/stack/placement/placement/requestlog.py:55}}
Oct 05 16:45:58.481845 n-d-792803-3 devstack@placement-api.service[114619]: INFO placement.requestlog [req-beb28706-8c1b-496d-a8b5-5de8335d8888 req-027b986a-3f09-4e79-ae46-7851bf787fa8 service placement] 10.222.0.25 "GET /placement/allocations/329e97c2-bfec-4570-aa27-eecc63a48a01" status: 200 len: 259 microversion: 1.28
Oct 05 16:45:58.482255 n-d-792803-3 devstack@placement-api.service[114619]: [pid: 114619|app: 0|req: 221/473] 10.222.0.25 () {60 vars in 1377 bytes} [Wed Oct 5 16:45:58 2022] GET /placement/allocations/329e97c2-bfec-4570-aa27-eecc63a48a01 => generated 259 bytes in 32 msecs (HTTP/1.1 200) 8 headers in 296 bytes (1 switches on core 0)
Oct 05 16:45:58.497151 n-d-792803-3 devstack@placement-api.service[114620]: DEBUG placement.requestlog [req-beb28706-8c1b-496d-a8b5-5de8335d8888 req-4933efda-bfa2-4e9b-8fe0-50947cbf8eb7 None None] Starting request: 10.222.0.25 "GET /placement/allocations/843bc160-726f-4d80-9aa5-d7446c7c77a3" {{(pid=114620) __call__ /opt/stack/placement/placement/requestlog.py:55}}
Oct 05 16:45:58.533963 n-d-792803-3 devstack@placement-api.service[114620]: INFO placement.requestlog [req-beb28706-8c1b-496d-a8b5-5de8335d8888 req-4933efda-bfa2-4e9b-8fe0-50947cbf8eb7 service placement] 10.222.0.25 "GET /placement/allocations/843bc160-726f-4d80-9aa5-d7446c7c77a3" status: 200 len: 259 microversion: 1.28
Oct 05 16:45:58.535018 n-d-792803-3 devstack@placement-api.service[114620]: [pid: 114620|app: 0|req: 253/474] 10.222.0.25 () {60 vars in 1377 bytes} [Wed Oct 5 16:45:58 2022] GET /placement/allocations/843bc160-726f-4d80-9aa5-d7446c7c77a3 => generated 259 bytes in 38 msecs (HTTP/1.1 200) 8 headers in 296 bytes (1 switches on core 0)
Oct 05 16:45:58.551931 n-d-792803-3 devstack@placement-api.service[114619]: DEBUG placement.requestlog [req-beb28706-8c1b-496d-a8b5-5de8335d8888 req-19f2e08d-d75b-4625-8b3a-96c2c154e552 None None] Starting request: 10.222.0.25 "GET /placement/allocations/e8cab32e-34ae-41d3-978e-909bfb87b5c2" {{(pid=114619) __call__ /opt/stack/placement/placement/requestlog.py:55}}
Oct 05 16:45:58.577255 n-d-792803-3 devstack@placement-api.service[114619]: INFO placement.requestlog [req-beb28706-8c1b-496d-a8b5-5de8335d8888 req-19f2e08d-d75b-4625-8b3a-96c2c154e552 service placement] 10.222.0.25 "GET /placement/allocations/e8cab32e-34ae-41d3-978e-909bfb87b5c2" status: 200 len: 259 microversion: 1.28
Oct 05 16:45:58.577687 n-d-792803-3 devstack@placement-api.service[114619]: [pid: 114619|app: 0|req: 222/475] 10.222.0.25 () {60 vars in 1377 bytes} [Wed Oct 5 16:45:58 2022] GET /placement/allocations/e8cab32e-34ae-41d3-978e-909bfb87b5c2 => generated 259 bytes in 26 msecs (HTTP/1.1 200) 8 headers in 296 bytes (2 switches on core 0)
Oct 05 16:45:58.595515 n-d-792803-3 devstack@placement-api.service[114620]: DEBUG placement.requestlog [req-beb28706-8c1b-496d-a8b5-5de8335d8888 req-cd04c5c0-c649-4967-bfa8-e7921eed4917 None None] Starting request: 10.222.0.25 "GET /placement/allocations/08a12d2d-cec2-43cf-884b-fe6a5b8c22b3" {{(pid=114620) __call__ /opt/stack/placement/placement/requestlog.py:55}}
Oct 05 16:45:58.624720 n-d-792803-3 devstack@placement-api.service[114620]: INFO placement.requestlog [req-beb28706-8c1b-496d-a8b5-5de8335d8888 req-cd04c5c0-c649-4967-bfa8-e7921eed4917 service placement] 10.222.0.25 "GET /placement/allocations/08a12d2d-cec2-43cf-884b-fe6a5b8c22b3" status: 200 len: 259 microversion: 1.28
Oct 05 16:45:58.625434 n-d-792803-3 devstack@placement-api.service[114620]: [pid: 114620|app: 0|req: 254/476] 10.222.0.25 () {60 vars in 1377 bytes} [Wed Oct 5 16:45:58 2022] GET /placement/allocations/08a12d2d-cec2-43cf-884b-fe6a5b8c22b3 => generated 259 bytes in 30 msecs (HTTP/1.1 200) 8 headers in 296 bytes (1 switches on core 0)
Oct 05 16:45:58.639237 n-d-792803-3 devstack@placement-api.service[114619]: DEBUG placement.requestlog [req-beb28706-8c1b-496d-a8b5-5de8335d8888 req-d71859b1-bb23-4ba1-8af5-6ab3304e5e99 None None] Starting request: 10.222.0.25 "GET /placement/allocations/8a53c33e-e352-4024-925d-7994c58dce83" {{(pid=114619) __call__ /opt/stack/placement/placement/requestlog.py:55}}
Oct 05 16:45:58.659794 n-d-792803-3 devstack@placement-api.service[114619]: INFO placement.requestlog [req-beb28706-8c1b-496d-a8b5-5de8335d8888 req-d71859b1-bb23-4ba1-8af5-6ab3304e5e99 service placement] 10.222.0.25 "GET /placement/allocations/8a53c33e-e352-4024-925d-7994c58dce83" status: 200 len: 259 microversion: 1.28
Oct 05 16:45:58.660613 n-d-792803-3 devstack@placement-api.service[114619]: [pid: 114619|app: 0|req: 223/477] 10.222.0.25 () {60 vars in 1377 bytes} [Wed Oct 5 16:45:58 2022] GET /placement/allocations/8a53c33e-e352-4024-925d-7994c58dce83 => generated 259 bytes in 21 msecs (HTTP/1.1 200) 8 headers in 296 bytes (1 switches on core 0)
Oct 05 16:45:58.673250 n-d-792803-3 devstack@placement-api.service[114620]: DEBUG placement.requestlog [req-beb28706-8c1b-496d-a8b5-5de8335d8888 req-3b671dd3-6232-4222-a374-6679203da2b1 None None] Starting request: 10.222.0.25 "GET /placement/allocations/596ca121-441e-4906-8621-ce39eb017f10" {{(pid=114620) __call__ /opt/stack/placement/placement/requestlog.py:55}}
Oct 05 16:45:58.704154 n-d-792803-3 devstack@placement-api.service[114620]: INFO placement.requestlog [req-beb28706-8c1b-496d-a8b5-5de8335d8888 req-3b671dd3-6232-4222-a374-6679203da2b1 service placement] 10.222.0.25 "GET /placement/allocations/596ca121-441e-4906-8621-ce39eb017f10" status: 200 len: 259 microversion: 1.28
Oct 05 16:45:58.704802 n-d-792803-3 devstack@placement-api.service[114620]: [pid: 114620|app: 0|req: 255/478] 10.222.0.25 () {60 vars in 1377 bytes} [Wed Oct 5 16:45:58 2022] GET /placement/allocations/596ca121-441e-4906-8621-ce39eb017f10 => generated 259 bytes in 32 msecs (HTTP/1.1 200) 8 headers in 296 bytes (1 switches on core 0)
Oct 05 16:45:59.481986 n-d-792803-3 devstack@placement-api.service[114619]: DEBUG placement.requestlog [req-beb28706-8c1b-496d-a8b5-5de8335d8888 req-d61caf07-c2f3-43d9-9139-2a3338e029a2 None None] Starting request: 10.222.0.25 "GET /placement/allocations/dca8ed66-12a4-4f07-a467-a61a64323b6a" {{(pid=114619) __call__ /opt/stack/placement/placement/requestlog.py:55}}
Oct 05 16:45:59.502653 n-d-792803-3 devstack@placement-api.service[114619]: INFO placement.requestlog [req-beb28706-8c1b-496d-a8b5-5de8335d8888 req-d61caf07-c2f3-43d9-9139-2a3338e029a2 service placement] 10.222.0.25 "GET /placement/allocations/dca8ed66-12a4-4f07-a467-a61a64323b6a" status: 200 len: 259 microversion: 1.28
Oct 05 16:45:59.503212 n-d-792803-3 devstack@placement-api.service[114619]: [pid: 114619|app: 0|req: 224/479] 10.222.0.25 () {60 vars in 1377 bytes} [Wed Oct 5 16:45:59 2022] GET /placement/allocations/dca8ed66-12a4-4f07-a467-a61a64323b6a => generated 259 bytes in 22 msecs (HTTP/1.1 200) 8 headers in 296 bytes (1 switches on core 0)
Oct 05 16:45:59.561573 n-d-792803-3 devstack@placement-api.service[114620]: DEBUG placement.requestlog [req-715c32bb-7307-416c-a960-101913906776 req-61096e98-a528-4296-ba12-89a1269c060f None None] Starting request: 10.222.0.25 "GET /placement/allocations/08a12d2d-cec2-43cf-884b-fe6a5b8c22b3" {{(pid=114620) __call__ /opt/stack/placement/placement/requestlog.py:55}}
Oct 05 16:45:59.568386 n-d-792803-3 devstack@placement-api.service[114619]: DEBUG placement.requestlog [req-beb28706-8c1b-496d-a8b5-5de8335d8888 req-e5e10a8d-1539-4674-84f4-299b17f40bb3 None None] Starting request: 10.222.0.25 "PUT /placement/allocations/dca8ed66-12a4-4f07-a467-a61a64323b6a" {{(pid=114619) __call__ /opt/stack/placement/placement/requestlog.py:55}}
Oct 05 16:45:59.605621 n-d-792803-3 devstack@placement-api.service[114620]: INFO placement.requestlog [req-715c32bb-7307-416c-a960-101913906776 req-61096e98-a528-4296-ba12-89a1269c060f service placement] 10.222.0.25 "GET /placement/allocations/08a12d2d-cec2-43cf-884b-fe6a5b8c22b3" status: 200 len: 259 microversion: 1.28
Oct 05 16:45:59.607113 n-d-792803-3 devstack@placement-api.service[114620]: [pid: 114620|app: 0|req: 256/480] 10.222.0.25 () {60 vars in 1377 bytes} [Wed Oct 5 16:45:59 2022] GET /placement/allocations/08a12d2d-cec2-43cf-884b-fe6a5b8c22b3 => generated 259 bytes in 46 msecs (HTTP/1.1 200) 8 headers in 296 bytes (1 switches on core 0)
Oct 05 16:45:59.703612 n-d-792803-3 devstack@placement-api.service[114619]: DEBUG placement.handlers.allocation [req-beb28706-8c1b-496d-a8b5-5de8335d8888 req-e5e10a8d-1539-4674-84f4-299b17f40bb3 service placement] Successfully wrote allocations [, , ] {{(pid=114619) _update_consumers_and_create_allocations /opt/stack/placement/placement/handlers/allocation.py:462}}
Oct 05 16:45:59.859469 n-d-792803-3 devstack@placement-api.service[114619]: INFO placement.requestlog [req-beb28706-8c1b-496d-a8b5-5de8335d8888 req-e5e10a8d-1539-4674-84f4-299b17f40bb3 service placement] 10.222.0.25 "PUT /placement/allocations/dca8ed66-12a4-4f07-a467-a61a64323b6a" status: 204 len: 0 microversion: 1.28
Oct 05 16:45:59.860394 n-d-792803-3 devstack@placement-api.service[114619]: [pid: 114619|app: 0|req: 225/481] 10.222.0.25 () {64 vars in 1430 bytes} [Wed Oct 5 16:45:59 2022] PUT /placement/allocations/dca8ed66-12a4-4f07-a467-a61a64323b6a => generated 0 bytes in 292 msecs (HTTP/1.1 204) 5 headers in 199 bytes (1 switches on core 0)
Oct 05 16:45:59.999068 n-d-792803-3 devstack@placement-api.service[114620]: DEBUG placement.requestlog [req-0b45e8e6-81bd-4d24-b72b-820420cf32e2 req-ee7c6f93-49c4-441f-9a9d-fb5a627f67a2 None None] Starting request: 10.222.0.47 "GET /placement/resource_providers/cc7bef87-4a2b-421c-b29f-a6b27ce611c6/allocations" {{(pid=114620) __call__ /opt/stack/placement/placement/requestlog.py:55}}
Oct 05 16:46:00.038781 n-d-792803-3 devstack@placement-api.service[114620]: INFO placement.requestlog [req-0b45e8e6-81bd-4d24-b72b-820420cf32e2 req-ee7c6f93-49c4-441f-9a9d-fb5a627f67a2 service placement] 10.222.0.47 "GET /placement/resource_providers/cc7bef87-4a2b-421c-b29f-a6b27ce611c6/allocations" status: 200 len: 760 microversion: 1.0
Oct 05 16:46:00.040101 n-d-792803-3 devstack@placement-api.service[114620]: [pid: 114620|app: 0|req: 257/482] 10.222.0.47 () {58 vars in 1390 bytes} [Wed Oct 5 16:45:59 2022] GET /placement/resource_providers/cc7bef87-4a2b-421c-b29f-a6b27ce611c6/allocations => generated 760 bytes in 41 msecs (HTTP/1.1 200) 6 headers in 224 bytes (1 switches on core 0)
Oct 05 16:46:00.362751 n-d-792803-3 devstack@placement-api.service[114619]: DEBUG placement.requestlog [req-0b45e8e6-81bd-4d24-b72b-820420cf32e2 req-27f6ef0e-3680-4f7e-af6a-37295eb61667 None None] Starting request: 10.222.0.47 "GET /placement/resource_providers/cc7bef87-4a2b-421c-b29f-a6b27ce611c6/allocations" {{(pid=114619) __call__ /opt/stack/placement/placement/requestlog.py:55}}
Oct 05 16:46:00.394434 n-d-792803-3 devstack@placement-api.service[114619]: INFO placement.requestlog [req-0b45e8e6-81bd-4d24-b72b-820420cf32e2 req-27f6ef0e-3680-4f7e-af6a-37295eb61667 service placement] 10.222.0.47 "GET /placement/resource_providers/cc7bef87-4a2b-421c-b29f-a6b27ce611c6/allocations" status: 200 len: 760 microversion: 1.0
Oct 05 16:46:00.395462 n-d-792803-3 devstack@placement-api.service[114619]: [pid: 114619|app: 0|req: 226/483] 10.222.0.47 () {58 vars in 1390 bytes} [Wed Oct 5 16:46:00 2022] GET /placement/resource_providers/cc7bef87-4a2b-421c-b29f-a6b27ce611c6/allocations => generated 760 bytes in 35 msecs (HTTP/1.1 200) 6 headers in 224 bytes (2 switches on core 0)
Oct 05 16:46:00.410452 n-d-792803-3 devstack@placement-api.service[114620]: DEBUG placement.requestlog [req-0b45e8e6-81bd-4d24-b72b-820420cf32e2 req-7a5f4b48-f6bf-4be1-87dd-1292d648d494 None None] Starting request: 10.222.0.47 "GET /placement/allocations/15f0b154-db1d-41ea-9ea0-166f3275a1ed" {{(pid=114620) __call__ /opt/stack/placement/placement/requestlog.py:55}}
Oct 05 16:46:00.429808 n-d-792803-3 devstack@placement-api.service[114620]: INFO placement.requestlog [req-0b45e8e6-81bd-4d24-b72b-820420cf32e2 req-7a5f4b48-f6bf-4be1-87dd-1292d648d494 service placement] 10.222.0.47 "GET /placement/allocations/15f0b154-db1d-41ea-9ea0-166f3275a1ed" status: 200 len: 259 microversion: 1.28
