Jun 14 15:19:16.804624 n-d-792458-4 devstack@placement-api.service[100636]: DEBUG placement.handlers.allocation [req-a140e7a3-e2bb-46ba-b386-1994017d307f req-60ca082e-85ad-4995-b29f-698bd4db950a service placement] Successfully wrote allocations [, , ] {{(pid=100636) _create_allocations /opt/stack/placement/placement/handlers/allocation.py:435}}
Jun 14 15:19:16.808533 n-d-792458-4 devstack@placement-api.service[100635]: DEBUG placement.handlers.allocation [req-c84c71ee-82bf-4e55-b693-4f622511f994 req-aff41a52-9d95-4420-8c38-255b69de893c service placement] Successfully wrote allocations [, , ] {{(pid=100635) _create_allocations /opt/stack/placement/placement/handlers/allocation.py:435}}
Jun 14 15:19:16.819118 n-d-792458-4 devstack@placement-api.service[100635]: INFO placement.requestlog [req-c84c71ee-82bf-4e55-b693-4f622511f994 req-aff41a52-9d95-4420-8c38-255b69de893c service placement] 10.222.0.46 "PUT /placement/allocations/8964848d-9a5a-47bc-9419-5f7664599c92" status: 204 len: 0 microversion: 1.28
Jun 14 15:19:16.819357 n-d-792458-4 devstack@placement-api.service[100636]: INFO placement.requestlog [req-a140e7a3-e2bb-46ba-b386-1994017d307f req-60ca082e-85ad-4995-b29f-698bd4db950a service placement] 10.222.0.109 "PUT /placement/allocations/a092efdb-0ef4-4176-8000-f93121a66888" status: 204 len: 0 microversion: 1.28
Jun 14 15:19:16.819542 n-d-792458-4 devstack@placement-api.service[100635]: [pid: 100635|app: 0|req: 216/423] 10.222.0.46 () {64 vars in 1431 bytes} [Mon Jun 14 15:19:16 2021] PUT /placement/allocations/8964848d-9a5a-47bc-9419-5f7664599c92 => generated 0 bytes in 446 msecs (HTTP/1.1 204) 5 headers in 199 bytes (2 switches on core 0)
Jun 14 15:19:16.819717 n-d-792458-4 devstack@placement-api.service[100636]: [pid: 100636|app: 0|req: 208/424] 10.222.0.109 () {64 vars in 1432 bytes} [Mon Jun 14 15:19:16 2021] PUT /placement/allocations/a092efdb-0ef4-4176-8000-f93121a66888 => generated 0 bytes in 442 msecs (HTTP/1.1 204) 5 headers in 199 bytes (1 switches on core 0)
Jun 14 15:19:18.749014 n-d-792458-4 devstack@placement-api.service[100635]: DEBUG placement.requestlog [req-aa433393-ff44-4862-a90e-d298e5bc2365 req-c7d7a934-e04a-4fc8-b843-c9747c2635ab None None] Starting request: 10.222.0.46 "GET /placement/allocations/9c452991-2f59-4731-806c-f31dba2b814f" {{(pid=100635) __call__ /opt/stack/placement/placement/requestlog.py:55}}
Jun 14 15:19:18.785072 n-d-792458-4 devstack@placement-api.service[100635]: INFO placement.requestlog [req-aa433393-ff44-4862-a90e-d298e5bc2365 req-c7d7a934-e04a-4fc8-b843-c9747c2635ab service placement] 10.222.0.46 "GET /placement/allocations/9c452991-2f59-4731-806c-f31dba2b814f" status: 200 len: 259 microversion: 1.28
Jun 14 15:19:18.787601 n-d-792458-4 devstack@placement-api.service[100635]: [pid: 100635|app: 0|req: 217/425] 10.222.0.46 () {60 vars in 1378 bytes} [Mon Jun 14 15:19:18 2021] GET /placement/allocations/9c452991-2f59-4731-806c-f31dba2b814f => generated 259 bytes in 39 msecs (HTTP/1.1 200) 8 headers in 296 bytes (1 switches on core 0)
Jun 14 15:19:18.795992 n-d-792458-4 devstack@placement-api.service[100636]: DEBUG placement.requestlog [req-aa433393-ff44-4862-a90e-d298e5bc2365 req-913cc9fc-7947-431f-9cb8-cdfe849a3a62 None None] Starting request: 10.222.0.46 "PUT /placement/allocations/9c452991-2f59-4731-806c-f31dba2b814f" {{(pid=100636) __call__ /opt/stack/placement/placement/requestlog.py:55}}
Jun 14 15:19:19.017150 n-d-792458-4 devstack@placement-api.service[100636]: DEBUG placement.handlers.allocation [req-aa433393-ff44-4862-a90e-d298e5bc2365 req-913cc9fc-7947-431f-9cb8-cdfe849a3a62 service placement] Successfully wrote allocations [, , ] {{(pid=100636) _create_allocations /opt/stack/placement/placement/handlers/allocation.py:435}}
Jun 14 15:19:19.017892 n-d-792458-4 devstack@placement-api.service[100636]: INFO placement.requestlog [req-aa433393-ff44-4862-a90e-d298e5bc2365 req-913cc9fc-7947-431f-9cb8-cdfe849a3a62 service placement] 10.222.0.46 "PUT /placement/allocations/9c452991-2f59-4731-806c-f31dba2b814f" status: 204 len: 0 microversion: 1.28
Jun 14 15:19:19.018500 n-d-792458-4 devstack@placement-api.service[100636]: [pid: 100636|app: 0|req: 209/426] 10.222.0.46 () {64 vars in 1431 bytes} [Mon Jun 14 15:19:18 2021] PUT /placement/allocations/9c452991-2f59-4731-806c-f31dba2b814f => generated 0 bytes in 223 msecs (HTTP/1.1 204) 5 headers in 199 bytes (1 switches on core 0)
Jun 14 15:19:23.782037 n-d-792458-4 devstack@placement-api.service[100635]: DEBUG placement.requestlog [req-86a94502-e28d-4dcf-893c-fe88242d8c61 req-163151b0-d00e-49fe-b200-9b81d45687c9 None None] Starting request: 10.222.0.109 "GET /placement/allocations/d774f4a5-fd92-4da0-9876-451f626bbf5e" {{(pid=100635) __call__ /opt/stack/placement/placement/requestlog.py:55}}
Jun 14 15:19:23.830300 n-d-792458-4 devstack@placement-api.service[100635]: INFO placement.requestlog [req-86a94502-e28d-4dcf-893c-fe88242d8c61 req-163151b0-d00e-49fe-b200-9b81d45687c9 service placement] 10.222.0.109 "GET /placement/allocations/d774f4a5-fd92-4da0-9876-451f626bbf5e" status: 200 len: 259 microversion: 1.28
Jun 14 15:19:23.830983 n-d-792458-4 devstack@placement-api.service[100635]: [pid: 100635|app: 0|req: 218/427] 10.222.0.109 () {60 vars in 1379 bytes} [Mon Jun 14 15:19:23 2021] GET /placement/allocations/d774f4a5-fd92-4da0-9876-451f626bbf5e => generated 259 bytes in 49 msecs (HTTP/1.1 200) 8 headers in 296 bytes (2 switches on core 0)
Jun 14 15:19:23.842795 n-d-792458-4 devstack@placement-api.service[100636]: DEBUG placement.requestlog [req-86a94502-e28d-4dcf-893c-fe88242d8c61 req-dcea3f92-5f6e-4a35-83e1-6824d7297afd None None] Starting request: 10.222.0.109 "PUT /placement/allocations/d774f4a5-fd92-4da0-9876-451f626bbf5e" {{(pid=100636) __call__ /opt/stack/placement/placement/requestlog.py:55}}
Jun 14 15:19:24.263103 n-d-792458-4 devstack@placement-api.service[100636]: DEBUG placement.handlers.allocation [req-86a94502-e28d-4dcf-893c-fe88242d8c61 req-dcea3f92-5f6e-4a35-83e1-6824d7297afd service placement] Successfully wrote allocations [, , ] {{(pid=100636) _create_allocations /opt/stack/placement/placement/handlers/allocation.py:435}}
Jun 14 15:19:24.265166 n-d-792458-4 devstack@placement-api.service[100636]: INFO placement.requestlog [req-86a94502-e28d-4dcf-893c-fe88242d8c61 req-dcea3f92-5f6e-4a35-83e1-6824d7297afd service placement] 10.222.0.109 "PUT /placement/allocations/d774f4a5-fd92-4da0-9876-451f626bbf5e" status: 204 len: 0 microversion: 1.28
Jun 14 15:19:24.266196 n-d-792458-4 devstack@placement-api.service[100636]: [pid: 100636|app: 0|req: 210/428] 10.222.0.109 () {64 vars in 1432 bytes} [Mon Jun 14 15:19:23 2021] PUT /placement/allocations/d774f4a5-fd92-4da0-9876-451f626bbf5e => generated 0 bytes in 423 msecs (HTTP/1.1 204) 5 headers in 199 bytes (1 switches on core 0)
Jun 14 15:19:27.674029 n-d-792458-4 devstack@placement-api.service[100635]: DEBUG placement.requestlog [req-8eb0144f-8370-40ee-97e9-65f06750a8b8 req-e9a4b734-1bd1-4ca9-94b7-df1a0fd0a66a None None] Starting request: 10.222.0.109 "GET /placement/allocations/1c7dc108-6568-4789-a3e3-fcb8a536a95b" {{(pid=100635) __call__ /opt/stack/placement/placement/requestlog.py:55}}
Jun 14 15:19:27.674847 n-d-792458-4 devstack@placement-api.service[100636]: DEBUG placement.requestlog [req-c33633fc-2e5c-427c-97c1-0eb246ba0bcc req-e7e2d0db-94d0-46a4-869c-a62cd8e47e0d None None] Starting request: 10.222.0.109 "GET /placement/allocations/037388b1-c3fa-404a-ba66-0b693905c3ba" {{(pid=100636) __call__ /opt/stack/placement/placement/requestlog.py:55}}
Jun 14 15:19:27.741523 n-d-792458-4 devstack@placement-api.service[100635]: INFO placement.requestlog [req-8eb0144f-8370-40ee-97e9-65f06750a8b8 req-e9a4b734-1bd1-4ca9-94b7-df1a0fd0a66a service placement] 10.222.0.109 "GET /placement/allocations/1c7dc108-6568-4789-a3e3-fcb8a536a95b" status: 200 len: 259 microversion: 1.28
Jun 14 15:19:27.742202 n-d-792458-4 devstack@placement-api.service[100635]: [pid: 100635|app: 0|req: 219/429] 10.222.0.109 () {60 vars in 1379 bytes} [Mon Jun 14 15:19:27 2021] GET /placement/allocations/1c7dc108-6568-4789-a3e3-fcb8a536a95b => generated 259 bytes in 69 msecs (HTTP/1.1 200) 8 headers in 296 bytes (1 switches on core 0)
Jun 14 15:19:27.750025 n-d-792458-4 devstack@placement-api.service[100635]: DEBUG placement.requestlog [req-8eb0144f-8370-40ee-97e9-65f06750a8b8 req-5c4d0539-7a75-41c8-a034-d61f66f33df3 None None] Starting request: 10.222.0.109 "PUT /placement/allocations/1c7dc108-6568-4789-a3e3-fcb8a536a95b" {{(pid=100635) __call__ /opt/stack/placement/placement/requestlog.py:55}}
Jun 14 15:19:27.751732 n-d-792458-4 devstack@placement-api.service[100636]: INFO placement.requestlog [req-c33633fc-2e5c-427c-97c1-0eb246ba0bcc req-e7e2d0db-94d0-46a4-869c-a62cd8e47e0d service placement] 10.222.0.109 "GET /placement/allocations/037388b1-c3fa-404a-ba66-0b693905c3ba" status: 200 len: 245 microversion: 1.28
Jun 14 15:19:27.752381 n-d-792458-4 devstack@placement-api.service[100636]: [pid: 100636|app: 0|req: 211/430] 10.222.0.109 () {60 vars in 1379 bytes} [Mon Jun 14 15:19:27 2021] GET /placement/allocations/037388b1-c3fa-404a-ba66-0b693905c3ba => generated 245 bytes in 79 msecs (HTTP/1.1 200) 8 headers in 296 bytes (1 switches on core 0)
Jun 14 15:19:27.760853 n-d-792458-4 devstack@placement-api.service[100636]: DEBUG placement.requestlog [req-c33633fc-2e5c-427c-97c1-0eb246ba0bcc req-1d6cee4e-8a7c-491f-9b5c-4654cb806306 None None] Starting request: 10.222.0.109 "PUT /placement/allocations/037388b1-c3fa-404a-ba66-0b693905c3ba" {{(pid=100636) __call__ /opt/stack/placement/placement/requestlog.py:55}}
Jun 14 15:19:28.039778 n-d-792458-4 devstack@placement-api.service[100635]: DEBUG placement.handlers.allocation [req-8eb0144f-8370-40ee-97e9-65f06750a8b8 req-5c4d0539-7a75-41c8-a034-d61f66f33df3 service placement] Successfully wrote allocations [, , ] {{(pid=100635) _create_allocations /opt/stack/placement/placement/handlers/allocation.py:435}}
Jun 14 15:19:28.040666 n-d-792458-4 devstack@placement-api.service[100635]: INFO placement.requestlog [req-8eb0144f-8370-40ee-97e9-65f06750a8b8 req-5c4d0539-7a75-41c8-a034-d61f66f33df3 service placement] 10.222.0.109 "PUT /placement/allocations/1c7dc108-6568-4789-a3e3-fcb8a536a95b" status: 204 len: 0 microversion: 1.28
Jun 14 15:19:28.041437 n-d-792458-4 devstack@placement-api.service[100635]: [pid: 100635|app: 0|req: 220/431] 10.222.0.109 () {64 vars in 1432 bytes} [Mon Jun 14 15:19:27 2021] PUT /placement/allocations/1c7dc108-6568-4789-a3e3-fcb8a536a95b => generated 0 bytes in 292 msecs (HTTP/1.1 204) 5 headers in 199 bytes (1 switches on core 0)
Jun 14 15:19:28.042951 n-d-792458-4 devstack@placement-api.service[100635]: DEBUG placement.requestlog [req-9e954e0f-42a1-49fc-9c46-042da1e70ff5 req-ca107e2b-ae53-40a6-855e-3ff878b4647a None None] Starting request: 10.222.0.46 "GET /placement/resource_providers/58251fee-597d-4880-ba89-6139c14cbe1c/allocations" {{(pid=100635) __call__ /opt/stack/placement/placement/requestlog.py:55}}
Jun 14 15:19:28.078453 n-d-792458-4 devstack@placement-api.service[100636]: DEBUG placement.objects.allocation [req-c33633fc-2e5c-427c-97c1-0eb246ba0bcc req-1d6cee4e-8a7c-491f-9b5c-4654cb806306 service placement] Retrying allocations write on resource provider generation conflict {{(pid=100636) replace_all /opt/stack/placement/placement/objects/allocation.py:505}}
Jun 14 15:19:28.126523 n-d-792458-4 devstack@placement-api.service[100635]: INFO placement.requestlog [req-9e954e0f-42a1-49fc-9c46-042da1e70ff5 req-ca107e2b-ae53-40a6-855e-3ff878b4647a service placement] 10.222.0.46 "GET /placement/resource_providers/58251fee-597d-4880-ba89-6139c14cbe1c/allocations" status: 200 len: 356 microversion: 1.0
Jun 14 15:19:28.127256 n-d-792458-4 devstack@placement-api.service[100635]: [pid: 100635|app: 0|req: 221/432] 10.222.0.46 () {58 vars in 1391 bytes} [Mon Jun 14 15:19:28 2021] GET /placement/resource_providers/58251fee-597d-4880-ba89-6139c14cbe1c/allocations => generated 356 bytes in 85 msecs (HTTP/1.1 200) 6 headers in 224 bytes (1 switches on core 0)
Jun 14 15:19:28.184501 n-d-792458-4 devstack@placement-api.service[100636]: DEBUG placement.handlers.allocation [req-c33633fc-2e5c-427c-97c1-0eb246ba0bcc req-1d6cee4e-8a7c-491f-9b5c-4654cb806306 service placement] Successfully wrote allocations [, ] {{(pid=100636) _create_allocations /opt/stack/placement/placement/handlers/allocation.py:435}}
Jun 14 15:19:28.185482 n-d-792458-4 devstack@placement-api.service[100636]: INFO placement.requestlog [req-c33633fc-2e5c-427c-97c1-0eb246ba0bcc req-1d6cee4e-8a7c-491f-9b5c-4654cb806306 service placement] 10.222.0.109 "PUT /placement/allocations/037388b1-c3fa-404a-ba66-0b693905c3ba" status: 204 len: 0 microversion: 1.28
Jun 14 15:19:28.186385 n-d-792458-4 devstack@placement-api.service[100636]: [pid: 100636|app: 0|req: 212/433] 10.222.0.109 () {64 vars in 1432 bytes} [Mon Jun 14 15:19:27 2021] PUT /placement/allocations/037388b1-c3fa-404a-ba66-0b693905c3ba => generated 0 bytes in 426 msecs (HTTP/1.1 204) 5 headers in 199 bytes (1 switches on core 0)
Jun 14 15:19:31.921746 n-d-792458-4 devstack@placement-api.service[100635]: DEBUG placement.requestlog [req-78f65316-f803-4c46-a536-ab39eeb1087c req-a8f21f3b-768b-44af-ac6b-d208b5668f45 None None] Starting request: 10.222.0.109 "GET /placement/resource_providers/49a29560-d501-4e04-9a75-19385b9c270f/allocations" {{(pid=100635) __call__ /opt/stack/placement/placement/requestlog.py:55}}
Jun 14 15:19:32.020288 n-d-792458-4 devstack@placement-api.service[100635]: INFO placement.requestlog [req-78f65316-f803-4c46-a536-ab39eeb1087c req-a8f21f3b-768b-44af-ac6b-d208b5668f45 service placement] 10.222.0.109 "GET /placement/resource_providers/49a29560-d501-4e04-9a75-19385b9c270f/allocations" status: 200 len: 255 microversion: 1.0
Jun 14 15:19:32.020288 n-d-792458-4 devstack@placement-api.service[100635]: [pid: 100635|app: 0|req: 222/434] 10.222.0.109 () {58 vars in 1392 bytes} [Mon Jun 14 15:19:31 2021] GET /placement/resource_providers/49a29560-d501-4e04-9a75-19385b9c270f/allocations => generated 255 bytes in 99 msecs (HTTP/1.1 200) 6 headers in 224 bytes (1 switches on core 0)
Jun 14 15:19:32.908229 n-d-792458-4 devstack@placement-api.service[100636]: DEBUG placement.requestlog [req-ef4431d6-d2b0-4129-97e3-f2bb2e374a4e req-fdb1038e-be88-4e8e-a9e3-f11f872b155f None None] Starting request: 10.222.0.60 "GET /placement/allocation_candidates?limit=1000&resources=DISK_GB%3A1%2CMEMORY_MB%3A1024%2CVCPU%3A1&root_required=%21COMPUTE_STATUS_DISABLED" {{(pid=100636) __call__ /opt/stack/placement/placement/requestlog.py:55}}
Jun 14 15:19:33.127081 n-d-792458-4 devstack@placement-api.service[100636]: DEBUG placement.objects.research_context [req-ef4431d6-d2b0-4129-97e3-f2bb2e374a4e req-fdb1038e-be88-4e8e-a9e3-f11f872b155f service placement] getting providers with 1 DISK_GB {{(pid=100636) __init__ /opt/stack/placement/placement/objects/research_context.py:126}}
Jun 14 15:19:33.193352 n-d-792458-4 devstack@placement-api.service[100636]: DEBUG placement.objects.research_context [req-ef4431d6-d2b0-4129-97e3-f2bb2e374a4e req-fdb1038e-be88-4e8e-a9e3-f11f872b155f service placement] getting providers with 1024 MEMORY_MB {{(pid=100636) __init__ /opt/stack/placement/placement/objects/research_context.py:126}}
Jun 14 15:19:33.226706 n-d-792458-4 devstack@placement-api.service[100636]: DEBUG placement.objects.research_context [req-ef4431d6-d2b0-4129-97e3-f2bb2e374a4e req-fdb1038e-be88-4e8e-a9e3-f11f872b155f service placement] getting providers with 1 VCPU {{(pid=100636) __init__ /opt/stack/placement/placement/objects/research_context.py:126}}
Jun 14 15:19:33.267932 n-d-792458-4 devstack@placement-api.service[100636]: DEBUG placement.objects.research_context [req-ef4431d6-d2b0-4129-97e3-f2bb2e374a4e req-fdb1038e-be88-4e8e-a9e3-f11f872b155f service placement] found 2 providers with available 1 DISK_GB {{(pid=100636) get_provider_ids_matching /opt/stack/placement/placement/objects/research_context.py:549}}
Jun 14 15:19:33.268461 n-d-792458-4 devstack@placement-api.service[100636]: DEBUG placement.objects.research_context [req-ef4431d6-d2b0-4129-97e3-f2bb2e374a4e req-fdb1038e-be88-4e8e-a9e3-f11f872b155f service placement] found 2 providers with available 1024 MEMORY_MB {{(pid=100636) get_provider_ids_matching /opt/stack/placement/placement/objects/research_context.py:549}}
Jun 14 15:19:33.268919 n-d-792458-4 devstack@placement-api.service[100636]: DEBUG placement.objects.research_context [req-ef4431d6-d2b0-4129-97e3-f2bb2e374a4e req-fdb1038e-be88-4e8e-a9e3-f11f872b155f service placement] found 2 providers after filtering by previous result {{(pid=100636) get_provider_ids_matching /opt/stack/placement/placement/objects/research_context.py:580}}
Jun 14 15:19:33.269356 n-d-792458-4 devstack@placement-api.service[100636]: DEBUG placement.objects.research_context [req-ef4431d6-d2b0-4129-97e3-f2bb2e374a4e req-fdb1038e-be88-4e8e-a9e3-f11f872b155f service placement] found 2 providers with available 1 VCPU {{(pid=100636) get_provider_ids_matching /opt/stack/placement/placement/objects/research_context.py:549}}
Jun 14 15:19:33.269802 n-d-792458-4 devstack@placement-api.service[100636]: DEBUG placement.objects.research_context [req-ef4431d6-d2b0-4129-97e3-f2bb2e374a4e req-fdb1038e-be88-4e8e-a9e3-f11f872b155f service placement] found 2 providers after filtering by previous result {{(pid=100636) get_provider_ids_matching /opt/stack/placement/placement/objects/research_context.py:580}}
Jun 14 15:19:33.319030 n-d-792458-4 devstack@placement-api.service[100636]: DEBUG placement.objects.allocation_candidate [req-ef4431d6-d2b0-4129-97e3-f2bb2e374a4e req-fdb1038e-be88-4e8e-a9e3-f11f872b155f service placement] RequestGroup(use_same_provider=False, resources={DISK_GB:1, MEMORY_MB:1024, VCPU:1}, traits=[], aggregates=[]) (suffix '') returned 2 matches {{(pid=100636) _get_by_requests /opt/stack/placement/placement/objects/allocation_candidate.py:145}}
Jun 14 15:19:33.319755 n-d-792458-4 devstack@placement-api.service[100636]: DEBUG placement.objects.allocation_candidate [req-ef4431d6-d2b0-4129-97e3-f2bb2e374a4e req-fdb1038e-be88-4e8e-a9e3-f11f872b155f service placement] Merging candidates yields 2 allocation requests and 2 provider summaries {{(pid=100636) _merge_candidates /opt/stack/placement/placement/objects/allocation_candidate.py:783}}
Jun 14 15:19:33.327252 n-d-792458-4 devstack@placement-api.service[100636]: INFO placement.requestlog [req-ef4431d6-d2b0-4129-97e3-f2bb2e374a4e req-fdb1038e-be88-4e8e-a9e3-f11f872b155f service placement] 10.222.0.60 "GET /placement/allocation_candidates?limit=1000&resources=DISK_GB%3A1%2CMEMORY_MB%3A1024%2CVCPU%3A1&root_required=%21COMPUTE_STATUS_DISABLED" status: 200 len: 1309 microversion: 1.35
Jun 14 15:19:33.329677 n-d-792458-4 devstack@placement-api.service[100636]: [pid: 100636|app: 0|req: 213/435] 10.222.0.60 () {60 vars in 1506 bytes} [Mon Jun 14 15:19:32 2021] GET /placement/allocation_candidates?limit=1000&resources=DISK_GB%3A1%2CMEMORY_MB%3A1024%2CVCPU%3A1&root_required=%21COMPUTE_STATUS_DISABLED => generated 1309 bytes in 421 msecs (HTTP/1.1 200) 8 headers in 297 bytes (2 switches on core 0)
Jun 14 15:19:33.426418 n-d-792458-4 devstack@placement-api.service[100635]: DEBUG placement.requestlog [req-ef4431d6-d2b0-4129-97e3-f2bb2e374a4e req-b5762305-0e7b-4b79-9b13-b659cc7d78de None None] Starting request: 10.222.0.60 "GET /placement/allocations/c7c360d9-96a7-432a-8840-925e98bb7686" {{(pid=100635) __call__ /opt/stack/placement/placement/requestlog.py:55}}
Jun 14 15:19:33.503541 n-d-792458-4 devstack@placement-api.service[100635]: INFO placement.requestlog [req-ef4431d6-d2b0-4129-97e3-f2bb2e374a4e req-b5762305-0e7b-4b79-9b13-b659cc7d78de service placement] 10.222.0.60 "GET /placement/allocations/c7c360d9-96a7-432a-8840-925e98bb7686" status: 200 len: 19 microversion: 1.28
Jun 14 15:19:33.514337 n-d-792458-4 devstack@placement-api.service[100636]: DEBUG placement.requestlog [req-ef4431d6-d2b0-4129-97e3-f2bb2e374a4e req-631213d1-6817-44be-abda-e2191a50ec80 None None] Starting request: 10.222.0.60 "PUT /placement/allocations/c7c360d9-96a7-432a-8840-925e98bb7686" {{(pid=100636) __call__ /opt/stack/placement/placement/requestlog.py:55}}
Jun 14 15:19:33.516848 n-d-792458-4 devstack@placement-api.service[100635]: [pid: 100635|app: 0|req: 223/436] 10.222.0.60 () {60 vars in 1380 bytes} [Mon Jun 14 15:19:33 2021] GET /placement/allocations/c7c360d9-96a7-432a-8840-925e98bb7686 => generated 19 bytes in 90 msecs (HTTP/1.1 200) 8 headers in 295 bytes (1 switches on core 0)
Jun 14 15:19:34.214815 n-d-792458-4 devstack@placement-api.service[100636]: DEBUG placement.handlers.allocation [req-ef4431d6-d2b0-4129-97e3-f2bb2e374a4e req-631213d1-6817-44be-abda-e2191a50ec80 service placement] Successfully wrote allocations [, , ] {{(pid=100636) _create_allocations /opt/stack/placement/placement/handlers/allocation.py:435}}
Jun 14 15:19:34.215792 n-d-792458-4 devstack@placement-api.service[100636]: INFO placement.requestlog [req-ef4431d6-d2b0-4129-97e3-f2bb2e374a4e req-631213d1-6817-44be-abda-e2191a50ec80 service placement] 10.222.0.60 "PUT /placement/allocations/c7c360d9-96a7-432a-8840-925e98bb7686" status: 204 len: 0 microversion: 1.35
Jun 14 15:19:34.220440 n-d-792458-4 devstack@placement-api.service[100636]: [pid: 100636|app: 0|req: 214/437] 10.222.0.60 () {64 vars in 1433 bytes} [Mon Jun 14 15:19:33 2021] PUT /placement/allocations/c7c360d9-96a7-432a-8840-925e98bb7686 => generated 0 bytes in 702 msecs (HTTP/1.1 204) 5 headers in 199 bytes (1 switches on core 0)
Jun 14 15:19:35.847921 n-d-792458-4 devstack@placement-api.service[100635]: DEBUG placement.requestlog [req-ef4431d6-d2b0-4129-97e3-f2bb2e374a4e req-d5d324ff-ffc4-436b-a43b-4690a49445ef None None] Starting request: 10.222.0.46 "GET /placement/allocations/c7c360d9-96a7-432a-8840-925e98bb7686" {{(pid=100635) __call__ /opt/stack/placement/placement/requestlog.py:55}}
Jun 14 15:19:35.905048 n-d-792458-4 devstack@placement-api.service[100635]: INFO placement.requestlog [req-ef4431d6-d2b0-4129-97e3-f2bb2e374a4e req-d5d324ff-ffc4-436b-a43b-4690a49445ef service placement] 10.222.0.46 "GET /placement/allocations/c7c360d9-96a7-432a-8840-925e98bb7686" status: 200 len: 259 microversion: 1.28
Jun 14 15:19:35.906530 n-d-792458-4 devstack@placement-api.service[100635]: [pid: 100635|app: 0|req: 224/438] 10.222.0.46 () {60 vars in 1378 bytes} [Mon Jun 14 15:19:35 2021] GET /placement/allocations/c7c360d9-96a7-432a-8840-925e98bb7686 => generated 259 bytes in 59 msecs (HTTP/1.1 200) 8 headers in 296 bytes (1 switches on core 0)
Jun 14 15:19:42.659942 n-d-792458-4 devstack@placement-api.service[100636]: DEBUG placement.requestlog [req-b682be7e-b9fa-444f-9bc8-64d89018417c req-f4045239-7757-482c-b810-579e050fce75 None None] Starting request: 10.222.0.60 "GET /placement/allocation_candidates?limit=1000&resources=DISK_GB%3A1%2CMEMORY_MB%3A1024%2CVCPU%3A1&root_required=%21COMPUTE_STATUS_DISABLED" {{(pid=100636) __call__ /opt/stack/placement/placement/requestlog.py:55}}
Jun 14 15:19:42.747933 n-d-792458-4 devstack@placement-api.service[100636]: DEBUG placement.objects.research_context [req-b682be7e-b9fa-444f-9bc8-64d89018417c req-f4045239-7757-482c-b810-579e050fce75 service placement] getting providers with 1 DISK_GB {{(pid=100636) __init__ /opt/stack/placement/placement/objects/research_context.py:126}}
Jun 14 15:19:42.769421 n-d-792458-4 devstack@placement-api.service[100636]: DEBUG placement.objects.research_context [req-b682be7e-b9fa-444f-9bc8-64d89018417c req-f4045239-7757-482c-b810-579e050fce75 service placement] getting providers with 1024 MEMORY_MB {{(pid=100636) __init__ /opt/stack/placement/placement/objects/research_context.py:126}}
Jun 14 15:19:42.780821 n-d-792458-4 devstack@placement-api.service[100636]: DEBUG placement.objects.research_context [req-b682be7e-b9fa-444f-9bc8-64d89018417c req-f4045239-7757-482c-b810-579e050fce75 service placement] getting providers with 1 VCPU {{(pid=100636) __init__ /opt/stack/placement/placement/objects/research_context.py:126}}
Jun 14 15:19:42.797190 n-d-792458-4 devstack@placement-api.service[100636]: DEBUG placement.objects.research_context [req-b682be7e-b9fa-444f-9bc8-64d89018417c req-f4045239-7757-482c-b810-579e050fce75 service placement] found 2 providers with available 1 DISK_GB {{(pid=100636) get_provider_ids_matching /opt/stack/placement/placement/objects/research_context.py:549}}
Jun 14 15:19:42.807017 n-d-792458-4 devstack@placement-api.service[100636]: DEBUG placement.objects.research_context [req-b682be7e-b9fa-444f-9bc8-64d89018417c req-f4045239-7757-482c-b810-579e050fce75 service placement] found 2 providers with available 1024 MEMORY_MB {{(pid=100636) get_provider_ids_matching /opt/stack/placement/placement/objects/research_context.py:549}}
Jun 14 15:19:42.815773 n-d-792458-4 devstack@placement-api.service[100636]: DEBUG placement.objects.research_context [req-b682be7e-b9fa-444f-9bc8-64d89018417c req-f4045239-7757-482c-b810-579e050fce75 service placement] found 2 providers after filtering by previous result {{(pid=100636) get_provider_ids_matching /opt/stack/placement/placement/objects/research_context.py:580}}
Jun 14 15:19:42.816495 n-d-792458-4 devstack@placement-api.service[100636]: DEBUG placement.objects.research_context [req-b682be7e-b9fa-444f-9bc8-64d89018417c req-f4045239-7757-482c-b810-579e050fce75 service placement] found 2 providers with available 1 VCPU {{(pid=100636) get_provider_ids_matching /opt/stack/placement/placement/objects/research_context.py:549}}
Jun 14 15:19:42.817017 n-d-792458-4 devstack@placement-api.service[100636]: DEBUG placement.objects.research_context [req-b682be7e-b9fa-444f-9bc8-64d89018417c req-f4045239-7757-482c-b810-579e050fce75 service placement] found 2 providers after filtering by previous result {{(pid=100636) get_provider_ids_matching /opt/stack/placement/placement/objects/research_context.py:580}}
Jun 14 15:19:42.855435 n-d-792458-4 devstack@placement-api.service[100636]: DEBUG placement.objects.allocation_candidate [req-b682be7e-b9fa-444f-9bc8-64d89018417c req-f4045239-7757-482c-b810-579e050fce75 service placement] RequestGroup(use_same_provider=False, resources={DISK_GB:1, MEMORY_MB:1024, VCPU:1}, traits=[], aggregates=[]) (suffix '') returned 2 matches {{(pid=100636) _get_by_requests /opt/stack/placement/placement/objects/allocation_candidate.py:145}}
Jun 14 15:19:42.859797 n-d-792458-4 devstack@placement-api.service[100636]: DEBUG placement.objects.allocation_candidate [req-b682be7e-b9fa-444f-9bc8-64d89018417c req-f4045239-7757-482c-b810-579e050fce75 service placement] Merging candidates yields 2 allocation requests and 2 provider summaries {{(pid=100636) _merge_candidates /opt/stack/placement/placement/objects/allocation_candidate.py:783}}
Jun 14 15:19:42.864899 n-d-792458-4 devstack@placement-api.service[100636]: INFO placement.requestlog [req-b682be7e-b9fa-444f-9bc8-64d89018417c req-f4045239-7757-482c-b810-579e050fce75 service placement] 10.222.0.60 "GET /placement/allocation_candidates?limit=1000&resources=DISK_GB%3A1%2CMEMORY_MB%3A1024%2CVCPU%3A1&root_required=%21COMPUTE_STATUS_DISABLED" status: 200 len: 1309 microversion: 1.35
Jun 14 15:19:42.883190 n-d-792458-4 devstack@placement-api.service[100636]: [pid: 100636|app: 0|req: 215/439] 10.222.0.60 () {60 vars in 1506 bytes} [Mon Jun 14 15:19:42 2021] GET /placement/allocation_candidates?limit=1000&resources=DISK_GB%3A1%2CMEMORY_MB%3A1024%2CVCPU%3A1&root_required=%21COMPUTE_STATUS_DISABLED => generated 1309 bytes in 223 msecs (HTTP/1.1 200) 8 headers in 297 bytes (1 switches on core 0)
Jun 14 15:19:43.031283 n-d-792458-4 devstack@placement-api.service[100635]: DEBUG placement.requestlog [req-b682be7e-b9fa-444f-9bc8-64d89018417c req-a9ad9b2b-6c8b-4b12-8f93-f9ea4755805f None None] Starting request: 10.222.0.60 "GET /placement/allocations/29f1e154-9d5c-4d2e-89c5-83d871ae9078" {{(pid=100635) __call__ /opt/stack/placement/placement/requestlog.py:55}}
Jun 14 15:19:43.087698 n-d-792458-4 devstack@placement-api.service[100635]: INFO placement.requestlog [req-b682be7e-b9fa-444f-9bc8-64d89018417c req-a9ad9b2b-6c8b-4b12-8f93-f9ea4755805f service placement] 10.222.0.60 "GET /placement/allocations/29f1e154-9d5c-4d2e-89c5-83d871ae9078" status: 200 len: 19 microversion: 1.28
Jun 14 15:19:43.088814 n-d-792458-4 devstack@placement-api.service[100635]: [pid: 100635|app: 0|req: 225/440] 10.222.0.60 () {60 vars in 1380 bytes} [Mon Jun 14 15:19:43 2021] GET /placement/allocations/29f1e154-9d5c-4d2e-89c5-83d871ae9078 => generated 19 bytes in 58 msecs (HTTP/1.1 200) 8 headers in 295 bytes (2 switches on core 0)
Jun 14 15:19:43.106828 n-d-792458-4 devstack@placement-api.service[100636]: DEBUG placement.requestlog [req-b682be7e-b9fa-444f-9bc8-64d89018417c req-c6353251-7b2b-4ae9-9dfd-a649d87c60fb None None] Starting request: 10.222.0.60 "PUT /placement/allocations/29f1e154-9d5c-4d2e-89c5-83d871ae9078" {{(pid=100636) __call__ /opt/stack/placement/placement/requestlog.py:55}}
Jun 14 15:19:43.572566 n-d-792458-4 devstack@placement-api.service[100636]: DEBUG placement.handlers.allocation [req-b682be7e-b9fa-444f-9bc8-64d89018417c req-c6353251-7b2b-4ae9-9dfd-a649d87c60fb service placement] Successfully wrote allocations [, , ] {{(pid=100636) _create_allocations /opt/stack/placement/placement/handlers/allocation.py:435}}
Jun 14 15:19:43.573021 n-d-792458-4 devstack@placement-api.service[100636]: INFO placement.requestlog [req-b682be7e-b9fa-444f-9bc8-64d89018417c req-c6353251-7b2b-4ae9-9dfd-a649d87c60fb service placement] 10.222.0.60 "PUT /placement/allocations/29f1e154-9d5c-4d2e-89c5-83d871ae9078" status: 204 len: 0 microversion: 1.35
Jun 14 15:19:43.573575 n-d-792458-4 devstack@placement-api.service[100636]: [pid: 100636|app: 0|req: 216/441] 10.222.0.60 () {64 vars in 1433 bytes} [Mon Jun 14 15:19:43 2021] PUT /placement/allocations/29f1e154-9d5c-4d2e-89c5-83d871ae9078 => generated 0 bytes in 468 msecs (HTTP/1.1 204) 5 headers in 199 bytes (1 switches on core 0)
Jun 14 15:19:44.101262 n-d-792458-4 devstack@placement-api.service[100635]: DEBUG placement.requestlog [req-e6cafbe8-fb0f-4178-b004-5ee4af1697c1 req-f72b04d3-9f49-4dfe-b677-f15b9b8c6a2b None None] Starting request: 10.222.0.46 "GET /placement/allocations/25824975-a2a6-4c16-b506-876100888897" {{(pid=100635) __call__ /opt/stack/placement/placement/requestlog.py:55}}
Jun 14 15:19:44.139101 n-d-792458-4 devstack@placement-api.service[100635]: INFO placement.requestlog [req-e6cafbe8-fb0f-4178-b004-5ee4af1697c1 req-f72b04d3-9f49-4dfe-b677-f15b9b8c6a2b service placement] 10.222.0.46 "GET /placement/allocations/25824975-a2a6-4c16-b506-876100888897" status: 200 len: 259 microversion: 1.28
Jun 14 15:19:44.140851 n-d-792458-4 devstack@placement-api.service[100635]: [pid: 100635|app: 0|req: 226/442] 10.222.0.46 () {60 vars in 1378 bytes} [Mon Jun 14 15:19:44 2021] GET /placement/allocations/25824975-a2a6-4c16-b506-876100888897 => generated 259 bytes in 40 msecs (HTTP/1.1 200) 8 headers in 296 bytes (1 switches on core 0)
Jun 14 15:19:44.151081 n-d-792458-4 devstack@placement-api.service[100636]: DEBUG placement.requestlog [req-e6cafbe8-fb0f-4178-b004-5ee4af1697c1 req-57e28387-78d7-43f3-8d50-d69915b94ca2 None None] Starting request: 10.222.0.46 "PUT /placement/allocations/25824975-a2a6-4c16-b506-876100888897" {{(pid=100636) __call__ /opt/stack/placement/placement/requestlog.py:55}}
Jun 14 15:19:44.361495 n-d-792458-4 devstack@placement-api.service[100636]: DEBUG placement.handlers.allocation [req-e6cafbe8-fb0f-4178-b004-5ee4af1697c1 req-57e28387-78d7-43f3-8d50-d69915b94ca2 service placement] Successfully wrote allocations [, , ] {{(pid=100636) _create_allocations /opt/stack/placement/placement/handlers/allocation.py:435}}
Jun 14 15:19:44.361495 n-d-792458-4 devstack@placement-api.service[100636]: INFO placement.requestlog [req-e6cafbe8-fb0f-4178-b004-5ee4af1697c1 req-57e28387-78d7-43f3-8d50-d69915b94ca2 service placement] 10.222.0.46 "PUT /placement/allocations/25824975-a2a6-4c16-b506-876100888897" status: 204 len: 0 microversion: 1.28
Jun 14 15:19:44.361495 n-d-792458-4 devstack@placement-api.service[100636]: [pid: 100636|app: 0|req: 217/443] 10.222.0.46 () {64 vars in 1431 bytes} [Mon Jun 14 15:19:44 2021] PUT /placement/allocations/25824975-a2a6-4c16-b506-876100888897 => generated 0 bytes in 210 msecs (HTTP/1.1 204) 5 headers in 199 bytes (1 switches on core 0)
Jun 14 15:19:45.117529 n-d-792458-4 devstack@placement-api.service[100635]: DEBUG placement.requestlog [req-b682be7e-b9fa-444f-9bc8-64d89018417c req-d2b3d6b4-5e2e-4213-a069-3e5813e90891 None None] Starting request: 10.222.0.109 "GET /placement/allocations/29f1e154-9d5c-4d2e-89c5-83d871ae9078" {{(pid=100635) __call__ /opt/stack/placement/placement/requestlog.py:55}}
Jun 14 15:19:45.197849 n-d-792458-4 devstack@placement-api.service[100635]: INFO placement.requestlog [req-b682be7e-b9fa-444f-9bc8-64d89018417c req-d2b3d6b4-5e2e-4213-a069-3e5813e90891 service placement] 10.222.0.109 "GET /placement/allocations/29f1e154-9d5c-4d2e-89c5-83d871ae9078" status: 200 len: 259 microversion: 1.28
Jun 14 15:19:45.197849 n-d-792458-4 devstack@placement-api.service[100635]: [pid: 100635|app: 0|req: 227/444] 10.222.0.109 () {60 vars in 1379 bytes} [Mon Jun 14 15:19:45 2021] GET /placement/allocations/29f1e154-9d5c-4d2e-89c5-83d871ae9078 => generated 259 bytes in 80 msecs (HTTP/1.1 200) 8 headers in 296 bytes (1 switches on core 0)
Jun 14 15:19:45.506242 n-d-792458-4 devstack@placement-api.service[100636]: DEBUG placement.requestlog [req-3282a28a-d11a-4a4d-8408-7d9b36f0ef3b req-270592b8-2327-4174-9389-404092b1a7dc None None] Starting request: 10.222.0.60 "GET /placement/allocation_candidates?limit=1000&resources=DISK_GB%3A1%2CMEMORY_MB%3A1024%2CVCPU%3A1&root_required=%21COMPUTE_STATUS_DISABLED" {{(pid=100636) __call__ /opt/stack/placement/placement/requestlog.py:55}}
Jun 14 15:19:45.564269 n-d-792458-4 devstack@placement-api.service[100636]: DEBUG placement.objects.research_context [req-3282a28a-d11a-4a4d-8408-7d9b36f0ef3b req-270592b8-2327-4174-9389-404092b1a7dc service placement] getting providers with 1 DISK_GB {{(pid=100636) __init__ /opt/stack/placement/placement/objects/research_context.py:126}}
Jun 14 15:19:45.570923 n-d-792458-4 devstack@placement-api.service[100636]: DEBUG placement.objects.research_context [req-3282a28a-d11a-4a4d-8408-7d9b36f0ef3b req-270592b8-2327-4174-9389-404092b1a7dc service placement] getting providers with 1024 MEMORY_MB {{(pid=100636) __init__ /opt/stack/placement/placement/objects/research_context.py:126}}
Jun 14 15:19:45.578157 n-d-792458-4 devstack@placement-api.service[100636]: DEBUG placement.objects.research_context [req-3282a28a-d11a-4a4d-8408-7d9b36f0ef3b req-270592b8-2327-4174-9389-404092b1a7dc service placement] getting providers with 1 VCPU {{(pid=100636) __init__ /opt/stack/placement/placement/objects/research_context.py:126}}
Jun 14 15:19:45.585283 n-d-792458-4 devstack@placement-api.service[100636]: DEBUG placement.objects.research_context [req-3282a28a-d11a-4a4d-8408-7d9b36f0ef3b req-270592b8-2327-4174-9389-404092b1a7dc service placement] found 2 providers with available 1 DISK_GB {{(pid=100636) get_provider_ids_matching /opt/stack/placement/placement/objects/research_context.py:549}}
Jun 14 15:19:45.585898 n-d-792458-4 devstack@placement-api.service[100636]: DEBUG placement.objects.research_context [req-3282a28a-d11a-4a4d-8408-7d9b36f0ef3b req-270592b8-2327-4174-9389-404092b1a7dc service placement] found 2 providers with available 1024 MEMORY_MB {{(pid=100636) get_provider_ids_matching /opt/stack/placement/placement/objects/research_context.py:549}}
Jun 14 15:19:45.586336 n-d-792458-4 devstack@placement-api.service[100636]: DEBUG placement.objects.research_context [req-3282a28a-d11a-4a4d-8408-7d9b36f0ef3b req-270592b8-2327-4174-9389-404092b1a7dc service placement] found 2 providers after filtering by previous result {{(pid=100636) get_provider_ids_matching /opt/stack/placement/placement/objects/research_context.py:580}}
Jun 14 15:19:45.587563 n-d-792458-4 devstack@placement-api.service[100636]: DEBUG placement.objects.research_context [req-3282a28a-d11a-4a4d-8408-7d9b36f0ef3b req-270592b8-2327-4174-9389-404092b1a7dc service placement] found 2 providers with available 1 VCPU {{(pid=100636) get_provider_ids_matching /opt/stack/placement/placement/objects/research_context.py:549}}
Jun 14 15:19:45.588280 n-d-792458-4 devstack@placement-api.service[100636]: DEBUG placement.objects.research_context [req-3282a28a-d11a-4a4d-8408-7d9b36f0ef3b req-270592b8-2327-4174-9389-404092b1a7dc service placement] found 2 providers after filtering by previous result {{(pid=100636) get_provider_ids_matching /opt/stack/placement/placement/objects/research_context.py:580}}
Jun 14 15:19:45.612659 n-d-792458-4 devstack@placement-api.service[100636]: DEBUG placement.objects.allocation_candidate [req-3282a28a-d11a-4a4d-8408-7d9b36f0ef3b req-270592b8-2327-4174-9389-404092b1a7dc service placement] RequestGroup(use_same_provider=False, resources={DISK_GB:1, MEMORY_MB:1024, VCPU:1}, traits=[], aggregates=[]) (suffix '') returned 2 matches {{(pid=100636) _get_by_requests /opt/stack/placement/placement/objects/allocation_candidate.py:145}}
Jun 14 15:19:45.613338 n-d-792458-4 devstack@placement-api.service[100636]: DEBUG placement.objects.allocation_candidate [req-3282a28a-d11a-4a4d-8408-7d9b36f0ef3b req-270592b8-2327-4174-9389-404092b1a7dc service placement] Merging candidates yields 2 allocation requests and 2 provider summaries {{(pid=100636) _merge_candidates /opt/stack/placement/placement/objects/allocation_candidate.py:783}}
Jun 14 15:19:45.615508 n-d-792458-4 devstack@placement-api.service[100636]: INFO placement.requestlog [req-3282a28a-d11a-4a4d-8408-7d9b36f0ef3b req-270592b8-2327-4174-9389-404092b1a7dc service placement] 10.222.0.60 "GET /placement/allocation_candidates?limit=1000&resources=DISK_GB%3A1%2CMEMORY_MB%3A1024%2CVCPU%3A1&root_required=%21COMPUTE_STATUS_DISABLED" status: 200 len: 1309 microversion: 1.35
Jun 14 15:19:45.616462 n-d-792458-4 devstack@placement-api.service[100636]: [pid: 100636|app: 0|req: 218/445] 10.222.0.60 () {60 vars in 1506 bytes} [Mon Jun 14 15:19:45 2021] GET /placement/allocation_candidates?limit=1000&resources=DISK_GB%3A1%2CMEMORY_MB%3A1024%2CVCPU%3A1&root_required=%21COMPUTE_STATUS_DISABLED => generated 1309 bytes in 117 msecs (HTTP/1.1 200) 8 headers in 297 bytes (1 switches on core 0)
Jun 14 15:19:45.745821 n-d-792458-4 devstack@placement-api.service[100635]: DEBUG placement.requestlog [req-3282a28a-d11a-4a4d-8408-7d9b36f0ef3b req-38231647-3649-4b20-8fbd-612d85f272dd None None] Starting request: 10.222.0.60 "GET /placement/allocations/27b32906-7996-49cf-a0a6-b0c569daeb77" {{(pid=100635) __call__ /opt/stack/placement/placement/requestlog.py:55}}
Jun 14 15:19:45.764017 n-d-792458-4 devstack@placement-api.service[100635]: INFO placement.requestlog [req-3282a28a-d11a-4a4d-8408-7d9b36f0ef3b req-38231647-3649-4b20-8fbd-612d85f272dd service placement] 10.222.0.60 "GET /placement/allocations/27b32906-7996-49cf-a0a6-b0c569daeb77" status: 200 len: 19 microversion: 1.28
Jun 14 15:19:45.767096 n-d-792458-4 devstack@placement-api.service[100635]: [pid: 100635|app: 0|req: 228/446] 10.222.0.60 () {60 vars in 1380 bytes} [Mon Jun 14 15:19:45 2021] GET /placement/allocations/27b32906-7996-49cf-a0a6-b0c569daeb77 => generated 19 bytes in 21 msecs (HTTP/1.1 200) 8 headers in 295 bytes (1 switches on core 0)
Jun 14 15:19:45.779219 n-d-792458-4 devstack@placement-api.service[100636]: DEBUG placement.requestlog [req-3282a28a-d11a-4a4d-8408-7d9b36f0ef3b req-2bf0fd68-7399-418a-a2fb-7b2b9991cf93 None None] Starting request: 10.222.0.60 "PUT /placement/allocations/27b32906-7996-49cf-a0a6-b0c569daeb77" {{(pid=100636) __call__ /opt/stack/placement/placement/requestlog.py:55}}
Jun 14 15:19:46.272108 n-d-792458-4 devstack@placement-api.service[100636]: DEBUG placement.handlers.allocation [req-3282a28a-d11a-4a4d-8408-7d9b36f0ef3b req-2bf0fd68-7399-418a-a2fb-7b2b9991cf93 service placement] Successfully wrote allocations [, , ] {{(pid=100636) _create_allocations /opt/stack/placement/placement/handlers/allocation.py:435}}
Jun 14 15:19:46.273009 n-d-792458-4 devstack@placement-api.service[100636]: INFO placement.requestlog [req-3282a28a-d11a-4a4d-8408-7d9b36f0ef3b req-2bf0fd68-7399-418a-a2fb-7b2b9991cf93 service placement] 10.222.0.60 "PUT /placement/allocations/27b32906-7996-49cf-a0a6-b0c569daeb77" status: 204 len: 0 microversion: 1.35
Jun 14 15:19:46.273419 n-d-792458-4 devstack@placement-api.service[100636]: [pid: 100636|app: 0|req: 219/447] 10.222.0.60 () {64 vars in 1433 bytes} [Mon Jun 14 15:19:45 2021] PUT /placement/allocations/27b32906-7996-49cf-a0a6-b0c569daeb77 => generated 0 bytes in 495 msecs (HTTP/1.1 204) 5 headers in 199 bytes (1 switches on core 0)
Jun 14 15:19:48.282622 n-d-792458-4 devstack@placement-api.service[100635]: DEBUG placement.requestlog [req-3282a28a-d11a-4a4d-8408-7d9b36f0ef3b req-bd429503-0e6b-4639-91a4-4b09d2ba1b9a None None] Starting request: 10.222.0.109 "GET /placement/allocations/27b32906-7996-49cf-a0a6-b0c569daeb77" {{(pid=100635) __call__ /opt/stack/placement/placement/requestlog.py:55}}
Jun 14 15:19:48.360413 n-d-792458-4 devstack@placement-api.service[100635]: INFO placement.requestlog [req-3282a28a-d11a-4a4d-8408-7d9b36f0ef3b req-bd429503-0e6b-4639-91a4-4b09d2ba1b9a service placement] 10.222.0.109 "GET /placement/allocations/27b32906-7996-49cf-a0a6-b0c569daeb77" status: 200 len: 259 microversion: 1.28
Jun 14 15:19:48.361965 n-d-792458-4 devstack@placement-api.service[100635]: [pid: 100635|app: 0|req: 229/448] 10.222.0.109 () {60 vars in 1379 bytes} [Mon Jun 14 15:19:48 2021] GET /placement/allocations/27b32906-7996-49cf-a0a6-b0c569daeb77 => generated 259 bytes in 80 msecs (HTTP/1.1 200) 8 headers in 296 bytes (1 switches on core 0)
Jun 14 15:19:53.192763 n-d-792458-4 devstack@placement-api.service[100636]: DEBUG placement.requestlog [req-885c43ac-03aa-449e-9013-4ec7d3f153f2 req-12a85ee7-c4da-48d5-afab-30a712c6e9f4 None None] Starting request: 10.222.0.46 "GET /placement/allocations/272457b6-4d5d-441e-9cd9-5be5a75170ea" {{(pid=100636) __call__ /opt/stack/placement/placement/requestlog.py:55}}
Jun 14 15:19:53.254303 n-d-792458-4 devstack@placement-api.service[100636]: INFO placement.requestlog [req-885c43ac-03aa-449e-9013-4ec7d3f153f2 req-12a85ee7-c4da-48d5-afab-30a712c6e9f4 service placement] 10.222.0.46 "GET /placement/allocations/272457b6-4d5d-441e-9cd9-5be5a75170ea" status: 200 len: 259 microversion: 1.28
Jun 14 15:19:53.255628 n-d-792458-4 devstack@placement-api.service[100636]: [pid: 100636|app: 0|req: 220/449] 10.222.0.46 () {60 vars in 1378 bytes} [Mon Jun 14 15:19:53 2021] GET /placement/allocations/272457b6-4d5d-441e-9cd9-5be5a75170ea => generated 259 bytes in 64 msecs (HTTP/1.1 200) 8 headers in 296 bytes (1 switches on core 0)
Jun 14 15:19:53.263720 n-d-792458-4 devstack@placement-api.service[100635]: DEBUG placement.requestlog [req-885c43ac-03aa-449e-9013-4ec7d3f153f2 req-78b3a8da-e06e-4623-ab99-0fd0881a8be0 None None] Starting request: 10.222.0.46 "PUT /placement/allocations/272457b6-4d5d-441e-9cd9-5be5a75170ea" {{(pid=100635) __call__ /opt/stack/placement/placement/requestlog.py:55}}
Jun 14 15:19:53.469502 n-d-792458-4 devstack@placement-api.service[100635]: DEBUG placement.handlers.allocation [req-885c43ac-03aa-449e-9013-4ec7d3f153f2 req-78b3a8da-e06e-4623-ab99-0fd0881a8be0 service placement] Successfully wrote allocations [, , ] {{(pid=100635) _create_allocations /opt/stack/placement/placement/handlers/allocation.py:435}}
Jun 14 15:19:53.470365 n-d-792458-4 devstack@placement-api.service[100635]: INFO placement.requestlog [req-885c43ac-03aa-449e-9013-4ec7d3f153f2 req-78b3a8da-e06e-4623-ab99-0fd0881a8be0 service placement] 10.222.0.46 "PUT /placement/allocations/272457b6-4d5d-441e-9cd9-5be5a75170ea" status: 204 len: 0 microversion: 1.28
Jun 14 15:19:53.470765 n-d-792458-4 devstack@placement-api.service[100635]: [pid: 100635|app: 0|req: 230/450] 10.222.0.46 () {64 vars in 1431 bytes} [Mon Jun 14 15:19:53 2021] PUT /placement/allocations/272457b6-4d5d-441e-9cd9-5be5a75170ea => generated 0 bytes in 208 msecs (HTTP/1.1 204) 5 headers in 199 bytes (1 switches on core 0)
Jun 14 15:20:01.098768 n-d-792458-4 devstack@placement-api.service[100636]: DEBUG placement.requestlog [req-3b10ad35-2d4a-4471-8232-68d58d00a72f req-0ac8d435-909f-4ba2-901a-84a3c7119182 None None] Starting request: 10.222.0.46 "GET /placement/allocations/5f6b1920-f066-47cf-b439-8b5177798a2b" {{(pid=100636) __call__ /opt/stack/placement/placement/requestlog.py:55}}
Jun 14 15:20:01.120253 n-d-792458-4 devstack@placement-api.service[100636]: INFO placement.requestlog [req-3b10ad35-2d4a-4471-8232-68d58d00a72f req-0ac8d435-909f-4ba2-901a-84a3c7119182 service placement] 10.222.0.46 "GET /placement/allocations/5f6b1920-f066-47cf-b439-8b5177798a2b" status: 200 len: 259 microversion: 1.28
Jun 14 15:20:01.120880 n-d-792458-4 devstack@placement-api.service[100636]: [pid: 100636|app: 0|req: 221/451] 10.222.0.46 () {60 vars in 1378 bytes} [Mon Jun 14 15:20:01 2021] GET /placement/allocations/5f6b1920-f066-47cf-b439-8b5177798a2b => generated 259 bytes in 23 msecs (HTTP/1.1 200) 8 headers in 296 bytes (2 switches on core 0)
Jun 14 15:20:01.128112 n-d-792458-4 devstack@placement-api.service[100635]: DEBUG placement.requestlog [req-3b10ad35-2d4a-4471-8232-68d58d00a72f req-c95a498f-c23b-4117-a9f0-5a076e20f688 None None] Starting request: 10.222.0.46 "PUT /placement/allocations/5f6b1920-f066-47cf-b439-8b5177798a2b" {{(pid=100635) __call__ /opt/stack/placement/placement/requestlog.py:55}}
Jun 14 15:20:01.288207 n-d-792458-4 devstack@placement-api.service[100635]: DEBUG placement.handlers.allocation [req-3b10ad35-2d4a-4471-8232-68d58d00a72f req-c95a498f-c23b-4117-a9f0-5a076e20f688 service placement] Successfully wrote allocations [, , ] {{(pid=100635) _create_allocations /opt/stack/placement/placement/handlers/allocation.py:435}}
Jun 14 15:20:01.289039 n-d-792458-4 devstack@placement-api.service[100635]: INFO placement.requestlog [req-3b10ad35-2d4a-4471-8232-68d58d00a72f req-c95a498f-c23b-4117-a9f0-5a076e20f688 service placement] 10.222.0.46 "PUT /placement/allocations/5f6b1920-f066-47cf-b439-8b5177798a2b" status: 204 len: 0 microversion: 1.28
Jun 14 15:20:01.289950 n-d-792458-4 devstack@placement-api.service[100635]: [pid: 100635|app: 0|req: 231/452] 10.222.0.46 () {64 vars in 1431 bytes} [Mon Jun 14 15:20:01 2021] PUT /placement/allocations/5f6b1920-f066-47cf-b439-8b5177798a2b => generated 0 bytes in 162 msecs (HTTP/1.1 204) 5 headers in 199 bytes (2 switches on core 0)
Jun 14 15:20:29.746972 n-d-792458-4 devstack@placement-api.service[100636]: DEBUG placement.requestlog [req-d812758a-3df0-4367-8035-1b281e52f286 req-e8f0eec5-7a8c-40c0-af95-6d73f56788e0 None None] Starting request: 10.222.0.46 "GET /placement/resource_providers/58251fee-597d-4880-ba89-6139c14cbe1c/allocations" {{(pid=100636) __call__ /opt/stack/placement/placement/requestlog.py:55}}
Jun 14 15:20:29.800539 n-d-792458-4 devstack@placement-api.service[100636]: INFO placement.requestlog [req-d812758a-3df0-4367-8035-1b281e52f286 req-e8f0eec5-7a8c-40c0-af95-6d73f56788e0 service placement] 10.222.0.46 "GET /placement/resource_providers/58251fee-597d-4880-ba89-6139c14cbe1c/allocations" status: 200 len: 154 microversion: 1.0
Jun 14 15:20:29.801323 n-d-792458-4 devstack@placement-api.service[100636]: [pid: 100636|app: 0|req: 222/453] 10.222.0.46 () {58 vars in 1391 bytes} [Mon Jun 14 15:20:29 2021] GET /placement/resource_providers/58251fee-597d-4880-ba89-6139c14cbe1c/allocations => generated 154 bytes in 55 msecs (HTTP/1.1 200) 6 headers in 224 bytes (1 switches on core 0)
Jun 14 15:20:33.079423 n-d-792458-4 devstack@placement-api.service[100635]: DEBUG placement.requestlog [req-91c84aa3-d45d-42c8-85ee-847722c6249e req-3c363437-3802-46ed-aeaf-3915f4872c20 None None] Starting request: 10.222.0.109 "GET /placement/resource_providers/49a29560-d501-4e04-9a75-19385b9c270f/allocations" {{(pid=100635) __call__ /opt/stack/placement/placement/requestlog.py:55}}
Jun 14 15:20:33.171903 n-d-792458-4 devstack@placement-api.service[100635]: INFO placement.requestlog [req-91c84aa3-d45d-42c8-85ee-847722c6249e req-3c363437-3802-46ed-aeaf-3915f4872c20 service placement] 10.222.0.109 "GET /placement/resource_providers/49a29560-d501-4e04-9a75-19385b9c270f/allocations" status: 200 len: 457 microversion: 1.0
Jun 14 15:20:33.175324 n-d-792458-4 devstack@placement-api.service[100635]: [pid: 100635|app: 0|req: 232/454] 10.222.0.109 () {58 vars in 1392 bytes} [Mon Jun 14 15:20:33 2021] GET /placement/resource_providers/49a29560-d501-4e04-9a75-19385b9c270f/allocations => generated 457 bytes in 96 msecs (HTTP/1.1 200) 6 headers in 224 bytes (2 switches on core 0)
Jun 14 15:20:38.760469 n-d-792458-4 devstack@placement-api.service[100636]: DEBUG placement.requestlog [None req-286345e7-b3d2-4e03-a1da-0704c72725db None None] Starting request: 10.222.0.60 "GET /placement/" {{(pid=100636) __call__ /opt/stack/placement/placement/requestlog.py:55}}
Jun 14 15:20:38.763139 n-d-792458-4 devstack@placement-api.service[100636]: INFO placement.requestlog [None req-286345e7-b3d2-4e03-a1da-0704c72725db None None] 10.222.0.60 "GET /placement/" status: 200 len: 136 microversion: 1.0
Jun 14 15:20:38.763139 n-d-792458-4 devstack@placement-api.service[100636]: [pid: 100636|app: 0|req: 223/455] 10.222.0.60 () {54 vars in 906 bytes} [Mon Jun 14 15:20:38 2021] GET /placement => generated 136 bytes in 3 msecs (HTTP/1.1 200) 6 headers in 224 bytes (2 switches on core 0)
Jun 14 15:20:38.777176 n-d-792458-4 devstack@placement-api.service[100635]: DEBUG placement.requestlog [req-c9caa9da-a6e1-4e55-ae31-62e9e3d810c0 req-ad06acb9-05cc-4712-ab39-e21ca244b56c None None] Starting request: 10.222.0.60 "GET /placement/resource_providers/49a29560-d501-4e04-9a75-19385b9c270f/traits" {{(pid=100635) __call__ /opt/stack/placement/placement/requestlog.py:55}}
