May 28 13:34:38.466820 n-d-792458-3 devstack@n-api.service[99182]: DEBUG nova.api.openstack.wsgi_app [-] database.max_retries = 10 {{(pid=99182) log_opt_values /usr/local/lib/python3.8/dist-packages/oslo_config/cfg.py:2609}}
May 28 13:34:38.467135 n-d-792458-3 devstack@n-api.service[99182]: DEBUG nova.api.openstack.wsgi_app [-] database.mysql_enable_ndb = False {{(pid=99182) log_opt_values /usr/local/lib/python3.8/dist-packages/oslo_config/cfg.py:2609}}
May 28 13:34:38.467460 n-d-792458-3 devstack@n-api.service[99182]: DEBUG nova.api.openstack.wsgi_app [-] database.mysql_sql_mode = TRADITIONAL {{(pid=99182) log_opt_values /usr/local/lib/python3.8/dist-packages/oslo_config/cfg.py:2609}}
May 28 13:34:38.467772 n-d-792458-3 devstack@n-api.service[99182]: DEBUG nova.api.openstack.wsgi_app [-] database.pool_timeout = None {{(pid=99182) log_opt_values /usr/local/lib/python3.8/dist-packages/oslo_config/cfg.py:2609}}
May 28 13:34:38.468093 n-d-792458-3 devstack@n-api.service[99182]: DEBUG nova.api.openstack.wsgi_app [-] database.retry_interval = 10 {{(pid=99182) log_opt_values /usr/local/lib/python3.8/dist-packages/oslo_config/cfg.py:2609}}
May 28 13:34:38.468399 n-d-792458-3 devstack@n-api.service[99182]: DEBUG nova.api.openstack.wsgi_app [-] database.slave_connection = **** {{(pid=99182) log_opt_values /usr/local/lib/python3.8/dist-packages/oslo_config/cfg.py:2609}}
May 28 13:34:38.468717 n-d-792458-3 devstack@n-api.service[99182]: DEBUG nova.api.openstack.wsgi_app [-] database.sqlite_synchronous = True {{(pid=99182) log_opt_values /usr/local/lib/python3.8/dist-packages/oslo_config/cfg.py:2609}}
May 28 13:34:38.469032 n-d-792458-3 devstack@n-api.service[99182]: DEBUG nova.api.openstack.wsgi_app [-] database.use_db_reconnect = False {{(pid=99182) log_opt_values /usr/local/lib/python3.8/dist-packages/oslo_config/cfg.py:2609}}
May 28 13:34:38.469344 n-d-792458-3 devstack@n-api.service[99182]: DEBUG nova.api.openstack.wsgi_app [-] database.use_tpool = False {{(pid=99182) log_opt_values /usr/local/lib/python3.8/dist-packages/oslo_config/cfg.py:2609}}
May 28 13:34:38.469684 n-d-792458-3 devstack@n-api.service[99182]: DEBUG nova.api.openstack.wsgi_app [-] profiler.connection_string = messaging:// {{(pid=99182) log_opt_values /usr/local/lib/python3.8/dist-packages/oslo_config/cfg.py:2609}}
May 28 13:34:38.470025 n-d-792458-3 devstack@n-api.service[99182]: DEBUG nova.api.openstack.wsgi_app [-] profiler.enabled = False {{(pid=99182) log_opt_values /usr/local/lib/python3.8/dist-packages/oslo_config/cfg.py:2609}}
May 28 13:34:38.470356 n-d-792458-3 devstack@n-api.service[99182]: DEBUG nova.api.openstack.wsgi_app [-] profiler.es_doc_type = notification {{(pid=99182) log_opt_values /usr/local/lib/python3.8/dist-packages/oslo_config/cfg.py:2609}}
May 28 13:34:38.470668 n-d-792458-3 devstack@n-api.service[99182]: DEBUG nova.api.openstack.wsgi_app [-] profiler.es_scroll_size = 10000 {{(pid=99182) log_opt_values /usr/local/lib/python3.8/dist-packages/oslo_config/cfg.py:2609}}
May 28 13:34:38.470994 n-d-792458-3 devstack@n-api.service[99182]: DEBUG nova.api.openstack.wsgi_app [-] profiler.es_scroll_time = 2m {{(pid=99182) log_opt_values /usr/local/lib/python3.8/dist-packages/oslo_config/cfg.py:2609}}
May 28 13:34:38.471308 n-d-792458-3 devstack@n-api.service[99182]: DEBUG nova.api.openstack.wsgi_app [-] profiler.filter_error_trace = False {{(pid=99182) log_opt_values /usr/local/lib/python3.8/dist-packages/oslo_config/cfg.py:2609}}
May 28 13:34:38.471633 n-d-792458-3 devstack@n-api.service[99182]: DEBUG nova.api.openstack.wsgi_app [-] profiler.hmac_keys = SECRET_KEY {{(pid=99182) log_opt_values /usr/local/lib/python3.8/dist-packages/oslo_config/cfg.py:2609}}
May 28 13:34:38.471956 n-d-792458-3 devstack@n-api.service[99182]: DEBUG nova.api.openstack.wsgi_app [-] profiler.sentinel_service_name = mymaster {{(pid=99182) log_opt_values /usr/local/lib/python3.8/dist-packages/oslo_config/cfg.py:2609}}
May 28 13:34:38.472279 n-d-792458-3 devstack@n-api.service[99182]: DEBUG nova.api.openstack.wsgi_app [-] profiler.socket_timeout = 0.1 {{(pid=99182) log_opt_values /usr/local/lib/python3.8/dist-packages/oslo_config/cfg.py:2609}}
May 28 13:34:38.472598 n-d-792458-3 devstack@n-api.service[99182]: DEBUG nova.api.openstack.wsgi_app [-] profiler.trace_sqlalchemy = False {{(pid=99182) log_opt_values /usr/local/lib/python3.8/dist-packages/oslo_config/cfg.py:2609}}
May 28 13:34:38.472933 n-d-792458-3 devstack@n-api.service[99182]: DEBUG nova.api.openstack.wsgi_app [-] oslo_messaging_rabbit.amqp_auto_delete = False {{(pid=99182) log_opt_values /usr/local/lib/python3.8/dist-packages/oslo_config/cfg.py:2609}}
May 28 13:34:38.473247 n-d-792458-3 devstack@n-api.service[99182]: DEBUG nova.api.openstack.wsgi_app [-] oslo_messaging_rabbit.amqp_durable_queues = False {{(pid=99182) log_opt_values /usr/local/lib/python3.8/dist-packages/oslo_config/cfg.py:2609}}
May 28 13:34:38.473562 n-d-792458-3 devstack@n-api.service[99182]: DEBUG nova.api.openstack.wsgi_app [-] oslo_messaging_rabbit.conn_pool_min_size = 2 {{(pid=99182) log_opt_values /usr/local/lib/python3.8/dist-packages/oslo_config/cfg.py:2609}}
May 28 13:34:38.473875 n-d-792458-3 devstack@n-api.service[99182]: DEBUG nova.api.openstack.wsgi_app [-] oslo_messaging_rabbit.conn_pool_ttl = 1200 {{(pid=99182) log_opt_values /usr/local/lib/python3.8/dist-packages/oslo_config/cfg.py:2609}}
May 28 13:34:38.474193 n-d-792458-3 devstack@n-api.service[99182]: DEBUG nova.api.openstack.wsgi_app [-] oslo_messaging_rabbit.direct_mandatory_flag = True {{(pid=99182) log_opt_values /usr/local/lib/python3.8/dist-packages/oslo_config/cfg.py:2609}}
May 28 13:34:38.474517 n-d-792458-3 devstack@n-api.service[99182]: DEBUG nova.api.openstack.wsgi_app [-] oslo_messaging_rabbit.enable_cancel_on_failover = False {{(pid=99182) log_opt_values /usr/local/lib/python3.8/dist-packages/oslo_config/cfg.py:2609}}
May 28 13:34:38.474936 n-d-792458-3 devstack@n-api.service[99182]: DEBUG nova.api.openstack.wsgi_app [-] oslo_messaging_rabbit.heartbeat_in_pthread = True {{(pid=99182) log_opt_values /usr/local/lib/python3.8/dist-packages/oslo_config/cfg.py:2609}}
May 28 13:34:38.475311 n-d-792458-3 devstack@n-api.service[99182]: DEBUG nova.api.openstack.wsgi_app [-] oslo_messaging_rabbit.heartbeat_rate = 3 {{(pid=99182) log_opt_values /usr/local/lib/python3.8/dist-packages/oslo_config/cfg.py:2609}}
May 28 13:34:38.475643 n-d-792458-3 devstack@n-api.service[99182]: DEBUG nova.api.openstack.wsgi_app [-] oslo_messaging_rabbit.heartbeat_timeout_threshold = 600 {{(pid=99182) log_opt_values /usr/local/lib/python3.8/dist-packages/oslo_config/cfg.py:2609}}
May 28 13:34:38.475953 n-d-792458-3 devstack@n-api.service[99182]: DEBUG nova.api.openstack.wsgi_app [-] oslo_messaging_rabbit.kombu_compression = None {{(pid=99182) log_opt_values /usr/local/lib/python3.8/dist-packages/oslo_config/cfg.py:2609}}
May 28 13:34:38.476279 n-d-792458-3 devstack@n-api.service[99182]: DEBUG nova.api.openstack.wsgi_app [-] oslo_messaging_rabbit.kombu_failover_strategy = round-robin {{(pid=99182) log_opt_values /usr/local/lib/python3.8/dist-packages/oslo_config/cfg.py:2609}}
May 28 13:34:38.476600 n-d-792458-3 devstack@n-api.service[99182]: DEBUG nova.api.openstack.wsgi_app [-] oslo_messaging_rabbit.kombu_missing_consumer_retry_timeout = 60 {{(pid=99182) log_opt_values /usr/local/lib/python3.8/dist-packages/oslo_config/cfg.py:2609}}
May 28 13:34:38.476927 n-d-792458-3 devstack@n-api.service[99182]: DEBUG nova.api.openstack.wsgi_app [-] oslo_messaging_rabbit.kombu_reconnect_delay = 1.0 {{(pid=99182) log_opt_values /usr/local/lib/python3.8/dist-packages/oslo_config/cfg.py:2609}}
May 28 13:34:38.478073 n-d-792458-3 devstack@n-api.service[99182]: DEBUG nova.api.openstack.wsgi_app [-] oslo_messaging_rabbit.rabbit_ha_queues = False {{(pid=99182) log_opt_values /usr/local/lib/python3.8/dist-packages/oslo_config/cfg.py:2609}}
May 28 13:34:38.478073 n-d-792458-3 devstack@n-api.service[99182]: DEBUG nova.api.openstack.wsgi_app [-] oslo_messaging_rabbit.rabbit_interval_max = 30 {{(pid=99182) log_opt_values /usr/local/lib/python3.8/dist-packages/oslo_config/cfg.py:2609}}
May 28 13:34:38.478073 n-d-792458-3 devstack@n-api.service[99182]: DEBUG nova.api.openstack.wsgi_app [-] oslo_messaging_rabbit.rabbit_login_method = AMQPLAIN {{(pid=99182) log_opt_values /usr/local/lib/python3.8/dist-packages/oslo_config/cfg.py:2609}}
May 28 13:34:38.478912 n-d-792458-3 devstack@n-api.service[99182]: DEBUG nova.api.openstack.wsgi_app [-] oslo_messaging_rabbit.rabbit_qos_prefetch_count = 0 {{(pid=99182) log_opt_values /usr/local/lib/python3.8/dist-packages/oslo_config/cfg.py:2609}}
May 28 13:34:38.478912 n-d-792458-3 devstack@n-api.service[99182]: DEBUG nova.api.openstack.wsgi_app [-] oslo_messaging_rabbit.rabbit_retry_backoff = 2 {{(pid=99182) log_opt_values /usr/local/lib/python3.8/dist-packages/oslo_config/cfg.py:2609}}
May 28 13:34:38.478912 n-d-792458-3 devstack@n-api.service[99182]: DEBUG nova.api.openstack.wsgi_app [-] oslo_messaging_rabbit.rabbit_retry_interval = 1 {{(pid=99182) log_opt_values /usr/local/lib/python3.8/dist-packages/oslo_config/cfg.py:2609}}
May 28 13:34:38.479615 n-d-792458-3 devstack@n-api.service[99182]: DEBUG nova.api.openstack.wsgi_app [-] oslo_messaging_rabbit.rabbit_transient_queues_ttl = 1800 {{(pid=99182) log_opt_values /usr/local/lib/python3.8/dist-packages/oslo_config/cfg.py:2609}}
May 28 13:34:38.479615 n-d-792458-3 devstack@n-api.service[99182]: DEBUG nova.api.openstack.wsgi_app [-] oslo_messaging_rabbit.rpc_conn_pool_size = 30 {{(pid=99182) log_opt_values /usr/local/lib/python3.8/dist-packages/oslo_config/cfg.py:2609}}
May 28 13:34:38.480080 n-d-792458-3 devstack@n-api.service[99182]: DEBUG nova.api.openstack.wsgi_app [-] oslo_messaging_rabbit.ssl = False {{(pid=99182) log_opt_values /usr/local/lib/python3.8/dist-packages/oslo_config/cfg.py:2609}}
May 28 13:34:38.480080 n-d-792458-3 devstack@n-api.service[99182]: DEBUG nova.api.openstack.wsgi_app [-] oslo_messaging_rabbit.ssl_ca_file = {{(pid=99182) log_opt_values /usr/local/lib/python3.8/dist-packages/oslo_config/cfg.py:2609}}
May 28 13:34:38.480532 n-d-792458-3 devstack@n-api.service[99182]: DEBUG nova.api.openstack.wsgi_app [-] oslo_messaging_rabbit.ssl_cert_file = {{(pid=99182) log_opt_values /usr/local/lib/python3.8/dist-packages/oslo_config/cfg.py:2609}}
May 28 13:34:38.480784 n-d-792458-3 devstack@n-api.service[99182]: DEBUG nova.api.openstack.wsgi_app [-] oslo_messaging_rabbit.ssl_key_file = {{(pid=99182) log_opt_values /usr/local/lib/python3.8/dist-packages/oslo_config/cfg.py:2609}}
May 28 13:34:38.481016 n-d-792458-3 devstack@n-api.service[99182]: DEBUG nova.api.openstack.wsgi_app [-] oslo_messaging_rabbit.ssl_version = {{(pid=99182) log_opt_values /usr/local/lib/python3.8/dist-packages/oslo_config/cfg.py:2609}}
May 28 13:34:38.481282 n-d-792458-3 devstack@n-api.service[99182]: DEBUG nova.api.openstack.wsgi_app [-] oslo_messaging_notifications.driver = ['messagingv2'] {{(pid=99182) log_opt_values /usr/local/lib/python3.8/dist-packages/oslo_config/cfg.py:2609}}
May 28 13:34:38.481600 n-d-792458-3 devstack@n-api.service[99182]: DEBUG nova.api.openstack.wsgi_app [-] oslo_messaging_notifications.retry = -1 {{(pid=99182) log_opt_values /usr/local/lib/python3.8/dist-packages/oslo_config/cfg.py:2609}}
May 28 13:34:38.482169 n-d-792458-3 devstack@n-api.service[99182]: DEBUG nova.api.openstack.wsgi_app [-] oslo_messaging_notifications.topics = ['notifications'] {{(pid=99182) log_opt_values /usr/local/lib/python3.8/dist-packages/oslo_config/cfg.py:2609}}
May 28 13:34:38.482434 n-d-792458-3 devstack@n-api.service[99182]: DEBUG nova.api.openstack.wsgi_app [-] oslo_messaging_notifications.transport_url = **** {{(pid=99182) log_opt_values /usr/local/lib/python3.8/dist-packages/oslo_config/cfg.py:2609}}
May 28 13:34:38.482690 n-d-792458-3 devstack@n-api.service[99182]: DEBUG nova.api.openstack.wsgi_app [-] ******************************************************************************** {{(pid=99182) log_opt_values /usr/local/lib/python3.8/dist-packages/oslo_config/cfg.py:2613}}
May 28 13:34:38.521648 n-d-792458-3 devstack@n-api.service[99182]: DEBUG oslo_db.sqlalchemy.engines [None req-4c5b54aa-9828-4701-b2af-16829bd4d765 None None] MySQL server mode set to STRICT_TRANS_TABLES,STRICT_ALL_TABLES,NO_ZERO_IN_DATE,NO_ZERO_DATE,ERROR_FOR_DIVISION_BY_ZERO,TRADITIONAL,NO_ENGINE_SUBSTITUTION {{(pid=99182) _check_effective_sql_mode /usr/local/lib/python3.8/dist-packages/oslo_db/sqlalchemy/engines.py:314}}
May 28 13:34:38.606281 n-d-792458-3 devstack@n-api.service[99181]: DEBUG nova.context [None req-b2101011-99dd-4f2b-88c7-881562a12b85 None None] Found 2 cells: 00000000-0000-0000-0000-000000000000(cell0),8ef97346-9c73-47ca-8d03-1219f6144a42(cell1) {{(pid=99181) load_cells /opt/stack/nova/nova/context.py:464}}
May 28 13:34:38.611124 n-d-792458-3 devstack@n-api.service[99181]: DEBUG oslo_concurrency.lockutils [None req-b2101011-99dd-4f2b-88c7-881562a12b85 None None] Lock "00000000-0000-0000-0000-000000000000" acquired by "nova.context.set_target_cell..get_or_set_cached_cell_and_set_connections" :: waited 0.000s {{(pid=99181) inner /usr/local/lib/python3.8/dist-packages/oslo_concurrency/lockutils.py:355}}
May 28 13:34:38.613174 n-d-792458-3 devstack@n-api.service[99181]: DEBUG oslo_concurrency.lockutils [None req-b2101011-99dd-4f2b-88c7-881562a12b85 None None] Lock "00000000-0000-0000-0000-000000000000" released by "nova.context.set_target_cell..get_or_set_cached_cell_and_set_connections" :: held 0.002s {{(pid=99181) inner /usr/local/lib/python3.8/dist-packages/oslo_concurrency/lockutils.py:367}}
May 28 13:34:38.614274 n-d-792458-3 devstack@n-api.service[99181]: DEBUG oslo_concurrency.lockutils [None req-b2101011-99dd-4f2b-88c7-881562a12b85 None None] Lock "8ef97346-9c73-47ca-8d03-1219f6144a42" acquired by "nova.context.set_target_cell..get_or_set_cached_cell_and_set_connections" :: waited 0.000s {{(pid=99181) inner /usr/local/lib/python3.8/dist-packages/oslo_concurrency/lockutils.py:355}}
May 28 13:34:38.617494 n-d-792458-3 devstack@n-api.service[99181]: DEBUG oslo_concurrency.lockutils [None req-b2101011-99dd-4f2b-88c7-881562a12b85 None None] Lock "8ef97346-9c73-47ca-8d03-1219f6144a42" released by "nova.context.set_target_cell..get_or_set_cached_cell_and_set_connections" :: held 0.003s {{(pid=99181) inner /usr/local/lib/python3.8/dist-packages/oslo_concurrency/lockutils.py:367}}
May 28 13:34:38.648133 n-d-792458-3 devstack@n-api.service[99181]: DEBUG oslo_db.sqlalchemy.engines [None req-b2101011-99dd-4f2b-88c7-881562a12b85 None None] MySQL server mode set to STRICT_TRANS_TABLES,STRICT_ALL_TABLES,NO_ZERO_IN_DATE,NO_ZERO_DATE,ERROR_FOR_DIVISION_BY_ZERO,TRADITIONAL,NO_ENGINE_SUBSTITUTION {{(pid=99181) _check_effective_sql_mode /usr/local/lib/python3.8/dist-packages/oslo_db/sqlalchemy/engines.py:314}}
May 28 13:34:38.650350 n-d-792458-3 devstack@n-api.service[99181]: DEBUG oslo_db.sqlalchemy.engines [None req-b2101011-99dd-4f2b-88c7-881562a12b85 None None] MySQL server mode set to STRICT_TRANS_TABLES,STRICT_ALL_TABLES,NO_ZERO_IN_DATE,NO_ZERO_DATE,ERROR_FOR_DIVISION_BY_ZERO,TRADITIONAL,NO_ENGINE_SUBSTITUTION {{(pid=99181) _check_effective_sql_mode /usr/local/lib/python3.8/dist-packages/oslo_db/sqlalchemy/engines.py:314}}
May 28 13:34:38.685405 n-d-792458-3 devstack@n-api.service[99181]: DEBUG oslo_db.sqlalchemy.engines [None req-b2101011-99dd-4f2b-88c7-881562a12b85 None None] MySQL server mode set to STRICT_TRANS_TABLES,STRICT_ALL_TABLES,NO_ZERO_IN_DATE,NO_ZERO_DATE,ERROR_FOR_DIVISION_BY_ZERO,TRADITIONAL,NO_ENGINE_SUBSTITUTION {{(pid=99181) _check_effective_sql_mode /usr/local/lib/python3.8/dist-packages/oslo_db/sqlalchemy/engines.py:314}}
May 28 13:34:38.775288 n-d-792458-3 devstack@n-api.service[99182]: DEBUG nova.context [None req-4c5b54aa-9828-4701-b2af-16829bd4d765 None None] Found 2 cells: 00000000-0000-0000-0000-000000000000(cell0),8ef97346-9c73-47ca-8d03-1219f6144a42(cell1) {{(pid=99182) load_cells /opt/stack/nova/nova/context.py:464}}
May 28 13:34:38.779856 n-d-792458-3 devstack@n-api.service[99182]: DEBUG oslo_concurrency.lockutils [None req-4c5b54aa-9828-4701-b2af-16829bd4d765 None None] Lock "00000000-0000-0000-0000-000000000000" acquired by "nova.context.set_target_cell..get_or_set_cached_cell_and_set_connections" :: waited 0.000s {{(pid=99182) inner /usr/local/lib/python3.8/dist-packages/oslo_concurrency/lockutils.py:355}}
May 28 13:34:38.781568 n-d-792458-3 devstack@n-api.service[99182]: DEBUG oslo_concurrency.lockutils [None req-4c5b54aa-9828-4701-b2af-16829bd4d765 None None] Lock "00000000-0000-0000-0000-000000000000" released by "nova.context.set_target_cell..get_or_set_cached_cell_and_set_connections" :: held 0.002s {{(pid=99182) inner /usr/local/lib/python3.8/dist-packages/oslo_concurrency/lockutils.py:367}}
May 28 13:34:38.782483 n-d-792458-3 devstack@n-api.service[99182]: DEBUG oslo_concurrency.lockutils [None req-4c5b54aa-9828-4701-b2af-16829bd4d765 None None] Lock "8ef97346-9c73-47ca-8d03-1219f6144a42" acquired by "nova.context.set_target_cell..get_or_set_cached_cell_and_set_connections" :: waited 0.000s {{(pid=99182) inner /usr/local/lib/python3.8/dist-packages/oslo_concurrency/lockutils.py:355}}
May 28 13:34:38.784544 n-d-792458-3 devstack@n-api.service[99182]: DEBUG oslo_concurrency.lockutils [None req-4c5b54aa-9828-4701-b2af-16829bd4d765 None None] Lock "8ef97346-9c73-47ca-8d03-1219f6144a42" released by "nova.context.set_target_cell..get_or_set_cached_cell_and_set_connections" :: held 0.002s {{(pid=99182) inner /usr/local/lib/python3.8/dist-packages/oslo_concurrency/lockutils.py:367}}
May 28 13:34:38.819903 n-d-792458-3 devstack@n-api.service[99182]: DEBUG oslo_db.sqlalchemy.engines [None req-4c5b54aa-9828-4701-b2af-16829bd4d765 None None] MySQL server mode set to STRICT_TRANS_TABLES,STRICT_ALL_TABLES,NO_ZERO_IN_DATE,NO_ZERO_DATE,ERROR_FOR_DIVISION_BY_ZERO,TRADITIONAL,NO_ENGINE_SUBSTITUTION {{(pid=99182) _check_effective_sql_mode /usr/local/lib/python3.8/dist-packages/oslo_db/sqlalchemy/engines.py:314}}
May 28 13:34:38.822422 n-d-792458-3 devstack@n-api.service[99182]: DEBUG oslo_db.sqlalchemy.engines [None req-4c5b54aa-9828-4701-b2af-16829bd4d765 None None] MySQL server mode set to STRICT_TRANS_TABLES,STRICT_ALL_TABLES,NO_ZERO_IN_DATE,NO_ZERO_DATE,ERROR_FOR_DIVISION_BY_ZERO,TRADITIONAL,NO_ENGINE_SUBSTITUTION {{(pid=99182) _check_effective_sql_mode /usr/local/lib/python3.8/dist-packages/oslo_db/sqlalchemy/engines.py:314}}
May 28 13:34:38.861364 n-d-792458-3 devstack@n-api.service[99182]: DEBUG oslo_db.sqlalchemy.engines [None req-4c5b54aa-9828-4701-b2af-16829bd4d765 None None] MySQL server mode set to STRICT_TRANS_TABLES,STRICT_ALL_TABLES,NO_ZERO_IN_DATE,NO_ZERO_DATE,ERROR_FOR_DIVISION_BY_ZERO,TRADITIONAL,NO_ENGINE_SUBSTITUTION {{(pid=99182) _check_effective_sql_mode /usr/local/lib/python3.8/dist-packages/oslo_db/sqlalchemy/engines.py:314}}
May 28 13:34:39.288435 n-d-792458-3 devstack@n-api.service[99181]: WARNING keystonemiddleware.auth_token [None req-b2101011-99dd-4f2b-88c7-881562a12b85 None None] AuthToken middleware is set with keystone_authtoken.service_token_roles_required set to False. This is backwards compatible but deprecated behaviour. Please set this to True.
May 28 13:34:39.293676 n-d-792458-3 devstack@n-api.service[99182]: WARNING keystonemiddleware.auth_token [None req-4c5b54aa-9828-4701-b2af-16829bd4d765 None None] AuthToken middleware is set with keystone_authtoken.service_token_roles_required set to False. This is backwards compatible but deprecated behaviour. Please set this to True.
May 28 13:34:39.297677 n-d-792458-3 devstack@n-api.service[99181]: WARNING keystonemiddleware.auth_token [None req-b2101011-99dd-4f2b-88c7-881562a12b85 None None] Configuring www_authenticate_uri to point to the public identity endpoint is required; clients may not be able to authenticate against an admin endpoint
May 28 13:34:39.300392 n-d-792458-3 devstack@n-api.service[99182]: WARNING keystonemiddleware.auth_token [None req-4c5b54aa-9828-4701-b2af-16829bd4d765 None None] Configuring www_authenticate_uri to point to the public identity endpoint is required; clients may not be able to authenticate against an admin endpoint
May 28 13:34:39.536246 n-d-792458-3 devstack@n-api.service[99182]: WARNING keystonemiddleware.auth_token [None req-4c5b54aa-9828-4701-b2af-16829bd4d765 None None] AuthToken middleware is set with keystone_authtoken.service_token_roles_required set to False. This is backwards compatible but deprecated behaviour. Please set this to True.
May 28 13:34:39.542127 n-d-792458-3 devstack@n-api.service[99182]: WARNING keystonemiddleware.auth_token [None req-4c5b54aa-9828-4701-b2af-16829bd4d765 None None] Configuring www_authenticate_uri to point to the public identity endpoint is required; clients may not be able to authenticate against an admin endpoint
May 28 13:34:39.548465 n-d-792458-3 devstack@n-api.service[99182]: WSGI app 0 (mountpoint='') ready in 8 seconds on interpreter 0x55c8bf0429c0 pid: 99182 (default app)
May 28 13:34:39.550572 n-d-792458-3 devstack@n-api.service[99182]: DEBUG nova.api.openstack.wsgi [None req-4c5b54aa-9828-4701-b2af-16829bd4d765 None None] Calling method '>' {{(pid=99182) _process_stack /opt/stack/nova/nova/api/openstack/wsgi.py:513}}
May 28 13:34:39.551678 n-d-792458-3 devstack@n-api.service[99182]: INFO nova.api.openstack.requestlog [None req-4c5b54aa-9828-4701-b2af-16829bd4d765 None None] 10.222.0.54 "GET /compute/v2.1/" status: 200 len: 388 microversion: 2.1 time: 0.001682
May 28 13:34:39.552086 n-d-792458-3 devstack@n-api.service[99182]: [pid: 99182|app: 0|req: 1/1] 10.222.0.54 () {50 vars in 789 bytes} [Fri May 28 13:34:39 2021] GET /compute/v2.1/ => generated 388 bytes in 3 msecs (HTTP/1.1 200) 9 headers in 357 bytes (1 switches on core 0)
May 28 13:34:39.603394 n-d-792458-3 devstack@n-api.service[99181]: WARNING keystonemiddleware.auth_token [None req-b2101011-99dd-4f2b-88c7-881562a12b85 None None] AuthToken middleware is set with keystone_authtoken.service_token_roles_required set to False. This is backwards compatible but deprecated behaviour. Please set this to True.
May 28 13:34:39.608550 n-d-792458-3 devstack@n-api.service[99181]: WARNING keystonemiddleware.auth_token [None req-b2101011-99dd-4f2b-88c7-881562a12b85 None None] Configuring www_authenticate_uri to point to the public identity endpoint is required; clients may not be able to authenticate against an admin endpoint
May 28 13:34:39.613864 n-d-792458-3 devstack@n-api.service[99181]: WSGI app 0 (mountpoint='') ready in 8 seconds on interpreter 0x55c8bf0429c0 pid: 99181 (default app)
May 28 13:36:08.041318 n-d-792458-3 devstack@n-api.service[99182]: DEBUG nova.api.openstack.wsgi [None req-4c5b54aa-9828-4701-b2af-16829bd4d765 None None] Calling method '>' {{(pid=99182) _process_stack /opt/stack/nova/nova/api/openstack/wsgi.py:513}}
May 28 13:36:08.042409 n-d-792458-3 devstack@n-api.service[99182]: INFO nova.api.openstack.requestlog [None req-4c5b54aa-9828-4701-b2af-16829bd4d765 None None] 10.222.0.54 "GET /compute/v2.1" status: 200 len: 388 microversion: 2.1 time: 0.001773
May 28 13:36:08.043312 n-d-792458-3 devstack@n-api.service[99182]: [pid: 99182|app: 0|req: 2/2] 10.222.0.54 () {54 vars in 930 bytes} [Fri May 28 13:36:08 2021] GET /compute/v2.1 => generated 388 bytes in 3 msecs (HTTP/1.1 200) 9 headers in 357 bytes (2 switches on core 0)
May 28 13:36:08.814953 n-d-792458-3 devstack@n-api.service[99181]: DEBUG nova.api.openstack.wsgi [None req-eaf65f35-89af-40a3-972c-a21a657ceea2 admin admin] Calling method '>' {{(pid=99181) _process_stack /opt/stack/nova/nova/api/openstack/wsgi.py:513}}
May 28 13:36:08.846468 n-d-792458-3 devstack@n-api.service[99181]: INFO nova.api.openstack.requestlog [None req-eaf65f35-89af-40a3-972c-a21a657ceea2 admin admin] 10.222.0.54 "GET /compute/v2.1/flavors/detail?is_public=True" status: 200 len: 15 microversion: 2.61 time: 0.790459
May 28 13:36:08.847293 n-d-792458-3 devstack@n-api.service[99181]: [pid: 99181|app: 0|req: 1/3] 10.222.0.54 () {60 vars in 1291 bytes} [Fri May 28 13:36:08 2021] GET /compute/v2.1/flavors/detail?is_public=True => generated 15 bytes in 794 msecs (HTTP/1.1 200) 9 headers in 358 bytes (1 switches on core 0)
May 28 13:36:11.462341 n-d-792458-3 devstack@n-api.service[99182]: DEBUG nova.api.openstack.wsgi [None req-4c5b54aa-9828-4701-b2af-16829bd4d765 None None] Calling method '>' {{(pid=99182) _process_stack /opt/stack/nova/nova/api/openstack/wsgi.py:513}}
May 28 13:36:11.464006 n-d-792458-3 devstack@n-api.service[99182]: INFO nova.api.openstack.requestlog [None req-4c5b54aa-9828-4701-b2af-16829bd4d765 None None] 10.222.0.54 "GET /compute/v2.1" status: 200 len: 388 microversion: 2.1 time: 0.002313
May 28 13:36:11.464731 n-d-792458-3 devstack@n-api.service[99182]: [pid: 99182|app: 0|req: 3/4] 10.222.0.54 () {54 vars in 930 bytes} [Fri May 28 13:36:11 2021] GET /compute/v2.1 => generated 388 bytes in 4 msecs (HTTP/1.1 200) 9 headers in 357 bytes (1 switches on core 0)
May 28 13:36:11.550821 n-d-792458-3 devstack@n-api.service[99181]: DEBUG nova.api.openstack.wsgi [None req-6e271d19-bc71-4889-874f-1bccb1b340d0 admin admin] Action: 'create', calling method: >, body: {"flavor": {"vcpus": 1, "ram": 256, "id": "c1", "swap": 0, "os-flavor-access:is_public": true, "OS-FLV-EXT-DATA:ephemeral": 0, "name": "cirros256", "disk": 1, "rxtx_factor": 1.0}} {{(pid=99181) _process_stack /opt/stack/nova/nova/api/openstack/wsgi.py:511}}
May 28 13:36:11.571323 n-d-792458-3 devstack@n-api.service[99181]: /usr/local/lib/python3.8/dist-packages/oslo_policy/policy.py:1064: UserWarning: Policy os_compute_api:os-flavor-manage:create failed scope check. The token used to make the request was project scoped but the policy requires ['system'] scope. This behavior may change in the future where using the intended scope is required
May 28 13:36:11.571323 n-d-792458-3 devstack@n-api.service[99181]: warnings.warn(msg)
May 28 13:36:11.716353 n-d-792458-3 devstack@n-api.service[99181]: INFO nova.api.openstack.requestlog [None req-6e271d19-bc71-4889-874f-1bccb1b340d0 admin admin] 10.222.0.54 "POST /compute/v2.1/flavors" status: 200 len: 407 microversion: 2.61 time: 0.242524
May 28 13:36:11.717281 n-d-792458-3 devstack@n-api.service[99181]: [pid: 99181|app: 0|req: 2/5] 10.222.0.54 () {64 vars in 1282 bytes} [Fri May 28 13:36:11 2021] POST /compute/v2.1/flavors => generated 407 bytes in 244 msecs (HTTP/1.1 200) 9 headers in 359 bytes (2 switches on core 0)
May 28 13:36:12.081884 n-d-792458-3 devstack@n-api.service[99182]: DEBUG nova.api.openstack.wsgi [None req-9219e610-543a-4d88-bc4e-bb4575d81fae admin admin] Action: 'create', calling method: >, body: {"extra_specs": {"hw_rng:allowed": "True"}} {{(pid=99182) _process_stack /opt/stack/nova/nova/api/openstack/wsgi.py:511}}
May 28 13:36:12.084836 n-d-792458-3 devstack@n-api.service[99182]: /usr/local/lib/python3.8/dist-packages/oslo_policy/policy.py:1064: UserWarning: Policy os_compute_api:os-flavor-extra-specs:create failed scope check. The token used to make the request was project scoped but the policy requires ['system'] scope. This behavior may change in the future where using the intended scope is required
May 28 13:36:12.084836 n-d-792458-3 devstack@n-api.service[99182]: warnings.warn(msg)
May 28 13:36:12.203990 n-d-792458-3 devstack@n-api.service[99182]: INFO nova.api.openstack.requestlog [None req-9219e610-543a-4d88-bc4e-bb4575d81fae admin admin] 10.222.0.54 "POST /compute/v2.1/flavors/c1/os-extra_specs" status: 200 len: 43 microversion: 2.61 time: 0.477711
May 28 13:36:12.211267 n-d-792458-3 devstack@n-api.service[99182]: [pid: 99182|app: 0|req: 4/6] 10.222.0.54 () {64 vars in 1335 bytes} [Fri May 28 13:36:11 2021] POST /compute/v2.1/flavors/c1/os-extra_specs => generated 43 bytes in 480 msecs (HTTP/1.1 200) 9 headers in 358 bytes (2 switches on core 0)
May 28 13:36:14.731001 n-d-792458-3 devstack@n-api.service[99181]: DEBUG nova.api.openstack.wsgi [None req-6e271d19-bc71-4889-874f-1bccb1b340d0 admin admin] Calling method '>' {{(pid=99181) _process_stack /opt/stack/nova/nova/api/openstack/wsgi.py:513}}
May 28 13:36:14.732202 n-d-792458-3 devstack@n-api.service[99181]: INFO nova.api.openstack.requestlog [None req-6e271d19-bc71-4889-874f-1bccb1b340d0 admin admin] 10.222.0.54 "GET /compute/v2.1" status: 200 len: 388 microversion: 2.1 time: 0.001815
May 28 13:36:14.732797 n-d-792458-3 devstack@n-api.service[99181]: [pid: 99181|app: 0|req: 3/7] 10.222.0.54 () {54 vars in 930 bytes} [Fri May 28 13:36:14 2021] GET /compute/v2.1 => generated 388 bytes in 3 msecs (HTTP/1.1 200) 9 headers in 357 bytes (1 switches on core 0)
May 28 13:36:14.846653 n-d-792458-3 devstack@n-api.service[99182]: DEBUG nova.api.openstack.wsgi [None req-9d5a4fe0-ed4b-466c-b0bd-75b48280aac1 admin admin] Action: 'create', calling method: >, body: {"flavor": {"swap": 0, "name": "ds512M", "os-flavor-access:is_public": true, "rxtx_factor": 1.0, "ram": 512, "OS-FLV-EXT-DATA:ephemeral": 0, "id": "d1", "disk": 5, "vcpus": 1}} {{(pid=99182) _process_stack /opt/stack/nova/nova/api/openstack/wsgi.py:511}}
May 28 13:36:14.864750 n-d-792458-3 devstack@n-api.service[99182]: /usr/local/lib/python3.8/dist-packages/oslo_policy/policy.py:1064: UserWarning: Policy os_compute_api:os-flavor-manage:create failed scope check. The token used to make the request was project scoped but the policy requires ['system'] scope. This behavior may change in the future where using the intended scope is required
May 28 13:36:14.864750 n-d-792458-3 devstack@n-api.service[99182]: warnings.warn(msg)
May 28 13:36:14.981569 n-d-792458-3 devstack@n-api.service[99182]: INFO nova.api.openstack.requestlog [None req-9d5a4fe0-ed4b-466c-b0bd-75b48280aac1 admin admin] 10.222.0.54 "POST /compute/v2.1/flavors" status: 200 len: 404 microversion: 2.61 time: 0.241134
May 28 13:36:14.989081 n-d-792458-3 devstack@n-api.service[99182]: [pid: 99182|app: 0|req: 5/8] 10.222.0.54 () {64 vars in 1282 bytes} [Fri May 28 13:36:14 2021] POST /compute/v2.1/flavors => generated 404 bytes in 243 msecs (HTTP/1.1 200) 9 headers in 359 bytes (1 switches on core 0)
May 28 13:36:14.994816 n-d-792458-3 devstack@n-api.service[99181]: DEBUG nova.api.openstack.wsgi [None req-d1133b9f-53f0-4e24-b881-6f79e1cc2378 admin admin] Action: 'create', calling method: >, body: {"extra_specs": {"hw_rng:allowed": "True"}} {{(pid=99181) _process_stack /opt/stack/nova/nova/api/openstack/wsgi.py:511}}
May 28 13:36:14.996644 n-d-792458-3 devstack@n-api.service[99181]: /usr/local/lib/python3.8/dist-packages/oslo_policy/policy.py:1064: UserWarning: Policy os_compute_api:os-flavor-extra-specs:create failed scope check. The token used to make the request was project scoped but the policy requires ['system'] scope. This behavior may change in the future where using the intended scope is required
May 28 13:36:14.996644 n-d-792458-3 devstack@n-api.service[99181]: warnings.warn(msg)
May 28 13:36:15.110633 n-d-792458-3 devstack@n-api.service[99181]: INFO nova.api.openstack.requestlog [None req-d1133b9f-53f0-4e24-b881-6f79e1cc2378 admin admin] 10.222.0.54 "POST /compute/v2.1/flavors/d1/os-extra_specs" status: 200 len: 43 microversion: 2.61 time: 0.119673
May 28 13:36:15.111634 n-d-792458-3 devstack@n-api.service[99181]: [pid: 99181|app: 0|req: 4/9] 10.222.0.54 () {64 vars in 1335 bytes} [Fri May 28 13:36:14 2021] POST /compute/v2.1/flavors/d1/os-extra_specs => generated 43 bytes in 122 msecs (HTTP/1.1 200) 9 headers in 358 bytes (1 switches on core 0)
May 28 13:36:17.323883 n-d-792458-3 devstack@n-api.service[99182]: DEBUG nova.api.openstack.wsgi [None req-9d5a4fe0-ed4b-466c-b0bd-75b48280aac1 admin admin] Calling method '>' {{(pid=99182) _process_stack /opt/stack/nova/nova/api/openstack/wsgi.py:513}}
May 28 13:36:17.324779 n-d-792458-3 devstack@n-api.service[99182]: INFO nova.api.openstack.requestlog [None req-9d5a4fe0-ed4b-466c-b0bd-75b48280aac1 admin admin] 10.222.0.54 "GET /compute/v2.1" status: 200 len: 388 microversion: 2.1 time: 0.001456
May 28 13:36:17.325393 n-d-792458-3 devstack@n-api.service[99182]: [pid: 99182|app: 0|req: 6/10] 10.222.0.54 () {54 vars in 930 bytes} [Fri May 28 13:36:17 2021] GET /compute/v2.1 => generated 388 bytes in 3 msecs (HTTP/1.1 200) 9 headers in 357 bytes (1 switches on core 0)
May 28 13:36:17.419560 n-d-792458-3 devstack@n-api.service[99181]: DEBUG nova.api.openstack.wsgi [None req-bc3e970f-a543-405a-8f7f-14cb51135cec admin admin] Action: 'create', calling method: >, body: {"flavor": {"id": "d2", "swap": 0, "OS-FLV-EXT-DATA:ephemeral": 0, "name": "ds1G", "vcpus": 1, "disk": 10, "rxtx_factor": 1.0, "ram": 1024, "os-flavor-access:is_public": true}} {{(pid=99181) _process_stack /opt/stack/nova/nova/api/openstack/wsgi.py:511}}
May 28 13:36:17.507991 n-d-792458-3 devstack@n-api.service[99181]: INFO nova.api.openstack.requestlog [None req-bc3e970f-a543-405a-8f7f-14cb51135cec admin admin] 10.222.0.54 "POST /compute/v2.1/flavors" status: 200 len: 404 microversion: 2.61 time: 0.175438
May 28 13:36:17.509107 n-d-792458-3 devstack@n-api.service[99181]: [pid: 99181|app: 0|req: 5/11] 10.222.0.54 () {64 vars in 1282 bytes} [Fri May 28 13:36:17 2021] POST /compute/v2.1/flavors => generated 404 bytes in 177 msecs (HTTP/1.1 200) 9 headers in 359 bytes (2 switches on core 0)
May 28 13:36:17.523707 n-d-792458-3 devstack@n-api.service[99182]: DEBUG nova.api.openstack.wsgi [None req-074b9b9e-0057-4b67-9126-4deb626f61db admin admin] Action: 'create', calling method: >, body: {"extra_specs": {"hw_rng:allowed": "True"}} {{(pid=99182) _process_stack /opt/stack/nova/nova/api/openstack/wsgi.py:511}}
May 28 13:36:17.727509 n-d-792458-3 devstack@n-api.service[99182]: INFO nova.api.openstack.requestlog [None req-074b9b9e-0057-4b67-9126-4deb626f61db admin admin] 10.222.0.54 "POST /compute/v2.1/flavors/d2/os-extra_specs" status: 200 len: 43 microversion: 2.61 time: 0.208561
May 28 13:36:17.736123 n-d-792458-3 devstack@n-api.service[99182]: [pid: 99182|app: 0|req: 7/12] 10.222.0.54 () {64 vars in 1335 bytes} [Fri May 28 13:36:17 2021] POST /compute/v2.1/flavors/d2/os-extra_specs => generated 43 bytes in 210 msecs (HTTP/1.1 200) 9 headers in 358 bytes (1 switches on core 0)
May 28 13:36:20.720109 n-d-792458-3 devstack@n-api.service[99181]: DEBUG nova.api.openstack.wsgi [None req-bc3e970f-a543-405a-8f7f-14cb51135cec admin admin] Calling method '>' {{(pid=99181) _process_stack /opt/stack/nova/nova/api/openstack/wsgi.py:513}}
May 28 13:36:20.721124 n-d-792458-3 devstack@n-api.service[99181]: INFO nova.api.openstack.requestlog [None req-bc3e970f-a543-405a-8f7f-14cb51135cec admin admin] 10.222.0.54 "GET /compute/v2.1" status: 200 len: 388 microversion: 2.1 time: 0.001486
May 28 13:36:20.722372 n-d-792458-3 devstack@n-api.service[99181]: [pid: 99181|app: 0|req: 6/13] 10.222.0.54 () {54 vars in 930 bytes} [Fri May 28 13:36:20 2021] GET /compute/v2.1 => generated 388 bytes in 3 msecs (HTTP/1.1 200) 9 headers in 357 bytes (1 switches on core 0)
May 28 13:36:20.792445 n-d-792458-3 devstack@n-api.service[99182]: DEBUG nova.api.openstack.wsgi [None req-aefcf145-bf90-4785-af76-ec9a31c2c7ed admin admin] Action: 'create', calling method: >, body: {"flavor": {"ram": 2048, "rxtx_factor": 1.0, "name": "ds2G", "OS-FLV-EXT-DATA:ephemeral": 0, "swap": 0, "vcpus": 2, "id": "d3", "disk": 10, "os-flavor-access:is_public": true}} {{(pid=99182) _process_stack /opt/stack/nova/nova/api/openstack/wsgi.py:511}}
May 28 13:36:20.896009 n-d-792458-3 devstack@n-api.service[99182]: INFO nova.api.openstack.requestlog [None req-aefcf145-bf90-4785-af76-ec9a31c2c7ed admin admin] 10.222.0.54 "POST /compute/v2.1/flavors" status: 200 len: 404 microversion: 2.61 time: 0.163448
May 28 13:36:20.903221 n-d-792458-3 devstack@n-api.service[99182]: [pid: 99182|app: 0|req: 8/14] 10.222.0.54 () {64 vars in 1282 bytes} [Fri May 28 13:36:20 2021] POST /compute/v2.1/flavors => generated 404 bytes in 165 msecs (HTTP/1.1 200) 9 headers in 359 bytes (1 switches on core 0)
May 28 13:36:20.909532 n-d-792458-3 devstack@n-api.service[99181]: DEBUG nova.api.openstack.wsgi [None req-2fa2855c-2d3b-4429-b593-0dae4d314729 admin admin] Action: 'create', calling method: >, body: {"extra_specs": {"hw_rng:allowed": "True"}} {{(pid=99181) _process_stack /opt/stack/nova/nova/api/openstack/wsgi.py:511}}
May 28 13:36:21.027753 n-d-792458-3 devstack@n-api.service[99181]: INFO nova.api.openstack.requestlog [None req-2fa2855c-2d3b-4429-b593-0dae4d314729 admin admin] 10.222.0.54 "POST /compute/v2.1/flavors/d3/os-extra_specs" status: 200 len: 43 microversion: 2.61 time: 0.123065
May 28 13:36:21.029077 n-d-792458-3 devstack@n-api.service[99181]: [pid: 99181|app: 0|req: 7/15] 10.222.0.54 () {64 vars in 1335 bytes} [Fri May 28 13:36:20 2021] POST /compute/v2.1/flavors/d3/os-extra_specs => generated 43 bytes in 125 msecs (HTTP/1.1 200) 9 headers in 358 bytes (1 switches on core 0)
May 28 13:36:23.348429 n-d-792458-3 devstack@n-api.service[99182]: DEBUG nova.api.openstack.wsgi [None req-aefcf145-bf90-4785-af76-ec9a31c2c7ed admin admin] Calling method '>' {{(pid=99182) _process_stack /opt/stack/nova/nova/api/openstack/wsgi.py:513}}
May 28 13:36:23.349474 n-d-792458-3 devstack@n-api.service[99182]: INFO nova.api.openstack.requestlog [None req-aefcf145-bf90-4785-af76-ec9a31c2c7ed admin admin] 10.222.0.54 "GET /compute/v2.1" status: 200 len: 388 microversion: 2.1 time: 0.001544
May 28 13:36:23.349902 n-d-792458-3 devstack@n-api.service[99182]: [pid: 99182|app: 0|req: 9/16] 10.222.0.54 () {54 vars in 930 bytes} [Fri May 28 13:36:23 2021] GET /compute/v2.1 => generated 388 bytes in 2 msecs (HTTP/1.1 200) 9 headers in 357 bytes (1 switches on core 0)
May 28 13:36:23.409550 n-d-792458-3 devstack@n-api.service[99181]: DEBUG nova.api.openstack.wsgi [None req-e00a3b48-b651-41c2-be6c-3244022931cf admin admin] Action: 'create', calling method: >, body: {"flavor": {"disk": 20, "id": "d4", "rxtx_factor": 1.0, "name": "ds4G", "vcpus": 4, "OS-FLV-EXT-DATA:ephemeral": 0, "ram": 4096, "os-flavor-access:is_public": true, "swap": 0}} {{(pid=99181) _process_stack /opt/stack/nova/nova/api/openstack/wsgi.py:511}}
May 28 13:36:23.520548 n-d-792458-3 devstack@n-api.service[99181]: INFO nova.api.openstack.requestlog [None req-e00a3b48-b651-41c2-be6c-3244022931cf admin admin] 10.222.0.54 "POST /compute/v2.1/flavors" status: 200 len: 404 microversion: 2.61 time: 0.164388
May 28 13:36:23.521371 n-d-792458-3 devstack@n-api.service[99181]: [pid: 99181|app: 0|req: 8/17] 10.222.0.54 () {64 vars in 1282 bytes} [Fri May 28 13:36:23 2021] POST /compute/v2.1/flavors => generated 404 bytes in 166 msecs (HTTP/1.1 200) 9 headers in 359 bytes (2 switches on core 0)
May 28 13:36:23.534543 n-d-792458-3 devstack@n-api.service[99182]: DEBUG nova.api.openstack.wsgi [None req-ba55a556-eda6-4387-b04d-d108b27ac320 admin admin] Action: 'create', calling method: >, body: {"extra_specs": {"hw_rng:allowed": "True"}} {{(pid=99182) _process_stack /opt/stack/nova/nova/api/openstack/wsgi.py:511}}
May 28 13:36:23.659942 n-d-792458-3 devstack@n-api.service[99182]: INFO nova.api.openstack.requestlog [None req-ba55a556-eda6-4387-b04d-d108b27ac320 admin admin] 10.222.0.54 "POST /compute/v2.1/flavors/d4/os-extra_specs" status: 200 len: 43 microversion: 2.61 time: 0.129059
May 28 13:36:23.662692 n-d-792458-3 devstack@n-api.service[99182]: [pid: 99182|app: 0|req: 10/18] 10.222.0.54 () {64 vars in 1335 bytes} [Fri May 28 13:36:23 2021] POST /compute/v2.1/flavors/d4/os-extra_specs => generated 43 bytes in 133 msecs (HTTP/1.1 200) 9 headers in 358 bytes (1 switches on core 0)
May 28 13:36:25.893280 n-d-792458-3 devstack@n-api.service[99181]: DEBUG nova.api.openstack.wsgi [None req-e00a3b48-b651-41c2-be6c-3244022931cf admin admin] Calling method '>' {{(pid=99181) _process_stack /opt/stack/nova/nova/api/openstack/wsgi.py:513}}
May 28 13:36:25.894858 n-d-792458-3 devstack@n-api.service[99181]: INFO nova.api.openstack.requestlog [None req-e00a3b48-b651-41c2-be6c-3244022931cf admin admin] 10.222.0.54 "GET /compute/v2.1" status: 200 len: 388 microversion: 2.1 time: 0.002207
May 28 13:36:25.895395 n-d-792458-3 devstack@n-api.service[99181]: [pid: 99181|app: 0|req: 9/19] 10.222.0.54 () {54 vars in 930 bytes} [Fri May 28 13:36:25 2021] GET /compute/v2.1 => generated 388 bytes in 4 msecs (HTTP/1.1 200) 9 headers in 357 bytes (1 switches on core 0)
May 28 13:36:25.986810 n-d-792458-3 devstack@n-api.service[99182]: DEBUG nova.api.openstack.wsgi [None req-d34becc9-f21f-4503-9068-32d2ce928fbb admin admin] Calling method '>' {{(pid=99182) _process_stack /opt/stack/nova/nova/api/openstack/wsgi.py:513}}
May 28 13:36:26.010023 n-d-792458-3 devstack@n-api.service[99182]: INFO nova.api.openstack.requestlog [None req-d34becc9-f21f-4503-9068-32d2ce928fbb admin admin] 10.222.0.54 "GET /compute/v2.1/flavors/detail?is_public=True" status: 200 len: 2106 microversion: 2.61 time: 0.106901
May 28 13:36:26.022009 n-d-792458-3 devstack@n-api.service[99182]: [pid: 99182|app: 0|req: 11/20] 10.222.0.54 () {60 vars in 1291 bytes} [Fri May 28 13:36:25 2021] GET /compute/v2.1/flavors/detail?is_public=True => generated 2106 bytes in 115 msecs (HTTP/1.1 200) 9 headers in 360 bytes (1 switches on core 0)
May 28 13:36:28.335113 n-d-792458-3 devstack@n-api.service[99181]: DEBUG nova.api.openstack.wsgi [None req-e00a3b48-b651-41c2-be6c-3244022931cf admin admin] Calling method '>' {{(pid=99181) _process_stack /opt/stack/nova/nova/api/openstack/wsgi.py:513}}
May 28 13:36:28.342419 n-d-792458-3 devstack@n-api.service[99181]: INFO nova.api.openstack.requestlog [None req-e00a3b48-b651-41c2-be6c-3244022931cf admin admin] 10.222.0.54 "GET /compute/v2.1" status: 200 len: 388 microversion: 2.1 time: 0.001988
May 28 13:36:28.346839 n-d-792458-3 devstack@n-api.service[99181]: [pid: 99181|app: 0|req: 10/21] 10.222.0.54 () {54 vars in 930 bytes} [Fri May 28 13:36:28 2021] GET /compute/v2.1 => generated 388 bytes in 12 msecs (HTTP/1.1 200) 9 headers in 357 bytes (1 switches on core 0)
May 28 13:36:28.401158 n-d-792458-3 devstack@n-api.service[99182]: DEBUG nova.api.openstack.wsgi [None req-568bc98b-b35f-4486-8014-33a4d14dcbd1 admin admin] Action: 'create', calling method: >, body: {"flavor": {"ram": 512, "disk": 1, "id": "1", "swap": 0, "OS-FLV-EXT-DATA:ephemeral": 0, "rxtx_factor": 1.0, "vcpus": 1, "os-flavor-access:is_public": true, "name": "m1.tiny"}} {{(pid=99182) _process_stack /opt/stack/nova/nova/api/openstack/wsgi.py:511}}
May 28 13:36:28.492879 n-d-792458-3 devstack@n-api.service[99182]: INFO nova.api.openstack.requestlog [None req-568bc98b-b35f-4486-8014-33a4d14dcbd1 admin admin] 10.222.0.54 "POST /compute/v2.1/flavors" status: 200 len: 402 microversion: 2.61 time: 0.148819
May 28 13:36:28.507013 n-d-792458-3 devstack@n-api.service[99181]: DEBUG nova.api.openstack.wsgi [None req-c873af69-8f10-4c46-80d3-1e0238e2897a admin admin] Action: 'create', calling method: >, body: {"extra_specs": {"hw_rng:allowed": "True"}} {{(pid=99181) _process_stack /opt/stack/nova/nova/api/openstack/wsgi.py:511}}
May 28 13:36:28.515462 n-d-792458-3 devstack@n-api.service[99182]: [pid: 99182|app: 0|req: 12/22] 10.222.0.54 () {64 vars in 1282 bytes} [Fri May 28 13:36:28 2021] POST /compute/v2.1/flavors => generated 402 bytes in 172 msecs (HTTP/1.1 200) 9 headers in 359 bytes (1 switches on core 0)
May 28 13:36:28.619894 n-d-792458-3 devstack@n-api.service[99181]: INFO nova.api.openstack.requestlog [None req-c873af69-8f10-4c46-80d3-1e0238e2897a admin admin] 10.222.0.54 "POST /compute/v2.1/flavors/1/os-extra_specs" status: 200 len: 43 microversion: 2.61 time: 0.116482
May 28 13:36:28.620406 n-d-792458-3 devstack@n-api.service[99181]: [pid: 99181|app: 0|req: 11/23] 10.222.0.54 () {64 vars in 1332 bytes} [Fri May 28 13:36:28 2021] POST /compute/v2.1/flavors/1/os-extra_specs => generated 43 bytes in 118 msecs (HTTP/1.1 200) 9 headers in 358 bytes (1 switches on core 0)
May 28 13:36:31.046522 n-d-792458-3 devstack@n-api.service[99182]: DEBUG nova.api.openstack.wsgi [None req-568bc98b-b35f-4486-8014-33a4d14dcbd1 admin admin] Calling method '>' {{(pid=99182) _process_stack /opt/stack/nova/nova/api/openstack/wsgi.py:513}}
May 28 13:36:31.048272 n-d-792458-3 devstack@n-api.service[99182]: INFO nova.api.openstack.requestlog [None req-568bc98b-b35f-4486-8014-33a4d14dcbd1 admin admin] 10.222.0.54 "GET /compute/v2.1" status: 200 len: 388 microversion: 2.1 time: 0.002532
May 28 13:36:31.049079 n-d-792458-3 devstack@n-api.service[99182]: [pid: 99182|app: 0|req: 13/24] 10.222.0.54 () {54 vars in 930 bytes} [Fri May 28 13:36:31 2021] GET /compute/v2.1 => generated 388 bytes in 4 msecs (HTTP/1.1 200) 9 headers in 357 bytes (1 switches on core 0)
May 28 13:36:31.115635 n-d-792458-3 devstack@n-api.service[99181]: DEBUG nova.api.openstack.wsgi [None req-e71e4a68-2b94-405d-ad14-ede9f6ce4345 admin admin] Action: 'create', calling method: >, body: {"flavor": {"ram": 2048, "os-flavor-access:is_public": true, "vcpus": 1, "id": "2", "rxtx_factor": 1.0, "name": "m1.small", "swap": 0, "disk": 20, "OS-FLV-EXT-DATA:ephemeral": 0}} {{(pid=99181) _process_stack /opt/stack/nova/nova/api/openstack/wsgi.py:511}}
May 28 13:36:31.243802 n-d-792458-3 devstack@n-api.service[99181]: INFO nova.api.openstack.requestlog [None req-e71e4a68-2b94-405d-ad14-ede9f6ce4345 admin admin] 10.222.0.54 "POST /compute/v2.1/flavors" status: 200 len: 405 microversion: 2.61 time: 0.183817
May 28 13:36:31.244704 n-d-792458-3 devstack@n-api.service[99181]: [pid: 99181|app: 0|req: 12/25] 10.222.0.54 () {64 vars in 1282 bytes} [Fri May 28 13:36:31 2021] POST /compute/v2.1/flavors => generated 405 bytes in 186 msecs (HTTP/1.1 200) 9 headers in 359 bytes (1 switches on core 0)
May 28 13:36:31.260459 n-d-792458-3 devstack@n-api.service[99182]: DEBUG nova.api.openstack.wsgi [None req-e9ddde8b-6d94-46aa-a682-8251dc2662dd admin admin] Action: 'create', calling method: >, body: {"extra_specs": {"hw_rng:allowed": "True"}} {{(pid=99182) _process_stack /opt/stack/nova/nova/api/openstack/wsgi.py:511}}
May 28 13:36:31.405307 n-d-792458-3 devstack@n-api.service[99182]: INFO nova.api.openstack.requestlog [None req-e9ddde8b-6d94-46aa-a682-8251dc2662dd admin admin] 10.222.0.54 "POST /compute/v2.1/flavors/2/os-extra_specs" status: 200 len: 43 microversion: 2.61 time: 0.148101
May 28 13:36:31.410156 n-d-792458-3 devstack@n-api.service[99182]: [pid: 99182|app: 0|req: 14/26] 10.222.0.54 () {64 vars in 1332 bytes} [Fri May 28 13:36:31 2021] POST /compute/v2.1/flavors/2/os-extra_specs => generated 43 bytes in 150 msecs (HTTP/1.1 200) 9 headers in 358 bytes (1 switches on core 0)
May 28 13:36:33.571602 n-d-792458-3 devstack@n-api.service[99181]: DEBUG nova.api.openstack.wsgi [None req-e71e4a68-2b94-405d-ad14-ede9f6ce4345 admin admin] Calling method '>' {{(pid=99181) _process_stack /opt/stack/nova/nova/api/openstack/wsgi.py:513}}
May 28 13:36:33.572740 n-d-792458-3 devstack@n-api.service[99181]: INFO nova.api.openstack.requestlog [None req-e71e4a68-2b94-405d-ad14-ede9f6ce4345 admin admin] 10.222.0.54 "GET /compute/v2.1" status: 200 len: 388 microversion: 2.1 time: 0.001468
May 28 13:36:33.573009 n-d-792458-3 devstack@n-api.service[99181]: [pid: 99181|app: 0|req: 13/27] 10.222.0.54 () {54 vars in 930 bytes} [Fri May 28 13:36:33 2021] GET /compute/v2.1 => generated 388 bytes in 2 msecs (HTTP/1.1 200) 9 headers in 357 bytes (2 switches on core 0)
May 28 13:36:33.675729 n-d-792458-3 devstack@n-api.service[99182]: DEBUG nova.api.openstack.wsgi [None req-b623d84c-7567-4d1f-9f63-44f24c55cb87 admin admin] Action: 'create', calling method: >, body: {"flavor": {"disk": 40, "os-flavor-access:is_public": true, "name": "m1.medium", "ram": 4096, "swap": 0, "rxtx_factor": 1.0, "id": "3", "vcpus": 2, "OS-FLV-EXT-DATA:ephemeral": 0}} {{(pid=99182) _process_stack /opt/stack/nova/nova/api/openstack/wsgi.py:511}}
May 28 13:36:33.773870 n-d-792458-3 devstack@n-api.service[99182]: INFO nova.api.openstack.requestlog [None req-b623d84c-7567-4d1f-9f63-44f24c55cb87 admin admin] 10.222.0.54 "POST /compute/v2.1/flavors" status: 200 len: 406 microversion: 2.61 time: 0.194380
May 28 13:36:33.774376 n-d-792458-3 devstack@n-api.service[99182]: [pid: 99182|app: 0|req: 15/28] 10.222.0.54 () {64 vars in 1282 bytes} [Fri May 28 13:36:33 2021] POST /compute/v2.1/flavors => generated 406 bytes in 196 msecs (HTTP/1.1 200) 9 headers in 359 bytes (2 switches on core 0)
May 28 13:36:33.792529 n-d-792458-3 devstack@n-api.service[99181]: DEBUG nova.api.openstack.wsgi [None req-1212904c-9f5f-4d64-838e-cb7c73950eef admin admin] Action: 'create', calling method: >, body: {"extra_specs": {"hw_rng:allowed": "True"}} {{(pid=99181) _process_stack /opt/stack/nova/nova/api/openstack/wsgi.py:511}}
May 28 13:36:33.909543 n-d-792458-3 devstack@n-api.service[99181]: INFO nova.api.openstack.requestlog [None req-1212904c-9f5f-4d64-838e-cb7c73950eef admin admin] 10.222.0.54 "POST /compute/v2.1/flavors/3/os-extra_specs" status: 200 len: 43 microversion: 2.61 time: 0.122173
May 28 13:36:33.910351 n-d-792458-3 devstack@n-api.service[99181]: [pid: 99181|app: 0|req: 14/29] 10.222.0.54 () {64 vars in 1332 bytes} [Fri May 28 13:36:33 2021] POST /compute/v2.1/flavors/3/os-extra_specs => generated 43 bytes in 124 msecs (HTTP/1.1 200) 9 headers in 358 bytes (1 switches on core 0)
May 28 13:36:36.127938 n-d-792458-3 devstack@n-api.service[99182]: DEBUG nova.api.openstack.wsgi [None req-b623d84c-7567-4d1f-9f63-44f24c55cb87 admin admin] Calling method '>' {{(pid=99182) _process_stack /opt/stack/nova/nova/api/openstack/wsgi.py:513}}
May 28 13:36:36.129105 n-d-792458-3 devstack@n-api.service[99182]: INFO nova.api.openstack.requestlog [None req-b623d84c-7567-4d1f-9f63-44f24c55cb87 admin admin] 10.222.0.54 "GET /compute/v2.1" status: 200 len: 388 microversion: 2.1 time: 0.001534
May 28 13:36:36.129426 n-d-792458-3 devstack@n-api.service[99182]: [pid: 99182|app: 0|req: 16/30] 10.222.0.54 () {54 vars in 930 bytes} [Fri May 28 13:36:36 2021] GET /compute/v2.1 => generated 388 bytes in 2 msecs (HTTP/1.1 200) 9 headers in 357 bytes (1 switches on core 0)
