Jul 16 20:02:01.048986 n-d-792458-10 neutron-server[93861]: DEBUG neutron_lib.callbacks.manager [None req-f7480d5f-d709-4e40-9eda-d9ab66e1ed4a admin admin] Notify callbacks ['neutron.plugins.ml2.ovo_rpc._ObjectChangeHandler.handle_event-486499'] for security_group, after_delete {{(pid=93861) _notify_loop /usr/local/lib/python3.8/dist-packages/neutron_lib/callbacks/manager.py:192}}
Jul 16 20:02:01.051635 n-d-792458-10 neutron-server[93861]: DEBUG neutron_lib.callbacks.manager [None req-f7480d5f-d709-4e40-9eda-d9ab66e1ed4a admin admin] Notify callbacks [] for security_group, before_response {{(pid=93861) _notify_loop /usr/local/lib/python3.8/dist-packages/neutron_lib/callbacks/manager.py:192}}
Jul 16 20:02:01.052888 n-d-792458-10 neutron-server[93861]: INFO neutron.wsgi [None req-f7480d5f-d709-4e40-9eda-d9ab66e1ed4a admin admin] 10.222.0.91 "DELETE /v2.0/security-groups/bc59205d-e301-4bdc-9732-fdd036cdea30 HTTP/1.1" status: 204 len: 168 time: 0.2823076
Jul 16 20:02:01.071913 n-d-792458-10 neutron-server[93862]: INFO neutron.wsgi [req-08e3f85f-ddaa-482f-bf58-4c47e6c7ef9b req-34235059-a0b8-4ef4-9b6a-739cf4b283ad service neutron] 10.222.0.99 "GET /v2.0/networks/876fc1c2-3cea-4dd0-9bcd-1b8ee9309924?fields=provider%3Aphysical_network&fields=provider%3Anetwork_type HTTP/1.1" status: 200 len: 281 time: 0.2612836
Jul 16 20:02:01.074290 n-d-792458-10 neutron-server[93861]: DEBUG neutron.api.rpc.handlers.resources_rpc [None req-f7480d5f-d709-4e40-9eda-d9ab66e1ed4a admin admin] Pushing event deleted for resources: {'SecurityGroup': ['ID=bc59205d-e301-4bdc-9732-fdd036cdea30,revision_number=None']} {{(pid=93861) push /opt/stack/neutron/neutron/api/rpc/handlers/resources_rpc.py:237}}
Jul 16 20:02:01.138052 n-d-792458-10 neutron-server[93862]: DEBUG neutron_lib.callbacks.manager [None req-5916625b-2ea8-49ac-b068-fe15fcbb092b admin admin] Notify callbacks [] for security_group, precommit_create {{(pid=93862) _notify_loop /usr/local/lib/python3.8/dist-packages/neutron_lib/callbacks/manager.py:192}}
Jul 16 20:02:01.149923 n-d-792458-10 neutron-server[93862]: INFO neutron.wsgi [req-9ff3eb65-e036-4902-90d0-c89b316ed5b4 req-85e0fcd4-4c3d-4612-962c-9126be7514bb tempest-DeleteServersAdminTestJSON-1859307749 tempest-DeleteServersAdminTestJSON-1859307749-project] 10.222.0.91 "GET /v2.0/security-groups?id=327d5d79-b5e6-43c2-b83d-4996a1115ee7&fields=id&fields=name HTTP/1.1" status: 200 len: 286 time: 0.1279724
Jul 16 20:02:01.155326 n-d-792458-10 neutron-server[93862]: DEBUG neutron_lib.callbacks.manager [None req-5916625b-2ea8-49ac-b068-fe15fcbb092b admin admin] Notify callbacks ['neutron.plugins.ml2.ovo_rpc._ObjectChangeHandler.handle_event-486499'] for security_group, after_create {{(pid=93862) _notify_loop /usr/local/lib/python3.8/dist-packages/neutron_lib/callbacks/manager.py:192}}
Jul 16 20:02:01.186101 n-d-792458-10 neutron-server[93861]: DEBUG neutron_lib.callbacks.manager [None req-19d13cb8-e242-4d65-9d15-998aace4e824 admin admin] Notify callbacks [] for security_group, before_delete {{(pid=93861) _notify_loop /usr/local/lib/python3.8/dist-packages/neutron_lib/callbacks/manager.py:192}}
Jul 16 20:02:01.196933 n-d-792458-10 neutron-server[93862]: DEBUG neutron.plugins.ml2.db [req-8b0d8086-4f9c-4517-b7ee-0ad539472670 req-ccd1ebe7-0229-4718-bc50-be5fffb01b54 tempest-DeleteServersAdminTestJSON-571641445 tempest-DeleteServersAdminTestJSON-571641445-project-admin] For port 088746e1-1bb6-4b74-930e-0e8e07e5e3ef, host n-h1-792458-10, got binding levels [PortBindingLevel(driver='hyperv',host='n-h1-792458-10',level=0,port_id=088746e1-1bb6-4b74-930e-0e8e07e5e3ef,segment=NetworkSegment(32db46f9-f347-4cca-a9c8-4ed33d2a404b),segment_id=32db46f9-f347-4cca-a9c8-4ed33d2a404b)] {{(pid=93862) get_binding_level_objs /opt/stack/neutron/neutron/plugins/ml2/db.py:74}}
Jul 16 20:02:01.197652 n-d-792458-10 neutron-server[93862]: DEBUG neutron_lib.callbacks.manager [req-8b0d8086-4f9c-4517-b7ee-0ad539472670 req-ccd1ebe7-0229-4718-bc50-be5fffb01b54 tempest-DeleteServersAdminTestJSON-571641445 tempest-DeleteServersAdminTestJSON-571641445-project-admin] Notify callbacks ['neutron.services.l3_router.l3_router_plugin.L3_NAT_dbonly_mixin._precommit_delete_port_callback-418287'] for port, precommit_delete {{(pid=93862) _notify_loop /usr/local/lib/python3.8/dist-packages/neutron_lib/callbacks/manager.py:192}}
Jul 16 20:02:01.211919 n-d-792458-10 neutron-server[93862]: DEBUG neutron.plugins.ml2.plugin [req-8b0d8086-4f9c-4517-b7ee-0ad539472670 req-ccd1ebe7-0229-4718-bc50-be5fffb01b54 tempest-DeleteServersAdminTestJSON-571641445 tempest-DeleteServersAdminTestJSON-571641445-project-admin] Calling delete_port for 088746e1-1bb6-4b74-930e-0e8e07e5e3ef owned by compute:nova {{(pid=93862) delete_port /opt/stack/neutron/neutron/plugins/ml2/plugin.py:1992}}
Jul 16 20:02:01.216064 n-d-792458-10 neutron-server[93861]: DEBUG neutron_lib.callbacks.manager [None req-19d13cb8-e242-4d65-9d15-998aace4e824 admin admin] Notify callbacks [] for security_group, precommit_delete {{(pid=93861) _notify_loop /usr/local/lib/python3.8/dist-packages/neutron_lib/callbacks/manager.py:192}}
Jul 16 20:02:01.258618 n-d-792458-10 neutron-server[93861]: DEBUG neutron.pecan_wsgi.hooks.policy_enforcement [req-edcf1750-9b68-4ffa-a305-3513bbe2c313 req-28cbc935-9247-4069-a702-145a29c5c1b2 tempest-AggregatesAdminTestJSON-293170521 tempest-AggregatesAdminTestJSON-293170521-project] Attributes excluded by policy engine: ['standard_attr_id', 'binding:profile', 'binding:host_id', 'binding:vif_type', 'binding:vif_details'] {{(pid=93861) _exclude_attributes_by_policy /opt/stack/neutron/neutron/pecan_wsgi/hooks/policy_enforcement.py:255}}
Jul 16 20:02:01.260180 n-d-792458-10 neutron-server[93861]: INFO neutron.wsgi [req-edcf1750-9b68-4ffa-a305-3513bbe2c313 req-28cbc935-9247-4069-a702-145a29c5c1b2 tempest-AggregatesAdminTestJSON-293170521 tempest-AggregatesAdminTestJSON-293170521-project] 10.222.0.91 "GET /v2.0/ports?device_id=b7217021-0fd6-43a0-a02f-2b2254324fe5 HTTP/1.1" status: 200 len: 972 time: 0.1326337
Jul 16 20:02:01.303911 n-d-792458-10 neutron-server[93861]: INFO neutron.wsgi [req-edcf1750-9b68-4ffa-a305-3513bbe2c313 req-65d9b976-e4f1-4174-9c05-b23b71d66e60 tempest-AggregatesAdminTestJSON-293170521 tempest-AggregatesAdminTestJSON-293170521-project] 10.222.0.91 "GET /v2.0/security-groups?id=e7aa9e7b-cafd-4c21-bc0d-3148026ec0b2&fields=id&fields=name HTTP/1.1" status: 200 len: 286 time: 0.0379272
Jul 16 20:02:01.305890 n-d-792458-10 neutron-server[93861]: DEBUG neutron_lib.callbacks.manager [None req-19d13cb8-e242-4d65-9d15-998aace4e824 admin admin] Notify callbacks ['neutron.plugins.ml2.ovo_rpc._ObjectChangeHandler.handle_event-486499'] for security_group, after_delete {{(pid=93861) _notify_loop /usr/local/lib/python3.8/dist-packages/neutron_lib/callbacks/manager.py:192}}
Jul 16 20:02:01.308407 n-d-792458-10 neutron-server[93861]: DEBUG neutron_lib.callbacks.manager [None req-19d13cb8-e242-4d65-9d15-998aace4e824 admin admin] Notify callbacks [] for security_group, before_response {{(pid=93861) _notify_loop /usr/local/lib/python3.8/dist-packages/neutron_lib/callbacks/manager.py:192}}
Jul 16 20:02:01.311874 n-d-792458-10 neutron-server[93861]: INFO neutron.wsgi [None req-19d13cb8-e242-4d65-9d15-998aace4e824 admin admin] 10.222.0.91 "DELETE /v2.0/security-groups/3d34bbc3-7df5-4ef5-88fa-17477036c395 HTTP/1.1" status: 204 len: 168 time: 0.2774010
Jul 16 20:02:01.323309 n-d-792458-10 neutron-server[93861]: DEBUG neutron.api.rpc.handlers.resources_rpc [None req-19d13cb8-e242-4d65-9d15-998aace4e824 admin admin] Pushing event deleted for resources: {'SecurityGroup': ['ID=3d34bbc3-7df5-4ef5-88fa-17477036c395,revision_number=None']} {{(pid=93861) push /opt/stack/neutron/neutron/api/rpc/handlers/resources_rpc.py:237}}
Jul 16 20:02:01.453207 n-d-792458-10 neutron-server[93862]: DEBUG neutron.api.rpc.handlers.resources_rpc [None req-5916625b-2ea8-49ac-b068-fe15fcbb092b admin admin] Pushing event updated for resources: {'SecurityGroup': ['ID=08f16979-0699-402f-a167-7b05f83e9e2c,revision_number=1']} {{(pid=93862) push /opt/stack/neutron/neutron/api/rpc/handlers/resources_rpc.py:237}}
Jul 16 20:02:01.455506 n-d-792458-10 neutron-server[93862]: DEBUG neutron.pecan_wsgi.hooks.quota_enforcement [req-49de961c-94b3-40d0-b291-6683e9c1f1b0 req-03e20da7-3e9c-45e1-8d10-362188e8b65f tempest-ServersWithSpecificFlavorTestJSON-36273891 tempest-ServersWithSpecificFlavorTestJSON-36273891-project] Made reservation on behalf of 0c5182bb6c304b4cac9ae04b0b1eb5c3 for: {'port': 1} {{(pid=93862) before /opt/stack/neutron/neutron/pecan_wsgi/hooks/quota_enforcement.py:53}}
Jul 16 20:02:01.460418 n-d-792458-10 neutron-server[93862]: DEBUG neutron_lib.callbacks.manager [req-49de961c-94b3-40d0-b291-6683e9c1f1b0 req-03e20da7-3e9c-45e1-8d10-362188e8b65f tempest-ServersWithSpecificFlavorTestJSON-36273891 tempest-ServersWithSpecificFlavorTestJSON-36273891-project] Notify callbacks ['neutron.plugins.ml2.plugin.SecurityGroupDbMixin._ensure_default_security_group_handler-528706'] for port, before_create {{(pid=93862) _notify_loop /usr/local/lib/python3.8/dist-packages/neutron_lib/callbacks/manager.py:192}}
Jul 16 20:02:01.496226 n-d-792458-10 neutron-server[93862]: DEBUG neutron_lib.callbacks.manager [req-8b0d8086-4f9c-4517-b7ee-0ad539472670 req-ccd1ebe7-0229-4718-bc50-be5fffb01b54 tempest-DeleteServersAdminTestJSON-571641445 tempest-DeleteServersAdminTestJSON-571641445-project-admin] Notify callbacks ['neutron.plugins.ml2.plugin.SecurityGroupServerNotifierRpcMixin._notify_sg_on_port_change-530105', 'neutron.plugins.ml2.ovo_rpc._ObjectChangeHandler.handle_event-144447', 'neutron.api.rpc.agentnotifiers.dhcp_rpc_agent_api.DhcpAgentNotifyAPI._native_event_send_dhcp_notification-1698065', 'neutron.db.l3_db.L3RpcNotifierMixin._notify_routers_callback-8736922830466', 'neutron.db.l3_dvrscheduler_db._notify_port_delete-8736922425263'] for port, after_delete {{(pid=93862) _notify_loop /usr/local/lib/python3.8/dist-packages/neutron_lib/callbacks/manager.py:192}}
Jul 16 20:02:01.508298 n-d-792458-10 neutron-server[93863]: DEBUG neutron.plugins.ml2.db [None req-0d4478e5-ee90-4f33-b223-5eeabbb35e56 None None] get_ports_and_sgs() called for port_ids ['088746e1-1bb6-4b74-930e-0e8e07e5e3ef'] {{(pid=93863) get_ports_and_sgs /opt/stack/neutron/neutron/plugins/ml2/db.py:156}}
Jul 16 20:02:01.527477 n-d-792458-10 neutron-server[93862]: INFO neutron.wsgi [None req-5916625b-2ea8-49ac-b068-fe15fcbb092b admin admin] 10.222.0.91 "GET /v2.0/security-groups?tenant_id=c71429cb30c54621b550e3fe13bd9b15&name=default HTTP/1.1" status: 200 len: 2979 time: 1.2290416
Jul 16 20:02:01.529699 n-d-792458-10 neutron-server[93861]: DEBUG neutron.wsgi [-] (93861) accepted ('10.222.0.91', 33902) {{(pid=93861) server /usr/local/lib/python3.8/dist-packages/eventlet/wsgi.py:982}}
Jul 16 20:02:01.588810 n-d-792458-10 neutron-server[93862]: DEBUG neutron.api.rpc.handlers.resources_rpc [None req-ccd1ebe7-0229-4718-bc50-be5fffb01b54 tempest-DeleteServersAdminTestJSON-571641445 tempest-DeleteServersAdminTestJSON-571641445-project-admin] Pushing event deleted for resources: {'Port': ['ID=088746e1-1bb6-4b74-930e-0e8e07e5e3ef,revision_number=None']} {{(pid=93862) push /opt/stack/neutron/neutron/api/rpc/handlers/resources_rpc.py:237}}
Jul 16 20:02:01.625986 n-d-792458-10 neutron-server[93861]: DEBUG neutron_lib.callbacks.manager [None req-e14d13c4-052a-42de-b523-5cb312d20124 admin admin] Notify callbacks [] for security_group, before_delete {{(pid=93861) _notify_loop /usr/local/lib/python3.8/dist-packages/neutron_lib/callbacks/manager.py:192}}
Jul 16 20:02:01.663320 n-d-792458-10 neutron-server[93861]: DEBUG neutron_lib.callbacks.manager [None req-e14d13c4-052a-42de-b523-5cb312d20124 admin admin] Notify callbacks [] for security_group, precommit_delete {{(pid=93861) _notify_loop /usr/local/lib/python3.8/dist-packages/neutron_lib/callbacks/manager.py:192}}
Jul 16 20:02:01.696579 n-d-792458-10 neutron-server[93862]: DEBUG neutron.pecan_wsgi.hooks.policy_enforcement [req-6c1c218d-5a28-4120-a7b0-10f67fd0dbc1 req-da1dba8e-c9e5-4e6e-b413-6abea44f8a56 service neutron] Attributes excluded by policy engine: ['standard_attr_id'] {{(pid=93862) _exclude_attributes_by_policy /opt/stack/neutron/neutron/pecan_wsgi/hooks/policy_enforcement.py:255}}
Jul 16 20:02:01.698112 n-d-792458-10 neutron-server[93862]: INFO neutron.wsgi [req-6c1c218d-5a28-4120-a7b0-10f67fd0dbc1 req-da1dba8e-c9e5-4e6e-b413-6abea44f8a56 service neutron] 10.222.0.99 "GET /v2.0/ports?tenant_id=c29583a2be244d0494980b9c3dc376d1&device_id=cc9ce4e2-0a43-4b5f-9741-ba31bef0ce94 HTTP/1.1" status: 200 len: 1099 time: 0.5451987
Jul 16 20:02:01.732392 n-d-792458-10 neutron-server[93862]: DEBUG neutron.db.l3_dvrscheduler_db [req-8b0d8086-4f9c-4517-b7ee-0ad539472670 req-ccd1ebe7-0229-4718-bc50-be5fffb01b54 tempest-DeleteServersAdminTestJSON-571641445 tempest-DeleteServersAdminTestJSON-571641445-project-admin] No DVR routers for this DVR port 088746e1-1bb6-4b74-930e-0e8e07e5e3ef on host n-h1-792458-10 {{(pid=93862) get_dvr_routers_to_remove /opt/stack/neutron/neutron/db/l3_dvrscheduler_db.py:214}}
Jul 16 20:02:01.741219 n-d-792458-10 neutron-server[93861]: DEBUG neutron_lib.callbacks.manager [None req-e14d13c4-052a-42de-b523-5cb312d20124 admin admin] Notify callbacks ['neutron.plugins.ml2.ovo_rpc._ObjectChangeHandler.handle_event-486499'] for security_group, after_delete {{(pid=93861) _notify_loop /usr/local/lib/python3.8/dist-packages/neutron_lib/callbacks/manager.py:192}}
Jul 16 20:02:01.745400 n-d-792458-10 neutron-server[93861]: DEBUG neutron_lib.callbacks.manager [None req-e14d13c4-052a-42de-b523-5cb312d20124 admin admin] Notify callbacks [] for security_group, before_response {{(pid=93861) _notify_loop /usr/local/lib/python3.8/dist-packages/neutron_lib/callbacks/manager.py:192}}
Jul 16 20:02:01.749088 n-d-792458-10 neutron-server[93861]: INFO neutron.wsgi [None req-e14d13c4-052a-42de-b523-5cb312d20124 admin admin] 10.222.0.91 "DELETE /v2.0/security-groups/08f16979-0699-402f-a167-7b05f83e9e2c HTTP/1.1" status: 204 len: 168 time: 0.2180853
Jul 16 20:02:01.763152 n-d-792458-10 neutron-server[93861]: DEBUG neutron.api.rpc.handlers.resources_rpc [None req-e14d13c4-052a-42de-b523-5cb312d20124 admin admin] Pushing event deleted for resources: {'SecurityGroup': ['ID=08f16979-0699-402f-a167-7b05f83e9e2c,revision_number=None']} {{(pid=93861) push /opt/stack/neutron/neutron/api/rpc/handlers/resources_rpc.py:237}}
Jul 16 20:02:01.764400 n-d-792458-10 neutron-server[93862]: DEBUG neutron_lib.callbacks.manager [req-8b0d8086-4f9c-4517-b7ee-0ad539472670 req-ccd1ebe7-0229-4718-bc50-be5fffb01b54 tempest-DeleteServersAdminTestJSON-571641445 tempest-DeleteServersAdminTestJSON-571641445-project-admin] Notify callbacks ['neutron.notifiers.nova.Notifier._send_nova_notification-68849'] for port, before_response {{(pid=93862) _notify_loop /usr/local/lib/python3.8/dist-packages/neutron_lib/callbacks/manager.py:192}}
Jul 16 20:02:01.766471 n-d-792458-10 neutron-server[93862]: INFO neutron.wsgi [req-8b0d8086-4f9c-4517-b7ee-0ad539472670 req-ccd1ebe7-0229-4718-bc50-be5fffb01b54 tempest-DeleteServersAdminTestJSON-571641445 tempest-DeleteServersAdminTestJSON-571641445-project-admin] 10.222.0.99 "DELETE /v2.0/ports/088746e1-1bb6-4b74-930e-0e8e07e5e3ef HTTP/1.1" status: 204 len: 173 time: 1.4717352
Jul 16 20:02:01.871123 n-d-792458-10 neutron-server[93861]: DEBUG neutron.wsgi [-] (93861) accepted ('10.222.0.91', 33916) {{(pid=93861) server /usr/local/lib/python3.8/dist-packages/eventlet/wsgi.py:982}}
Jul 16 20:02:01.955336 n-d-792458-10 neutron-server[93861]: INFO neutron.wsgi [None req-fc65cc42-9092-4214-8f4a-df9cad8f0eb7 admin admin] 10.222.0.91 "GET /v2.0/security-groups?tenant_id=c1fcebe3288242eebd82ffd514a519d6&name=default HTTP/1.1" status: 200 len: 2979 time: 0.0828505
Jul 16 20:02:01.956966 n-d-792458-10 neutron-server[93861]: DEBUG neutron.wsgi [-] (93861) accepted ('10.222.0.91', 33918) {{(pid=93861) server /usr/local/lib/python3.8/dist-packages/eventlet/wsgi.py:982}}
Jul 16 20:02:01.977338 n-d-792458-10 neutron-server[93862]: DEBUG neutron.notifiers.nova [-] Sending events: [{'server_uuid': 'cad0de0b-69d7-4840-b243-908e612556a7', 'name': 'network-vif-deleted', 'tag': '088746e1-1bb6-4b74-930e-0e8e07e5e3ef'}] {{(pid=93862) send_events /opt/stack/neutron/neutron/notifiers/nova.py:262}}
Jul 16 20:02:01.979860 n-d-792458-10 neutron-server[93862]: DEBUG novaclient.v2.client [-] REQ: curl -g -i --cacert "/opt/stack/data/ca-bundle.pem" -X POST http://10.222.0.91/compute/v2.1/os-server-external-events -H "Accept: application/json" -H "Content-Type: application/json" -H "User-Agent: python-novaclient" -H "X-Auth-Token: {SHA256}5c93dbb8e57cd0960c3558873b44c2d2ed35269b99fdcea2380e0f1818216037" -H "X-OpenStack-Nova-API-Version: 2.1" -H "X-OpenStack-Request-ID: req-1d1f412a-c9c8-44c4-a4be-d13307077463" -d '{"events": [{"server_uuid": "cad0de0b-69d7-4840-b243-908e612556a7", "name": "network-vif-deleted", "tag": "088746e1-1bb6-4b74-930e-0e8e07e5e3ef"}]}' {{(pid=93862) _http_log_request /usr/local/lib/python3.8/dist-packages/keystoneauth1/session.py:519}}
Jul 16 20:02:01.983835 n-d-792458-10 neutron-server[93862]: DEBUG neutron.pecan_wsgi.hooks.policy_enforcement [req-6c1c218d-5a28-4120-a7b0-10f67fd0dbc1 req-ba44958c-b08b-4548-9a5b-adc82383fdae service neutron] Attributes excluded by policy engine: ['standard_attr_id', 'vlan_transparent'] {{(pid=93862) _exclude_attributes_by_policy /opt/stack/neutron/neutron/pecan_wsgi/hooks/policy_enforcement.py:255}}
Jul 16 20:02:01.985096 n-d-792458-10 neutron-server[93862]: INFO neutron.wsgi [req-6c1c218d-5a28-4120-a7b0-10f67fd0dbc1 req-ba44958c-b08b-4548-9a5b-adc82383fdae service neutron] 10.222.0.99 "GET /v2.0/networks?id=876fc1c2-3cea-4dd0-9bcd-1b8ee9309924 HTTP/1.1" status: 200 len: 870 time: 0.2576103
Jul 16 20:02:01.990332 n-d-792458-10 neutron-server[93862]: DEBUG neutron_lib.callbacks.manager [None req-66dd64ac-bac3-454a-b765-a3546d88e567 admin admin] Notify callbacks [] for security_group, precommit_create {{(pid=93862) _notify_loop /usr/local/lib/python3.8/dist-packages/neutron_lib/callbacks/manager.py:192}}
Jul 16 20:02:02.058892 n-d-792458-10 neutron-server[93862]: DEBUG neutron.pecan_wsgi.hooks.policy_enforcement [req-505fb26c-2f6d-4ccf-8af9-dfd82d10b32f req-c4af1dc6-d1c7-4f0b-8003-2e64c8396626 tempest-AggregatesAdminTestJSON-826477156 tempest-AggregatesAdminTestJSON-826477156-project-admin] Attributes excluded by policy engine: ['standard_attr_id'] {{(pid=93862) _exclude_attributes_by_policy /opt/stack/neutron/neutron/pecan_wsgi/hooks/policy_enforcement.py:255}}
Jul 16 20:02:02.066484 n-d-792458-10 neutron-server[93862]: INFO neutron.wsgi [req-505fb26c-2f6d-4ccf-8af9-dfd82d10b32f req-c4af1dc6-d1c7-4f0b-8003-2e64c8396626 tempest-AggregatesAdminTestJSON-826477156 tempest-AggregatesAdminTestJSON-826477156-project-admin] 10.222.0.91 "GET /v2.0/ports?device_id=b7217021-0fd6-43a0-a02f-2b2254324fe5 HTTP/1.1" status: 200 len: 1124 time: 0.5971742
Jul 16 20:02:02.069177 n-d-792458-10 neutron-server[93862]: INFO neutron.wsgi [req-6c1c218d-5a28-4120-a7b0-10f67fd0dbc1 req-fd6c521b-5e6b-445a-af6a-5eb95c629fa5 service neutron] 10.222.0.99 "GET /v2.0/floatingips?fixed_ip_address=192.168.233.83&port_id=71e0d98e-40a9-43ed-88c9-1e4d81fcaa15 HTTP/1.1" status: 200 len: 217 time: 0.0700727
Jul 16 20:02:02.069958 n-d-792458-10 neutron-server[93862]: DEBUG neutron_lib.callbacks.manager [None req-66dd64ac-bac3-454a-b765-a3546d88e567 admin admin] Notify callbacks ['neutron.plugins.ml2.ovo_rpc._ObjectChangeHandler.handle_event-486499'] for security_group, after_create {{(pid=93862) _notify_loop /usr/local/lib/python3.8/dist-packages/neutron_lib/callbacks/manager.py:192}}
Jul 16 20:02:02.091345 n-d-792458-10 neutron-server[93861]: DEBUG neutron_lib.callbacks.manager [None req-b185a02c-45fe-4f4e-9285-4ec564dc363e admin admin] Notify callbacks [] for security_group, before_delete {{(pid=93861) _notify_loop /usr/local/lib/python3.8/dist-packages/neutron_lib/callbacks/manager.py:192}}
Jul 16 20:02:02.111270 n-d-792458-10 neutron-server[93861]: DEBUG neutron.pecan_wsgi.hooks.policy_enforcement [req-1533b52d-1c33-477a-a72b-088f71aa47a3 req-b8d7d88e-17d0-4276-9296-c6dde11ecf30 tempest-TenantUsagesTestJSON-2070984583 tempest-TenantUsagesTestJSON-2070984583-project] Attributes excluded by policy engine: ['standard_attr_id', 'binding:profile', 'binding:host_id', 'binding:vif_type', 'binding:vif_details'] {{(pid=93861) _exclude_attributes_by_policy /opt/stack/neutron/neutron/pecan_wsgi/hooks/policy_enforcement.py:255}}
Jul 16 20:02:02.113418 n-d-792458-10 neutron-server[93861]: INFO neutron.wsgi [req-1533b52d-1c33-477a-a72b-088f71aa47a3 req-b8d7d88e-17d0-4276-9296-c6dde11ecf30 tempest-TenantUsagesTestJSON-2070984583 tempest-TenantUsagesTestJSON-2070984583-project] 10.222.0.91 "GET /v2.0/ports?device_id=cc9ce4e2-0a43-4b5f-9741-ba31bef0ce94 HTTP/1.1" status: 200 len: 947 time: 0.1571338
Jul 16 20:02:02.131736 n-d-792458-10 neutron-server[93861]: DEBUG neutron_lib.callbacks.manager [None req-b185a02c-45fe-4f4e-9285-4ec564dc363e admin admin] Notify callbacks [] for security_group, precommit_delete {{(pid=93861) _notify_loop /usr/local/lib/python3.8/dist-packages/neutron_lib/callbacks/manager.py:192}}
Jul 16 20:02:02.182611 n-d-792458-10 neutron-server[93862]: INFO neutron.wsgi [None req-66dd64ac-bac3-454a-b765-a3546d88e567 admin admin] 10.222.0.91 "GET /v2.0/security-groups?tenant_id=5819ae464218452ab7669371221f2de1&name=default HTTP/1.1" status: 200 len: 2979 time: 1.2147655
Jul 16 20:02:02.187929 n-d-792458-10 neutron-server[93861]: DEBUG neutron.wsgi [-] (93861) accepted ('10.222.0.91', 33932) {{(pid=93861) server /usr/local/lib/python3.8/dist-packages/eventlet/wsgi.py:982}}
Jul 16 20:02:02.189740 n-d-792458-10 neutron-server[93862]: DEBUG neutron_lib.callbacks.manager [req-505fb26c-2f6d-4ccf-8af9-dfd82d10b32f req-0c841bc7-927a-491d-adea-8d2b7ed294dc tempest-AggregatesAdminTestJSON-826477156 tempest-AggregatesAdminTestJSON-826477156-project-admin] Notify callbacks [] for security_group, before_create {{(pid=93862) _notify_loop /usr/local/lib/python3.8/dist-packages/neutron_lib/callbacks/manager.py:192}}
Jul 16 20:02:02.220533 n-d-792458-10 neutron-server[93861]: INFO neutron.wsgi [req-1533b52d-1c33-477a-a72b-088f71aa47a3 req-86762da7-3411-4abc-807e-6ca8de65df58 tempest-TenantUsagesTestJSON-2070984583 tempest-TenantUsagesTestJSON-2070984583-project] 10.222.0.91 "GET /v2.0/security-groups?id=c1163ce7-1222-49e5-a20a-51862fde842d&fields=id&fields=name HTTP/1.1" status: 200 len: 286 time: 0.0972719
Jul 16 20:02:02.232779 n-d-792458-10 neutron-server[93862]: DEBUG neutron.api.rpc.handlers.resources_rpc [None req-66dd64ac-bac3-454a-b765-a3546d88e567 admin admin] Pushing event updated for resources: {'SecurityGroup': ['ID=c080c630-329d-4dca-b484-fef00b261e20,revision_number=1']} {{(pid=93862) push /opt/stack/neutron/neutron/api/rpc/handlers/resources_rpc.py:237}}
Jul 16 20:02:02.240363 n-d-792458-10 neutron-server[93862]: DEBUG neutron.db.db_base_plugin_common [req-49de961c-94b3-40d0-b291-6683e9c1f1b0 req-03e20da7-3e9c-45e1-8d10-362188e8b65f tempest-ServersWithSpecificFlavorTestJSON-36273891 tempest-ServersWithSpecificFlavorTestJSON-36273891-project] Allocated IP 172.20.0.7 (6c242341-876b-4901-b695-376b593faf5e/10ea930f-0c80-4975-87b9-5832a7d501bd/408fdb77-02f0-499c-b7cf-57c88cd5c9a1) {{(pid=93862) _store_ip_allocation /opt/stack/neutron/neutron/db/db_base_plugin_common.py:131}}
Jul 16 20:02:02.251928 n-d-792458-10 neutron-server[93862]: DEBUG neutron.pecan_wsgi.hooks.policy_enforcement [req-6c1c218d-5a28-4120-a7b0-10f67fd0dbc1 req-e6e9c496-1c89-4c1c-a724-7b7cb802bb36 service neutron] Attributes excluded by policy engine: ['standard_attr_id', 'shared'] {{(pid=93862) _exclude_attributes_by_policy /opt/stack/neutron/neutron/pecan_wsgi/hooks/policy_enforcement.py:255}}
Jul 16 20:02:02.251928 n-d-792458-10 neutron-server[93862]: INFO neutron.wsgi [req-6c1c218d-5a28-4120-a7b0-10f67fd0dbc1 req-e6e9c496-1c89-4c1c-a724-7b7cb802bb36 service neutron] 10.222.0.99 "GET /v2.0/subnets?id=0424c6f4-2784-4f41-8d0a-4cabf2d20912 HTTP/1.1" status: 200 len: 843 time: 0.1427317
Jul 16 20:02:02.266364 n-d-792458-10 neutron-server[93861]: DEBUG neutron_lib.callbacks.manager [None req-b185a02c-45fe-4f4e-9285-4ec564dc363e admin admin] Notify callbacks ['neutron.plugins.ml2.ovo_rpc._ObjectChangeHandler.handle_event-486499'] for security_group, after_delete {{(pid=93861) _notify_loop /usr/local/lib/python3.8/dist-packages/neutron_lib/callbacks/manager.py:192}}
Jul 16 20:02:02.268828 n-d-792458-10 neutron-server[93861]: DEBUG neutron_lib.callbacks.manager [None req-b185a02c-45fe-4f4e-9285-4ec564dc363e admin admin] Notify callbacks [] for security_group, before_response {{(pid=93861) _notify_loop /usr/local/lib/python3.8/dist-packages/neutron_lib/callbacks/manager.py:192}}
Jul 16 20:02:02.275431 n-d-792458-10 neutron-server[93861]: INFO neutron.wsgi [None req-b185a02c-45fe-4f4e-9285-4ec564dc363e admin admin] 10.222.0.91 "DELETE /v2.0/security-groups/e7c8518a-5bcd-4cc3-addd-e62b912f0e95 HTTP/1.1" status: 204 len: 168 time: 0.3153610
Jul 16 20:02:02.318581 n-d-792458-10 neutron-server[93861]: DEBUG neutron.api.rpc.handlers.resources_rpc [None req-b185a02c-45fe-4f4e-9285-4ec564dc363e admin admin] Pushing event deleted for resources: {'SecurityGroup': ['ID=e7c8518a-5bcd-4cc3-addd-e62b912f0e95,revision_number=None']} {{(pid=93861) push /opt/stack/neutron/neutron/api/rpc/handlers/resources_rpc.py:237}}
Jul 16 20:02:02.327253 n-d-792458-10 neutron-server[93862]: DEBUG novaclient.v2.client [-] RESP: [200] Connection: close Content-Length: 183 Content-Type: application/json Date: Fri, 16 Jul 2021 20:02:01 GMT OpenStack-API-Version: compute 2.1 Server: Apache/2.4.41 (Ubuntu) Vary: OpenStack-API-Version,X-OpenStack-Nova-API-Version X-OpenStack-Nova-API-Version: 2.1 x-compute-request-id: req-f80a43ad-b8e9-4aa8-8026-8e6e40522cdc x-openstack-request-id: req-f80a43ad-b8e9-4aa8-8026-8e6e40522cdc {{(pid=93862) _http_log_response /usr/local/lib/python3.8/dist-packages/keystoneauth1/session.py:550}}
Jul 16 20:02:02.327551 n-d-792458-10 neutron-server[93862]: DEBUG novaclient.v2.client [-] RESP BODY: {"events": [{"server_uuid": "cad0de0b-69d7-4840-b243-908e612556a7", "name": "network-vif-deleted", "tag": "088746e1-1bb6-4b74-930e-0e8e07e5e3ef", "status": "completed", "code": 200}]} {{(pid=93862) _http_log_response /usr/local/lib/python3.8/dist-packages/keystoneauth1/session.py:582}}
Jul 16 20:02:02.327803 n-d-792458-10 neutron-server[93862]: DEBUG novaclient.v2.client [-] POST call to compute for http://10.222.0.91/compute/v2.1/os-server-external-events used request id req-f80a43ad-b8e9-4aa8-8026-8e6e40522cdc {{(pid=93862) request /usr/local/lib/python3.8/dist-packages/keystoneauth1/session.py:954}}
Jul 16 20:02:02.328201 n-d-792458-10 neutron-server[93862]: INFO neutron.notifiers.nova [-] Nova event response: {'server_uuid': 'cad0de0b-69d7-4840-b243-908e612556a7', 'name': 'network-vif-deleted', 'tag': '088746e1-1bb6-4b74-930e-0e8e07e5e3ef', 'status': 'completed', 'code': 200}
Jul 16 20:02:02.328623 n-d-792458-10 neutron-server[93861]: DEBUG neutron_lib.callbacks.manager [None req-153ab4bd-7369-4d29-93f6-6945aea4666f admin admin] Notify callbacks [] for security_group, before_delete {{(pid=93861) _notify_loop /usr/local/lib/python3.8/dist-packages/neutron_lib/callbacks/manager.py:192}}
Jul 16 20:02:02.366911 n-d-792458-10 neutron-server[93861]: DEBUG neutron.wsgi [-] (93861) accepted ('10.222.0.91', 33940) {{(pid=93861) server /usr/local/lib/python3.8/dist-packages/eventlet/wsgi.py:982}}
Jul 16 20:02:02.387996 n-d-792458-10 neutron-server[93861]: DEBUG neutron_lib.callbacks.manager [None req-153ab4bd-7369-4d29-93f6-6945aea4666f admin admin] Notify callbacks [] for security_group, precommit_delete {{(pid=93861) _notify_loop /usr/local/lib/python3.8/dist-packages/neutron_lib/callbacks/manager.py:192}}
Jul 16 20:02:02.408039 n-d-792458-10 neutron-server[93861]: DEBUG neutron_lib.callbacks.manager [None req-83b97c1c-2b1e-4d8e-85a9-44c7a89252d3 admin admin] Notify callbacks [] for security_group, before_create {{(pid=93861) _notify_loop /usr/local/lib/python3.8/dist-packages/neutron_lib/callbacks/manager.py:192}}
Jul 16 20:02:02.475888 n-d-792458-10 neutron-server[93861]: DEBUG neutron_lib.callbacks.manager [None req-153ab4bd-7369-4d29-93f6-6945aea4666f admin admin] Notify callbacks ['neutron.plugins.ml2.ovo_rpc._ObjectChangeHandler.handle_event-486499'] for security_group, after_delete {{(pid=93861) _notify_loop /usr/local/lib/python3.8/dist-packages/neutron_lib/callbacks/manager.py:192}}
Jul 16 20:02:02.479966 n-d-792458-10 neutron-server[93861]: DEBUG neutron_lib.callbacks.manager [None req-153ab4bd-7369-4d29-93f6-6945aea4666f admin admin] Notify callbacks [] for security_group, before_response {{(pid=93861) _notify_loop /usr/local/lib/python3.8/dist-packages/neutron_lib/callbacks/manager.py:192}}
Jul 16 20:02:02.481137 n-d-792458-10 neutron-server[93861]: INFO neutron.wsgi [None req-153ab4bd-7369-4d29-93f6-6945aea4666f admin admin] 10.222.0.91 "DELETE /v2.0/security-groups/c080c630-329d-4dca-b484-fef00b261e20 HTTP/1.1" status: 204 len: 168 time: 0.2869208
Jul 16 20:02:02.490607 n-d-792458-10 neutron-server[93862]: DEBUG neutron.pecan_wsgi.hooks.policy_enforcement [req-6c1c218d-5a28-4120-a7b0-10f67fd0dbc1 req-918255e2-edf3-45c9-9446-9023d62aa7d7 service neutron] Attributes excluded by policy engine: ['standard_attr_id'] {{(pid=93862) _exclude_attributes_by_policy /opt/stack/neutron/neutron/pecan_wsgi/hooks/policy_enforcement.py:255}}
Jul 16 20:02:02.492540 n-d-792458-10 neutron-server[93862]: INFO neutron.wsgi [req-6c1c218d-5a28-4120-a7b0-10f67fd0dbc1 req-918255e2-edf3-45c9-9446-9023d62aa7d7 service neutron] 10.222.0.99 "GET /v2.0/ports?network_id=876fc1c2-3cea-4dd0-9bcd-1b8ee9309924&device_owner=network%3Adhcp HTTP/1.1" status: 200 len: 1167 time: 0.2320983
Jul 16 20:02:02.494900 n-d-792458-10 neutron-server[93861]: DEBUG neutron.api.rpc.handlers.resources_rpc [None req-153ab4bd-7369-4d29-93f6-6945aea4666f admin admin] Pushing event deleted for resources: {'SecurityGroup': ['ID=c080c630-329d-4dca-b484-fef00b261e20,revision_number=None']} {{(pid=93861) push /opt/stack/neutron/neutron/api/rpc/handlers/resources_rpc.py:237}}
Jul 16 20:02:02.594938 n-d-792458-10 neutron-server[93862]: DEBUG neutron_lib.callbacks.manager [req-505fb26c-2f6d-4ccf-8af9-dfd82d10b32f req-0c841bc7-927a-491d-adea-8d2b7ed294dc tempest-AggregatesAdminTestJSON-826477156 tempest-AggregatesAdminTestJSON-826477156-project-admin] Notify callbacks [] for security_group, precommit_create {{(pid=93862) _notify_loop /usr/local/lib/python3.8/dist-packages/neutron_lib/callbacks/manager.py:192}}
Jul 16 20:02:02.631933 n-d-792458-10 neutron-server[93862]: DEBUG neutron_lib.callbacks.manager [req-505fb26c-2f6d-4ccf-8af9-dfd82d10b32f req-0c841bc7-927a-491d-adea-8d2b7ed294dc tempest-AggregatesAdminTestJSON-826477156 tempest-AggregatesAdminTestJSON-826477156-project-admin] Notify callbacks ['neutron.plugins.ml2.ovo_rpc._ObjectChangeHandler.handle_event-486499'] for security_group, after_create {{(pid=93862) _notify_loop /usr/local/lib/python3.8/dist-packages/neutron_lib/callbacks/manager.py:192}}
Jul 16 20:02:02.684449 n-d-792458-10 neutron-server[93862]: INFO neutron.wsgi [req-505fb26c-2f6d-4ccf-8af9-dfd82d10b32f req-0c841bc7-927a-491d-adea-8d2b7ed294dc tempest-AggregatesAdminTestJSON-826477156 tempest-AggregatesAdminTestJSON-826477156-project-admin] 10.222.0.91 "GET /v2.0/security-groups?id=e7aa9e7b-cafd-4c21-bc0d-3148026ec0b2&fields=id&fields=name HTTP/1.1" status: 200 len: 286 time: 0.6168458
Jul 16 20:02:02.700423 n-d-792458-10 neutron-server[93862]: DEBUG neutron_lib.callbacks.manager [req-49de961c-94b3-40d0-b291-6683e9c1f1b0 req-03e20da7-3e9c-45e1-8d10-362188e8b65f tempest-ServersWithSpecificFlavorTestJSON-36273891 tempest-ServersWithSpecificFlavorTestJSON-36273891-project] Notify callbacks [] for port, precommit_create {{(pid=93862) _notify_loop /usr/local/lib/python3.8/dist-packages/neutron_lib/callbacks/manager.py:192}}
Jul 16 20:02:02.704486 n-d-792458-10 neutron-server[93861]: INFO neutron.wsgi [req-dff954b4-4831-4185-b1ec-7cb2d3845f8e req-63c6d178-9f41-443b-81e7-5764c1f7ae8b tempest-ServersWithSpecificFlavorTestJSON-36273891 tempest-ServersWithSpecificFlavorTestJSON-36273891-project] 10.222.0.91 "GET /v2.0/ports?device_id=c7302a8c-4fcf-4475-901d-fdc443b362ae HTTP/1.1" status: 200 len: 210 time: 0.1085715
Jul 16 20:02:02.706786 n-d-792458-10 neutron-server[93862]: DEBUG neutron.api.rpc.handlers.resources_rpc [None req-0c841bc7-927a-491d-adea-8d2b7ed294dc tempest-AggregatesAdminTestJSON-826477156 tempest-AggregatesAdminTestJSON-826477156-project-admin] Pushing event updated for resources: {'SecurityGroup': ['ID=4093e666-a9ec-4e10-b84a-9af950ecc829,revision_number=1']} {{(pid=93862) push /opt/stack/neutron/neutron/api/rpc/handlers/resources_rpc.py:237}}
Jul 16 20:02:02.737785 n-d-792458-10 neutron-server[93862]: DEBUG neutron.db.provisioning_blocks [req-49de961c-94b3-40d0-b291-6683e9c1f1b0 req-03e20da7-3e9c-45e1-8d10-362188e8b65f tempest-ServersWithSpecificFlavorTestJSON-36273891 tempest-ServersWithSpecificFlavorTestJSON-36273891-project] Transition to ACTIVE for port object 408fdb77-02f0-499c-b7cf-57c88cd5c9a1 will not be triggered until provisioned by entity DHCP. {{(pid=93862) add_provisioning_component /opt/stack/neutron/neutron/db/provisioning_blocks.py:73}}
Jul 16 20:02:02.740987 n-d-792458-10 neutron-server[93862]: INFO neutron.wsgi [req-6c1c218d-5a28-4120-a7b0-10f67fd0dbc1 req-0db79d08-db15-492b-9afa-17d51737520f service neutron] 10.222.0.99 "GET /v2.0/networks/876fc1c2-3cea-4dd0-9bcd-1b8ee9309924?fields=segments HTTP/1.1" status: 200 len: 212 time: 0.2368736
Jul 16 20:02:02.869784 n-d-792458-10 neutron-server[93862]: DEBUG neutron_lib.callbacks.manager [req-49de961c-94b3-40d0-b291-6683e9c1f1b0 req-03e20da7-3e9c-45e1-8d10-362188e8b65f tempest-ServersWithSpecificFlavorTestJSON-36273891 tempest-ServersWithSpecificFlavorTestJSON-36273891-project] Notify callbacks ['neutron.plugins.ml2.plugin.SecurityGroupServerNotifierRpcMixin._notify_sg_on_port_change-530105', 'neutron.plugins.ml2.ovo_rpc._ObjectChangeHandler.handle_event-144447', 'neutron.api.rpc.agentnotifiers.dhcp_rpc_agent_api.DhcpAgentNotifyAPI._native_event_send_dhcp_notification-1698065', 'neutron.db.l3_dvrscheduler_db._notify_l3_agent_new_port-8736922425254'] for port, after_create {{(pid=93862) _notify_loop /usr/local/lib/python3.8/dist-packages/neutron_lib/callbacks/manager.py:192}}
Jul 16 20:02:02.886526 n-d-792458-10 neutron-server[93861]: DEBUG neutron_lib.callbacks.manager [None req-83b97c1c-2b1e-4d8e-85a9-44c7a89252d3 admin admin] Notify callbacks [] for security_group, precommit_create {{(pid=93861) _notify_loop /usr/local/lib/python3.8/dist-packages/neutron_lib/callbacks/manager.py:192}}
Jul 16 20:02:02.900938 n-d-792458-10 neutron-server[93861]: DEBUG neutron_lib.callbacks.manager [None req-83b97c1c-2b1e-4d8e-85a9-44c7a89252d3 admin admin] Notify callbacks ['neutron.plugins.ml2.ovo_rpc._ObjectChangeHandler.handle_event-486499'] for security_group, after_create {{(pid=93861) _notify_loop /usr/local/lib/python3.8/dist-packages/neutron_lib/callbacks/manager.py:192}}
Jul 16 20:02:02.950905 n-d-792458-10 neutron-server[93861]: DEBUG neutron.api.rpc.handlers.resources_rpc [None req-83b97c1c-2b1e-4d8e-85a9-44c7a89252d3 admin admin] Pushing event updated for resources: {'SecurityGroup': ['ID=e2e4498e-3295-4aa1-b7c3-74290acca72b,revision_number=1']} {{(pid=93861) push /opt/stack/neutron/neutron/api/rpc/handlers/resources_rpc.py:237}}
Jul 16 20:02:02.973289 n-d-792458-10 neutron-server[93862]: DEBUG neutron.scheduler.dhcp_agent_scheduler [req-49de961c-94b3-40d0-b291-6683e9c1f1b0 req-03e20da7-3e9c-45e1-8d10-362188e8b65f tempest-ServersWithSpecificFlavorTestJSON-36273891 tempest-ServersWithSpecificFlavorTestJSON-36273891-project] Network 6c242341-876b-4901-b695-376b593faf5e is already hosted by enough agents. {{(pid=93862) _get_dhcp_agents_hosting_network /opt/stack/neutron/neutron/scheduler/dhcp_agent_scheduler.py:275}}
Jul 16 20:02:02.976423 n-d-792458-10 neutron-server[93861]: INFO neutron.wsgi [None req-83b97c1c-2b1e-4d8e-85a9-44c7a89252d3 admin admin] 10.222.0.91 "GET /v2.0/security-groups?tenant_id=ed037ba7d43a4f69980e19c62be1d383&name=default HTTP/1.1" status: 200 len: 2979 time: 0.6084559
Jul 16 20:02:02.979321 n-d-792458-10 neutron-server[93861]: DEBUG neutron.wsgi [-] (93861) accepted ('10.222.0.91', 33962) {{(pid=93861) server /usr/local/lib/python3.8/dist-packages/eventlet/wsgi.py:982}}
Jul 16 20:02:02.986448 n-d-792458-10 neutron-server[93862]: DEBUG neutron.scheduler.base_scheduler [req-49de961c-94b3-40d0-b291-6683e9c1f1b0 req-03e20da7-3e9c-45e1-8d10-362188e8b65f tempest-ServersWithSpecificFlavorTestJSON-36273891 tempest-ServersWithSpecificFlavorTestJSON-36273891-project] Resources bound (agent type, host, resource id): {{(pid=93862) schedule /opt/stack/neutron/neutron/scheduler/base_scheduler.py:57}}
Jul 16 20:02:02.998003 n-d-792458-10 neutron-server[93862]: DEBUG neutron.db.l3_dvrscheduler_db [req-49de961c-94b3-40d0-b291-6683e9c1f1b0 req-03e20da7-3e9c-45e1-8d10-362188e8b65f tempest-ServersWithSpecificFlavorTestJSON-36273891 tempest-ServersWithSpecificFlavorTestJSON-36273891-project] Received port after_create {{(pid=93862) _notify_l3_agent_new_port /opt/stack/neutron/neutron/db/l3_dvrscheduler_db.py:535}}
Jul 16 20:02:03.003056 n-d-792458-10 neutron-server[93862]: DEBUG neutron.pecan_wsgi.hooks.policy_enforcement [req-49de961c-94b3-40d0-b291-6683e9c1f1b0 req-03e20da7-3e9c-45e1-8d10-362188e8b65f tempest-ServersWithSpecificFlavorTestJSON-36273891 tempest-ServersWithSpecificFlavorTestJSON-36273891-project] Attributes excluded by policy engine: ['standard_attr_id', 'binding:profile', 'binding:host_id', 'binding:vif_type', 'binding:vif_details', 'network'] {{(pid=93862) _exclude_attributes_by_policy /opt/stack/neutron/neutron/pecan_wsgi/hooks/policy_enforcement.py:255}}
Jul 16 20:02:03.003919 n-d-792458-10 neutron-server[93862]: DEBUG neutron_lib.callbacks.manager [req-49de961c-94b3-40d0-b291-6683e9c1f1b0 req-03e20da7-3e9c-45e1-8d10-362188e8b65f tempest-ServersWithSpecificFlavorTestJSON-36273891 tempest-ServersWithSpecificFlavorTestJSON-36273891-project] Notify callbacks ['neutron.notifiers.nova.Notifier._send_nova_notification-68849'] for port, before_response {{(pid=93862) _notify_loop /usr/local/lib/python3.8/dist-packages/neutron_lib/callbacks/manager.py:192}}
Jul 16 20:02:03.016191 n-d-792458-10 neutron-server[93862]: INFO neutron.wsgi [req-6c1c218d-5a28-4120-a7b0-10f67fd0dbc1 req-f236c7fc-3ef9-4ceb-8e27-8d10bae9bf30 service neutron] 10.222.0.99 "GET /v2.0/networks/876fc1c2-3cea-4dd0-9bcd-1b8ee9309924?fields=provider%3Aphysical_network&fields=provider%3Anetwork_type HTTP/1.1" status: 200 len: 281 time: 0.2673209
Jul 16 20:02:03.045193 n-d-792458-10 neutron-server[93862]: DEBUG neutron.api.rpc.handlers.resources_rpc [None req-03e20da7-3e9c-45e1-8d10-362188e8b65f tempest-ServersWithSpecificFlavorTestJSON-36273891 tempest-ServersWithSpecificFlavorTestJSON-36273891-project] Pushing event updated for resources: {'Port': ['ID=408fdb77-02f0-499c-b7cf-57c88cd5c9a1,revision_number=1']} {{(pid=93862) push /opt/stack/neutron/neutron/api/rpc/handlers/resources_rpc.py:237}}
Jul 16 20:02:03.050223 n-d-792458-10 neutron-server[93862]: INFO neutron.wsgi [req-49de961c-94b3-40d0-b291-6683e9c1f1b0 req-03e20da7-3e9c-45e1-8d10-362188e8b65f tempest-ServersWithSpecificFlavorTestJSON-36273891 tempest-ServersWithSpecificFlavorTestJSON-36273891-project] 10.222.0.79 "POST /v2.0/ports HTTP/1.1" status: 201 len: 933 time: 2.8142521
Jul 16 20:02:03.066231 n-d-792458-10 neutron-server[93862]: DEBUG neutron.api.v2.base [req-49de961c-94b3-40d0-b291-6683e9c1f1b0 req-f5338d77-8cca-4520-a0f5-affb52a9a308 service neutron] Request body: {'port': {'device_id': 'c7302a8c-4fcf-4475-901d-fdc443b362ae', 'device_owner': 'compute:tempest-test_az-1220619698', 'binding:host_id': 'n-h2-792458-10'}} {{(pid=93862) prepare_request_body /opt/stack/neutron/neutron/api/v2/base.py:729}}
Jul 16 20:02:03.134892 n-d-792458-10 neutron-server[93861]: DEBUG neutron_lib.callbacks.manager [None req-589d24a9-e446-4857-9d46-4e7c04b971c9 admin admin] Notify callbacks [] for security_group, before_delete {{(pid=93861) _notify_loop /usr/local/lib/python3.8/dist-packages/neutron_lib/callbacks/manager.py:192}}
Jul 16 20:02:03.207473 n-d-792458-10 neutron-server[93861]: DEBUG neutron_lib.callbacks.manager [None req-589d24a9-e446-4857-9d46-4e7c04b971c9 admin admin] Notify callbacks [] for security_group, precommit_delete {{(pid=93861) _notify_loop /usr/local/lib/python3.8/dist-packages/neutron_lib/callbacks/manager.py:192}}
Jul 16 20:02:03.248322 n-d-792458-10 neutron-server[93862]: DEBUG neutron_lib.callbacks.manager [req-49de961c-94b3-40d0-b291-6683e9c1f1b0 req-f5338d77-8cca-4520-a0f5-affb52a9a308 service neutron] Notify callbacks ['neutron.plugins.ml2.plugin.SecurityGroupDbMixin._ensure_default_security_group_handler-528706'] for port, before_update {{(pid=93862) _notify_loop /usr/local/lib/python3.8/dist-packages/neutron_lib/callbacks/manager.py:192}}
Jul 16 20:02:03.308636 n-d-792458-10 neutron-server[93861]: DEBUG neutron_lib.callbacks.manager [None req-589d24a9-e446-4857-9d46-4e7c04b971c9 admin admin] Notify callbacks ['neutron.plugins.ml2.ovo_rpc._ObjectChangeHandler.handle_event-486499'] for security_group, after_delete {{(pid=93861) _notify_loop /usr/local/lib/python3.8/dist-packages/neutron_lib/callbacks/manager.py:192}}
Jul 16 20:02:03.312330 n-d-792458-10 neutron-server[93861]: DEBUG neutron_lib.callbacks.manager [None req-589d24a9-e446-4857-9d46-4e7c04b971c9 admin admin] Notify callbacks [] for security_group, before_response {{(pid=93861) _notify_loop /usr/local/lib/python3.8/dist-packages/neutron_lib/callbacks/manager.py:192}}
Jul 16 20:02:03.313544 n-d-792458-10 neutron-server[93861]: INFO neutron.wsgi [None req-589d24a9-e446-4857-9d46-4e7c04b971c9 admin admin] 10.222.0.91 "DELETE /v2.0/security-groups/e2e4498e-3295-4aa1-b7c3-74290acca72b HTTP/1.1" status: 204 len: 168 time: 0.3331199
Jul 16 20:02:03.338101 n-d-792458-10 neutron-server[93861]: DEBUG neutron.api.rpc.handlers.resources_rpc [None req-589d24a9-e446-4857-9d46-4e7c04b971c9 admin admin] Pushing event deleted for resources: {'SecurityGroup': ['ID=e2e4498e-3295-4aa1-b7c3-74290acca72b,revision_number=None']} {{(pid=93861) push /opt/stack/neutron/neutron/api/rpc/handlers/resources_rpc.py:237}}
Jul 16 20:02:03.350134 n-d-792458-10 neutron-server[93862]: INFO neutron.wsgi [req-795df91d-fff6-47c4-a600-6d7204b30e6a req-4b72ca6d-bdc0-4424-a4f4-19f52efdb8ee tempest-DeleteServersAdminTestJSON-1859307749 tempest-DeleteServersAdminTestJSON-1859307749-project] 10.222.0.91 "GET /v2.0/networks?tenant_id=783168bad5b34a3da19604a44639dbac&shared=False HTTP/1.1" status: 200 len: 213 time: 0.0784695
Jul 16 20:02:03.423455 n-d-792458-10 neutron-server[93863]: DEBUG neutron.db.provisioning_blocks [None req-85236815-6c6a-44d5-941c-5541a82c5862 None None] Provisioning for port 408fdb77-02f0-499c-b7cf-57c88cd5c9a1 completed by entity DHCP. {{(pid=93863) provisioning_complete /opt/stack/neutron/neutron/db/provisioning_blocks.py:133}}
Jul 16 20:02:03.430013 n-d-792458-10 neutron-server[93863]: DEBUG neutron.db.provisioning_blocks [None req-85236815-6c6a-44d5-941c-5541a82c5862 None None] Provisioning complete for port 408fdb77-02f0-499c-b7cf-57c88cd5c9a1 triggered by entity DHCP. {{(pid=93863) provisioning_complete /opt/stack/neutron/neutron/db/provisioning_blocks.py:139}}
Jul 16 20:02:03.430589 n-d-792458-10 neutron-server[93863]: DEBUG neutron_lib.callbacks.manager [None req-85236815-6c6a-44d5-941c-5541a82c5862 None None] Notify callbacks ['neutron.plugins.ml2.plugin.Ml2Plugin._port_provisioned-1390002'] for port, provisioning_complete {{(pid=93863) _notify_loop /usr/local/lib/python3.8/dist-packages/neutron_lib/callbacks/manager.py:192}}
Jul 16 20:02:03.481050 n-d-792458-10 neutron-server[93863]: DEBUG neutron.plugins.ml2.plugin [None req-85236815-6c6a-44d5-941c-5541a82c5862 None None] Port 408fdb77-02f0-499c-b7cf-57c88cd5c9a1 cannot update to ACTIVE because it is not bound. {{(pid=93863) _port_provisioned /opt/stack/neutron/neutron/plugins/ml2/plugin.py:337}}
Jul 16 20:02:03.610667 n-d-792458-10 neutron-server[93862]: DEBUG neutron.pecan_wsgi.hooks.policy_enforcement [req-795df91d-fff6-47c4-a600-6d7204b30e6a req-c69102f7-057b-4fe6-a9fc-b58b4f577928 tempest-DeleteServersAdminTestJSON-1859307749 tempest-DeleteServersAdminTestJSON-1859307749-project] Attributes excluded by policy engine: ['standard_attr_id', 'vlan_transparent', 'provider:network_type', 'provider:physical_network', 'provider:segmentation_id'] {{(pid=93862) _exclude_attributes_by_policy /opt/stack/neutron/neutron/pecan_wsgi/hooks/policy_enforcement.py:255}}
Jul 16 20:02:03.618405 n-d-792458-10 neutron-server[93862]: INFO neutron.wsgi [req-795df91d-fff6-47c4-a600-6d7204b30e6a req-c69102f7-057b-4fe6-a9fc-b58b4f577928 tempest-DeleteServersAdminTestJSON-1859307749 tempest-DeleteServersAdminTestJSON-1859307749-project] 10.222.0.91 "GET /v2.0/networks?shared=True HTTP/1.1" status: 200 len: 769 time: 0.2590492
Jul 16 20:02:03.659148 n-d-792458-10 neutron-server[93861]: DEBUG neutron.pecan_wsgi.hooks.policy_enforcement [req-b5a4e5fb-9d2d-4687-86aa-45390714ef5a req-87a4066c-6ab2-448c-a100-4e8db9bf64b0 tempest-TenantUsagesTestJSON-2070984583 tempest-TenantUsagesTestJSON-2070984583-project] Attributes excluded by policy engine: ['standard_attr_id', 'binding:profile', 'binding:host_id', 'binding:vif_type', 'binding:vif_details'] {{(pid=93861) _exclude_attributes_by_policy /opt/stack/neutron/neutron/pecan_wsgi/hooks/policy_enforcement.py:255}}
Jul 16 20:02:03.661964 n-d-792458-10 neutron-server[93862]: INFO neutron.wsgi [req-795df91d-fff6-47c4-a600-6d7204b30e6a req-e92e1dea-494f-4d76-a861-0a9c9f73f9a2 tempest-DeleteServersAdminTestJSON-1859307749 tempest-DeleteServersAdminTestJSON-1859307749-project] 10.222.0.91 "GET /v2.0/quotas/783168bad5b34a3da19604a44639dbac HTTP/1.1" status: 200 len: 375 time: 0.0430567
Jul 16 20:02:03.667039 n-d-792458-10 neutron-server[93861]: INFO neutron.wsgi [req-b5a4e5fb-9d2d-4687-86aa-45390714ef5a req-87a4066c-6ab2-448c-a100-4e8db9bf64b0 tempest-TenantUsagesTestJSON-2070984583 tempest-TenantUsagesTestJSON-2070984583-project] 10.222.0.91 "GET /v2.0/ports?device_id=cc9ce4e2-0a43-4b5f-9741-ba31bef0ce94 HTTP/1.1" status: 200 len: 947 time: 0.1022289
Jul 16 20:02:03.711371 n-d-792458-10 neutron-server[93861]: INFO neutron.wsgi [req-b5a4e5fb-9d2d-4687-86aa-45390714ef5a req-8edd8f8a-c865-407c-a779-8821e42d9d87 tempest-TenantUsagesTestJSON-2070984583 tempest-TenantUsagesTestJSON-2070984583-project] 10.222.0.91 "GET /v2.0/security-groups?id=c1163ce7-1222-49e5-a20a-51862fde842d&fields=id&fields=name HTTP/1.1" status: 200 len: 286 time: 0.0434487
Jul 16 20:02:03.972595 n-d-792458-10 neutron-server[93864]: DEBUG neutron.db.agents_db [None req-39262e83-651d-444b-9c71-405401adfcef None None] Agent healthcheck: found 7 active agents {{(pid=93864) agent_health_check /opt/stack/neutron/neutron/db/agents_db.py:317}}
Jul 16 20:02:03.976945 n-d-792458-10 neutron-server[93862]: INFO neutron.wsgi [req-795df91d-fff6-47c4-a600-6d7204b30e6a req-d58727eb-cb19-4816-aba1-e48adb470417 tempest-DeleteServersAdminTestJSON-1859307749 tempest-DeleteServersAdminTestJSON-1859307749-project] 10.222.0.91 "GET /v2.0/ports?tenant_id=783168bad5b34a3da19604a44639dbac&fields=id HTTP/1.1" status: 200 len: 210 time: 0.3140762
Jul 16 20:02:04.142437 n-d-792458-10 neutron-server[93862]: DEBUG neutron.notifiers.nova [req-49de961c-94b3-40d0-b291-6683e9c1f1b0 req-f5338d77-8cca-4520-a0f5-affb52a9a308 service neutron] Ignoring state change previous_port_status: DOWN current_port_status: DOWN port_id 408fdb77-02f0-499c-b7cf-57c88cd5c9a1 {{(pid=93862) record_port_status_changed /opt/stack/neutron/neutron/notifiers/nova.py:224}}
Jul 16 20:02:04.165990 n-d-792458-10 neutron-server[93862]: DEBUG neutron_lib.callbacks.manager [req-49de961c-94b3-40d0-b291-6683e9c1f1b0 req-f5338d77-8cca-4520-a0f5-affb52a9a308 service neutron] Notify callbacks [] for port, precommit_update {{(pid=93862) _notify_loop /usr/local/lib/python3.8/dist-packages/neutron_lib/callbacks/manager.py:192}}
Jul 16 20:02:04.207501 n-d-792458-10 neutron-server[93862]: DEBUG neutron.db.provisioning_blocks [req-49de961c-94b3-40d0-b291-6683e9c1f1b0 req-f5338d77-8cca-4520-a0f5-affb52a9a308 service neutron] Transition to ACTIVE for port object 408fdb77-02f0-499c-b7cf-57c88cd5c9a1 will not be triggered until provisioned by entity L2. {{(pid=93862) add_provisioning_component /opt/stack/neutron/neutron/db/provisioning_blocks.py:73}}
Jul 16 20:02:04.223297 n-d-792458-10 neutron-server[93862]: DEBUG neutron_lib.callbacks.manager [req-49de961c-94b3-40d0-b291-6683e9c1f1b0 req-f5338d77-8cca-4520-a0f5-affb52a9a308 service neutron] Notify callbacks ['neutron.plugins.ml2.plugin.SecurityGroupServerNotifierRpcMixin._notify_sg_on_port_change-530105', 'neutron.plugins.ml2.ovo_rpc._ObjectChangeHandler.handle_event-144447', 'neutron.api.rpc.agentnotifiers.dhcp_rpc_agent_api.DhcpAgentNotifyAPI._native_event_send_dhcp_notification-1698065', 'neutron.db.l3_db.L3RpcNotifierMixin._notify_gateway_port_ip_changed-8736922830421', 'neutron.db.l3_dvrscheduler_db._notify_l3_agent_port_update-8736922425272', 'neutron.db.l3_hascheduler_db._notify_l3_agent_ha_port_update-8736922425290'] for port, after_update {{(pid=93862) _notify_loop /usr/local/lib/python3.8/dist-packages/neutron_lib/callbacks/manager.py:192}}
Jul 16 20:02:04.395734 n-d-792458-10 neutron-server[93862]: INFO neutron.wsgi [req-8a418257-7658-4873-b479-5dae1cbef57f req-16591cd3-ed8c-4454-b578-a1fe0583397e tempest-DeleteServersAdminTestJSON-1859307749 tempest-DeleteServersAdminTestJSON-1859307749-project] 10.222.0.91 "GET /v2.0/ports?device_id=baec2384-413a-4cc7-8aa4-3c71eedf5bc0 HTTP/1.1" status: 200 len: 210 time: 0.0877345
