Jun 03 18:34:14.721175 n-d-792394-6 devstack@placement-api.service[93614]: DEBUG placement.requestlog [req-26b2175b-817d-44f0-b171-b3edc32983d5 req-9b673b09-3fa6-44f3-9613-2a9074929935 None None] Starting request: 10.222.0.58 "GET /placement/allocation_candidates?limit=1000&resources=DISK_GB%3A1%2CMEMORY_MB%3A1024%2CVCPU%3A1&root_required=%21COMPUTE_STATUS_DISABLED" {{(pid=93614) __call__ /opt/stack/placement/placement/requestlog.py:55}}
Jun 03 18:34:15.458784 n-d-792394-6 devstack@placement-api.service[93614]: DEBUG placement.objects.research_context [req-26b2175b-817d-44f0-b171-b3edc32983d5 req-9b673b09-3fa6-44f3-9613-2a9074929935 service placement] getting providers with 1 DISK_GB {{(pid=93614) __init__ /opt/stack/placement/placement/objects/research_context.py:126}}
Jun 03 18:34:15.465457 n-d-792394-6 devstack@placement-api.service[93614]: DEBUG placement.objects.research_context [req-26b2175b-817d-44f0-b171-b3edc32983d5 req-9b673b09-3fa6-44f3-9613-2a9074929935 service placement] getting providers with 1024 MEMORY_MB {{(pid=93614) __init__ /opt/stack/placement/placement/objects/research_context.py:126}}
Jun 03 18:34:15.471804 n-d-792394-6 devstack@placement-api.service[93614]: DEBUG placement.objects.research_context [req-26b2175b-817d-44f0-b171-b3edc32983d5 req-9b673b09-3fa6-44f3-9613-2a9074929935 service placement] getting providers with 1 VCPU {{(pid=93614) __init__ /opt/stack/placement/placement/objects/research_context.py:126}}
Jun 03 18:34:15.479534 n-d-792394-6 devstack@placement-api.service[93614]: DEBUG placement.objects.research_context [req-26b2175b-817d-44f0-b171-b3edc32983d5 req-9b673b09-3fa6-44f3-9613-2a9074929935 service placement] found 2 providers with available 1 DISK_GB {{(pid=93614) get_provider_ids_matching /opt/stack/placement/placement/objects/research_context.py:549}}
Jun 03 18:34:15.479847 n-d-792394-6 devstack@placement-api.service[93614]: DEBUG placement.objects.research_context [req-26b2175b-817d-44f0-b171-b3edc32983d5 req-9b673b09-3fa6-44f3-9613-2a9074929935 service placement] found 2 providers with available 1024 MEMORY_MB {{(pid=93614) get_provider_ids_matching /opt/stack/placement/placement/objects/research_context.py:549}}
Jun 03 18:34:15.480286 n-d-792394-6 devstack@placement-api.service[93614]: DEBUG placement.objects.research_context [req-26b2175b-817d-44f0-b171-b3edc32983d5 req-9b673b09-3fa6-44f3-9613-2a9074929935 service placement] found 2 providers after filtering by previous result {{(pid=93614) get_provider_ids_matching /opt/stack/placement/placement/objects/research_context.py:580}}
Jun 03 18:34:15.480579 n-d-792394-6 devstack@placement-api.service[93614]: DEBUG placement.objects.research_context [req-26b2175b-817d-44f0-b171-b3edc32983d5 req-9b673b09-3fa6-44f3-9613-2a9074929935 service placement] found 2 providers with available 1 VCPU {{(pid=93614) get_provider_ids_matching /opt/stack/placement/placement/objects/research_context.py:549}}
Jun 03 18:34:15.480900 n-d-792394-6 devstack@placement-api.service[93614]: DEBUG placement.objects.research_context [req-26b2175b-817d-44f0-b171-b3edc32983d5 req-9b673b09-3fa6-44f3-9613-2a9074929935 service placement] found 2 providers after filtering by previous result {{(pid=93614) get_provider_ids_matching /opt/stack/placement/placement/objects/research_context.py:580}}
Jun 03 18:34:15.500901 n-d-792394-6 devstack@placement-api.service[93614]: DEBUG placement.objects.allocation_candidate [req-26b2175b-817d-44f0-b171-b3edc32983d5 req-9b673b09-3fa6-44f3-9613-2a9074929935 service placement] RequestGroup(use_same_provider=False, resources={DISK_GB:1, MEMORY_MB:1024, VCPU:1}, traits=[], aggregates=[]) (suffix '') returned 2 matches {{(pid=93614) _get_by_requests /opt/stack/placement/placement/objects/allocation_candidate.py:145}}
Jun 03 18:34:15.500901 n-d-792394-6 devstack@placement-api.service[93614]: DEBUG placement.objects.allocation_candidate [req-26b2175b-817d-44f0-b171-b3edc32983d5 req-9b673b09-3fa6-44f3-9613-2a9074929935 service placement] Merging candidates yields 2 allocation requests and 2 provider summaries {{(pid=93614) _merge_candidates /opt/stack/placement/placement/objects/allocation_candidate.py:783}}
Jun 03 18:34:15.505431 n-d-792394-6 devstack@placement-api.service[93614]: INFO placement.requestlog [req-26b2175b-817d-44f0-b171-b3edc32983d5 req-9b673b09-3fa6-44f3-9613-2a9074929935 service placement] 10.222.0.58 "GET /placement/allocation_candidates?limit=1000&resources=DISK_GB%3A1%2CMEMORY_MB%3A1024%2CVCPU%3A1&root_required=%21COMPUTE_STATUS_DISABLED" status: 200 len: 1303 microversion: 1.36
Jun 03 18:34:15.505818 n-d-792394-6 devstack@placement-api.service[93614]: [pid: 93614|app: 0|req: 17/35] 10.222.0.58 () {60 vars in 1506 bytes} [Thu Jun 3 18:34:14 2021] GET /placement/allocation_candidates?limit=1000&resources=DISK_GB%3A1%2CMEMORY_MB%3A1024%2CVCPU%3A1&root_required=%21COMPUTE_STATUS_DISABLED => generated 1303 bytes in 785 msecs (HTTP/1.1 200) 8 headers in 297 bytes (1 switches on core 0)
Jun 03 18:34:15.670626 n-d-792394-6 devstack@placement-api.service[93613]: DEBUG placement.requestlog [req-26b2175b-817d-44f0-b171-b3edc32983d5 req-66222dfd-dfb5-4058-a584-aaf1d78cb99b None None] Starting request: 10.222.0.58 "GET /placement/allocations/355658db-2f2f-493d-8b19-1396928de10e" {{(pid=93613) __call__ /opt/stack/placement/placement/requestlog.py:55}}
Jun 03 18:34:16.399676 n-d-792394-6 devstack@placement-api.service[93613]: INFO placement.requestlog [req-26b2175b-817d-44f0-b171-b3edc32983d5 req-66222dfd-dfb5-4058-a584-aaf1d78cb99b service placement] 10.222.0.58 "GET /placement/allocations/355658db-2f2f-493d-8b19-1396928de10e" status: 200 len: 19 microversion: 1.28
Jun 03 18:34:16.400552 n-d-792394-6 devstack@placement-api.service[93613]: [pid: 93613|app: 0|req: 19/36] 10.222.0.58 () {60 vars in 1380 bytes} [Thu Jun 3 18:34:15 2021] GET /placement/allocations/355658db-2f2f-493d-8b19-1396928de10e => generated 19 bytes in 730 msecs (HTTP/1.1 200) 8 headers in 295 bytes (1 switches on core 0)
Jun 03 18:34:16.405945 n-d-792394-6 devstack@placement-api.service[93614]: DEBUG placement.requestlog [req-26b2175b-817d-44f0-b171-b3edc32983d5 req-2dfe137d-43f8-49ee-b85c-7376eba86e2c None None] Starting request: 10.222.0.58 "PUT /placement/allocations/355658db-2f2f-493d-8b19-1396928de10e" {{(pid=93614) __call__ /opt/stack/placement/placement/requestlog.py:55}}
Jun 03 18:34:16.810674 n-d-792394-6 devstack@placement-api.service[93614]: DEBUG placement.handlers.allocation [req-26b2175b-817d-44f0-b171-b3edc32983d5 req-2dfe137d-43f8-49ee-b85c-7376eba86e2c service placement] Successfully wrote allocations [, , ] {{(pid=93614) _create_allocations /opt/stack/placement/placement/handlers/allocation.py:435}}
Jun 03 18:34:16.812240 n-d-792394-6 devstack@placement-api.service[93614]: INFO placement.requestlog [req-26b2175b-817d-44f0-b171-b3edc32983d5 req-2dfe137d-43f8-49ee-b85c-7376eba86e2c service placement] 10.222.0.58 "PUT /placement/allocations/355658db-2f2f-493d-8b19-1396928de10e" status: 204 len: 0 microversion: 1.36
Jun 03 18:34:16.813562 n-d-792394-6 devstack@placement-api.service[93614]: [pid: 93614|app: 0|req: 18/37] 10.222.0.58 () {64 vars in 1433 bytes} [Thu Jun 3 18:34:16 2021] PUT /placement/allocations/355658db-2f2f-493d-8b19-1396928de10e => generated 0 bytes in 408 msecs (HTTP/1.1 204) 5 headers in 199 bytes (2 switches on core 0)
Jun 03 18:34:18.461257 n-d-792394-6 devstack@placement-api.service[93613]: DEBUG placement.requestlog [req-26b2175b-817d-44f0-b171-b3edc32983d5 req-2b6dd912-7431-4697-807b-66c1c7fbb360 None None] Starting request: 10.222.0.60 "GET /placement/allocations/355658db-2f2f-493d-8b19-1396928de10e" {{(pid=93613) __call__ /opt/stack/placement/placement/requestlog.py:55}}
Jun 03 18:34:18.472755 n-d-792394-6 devstack@placement-api.service[93613]: INFO placement.requestlog [req-26b2175b-817d-44f0-b171-b3edc32983d5 req-2b6dd912-7431-4697-807b-66c1c7fbb360 service placement] 10.222.0.60 "GET /placement/allocations/355658db-2f2f-493d-8b19-1396928de10e" status: 200 len: 258 microversion: 1.28
Jun 03 18:34:18.473537 n-d-792394-6 devstack@placement-api.service[93613]: [pid: 93613|app: 0|req: 20/38] 10.222.0.60 () {60 vars in 1378 bytes} [Thu Jun 3 18:34:18 2021] GET /placement/allocations/355658db-2f2f-493d-8b19-1396928de10e => generated 258 bytes in 19 msecs (HTTP/1.1 200) 8 headers in 296 bytes (1 switches on core 0)
Jun 03 18:34:25.690002 n-d-792394-6 devstack@placement-api.service[93614]: DEBUG placement.requestlog [req-695ba1ca-dabb-4c82-bb84-597f4e91308a req-72c09e5e-ab7b-42e0-b6d9-68946b2d4f4f None None] Starting request: 10.222.0.58 "GET /placement/allocation_candidates?limit=1000&resources=DISK_GB%3A1%2CMEMORY_MB%3A1024%2CVCPU%3A1&root_required=%21COMPUTE_STATUS_DISABLED" {{(pid=93614) __call__ /opt/stack/placement/placement/requestlog.py:55}}
Jun 03 18:34:25.768228 n-d-792394-6 devstack@placement-api.service[93614]: DEBUG placement.objects.research_context [req-695ba1ca-dabb-4c82-bb84-597f4e91308a req-72c09e5e-ab7b-42e0-b6d9-68946b2d4f4f service placement] getting providers with 1 DISK_GB {{(pid=93614) __init__ /opt/stack/placement/placement/objects/research_context.py:126}}
Jun 03 18:34:25.776412 n-d-792394-6 devstack@placement-api.service[93614]: DEBUG placement.objects.research_context [req-695ba1ca-dabb-4c82-bb84-597f4e91308a req-72c09e5e-ab7b-42e0-b6d9-68946b2d4f4f service placement] getting providers with 1024 MEMORY_MB {{(pid=93614) __init__ /opt/stack/placement/placement/objects/research_context.py:126}}
Jun 03 18:34:25.783521 n-d-792394-6 devstack@placement-api.service[93614]: DEBUG placement.objects.research_context [req-695ba1ca-dabb-4c82-bb84-597f4e91308a req-72c09e5e-ab7b-42e0-b6d9-68946b2d4f4f service placement] getting providers with 1 VCPU {{(pid=93614) __init__ /opt/stack/placement/placement/objects/research_context.py:126}}
Jun 03 18:34:25.793400 n-d-792394-6 devstack@placement-api.service[93614]: DEBUG placement.objects.research_context [req-695ba1ca-dabb-4c82-bb84-597f4e91308a req-72c09e5e-ab7b-42e0-b6d9-68946b2d4f4f service placement] found 2 providers with available 1 DISK_GB {{(pid=93614) get_provider_ids_matching /opt/stack/placement/placement/objects/research_context.py:549}}
Jun 03 18:34:25.794161 n-d-792394-6 devstack@placement-api.service[93614]: DEBUG placement.objects.research_context [req-695ba1ca-dabb-4c82-bb84-597f4e91308a req-72c09e5e-ab7b-42e0-b6d9-68946b2d4f4f service placement] found 2 providers with available 1024 MEMORY_MB {{(pid=93614) get_provider_ids_matching /opt/stack/placement/placement/objects/research_context.py:549}}
Jun 03 18:34:25.794795 n-d-792394-6 devstack@placement-api.service[93614]: DEBUG placement.objects.research_context [req-695ba1ca-dabb-4c82-bb84-597f4e91308a req-72c09e5e-ab7b-42e0-b6d9-68946b2d4f4f service placement] found 2 providers after filtering by previous result {{(pid=93614) get_provider_ids_matching /opt/stack/placement/placement/objects/research_context.py:580}}
Jun 03 18:34:25.795479 n-d-792394-6 devstack@placement-api.service[93614]: DEBUG placement.objects.research_context [req-695ba1ca-dabb-4c82-bb84-597f4e91308a req-72c09e5e-ab7b-42e0-b6d9-68946b2d4f4f service placement] found 2 providers with available 1 VCPU {{(pid=93614) get_provider_ids_matching /opt/stack/placement/placement/objects/research_context.py:549}}
Jun 03 18:34:25.796142 n-d-792394-6 devstack@placement-api.service[93614]: DEBUG placement.objects.research_context [req-695ba1ca-dabb-4c82-bb84-597f4e91308a req-72c09e5e-ab7b-42e0-b6d9-68946b2d4f4f service placement] found 2 providers after filtering by previous result {{(pid=93614) get_provider_ids_matching /opt/stack/placement/placement/objects/research_context.py:580}}
Jun 03 18:34:25.825916 n-d-792394-6 devstack@placement-api.service[93614]: DEBUG placement.objects.allocation_candidate [req-695ba1ca-dabb-4c82-bb84-597f4e91308a req-72c09e5e-ab7b-42e0-b6d9-68946b2d4f4f service placement] RequestGroup(use_same_provider=False, resources={DISK_GB:1, MEMORY_MB:1024, VCPU:1}, traits=[], aggregates=[]) (suffix '') returned 2 matches {{(pid=93614) _get_by_requests /opt/stack/placement/placement/objects/allocation_candidate.py:145}}
Jun 03 18:34:25.826556 n-d-792394-6 devstack@placement-api.service[93614]: DEBUG placement.objects.allocation_candidate [req-695ba1ca-dabb-4c82-bb84-597f4e91308a req-72c09e5e-ab7b-42e0-b6d9-68946b2d4f4f service placement] Merging candidates yields 2 allocation requests and 2 provider summaries {{(pid=93614) _merge_candidates /opt/stack/placement/placement/objects/allocation_candidate.py:783}}
Jun 03 18:34:25.828387 n-d-792394-6 devstack@placement-api.service[93614]: INFO placement.requestlog [req-695ba1ca-dabb-4c82-bb84-597f4e91308a req-72c09e5e-ab7b-42e0-b6d9-68946b2d4f4f service placement] 10.222.0.58 "GET /placement/allocation_candidates?limit=1000&resources=DISK_GB%3A1%2CMEMORY_MB%3A1024%2CVCPU%3A1&root_required=%21COMPUTE_STATUS_DISABLED" status: 200 len: 1306 microversion: 1.36
Jun 03 18:34:25.841125 n-d-792394-6 devstack@placement-api.service[93614]: [pid: 93614|app: 0|req: 19/39] 10.222.0.58 () {60 vars in 1506 bytes} [Thu Jun 3 18:34:25 2021] GET /placement/allocation_candidates?limit=1000&resources=DISK_GB%3A1%2CMEMORY_MB%3A1024%2CVCPU%3A1&root_required=%21COMPUTE_STATUS_DISABLED => generated 1306 bytes in 151 msecs (HTTP/1.1 200) 8 headers in 297 bytes (1 switches on core 0)
Jun 03 18:34:26.087114 n-d-792394-6 devstack@placement-api.service[93613]: DEBUG placement.requestlog [req-695ba1ca-dabb-4c82-bb84-597f4e91308a req-4fd4d3fe-6f41-4324-9d55-1be8d6577cdc None None] Starting request: 10.222.0.58 "GET /placement/allocations/1457b39f-ba43-4528-9e5d-390d494b976e" {{(pid=93613) __call__ /opt/stack/placement/placement/requestlog.py:55}}
Jun 03 18:34:26.098707 n-d-792394-6 devstack@placement-api.service[93613]: INFO placement.requestlog [req-695ba1ca-dabb-4c82-bb84-597f4e91308a req-4fd4d3fe-6f41-4324-9d55-1be8d6577cdc service placement] 10.222.0.58 "GET /placement/allocations/1457b39f-ba43-4528-9e5d-390d494b976e" status: 200 len: 19 microversion: 1.28
Jun 03 18:34:26.101191 n-d-792394-6 devstack@placement-api.service[93613]: [pid: 93613|app: 0|req: 21/40] 10.222.0.58 () {60 vars in 1380 bytes} [Thu Jun 3 18:34:26 2021] GET /placement/allocations/1457b39f-ba43-4528-9e5d-390d494b976e => generated 19 bytes in 14 msecs (HTTP/1.1 200) 8 headers in 295 bytes (2 switches on core 0)
Jun 03 18:34:26.136748 n-d-792394-6 devstack@placement-api.service[93614]: DEBUG placement.requestlog [req-695ba1ca-dabb-4c82-bb84-597f4e91308a req-d33ba055-348f-4af6-9f29-0bd20af62724 None None] Starting request: 10.222.0.58 "PUT /placement/allocations/1457b39f-ba43-4528-9e5d-390d494b976e" {{(pid=93614) __call__ /opt/stack/placement/placement/requestlog.py:55}}
Jun 03 18:34:26.952895 n-d-792394-6 devstack@placement-api.service[93614]: DEBUG placement.handlers.allocation [req-695ba1ca-dabb-4c82-bb84-597f4e91308a req-d33ba055-348f-4af6-9f29-0bd20af62724 service placement] Successfully wrote allocations [, , ] {{(pid=93614) _create_allocations /opt/stack/placement/placement/handlers/allocation.py:435}}
Jun 03 18:34:26.953478 n-d-792394-6 devstack@placement-api.service[93614]: INFO placement.requestlog [req-695ba1ca-dabb-4c82-bb84-597f4e91308a req-d33ba055-348f-4af6-9f29-0bd20af62724 service placement] 10.222.0.58 "PUT /placement/allocations/1457b39f-ba43-4528-9e5d-390d494b976e" status: 204 len: 0 microversion: 1.36
Jun 03 18:34:26.953696 n-d-792394-6 devstack@placement-api.service[93614]: [pid: 93614|app: 0|req: 20/41] 10.222.0.58 () {64 vars in 1433 bytes} [Thu Jun 3 18:34:26 2021] PUT /placement/allocations/1457b39f-ba43-4528-9e5d-390d494b976e => generated 0 bytes in 817 msecs (HTTP/1.1 204) 5 headers in 199 bytes (2 switches on core 0)
Jun 03 18:34:29.491311 n-d-792394-6 devstack@placement-api.service[93613]: DEBUG placement.requestlog [req-695ba1ca-dabb-4c82-bb84-597f4e91308a req-1dbf019a-cae5-41df-9cc4-31adae79d7cb None None] Starting request: 10.222.0.47 "GET /placement/allocations/1457b39f-ba43-4528-9e5d-390d494b976e" {{(pid=93613) __call__ /opt/stack/placement/placement/requestlog.py:55}}
Jun 03 18:34:29.513278 n-d-792394-6 devstack@placement-api.service[93613]: INFO placement.requestlog [req-695ba1ca-dabb-4c82-bb84-597f4e91308a req-1dbf019a-cae5-41df-9cc4-31adae79d7cb service placement] 10.222.0.47 "GET /placement/allocations/1457b39f-ba43-4528-9e5d-390d494b976e" status: 200 len: 258 microversion: 1.28
Jun 03 18:34:29.514415 n-d-792394-6 devstack@placement-api.service[93613]: [pid: 93613|app: 0|req: 22/42] 10.222.0.47 () {60 vars in 1378 bytes} [Thu Jun 3 18:34:29 2021] GET /placement/allocations/1457b39f-ba43-4528-9e5d-390d494b976e => generated 258 bytes in 23 msecs (HTTP/1.1 200) 8 headers in 296 bytes (2 switches on core 0)
Jun 03 18:34:46.507556 n-d-792394-6 devstack@placement-api.service[93614]: DEBUG placement.requestlog [req-4a9e6c18-4ccc-4ac7-8754-4dfd5615caf8 req-195cb53a-14c7-4d50-9e76-fe43282089c7 None None] Starting request: 10.222.0.60 "GET /placement/resource_providers/677f713e-5b1b-4f9c-8dc1-75db7f190722/allocations" {{(pid=93614) __call__ /opt/stack/placement/placement/requestlog.py:55}}
Jun 03 18:34:46.528319 n-d-792394-6 devstack@placement-api.service[93614]: INFO placement.requestlog [req-4a9e6c18-4ccc-4ac7-8754-4dfd5615caf8 req-195cb53a-14c7-4d50-9e76-fe43282089c7 service placement] 10.222.0.60 "GET /placement/resource_providers/677f713e-5b1b-4f9c-8dc1-75db7f190722/allocations" status: 200 len: 153 microversion: 1.0
Jun 03 18:34:46.528807 n-d-792394-6 devstack@placement-api.service[93614]: [pid: 93614|app: 0|req: 21/43] 10.222.0.60 () {58 vars in 1391 bytes} [Thu Jun 3 18:34:46 2021] GET /placement/resource_providers/677f713e-5b1b-4f9c-8dc1-75db7f190722/allocations => generated 153 bytes in 21 msecs (HTTP/1.1 200) 6 headers in 224 bytes (1 switches on core 0)
Jun 03 18:34:48.711088 n-d-792394-6 devstack@placement-api.service[93613]: DEBUG placement.requestlog [req-a4b38b05-dbc7-428b-9b29-a2a4a5715814 req-677589ba-7a35-4116-8971-19d922504848 None None] Starting request: 10.222.0.58 "GET /placement/allocation_candidates?limit=1000&resources=DISK_GB%3A1%2CMEMORY_MB%3A1024%2CVCPU%3A1&root_required=%21COMPUTE_STATUS_DISABLED" {{(pid=93613) __call__ /opt/stack/placement/placement/requestlog.py:55}}
Jun 03 18:34:48.744830 n-d-792394-6 devstack@placement-api.service[93613]: DEBUG placement.objects.research_context [req-a4b38b05-dbc7-428b-9b29-a2a4a5715814 req-677589ba-7a35-4116-8971-19d922504848 service placement] getting providers with 1 DISK_GB {{(pid=93613) __init__ /opt/stack/placement/placement/objects/research_context.py:126}}
Jun 03 18:34:48.750883 n-d-792394-6 devstack@placement-api.service[93613]: DEBUG placement.objects.research_context [req-a4b38b05-dbc7-428b-9b29-a2a4a5715814 req-677589ba-7a35-4116-8971-19d922504848 service placement] getting providers with 1024 MEMORY_MB {{(pid=93613) __init__ /opt/stack/placement/placement/objects/research_context.py:126}}
Jun 03 18:34:48.757773 n-d-792394-6 devstack@placement-api.service[93613]: DEBUG placement.objects.research_context [req-a4b38b05-dbc7-428b-9b29-a2a4a5715814 req-677589ba-7a35-4116-8971-19d922504848 service placement] getting providers with 1 VCPU {{(pid=93613) __init__ /opt/stack/placement/placement/objects/research_context.py:126}}
Jun 03 18:34:48.763663 n-d-792394-6 devstack@placement-api.service[93613]: DEBUG placement.objects.research_context [req-a4b38b05-dbc7-428b-9b29-a2a4a5715814 req-677589ba-7a35-4116-8971-19d922504848 service placement] found 2 providers with available 1 DISK_GB {{(pid=93613) get_provider_ids_matching /opt/stack/placement/placement/objects/research_context.py:549}}
Jun 03 18:34:48.763946 n-d-792394-6 devstack@placement-api.service[93613]: DEBUG placement.objects.research_context [req-a4b38b05-dbc7-428b-9b29-a2a4a5715814 req-677589ba-7a35-4116-8971-19d922504848 service placement] found 2 providers with available 1024 MEMORY_MB {{(pid=93613) get_provider_ids_matching /opt/stack/placement/placement/objects/research_context.py:549}}
Jun 03 18:34:48.764397 n-d-792394-6 devstack@placement-api.service[93613]: DEBUG placement.objects.research_context [req-a4b38b05-dbc7-428b-9b29-a2a4a5715814 req-677589ba-7a35-4116-8971-19d922504848 service placement] found 2 providers after filtering by previous result {{(pid=93613) get_provider_ids_matching /opt/stack/placement/placement/objects/research_context.py:580}}
Jun 03 18:34:48.764687 n-d-792394-6 devstack@placement-api.service[93613]: DEBUG placement.objects.research_context [req-a4b38b05-dbc7-428b-9b29-a2a4a5715814 req-677589ba-7a35-4116-8971-19d922504848 service placement] found 2 providers with available 1 VCPU {{(pid=93613) get_provider_ids_matching /opt/stack/placement/placement/objects/research_context.py:549}}
Jun 03 18:34:48.764962 n-d-792394-6 devstack@placement-api.service[93613]: DEBUG placement.objects.research_context [req-a4b38b05-dbc7-428b-9b29-a2a4a5715814 req-677589ba-7a35-4116-8971-19d922504848 service placement] found 2 providers after filtering by previous result {{(pid=93613) get_provider_ids_matching /opt/stack/placement/placement/objects/research_context.py:580}}
Jun 03 18:34:48.778855 n-d-792394-6 devstack@placement-api.service[93613]: DEBUG placement.objects.allocation_candidate [req-a4b38b05-dbc7-428b-9b29-a2a4a5715814 req-677589ba-7a35-4116-8971-19d922504848 service placement] RequestGroup(use_same_provider=False, resources={DISK_GB:1, MEMORY_MB:1024, VCPU:1}, traits=[], aggregates=[]) (suffix '') returned 2 matches {{(pid=93613) _get_by_requests /opt/stack/placement/placement/objects/allocation_candidate.py:145}}
Jun 03 18:34:48.779512 n-d-792394-6 devstack@placement-api.service[93613]: DEBUG placement.objects.allocation_candidate [req-a4b38b05-dbc7-428b-9b29-a2a4a5715814 req-677589ba-7a35-4116-8971-19d922504848 service placement] Merging candidates yields 2 allocation requests and 2 provider summaries {{(pid=93613) _merge_candidates /opt/stack/placement/placement/objects/allocation_candidate.py:783}}
Jun 03 18:34:48.781238 n-d-792394-6 devstack@placement-api.service[93613]: INFO placement.requestlog [req-a4b38b05-dbc7-428b-9b29-a2a4a5715814 req-677589ba-7a35-4116-8971-19d922504848 service placement] 10.222.0.58 "GET /placement/allocation_candidates?limit=1000&resources=DISK_GB%3A1%2CMEMORY_MB%3A1024%2CVCPU%3A1&root_required=%21COMPUTE_STATUS_DISABLED" status: 200 len: 1309 microversion: 1.36
Jun 03 18:34:48.781516 n-d-792394-6 devstack@placement-api.service[93613]: [pid: 93613|app: 0|req: 23/44] 10.222.0.58 () {60 vars in 1506 bytes} [Thu Jun 3 18:34:48 2021] GET /placement/allocation_candidates?limit=1000&resources=DISK_GB%3A1%2CMEMORY_MB%3A1024%2CVCPU%3A1&root_required=%21COMPUTE_STATUS_DISABLED => generated 1309 bytes in 71 msecs (HTTP/1.1 200) 8 headers in 297 bytes (1 switches on core 0)
Jun 03 18:34:48.834973 n-d-792394-6 devstack@placement-api.service[93614]: DEBUG placement.requestlog [req-a4b38b05-dbc7-428b-9b29-a2a4a5715814 req-5142280a-6ed5-4aae-930a-449fe0635e0b None None] Starting request: 10.222.0.58 "GET /placement/allocations/439815f1-9bea-47ca-b01c-7687dd95afd6" {{(pid=93614) __call__ /opt/stack/placement/placement/requestlog.py:55}}
Jun 03 18:34:48.845473 n-d-792394-6 devstack@placement-api.service[93614]: INFO placement.requestlog [req-a4b38b05-dbc7-428b-9b29-a2a4a5715814 req-5142280a-6ed5-4aae-930a-449fe0635e0b service placement] 10.222.0.58 "GET /placement/allocations/439815f1-9bea-47ca-b01c-7687dd95afd6" status: 200 len: 19 microversion: 1.28
Jun 03 18:34:48.846119 n-d-792394-6 devstack@placement-api.service[93614]: [pid: 93614|app: 0|req: 22/45] 10.222.0.58 () {60 vars in 1380 bytes} [Thu Jun 3 18:34:48 2021] GET /placement/allocations/439815f1-9bea-47ca-b01c-7687dd95afd6 => generated 19 bytes in 11 msecs (HTTP/1.1 200) 8 headers in 295 bytes (2 switches on core 0)
Jun 03 18:34:48.851386 n-d-792394-6 devstack@placement-api.service[93613]: DEBUG placement.requestlog [req-a4b38b05-dbc7-428b-9b29-a2a4a5715814 req-0b5c8f29-6c7a-4520-b720-501dadea2e1e None None] Starting request: 10.222.0.58 "PUT /placement/allocations/439815f1-9bea-47ca-b01c-7687dd95afd6" {{(pid=93613) __call__ /opt/stack/placement/placement/requestlog.py:55}}
Jun 03 18:34:49.341848 n-d-792394-6 devstack@placement-api.service[93613]: DEBUG placement.handlers.allocation [req-a4b38b05-dbc7-428b-9b29-a2a4a5715814 req-0b5c8f29-6c7a-4520-b720-501dadea2e1e service placement] Successfully wrote allocations [, , ] {{(pid=93613) _create_allocations /opt/stack/placement/placement/handlers/allocation.py:435}}
Jun 03 18:34:49.342586 n-d-792394-6 devstack@placement-api.service[93613]: INFO placement.requestlog [req-a4b38b05-dbc7-428b-9b29-a2a4a5715814 req-0b5c8f29-6c7a-4520-b720-501dadea2e1e service placement] 10.222.0.58 "PUT /placement/allocations/439815f1-9bea-47ca-b01c-7687dd95afd6" status: 204 len: 0 microversion: 1.36
Jun 03 18:34:49.343243 n-d-792394-6 devstack@placement-api.service[93613]: [pid: 93613|app: 0|req: 24/46] 10.222.0.58 () {64 vars in 1433 bytes} [Thu Jun 3 18:34:48 2021] PUT /placement/allocations/439815f1-9bea-47ca-b01c-7687dd95afd6 => generated 0 bytes in 492 msecs (HTTP/1.1 204) 5 headers in 199 bytes (1 switches on core 0)
Jun 03 18:34:50.583991 n-d-792394-6 devstack@placement-api.service[93614]: DEBUG placement.requestlog [req-a4b38b05-dbc7-428b-9b29-a2a4a5715814 req-6b5ea7aa-d70e-4cc7-8e91-99dbe7770bcd None None] Starting request: 10.222.0.47 "GET /placement/allocations/439815f1-9bea-47ca-b01c-7687dd95afd6" {{(pid=93614) __call__ /opt/stack/placement/placement/requestlog.py:55}}
Jun 03 18:34:50.610170 n-d-792394-6 devstack@placement-api.service[93614]: INFO placement.requestlog [req-a4b38b05-dbc7-428b-9b29-a2a4a5715814 req-6b5ea7aa-d70e-4cc7-8e91-99dbe7770bcd service placement] 10.222.0.47 "GET /placement/allocations/439815f1-9bea-47ca-b01c-7687dd95afd6" status: 200 len: 258 microversion: 1.28
Jun 03 18:34:50.610961 n-d-792394-6 devstack@placement-api.service[93614]: [pid: 93614|app: 0|req: 23/47] 10.222.0.47 () {60 vars in 1378 bytes} [Thu Jun 3 18:34:50 2021] GET /placement/allocations/439815f1-9bea-47ca-b01c-7687dd95afd6 => generated 258 bytes in 27 msecs (HTTP/1.1 200) 8 headers in 296 bytes (1 switches on core 0)
Jun 03 18:34:51.419861 n-d-792394-6 devstack@placement-api.service[93613]: DEBUG placement.requestlog [req-7eae0b10-133b-4040-8210-0aab5a7837cd req-8d29acf7-fcc6-4231-aa53-d3281b1e86c8 None None] Starting request: 10.222.0.47 "GET /placement/resource_providers/8c9593f7-aef3-40be-a36f-6376fb63ba2f/allocations" {{(pid=93613) __call__ /opt/stack/placement/placement/requestlog.py:55}}
Jun 03 18:34:51.454001 n-d-792394-6 devstack@placement-api.service[93613]: INFO placement.requestlog [req-7eae0b10-133b-4040-8210-0aab5a7837cd req-8d29acf7-fcc6-4231-aa53-d3281b1e86c8 service placement] 10.222.0.47 "GET /placement/resource_providers/8c9593f7-aef3-40be-a36f-6376fb63ba2f/allocations" status: 200 len: 254 microversion: 1.0
Jun 03 18:34:51.455824 n-d-792394-6 devstack@placement-api.service[93613]: [pid: 93613|app: 0|req: 25/48] 10.222.0.47 () {58 vars in 1391 bytes} [Thu Jun 3 18:34:51 2021] GET /placement/resource_providers/8c9593f7-aef3-40be-a36f-6376fb63ba2f/allocations => generated 254 bytes in 36 msecs (HTTP/1.1 200) 6 headers in 224 bytes (1 switches on core 0)
Jun 03 18:34:52.066986 n-d-792394-6 devstack@placement-api.service[93614]: DEBUG placement.requestlog [req-2f473c42-63b4-406b-83a1-2adf9499c588 req-51d15c2b-d069-4846-bb1c-74f278c1144c None None] Starting request: 10.222.0.58 "GET /placement/resource_providers?name=n-h1-792394-6" {{(pid=93614) __call__ /opt/stack/placement/placement/requestlog.py:55}}
Jun 03 18:34:52.081774 n-d-792394-6 devstack@placement-api.service[93614]: INFO placement.requestlog [req-2f473c42-63b4-406b-83a1-2adf9499c588 req-51d15c2b-d069-4846-bb1c-74f278c1144c service placement] 10.222.0.58 "GET /placement/resource_providers?name=n-h1-792394-6" status: 200 len: 440 microversion: 1.0
Jun 03 18:34:52.082587 n-d-792394-6 devstack@placement-api.service[93614]: [pid: 93614|app: 0|req: 24/49] 10.222.0.58 () {58 vars in 1274 bytes} [Thu Jun 3 18:34:52 2021] GET /placement/resource_providers?name=n-h1-792394-6 => generated 440 bytes in 16 msecs (HTTP/1.1 200) 6 headers in 224 bytes (1 switches on core 0)
Jun 03 18:34:52.090196 n-d-792394-6 devstack@placement-api.service[93613]: DEBUG placement.requestlog [req-2f473c42-63b4-406b-83a1-2adf9499c588 req-e1c72245-8c94-4250-83ef-bb95becfeec8 None None] Starting request: 10.222.0.58 "GET /placement/resource_providers/677f713e-5b1b-4f9c-8dc1-75db7f190722/aggregates" {{(pid=93613) __call__ /opt/stack/placement/placement/requestlog.py:55}}
Jun 03 18:34:52.142993 n-d-792394-6 devstack@placement-api.service[93613]: INFO placement.requestlog [req-2f473c42-63b4-406b-83a1-2adf9499c588 req-e1c72245-8c94-4250-83ef-bb95becfeec8 service placement] 10.222.0.58 "GET /placement/resource_providers/677f713e-5b1b-4f9c-8dc1-75db7f190722/aggregates" status: 200 len: 91 microversion: 1.19
Jun 03 18:34:52.153178 n-d-792394-6 devstack@placement-api.service[93614]: DEBUG placement.requestlog [req-2f473c42-63b4-406b-83a1-2adf9499c588 req-f1cbc694-e653-4762-b432-df9197008d32 None None] Starting request: 10.222.0.58 "PUT /placement/resource_providers/677f713e-5b1b-4f9c-8dc1-75db7f190722/aggregates" {{(pid=93614) __call__ /opt/stack/placement/placement/requestlog.py:55}}
Jun 03 18:34:52.154160 n-d-792394-6 devstack@placement-api.service[93613]: [pid: 93613|app: 0|req: 26/50] 10.222.0.58 () {60 vars in 1425 bytes} [Thu Jun 3 18:34:52 2021] GET /placement/resource_providers/677f713e-5b1b-4f9c-8dc1-75db7f190722/aggregates => generated 91 bytes in 64 msecs (HTTP/1.1 200) 8 headers in 295 bytes (1 switches on core 0)
Jun 03 18:34:52.179065 n-d-792394-6 devstack@placement-api.service[93614]: DEBUG placement.objects.resource_provider [req-2f473c42-63b4-406b-83a1-2adf9499c588 req-f1cbc694-e653-4762-b432-df9197008d32 service placement] Setting aggregates for provider 677f713e-5b1b-4f9c-8dc1-75db7f190722. Successfully disassociated aggregate 6baee0e3-363a-48c6-b16e-2aeecec88f4a. {{(pid=93614) _set_aggregates /opt/stack/placement/placement/objects/resource_provider.py:402}}
Jun 03 18:34:52.301915 n-d-792394-6 devstack@placement-api.service[93614]: INFO placement.requestlog [req-2f473c42-63b4-406b-83a1-2adf9499c588 req-f1cbc694-e653-4762-b432-df9197008d32 service placement] 10.222.0.58 "PUT /placement/resource_providers/677f713e-5b1b-4f9c-8dc1-75db7f190722/aggregates" status: 200 len: 53 microversion: 1.19
Jun 03 18:34:52.302533 n-d-792394-6 devstack@placement-api.service[93614]: [pid: 93614|app: 0|req: 25/51] 10.222.0.58 () {64 vars in 1477 bytes} [Thu Jun 3 18:34:52 2021] PUT /placement/resource_providers/677f713e-5b1b-4f9c-8dc1-75db7f190722/aggregates => generated 53 bytes in 149 msecs (HTTP/1.1 200) 8 headers in 295 bytes (1 switches on core 0)
Jun 03 18:34:52.958664 n-d-792394-6 devstack@placement-api.service[93613]: DEBUG placement.requestlog [req-04698147-998a-48ff-ad0c-1eb87b3a5c4e req-24b80064-4409-431d-b0fb-05ce648ff855 None None] Starting request: 10.222.0.58 "GET /placement/resource_providers?name=n-h1-792394-6" {{(pid=93613) __call__ /opt/stack/placement/placement/requestlog.py:55}}
Jun 03 18:34:52.972728 n-d-792394-6 devstack@placement-api.service[93613]: INFO placement.requestlog [req-04698147-998a-48ff-ad0c-1eb87b3a5c4e req-24b80064-4409-431d-b0fb-05ce648ff855 service placement] 10.222.0.58 "GET /placement/resource_providers?name=n-h1-792394-6" status: 200 len: 440 microversion: 1.0
Jun 03 18:34:52.974625 n-d-792394-6 devstack@placement-api.service[93613]: [pid: 93613|app: 0|req: 27/52] 10.222.0.58 () {58 vars in 1274 bytes} [Thu Jun 3 18:34:52 2021] GET /placement/resource_providers?name=n-h1-792394-6 => generated 440 bytes in 15 msecs (HTTP/1.1 200) 6 headers in 224 bytes (1 switches on core 0)
Jun 03 18:34:52.980106 n-d-792394-6 devstack@placement-api.service[93614]: DEBUG placement.requestlog [req-04698147-998a-48ff-ad0c-1eb87b3a5c4e req-676f3bbb-dc1a-4634-a32d-2904739ea7d1 None None] Starting request: 10.222.0.58 "GET /placement/resource_providers/677f713e-5b1b-4f9c-8dc1-75db7f190722/aggregates" {{(pid=93614) __call__ /opt/stack/placement/placement/requestlog.py:55}}
Jun 03 18:34:53.026586 n-d-792394-6 devstack@placement-api.service[93614]: INFO placement.requestlog [req-04698147-998a-48ff-ad0c-1eb87b3a5c4e req-676f3bbb-dc1a-4634-a32d-2904739ea7d1 service placement] 10.222.0.58 "GET /placement/resource_providers/677f713e-5b1b-4f9c-8dc1-75db7f190722/aggregates" status: 200 len: 53 microversion: 1.19
Jun 03 18:34:53.027386 n-d-792394-6 devstack@placement-api.service[93614]: [pid: 93614|app: 0|req: 26/53] 10.222.0.58 () {60 vars in 1425 bytes} [Thu Jun 3 18:34:52 2021] GET /placement/resource_providers/677f713e-5b1b-4f9c-8dc1-75db7f190722/aggregates => generated 53 bytes in 47 msecs (HTTP/1.1 200) 8 headers in 295 bytes (1 switches on core 0)
Jun 03 18:34:53.033970 n-d-792394-6 devstack@placement-api.service[93613]: DEBUG placement.requestlog [req-04698147-998a-48ff-ad0c-1eb87b3a5c4e req-23bb373a-485d-420d-8fe6-cf7eb03c7052 None None] Starting request: 10.222.0.58 "PUT /placement/resource_providers/677f713e-5b1b-4f9c-8dc1-75db7f190722/aggregates" {{(pid=93613) __call__ /opt/stack/placement/placement/requestlog.py:55}}
Jun 03 18:34:53.049932 n-d-792394-6 devstack@placement-api.service[93613]: DEBUG placement.objects.resource_provider [req-04698147-998a-48ff-ad0c-1eb87b3a5c4e req-23bb373a-485d-420d-8fe6-cf7eb03c7052 service placement] _ensure_aggregate() did not find aggregate b70fd01d-db2d-4fc2-85ee-8067b64f86d1. Attempting to create it. {{(pid=93613) _ensure_aggregate /opt/stack/placement/placement/objects/resource_provider.py:319}}
Jun 03 18:34:53.051697 n-d-792394-6 devstack@placement-api.service[93613]: DEBUG placement.objects.resource_provider [req-04698147-998a-48ff-ad0c-1eb87b3a5c4e req-23bb373a-485d-420d-8fe6-cf7eb03c7052 service placement] _ensure_aggregate() created new aggregate b70fd01d-db2d-4fc2-85ee-8067b64f86d1 (id=3). {{(pid=93613) _ensure_aggregate /opt/stack/placement/placement/objects/resource_provider.py:325}}
Jun 03 18:34:53.053221 n-d-792394-6 devstack@placement-api.service[93613]: DEBUG placement.objects.resource_provider [req-04698147-998a-48ff-ad0c-1eb87b3a5c4e req-23bb373a-485d-420d-8fe6-cf7eb03c7052 service placement] Setting aggregates for provider 677f713e-5b1b-4f9c-8dc1-75db7f190722. Successfully associated aggregate b70fd01d-db2d-4fc2-85ee-8067b64f86d1. {{(pid=93613) _set_aggregates /opt/stack/placement/placement/objects/resource_provider.py:387}}
Jun 03 18:34:53.182887 n-d-792394-6 devstack@placement-api.service[93613]: INFO placement.requestlog [req-04698147-998a-48ff-ad0c-1eb87b3a5c4e req-23bb373a-485d-420d-8fe6-cf7eb03c7052 service placement] 10.222.0.58 "PUT /placement/resource_providers/677f713e-5b1b-4f9c-8dc1-75db7f190722/aggregates" status: 200 len: 91 microversion: 1.19
Jun 03 18:34:53.184176 n-d-792394-6 devstack@placement-api.service[93613]: [pid: 93613|app: 0|req: 28/54] 10.222.0.58 () {64 vars in 1477 bytes} [Thu Jun 3 18:34:53 2021] PUT /placement/resource_providers/677f713e-5b1b-4f9c-8dc1-75db7f190722/aggregates => generated 91 bytes in 151 msecs (HTTP/1.1 200) 8 headers in 295 bytes (2 switches on core 0)
Jun 03 18:34:53.422862 n-d-792394-6 devstack@placement-api.service[93614]: DEBUG placement.requestlog [req-091976fd-dd3a-4b08-b18c-3abbf6a8c42d req-0139cb2c-38f4-4b97-863b-abc0e26d4cf8 None None] Starting request: 10.222.0.58 "GET /placement/resource_providers?name=n-h1-792394-6" {{(pid=93614) __call__ /opt/stack/placement/placement/requestlog.py:55}}
Jun 03 18:34:53.443907 n-d-792394-6 devstack@placement-api.service[93614]: INFO placement.requestlog [req-091976fd-dd3a-4b08-b18c-3abbf6a8c42d req-0139cb2c-38f4-4b97-863b-abc0e26d4cf8 service placement] 10.222.0.58 "GET /placement/resource_providers?name=n-h1-792394-6" status: 200 len: 440 microversion: 1.0
Jun 03 18:34:53.444719 n-d-792394-6 devstack@placement-api.service[93614]: [pid: 93614|app: 0|req: 27/55] 10.222.0.58 () {58 vars in 1274 bytes} [Thu Jun 3 18:34:53 2021] GET /placement/resource_providers?name=n-h1-792394-6 => generated 440 bytes in 22 msecs (HTTP/1.1 200) 6 headers in 224 bytes (2 switches on core 0)
Jun 03 18:34:53.454946 n-d-792394-6 devstack@placement-api.service[93613]: DEBUG placement.requestlog [req-091976fd-dd3a-4b08-b18c-3abbf6a8c42d req-8f90eb89-d937-49a4-99b9-4b55c2568c7e None None] Starting request: 10.222.0.58 "GET /placement/resource_providers/677f713e-5b1b-4f9c-8dc1-75db7f190722/aggregates" {{(pid=93613) __call__ /opt/stack/placement/placement/requestlog.py:55}}
Jun 03 18:34:53.475480 n-d-792394-6 devstack@placement-api.service[93613]: INFO placement.requestlog [req-091976fd-dd3a-4b08-b18c-3abbf6a8c42d req-8f90eb89-d937-49a4-99b9-4b55c2568c7e service placement] 10.222.0.58 "GET /placement/resource_providers/677f713e-5b1b-4f9c-8dc1-75db7f190722/aggregates" status: 200 len: 91 microversion: 1.19
Jun 03 18:34:53.477115 n-d-792394-6 devstack@placement-api.service[93613]: [pid: 93613|app: 0|req: 29/56] 10.222.0.58 () {60 vars in 1425 bytes} [Thu Jun 3 18:34:53 2021] GET /placement/resource_providers/677f713e-5b1b-4f9c-8dc1-75db7f190722/aggregates => generated 91 bytes in 22 msecs (HTTP/1.1 200) 8 headers in 295 bytes (2 switches on core 0)
Jun 03 18:34:53.489679 n-d-792394-6 devstack@placement-api.service[93614]: DEBUG placement.requestlog [req-091976fd-dd3a-4b08-b18c-3abbf6a8c42d req-b4b1c04b-a0b1-450d-a216-3b3cf9e7dc53 None None] Starting request: 10.222.0.58 "PUT /placement/resource_providers/677f713e-5b1b-4f9c-8dc1-75db7f190722/aggregates" {{(pid=93614) __call__ /opt/stack/placement/placement/requestlog.py:55}}
Jun 03 18:34:53.512082 n-d-792394-6 devstack@placement-api.service[93614]: DEBUG placement.objects.resource_provider [req-091976fd-dd3a-4b08-b18c-3abbf6a8c42d req-b4b1c04b-a0b1-450d-a216-3b3cf9e7dc53 service placement] Setting aggregates for provider 677f713e-5b1b-4f9c-8dc1-75db7f190722. Successfully disassociated aggregate b70fd01d-db2d-4fc2-85ee-8067b64f86d1. {{(pid=93614) _set_aggregates /opt/stack/placement/placement/objects/resource_provider.py:402}}
Jun 03 18:34:53.602143 n-d-792394-6 devstack@placement-api.service[93614]: INFO placement.requestlog [req-091976fd-dd3a-4b08-b18c-3abbf6a8c42d req-b4b1c04b-a0b1-450d-a216-3b3cf9e7dc53 service placement] 10.222.0.58 "PUT /placement/resource_providers/677f713e-5b1b-4f9c-8dc1-75db7f190722/aggregates" status: 200 len: 53 microversion: 1.19
Jun 03 18:34:53.605887 n-d-792394-6 devstack@placement-api.service[93614]: [pid: 93614|app: 0|req: 28/57] 10.222.0.58 () {64 vars in 1477 bytes} [Thu Jun 3 18:34:53 2021] PUT /placement/resource_providers/677f713e-5b1b-4f9c-8dc1-75db7f190722/aggregates => generated 53 bytes in 113 msecs (HTTP/1.1 200) 8 headers in 295 bytes (2 switches on core 0)
Jun 03 18:34:54.283638 n-d-792394-6 devstack@placement-api.service[93613]: DEBUG placement.requestlog [req-fa34bade-bb75-4c01-98b5-b7f33e1b42bf req-62ff7791-a13e-4215-b14a-9f8ea7867f9f None None] Starting request: 10.222.0.58 "GET /placement/resource_providers?name=n-h1-792394-6" {{(pid=93613) __call__ /opt/stack/placement/placement/requestlog.py:55}}
Jun 03 18:34:54.301121 n-d-792394-6 devstack@placement-api.service[93613]: INFO placement.requestlog [req-fa34bade-bb75-4c01-98b5-b7f33e1b42bf req-62ff7791-a13e-4215-b14a-9f8ea7867f9f service placement] 10.222.0.58 "GET /placement/resource_providers?name=n-h1-792394-6" status: 200 len: 440 microversion: 1.0
Jun 03 18:34:54.306635 n-d-792394-6 devstack@placement-api.service[93613]: [pid: 93613|app: 0|req: 30/58] 10.222.0.58 () {58 vars in 1274 bytes} [Thu Jun 3 18:34:54 2021] GET /placement/resource_providers?name=n-h1-792394-6 => generated 440 bytes in 23 msecs (HTTP/1.1 200) 6 headers in 224 bytes (1 switches on core 0)
Jun 03 18:34:54.310204 n-d-792394-6 devstack@placement-api.service[93614]: DEBUG placement.requestlog [req-fa34bade-bb75-4c01-98b5-b7f33e1b42bf req-8a84c2cb-db37-4e1c-a942-f422bede696e None None] Starting request: 10.222.0.58 "GET /placement/resource_providers/677f713e-5b1b-4f9c-8dc1-75db7f190722/aggregates" {{(pid=93614) __call__ /opt/stack/placement/placement/requestlog.py:55}}
Jun 03 18:34:54.333156 n-d-792394-6 devstack@placement-api.service[93614]: INFO placement.requestlog [req-fa34bade-bb75-4c01-98b5-b7f33e1b42bf req-8a84c2cb-db37-4e1c-a942-f422bede696e service placement] 10.222.0.58 "GET /placement/resource_providers/677f713e-5b1b-4f9c-8dc1-75db7f190722/aggregates" status: 200 len: 53 microversion: 1.19
Jun 03 18:34:54.335863 n-d-792394-6 devstack@placement-api.service[93614]: [pid: 93614|app: 0|req: 29/59] 10.222.0.58 () {60 vars in 1425 bytes} [Thu Jun 3 18:34:54 2021] GET /placement/resource_providers/677f713e-5b1b-4f9c-8dc1-75db7f190722/aggregates => generated 53 bytes in 26 msecs (HTTP/1.1 200) 8 headers in 295 bytes (1 switches on core 0)
Jun 03 18:34:54.344873 n-d-792394-6 devstack@placement-api.service[93613]: DEBUG placement.requestlog [req-fa34bade-bb75-4c01-98b5-b7f33e1b42bf req-d2e5f4d7-8015-43e6-aae3-53d818678a89 None None] Starting request: 10.222.0.58 "PUT /placement/resource_providers/677f713e-5b1b-4f9c-8dc1-75db7f190722/aggregates" {{(pid=93613) __call__ /opt/stack/placement/placement/requestlog.py:55}}
Jun 03 18:34:54.371761 n-d-792394-6 devstack@placement-api.service[93613]: DEBUG placement.objects.resource_provider [req-fa34bade-bb75-4c01-98b5-b7f33e1b42bf req-d2e5f4d7-8015-43e6-aae3-53d818678a89 service placement] _ensure_aggregate() did not find aggregate e035ec91-36e6-4af8-86c4-0a478384bad8. Attempting to create it. {{(pid=93613) _ensure_aggregate /opt/stack/placement/placement/objects/resource_provider.py:319}}
Jun 03 18:34:54.374298 n-d-792394-6 devstack@placement-api.service[93613]: DEBUG placement.objects.resource_provider [req-fa34bade-bb75-4c01-98b5-b7f33e1b42bf req-d2e5f4d7-8015-43e6-aae3-53d818678a89 service placement] _ensure_aggregate() created new aggregate e035ec91-36e6-4af8-86c4-0a478384bad8 (id=4). {{(pid=93613) _ensure_aggregate /opt/stack/placement/placement/objects/resource_provider.py:325}}
Jun 03 18:34:54.375845 n-d-792394-6 devstack@placement-api.service[93613]: DEBUG placement.objects.resource_provider [req-fa34bade-bb75-4c01-98b5-b7f33e1b42bf req-d2e5f4d7-8015-43e6-aae3-53d818678a89 service placement] Setting aggregates for provider 677f713e-5b1b-4f9c-8dc1-75db7f190722. Successfully associated aggregate e035ec91-36e6-4af8-86c4-0a478384bad8. {{(pid=93613) _set_aggregates /opt/stack/placement/placement/objects/resource_provider.py:387}}
Jun 03 18:34:54.474190 n-d-792394-6 devstack@placement-api.service[93613]: INFO placement.requestlog [req-fa34bade-bb75-4c01-98b5-b7f33e1b42bf req-d2e5f4d7-8015-43e6-aae3-53d818678a89 service placement] 10.222.0.58 "PUT /placement/resource_providers/677f713e-5b1b-4f9c-8dc1-75db7f190722/aggregates" status: 200 len: 92 microversion: 1.19
Jun 03 18:34:54.474813 n-d-792394-6 devstack@placement-api.service[93613]: [pid: 93613|app: 0|req: 31/60] 10.222.0.58 () {64 vars in 1477 bytes} [Thu Jun 3 18:34:54 2021] PUT /placement/resource_providers/677f713e-5b1b-4f9c-8dc1-75db7f190722/aggregates => generated 92 bytes in 130 msecs (HTTP/1.1 200) 8 headers in 295 bytes (1 switches on core 0)
Jun 03 18:34:54.599047 n-d-792394-6 devstack@placement-api.service[93614]: DEBUG placement.requestlog [req-0581c5b4-7a11-41e1-8254-5b1b842712fe req-b5a03c4a-aefe-4d0f-9f6c-8574569127e9 None None] Starting request: 10.222.0.58 "GET /placement/resource_providers?name=n-h1-792394-6" {{(pid=93614) __call__ /opt/stack/placement/placement/requestlog.py:55}}
Jun 03 18:34:54.610803 n-d-792394-6 devstack@placement-api.service[93614]: INFO placement.requestlog [req-0581c5b4-7a11-41e1-8254-5b1b842712fe req-b5a03c4a-aefe-4d0f-9f6c-8574569127e9 service placement] 10.222.0.58 "GET /placement/resource_providers?name=n-h1-792394-6" status: 200 len: 441 microversion: 1.0
Jun 03 18:34:54.612439 n-d-792394-6 devstack@placement-api.service[93614]: [pid: 93614|app: 0|req: 30/61] 10.222.0.58 () {58 vars in 1274 bytes} [Thu Jun 3 18:34:54 2021] GET /placement/resource_providers?name=n-h1-792394-6 => generated 441 bytes in 13 msecs (HTTP/1.1 200) 6 headers in 224 bytes (1 switches on core 0)
Jun 03 18:34:54.622203 n-d-792394-6 devstack@placement-api.service[93613]: DEBUG placement.requestlog [req-0581c5b4-7a11-41e1-8254-5b1b842712fe req-684abb2f-6968-44ac-a1bd-7174ffbb05b5 None None] Starting request: 10.222.0.58 "GET /placement/resource_providers/677f713e-5b1b-4f9c-8dc1-75db7f190722/aggregates" {{(pid=93613) __call__ /opt/stack/placement/placement/requestlog.py:55}}
Jun 03 18:34:54.634730 n-d-792394-6 devstack@placement-api.service[93613]: INFO placement.requestlog [req-0581c5b4-7a11-41e1-8254-5b1b842712fe req-684abb2f-6968-44ac-a1bd-7174ffbb05b5 service placement] 10.222.0.58 "GET /placement/resource_providers/677f713e-5b1b-4f9c-8dc1-75db7f190722/aggregates" status: 200 len: 92 microversion: 1.19
Jun 03 18:34:54.635166 n-d-792394-6 devstack@placement-api.service[93613]: [pid: 93613|app: 0|req: 32/62] 10.222.0.58 () {60 vars in 1425 bytes} [Thu Jun 3 18:34:54 2021] GET /placement/resource_providers/677f713e-5b1b-4f9c-8dc1-75db7f190722/aggregates => generated 92 bytes in 16 msecs (HTTP/1.1 200) 8 headers in 295 bytes (1 switches on core 0)
Jun 03 18:34:54.642258 n-d-792394-6 devstack@placement-api.service[93614]: DEBUG placement.requestlog [req-0581c5b4-7a11-41e1-8254-5b1b842712fe req-226cbc13-24d9-43a1-9c48-658deaadfdf8 None None] Starting request: 10.222.0.58 "PUT /placement/resource_providers/677f713e-5b1b-4f9c-8dc1-75db7f190722/aggregates" {{(pid=93614) __call__ /opt/stack/placement/placement/requestlog.py:55}}
Jun 03 18:34:54.657051 n-d-792394-6 devstack@placement-api.service[93614]: DEBUG placement.objects.resource_provider [req-0581c5b4-7a11-41e1-8254-5b1b842712fe req-226cbc13-24d9-43a1-9c48-658deaadfdf8 service placement] Setting aggregates for provider 677f713e-5b1b-4f9c-8dc1-75db7f190722. Successfully disassociated aggregate e035ec91-36e6-4af8-86c4-0a478384bad8. {{(pid=93614) _set_aggregates /opt/stack/placement/placement/objects/resource_provider.py:402}}
Jun 03 18:34:54.769953 n-d-792394-6 devstack@placement-api.service[93614]: INFO placement.requestlog [req-0581c5b4-7a11-41e1-8254-5b1b842712fe req-226cbc13-24d9-43a1-9c48-658deaadfdf8 service placement] 10.222.0.58 "PUT /placement/resource_providers/677f713e-5b1b-4f9c-8dc1-75db7f190722/aggregates" status: 200 len: 54 microversion: 1.19
Jun 03 18:34:54.770506 n-d-792394-6 devstack@placement-api.service[93614]: [pid: 93614|app: 0|req: 31/63] 10.222.0.58 () {64 vars in 1477 bytes} [Thu Jun 3 18:34:54 2021] PUT /placement/resource_providers/677f713e-5b1b-4f9c-8dc1-75db7f190722/aggregates => generated 54 bytes in 128 msecs (HTTP/1.1 200) 8 headers in 295 bytes (1 switches on core 0)
Jun 03 18:34:55.349011 n-d-792394-6 devstack@placement-api.service[93613]: DEBUG placement.requestlog [req-358c1e1a-1861-481a-9e3a-b2ec456dd700 req-2c45e519-1459-45c1-b275-8668edf39112 None None] Starting request: 10.222.0.58 "GET /placement/resource_providers?name=n-h1-792394-6" {{(pid=93613) __call__ /opt/stack/placement/placement/requestlog.py:55}}
Jun 03 18:34:55.365733 n-d-792394-6 devstack@placement-api.service[93613]: INFO placement.requestlog [req-358c1e1a-1861-481a-9e3a-b2ec456dd700 req-2c45e519-1459-45c1-b275-8668edf39112 service placement] 10.222.0.58 "GET /placement/resource_providers?name=n-h1-792394-6" status: 200 len: 441 microversion: 1.0
Jun 03 18:34:55.365733 n-d-792394-6 devstack@placement-api.service[93613]: [pid: 93613|app: 0|req: 33/64] 10.222.0.58 () {58 vars in 1274 bytes} [Thu Jun 3 18:34:55 2021] GET /placement/resource_providers?name=n-h1-792394-6 => generated 441 bytes in 16 msecs (HTTP/1.1 200) 6 headers in 224 bytes (1 switches on core 0)
Jun 03 18:34:55.376038 n-d-792394-6 devstack@placement-api.service[93614]: DEBUG placement.requestlog [req-358c1e1a-1861-481a-9e3a-b2ec456dd700 req-76570401-433a-458f-ac27-a3d6599534fe None None] Starting request: 10.222.0.58 "GET /placement/resource_providers/677f713e-5b1b-4f9c-8dc1-75db7f190722/aggregates" {{(pid=93614) __call__ /opt/stack/placement/placement/requestlog.py:55}}
Jun 03 18:34:55.396542 n-d-792394-6 devstack@placement-api.service[93614]: INFO placement.requestlog [req-358c1e1a-1861-481a-9e3a-b2ec456dd700 req-76570401-433a-458f-ac27-a3d6599534fe service placement] 10.222.0.58 "GET /placement/resource_providers/677f713e-5b1b-4f9c-8dc1-75db7f190722/aggregates" status: 200 len: 54 microversion: 1.19
Jun 03 18:34:55.396542 n-d-792394-6 devstack@placement-api.service[93614]: [pid: 93614|app: 0|req: 32/65] 10.222.0.58 () {60 vars in 1425 bytes} [Thu Jun 3 18:34:55 2021] GET /placement/resource_providers/677f713e-5b1b-4f9c-8dc1-75db7f190722/aggregates => generated 54 bytes in 18 msecs (HTTP/1.1 200) 8 headers in 295 bytes (1 switches on core 0)
Jun 03 18:34:55.401642 n-d-792394-6 devstack@placement-api.service[93613]: DEBUG placement.requestlog [req-358c1e1a-1861-481a-9e3a-b2ec456dd700 req-e5fd4323-24ff-4093-b911-72e6a2e99deb None None] Starting request: 10.222.0.58 "PUT /placement/resource_providers/677f713e-5b1b-4f9c-8dc1-75db7f190722/aggregates" {{(pid=93613) __call__ /opt/stack/placement/placement/requestlog.py:55}}
Jun 03 18:34:55.416850 n-d-792394-6 devstack@placement-api.service[93613]: DEBUG placement.objects.resource_provider [req-358c1e1a-1861-481a-9e3a-b2ec456dd700 req-e5fd4323-24ff-4093-b911-72e6a2e99deb service placement] _ensure_aggregate() did not find aggregate 975a6b6f-41bc-4a27-a03e-32521d007486. Attempting to create it. {{(pid=93613) _ensure_aggregate /opt/stack/placement/placement/objects/resource_provider.py:319}}
