Jun 03 18:23:03.608126 n-d-792394-6 devstack@placement-api.service[93613]: DEBUG placement.objects.trait [-] Synced traits from os_traits into API DB: {'COMPUTE_TRUSTED_CERTS', 'HW_CPU_X86_AVX512VAES', 'HW_GPU_RESOLUTION_W640H480', 'HW_NIC_OFFLOAD_TCS', 'HW_CPU_X86_SHA', 'HW_NIC_OFFLOAD_UCS', 'HW_GPU_MAX_DISPLAY_HEADS_4', 'HW_GPU_API_DIRECT3D_V10_0', 'HW_CPU_AARCH64_SHA1', 'HW_CPU_X86_FMA3', 'HW_CPU_AARCH64_EVTSTRM', 'HW_CPU_X86_TSX', 'HW_CPU_AARCH64_LRCPC', 'HW_GPU_API_VULKAN', 'HW_GPU_CUDA_COMPUTE_CAPABILITY_V2_0', 'HW_CPU_AARCH64_ASIMDDP', 'HW_GPU_RESOLUTION_W1920H1080', 'HW_NIC_PROGRAMMABLE_PIPELINE', 'HW_CPU_X86_AVX512PF', 'HW_CPU_X86_VMX', 'HW_NIC_SRIOV', 'COMPUTE_ACCELERATORS', 'HW_GPU_RESOLUTION_W800H600', 'HW_GPU_RESOLUTION_W1280H768', 'HW_GPU_CUDA_COMPUTE_CAPABILITY_V1_0', 'COMPUTE_GRAPHICS_MODEL_GOP', 'HW_GPU_RESOLUTION_W1366H768', 'HW_NIC_OFFLOAD_GENEVE', 'HW_GPU_CUDA_SDK_V6_5', 'HW_GPU_API_DIRECT3D_V8_0', 'COMPUTE_NET_VIF_MODEL_NETFRONT', 'HW_CPU_X86_AMD_VIRT_SSBD', 'HW_CPU_AMD_SEV', 'HW_GPU_API_DIRECT3D_V11_0', 'HW_NIC_OFFLOAD_UFO', 'HW_CPU_PPC64LE_POWER9', 'HW_CPU_X86_AESNI', 'COMPUTE_IMAGE_TYPE_VHD', 'HW_CPU_X86_AVX', 'HW_GPU_API_DIRECT3D_V6_0', 'HW_GPU_CUDA_COMPUTE_CAPABILITY_V3_7', 'HW_NIC_OFFLOAD_GRE', 'HW_CPU_AARCH64_FCMA', 'HW_GPU_API_OPENGL_V1_4', 'HW_NIC_OFFLOAD_TXUDP', 'HW_GPU_API_DIRECT3D_V12_0', 'HW_CPU_X86_SGX', 'COMPUTE_NET_ATTACH_INTERFACE', 'HW_CPU_X86_AVX512VL', 'HW_NIC_OFFLOAD_GRO', 'HW_GPU_API_OPENGL_V4_0', 'HW_GPU_RESOLUTION_W1440H900', 'HW_NIC_OFFLOAD_SCS', 'COMPUTE_STORAGE_BUS_IDE', 'COMPUTE_VOLUME_MULTI_ATTACH', 'COMPUTE_SOCKET_PCI_NUMA_AFFINITY', 'HW_GPU_RESOLUTION_W2560H1440', 'HW_NIC_SRIOV_QOS_TX', 'HW_CPU_AARCH64_AES', 'HW_CPU_AARCH64_ASIMDRDM', 'HW_NIC_ACCEL_LZS', 'HW_NIC_MULTIQUEUE', 'COMPUTE_SECURITY_UEFI_SECURE_BOOT', 'HW_CPU_X86_XOP', 'HW_GPU_API_DXVA', 'HW_CPU_X86_FMA4', 'HW_GPU_CUDA_COMPUTE_CAPABILITY_V5_2', 'STORAGE_DISK_HDD', 'HW_CPU_AARCH64_FPHP', 'COMPUTE_STORAGE_BUS_UML', 'COMPUTE_GRAPHICS_MODEL_VIRTIO', 'HW_NIC_OFFLOAD_VXLAN', 'HW_CPU_X86_AVX512BW', 'COMPUTE_STORAGE_BUS_XEN', 'HW_CPU_X86_AVX512BITALG', 'HW_GPU_CUDA_COMPUTE_CAPABILITY_V7_2', 'HW_GPU_CUDA_COMPUTE_CAPABILITY_V5_3', 'HW_CPU_X86_AVX2', 'HW_NIC_OFFLOAD_LRO', 'HW_GPU_CUDA_COMPUTE_CAPABILITY_V1_3', 'COMPUTE_IMAGE_TYPE_VMDK', 'HW_CPU_X86_AMD_IBPB', 'HW_GPU_CUDA_SDK_V8_0', 'COMPUTE_VOLUME_EXTEND', 'HW_CPU_X86_SSE42', 'HW_CPU_X86_F16C', 'HW_GPU_MAX_DISPLAY_HEADS_2', 'COMPUTE_NET_VIF_MODEL_VMXNET3', 'HW_GPU_CUDA_COMPUTE_CAPABILITY_V2_1', 'HW_GPU_CUDA_COMPUTE_CAPABILITY_V3_5', 'HW_CPU_X86_AVX512VBMI2', 'HW_GPU_API_DIRECT3D_V8_1', 'COMPUTE_NET_VIF_MODEL_E1000', 'COMPUTE_STORAGE_BUS_VIRTIO', 'HW_GPU_API_DIRECT2D', 'HW_GPU_CUDA_COMPUTE_CAPABILITY_V1_2', 'HW_GPU_API_OPENGL_V1_5', 'HW_CPU_X86_BMI2', 'HW_GPU_CUDA_COMPUTE_CAPABILITY_V5_0', 'COMPUTE_NET_VIF_MODEL_PCNET', 'HW_CPU_X86_AVX512ER', 'HW_GPU_API_OPENGL_V1_1', 'COMPUTE_VOLUME_ATTACH', 'HW_NIC_VMDQ', 'HW_CPU_X86_CLMUL', 'HW_GPU_API_OPENGL_V3_0', 'HW_NIC_OFFLOAD_L2CRC', 'HW_CPU_X86_STIBP', 'HW_CPU_AARCH64_SHA2', 'HW_GPU_CUDA_COMPUTE_CAPABILITY_V3_0', 'HW_GPU_RESOLUTION_W1600H1200', 'HW_CPU_AARCH64_JSCVT', 'HW_CPU_X86_SSSE3', 'HW_NIC_OFFLOAD_SG', 'COMPUTE_STORAGE_BUS_FDC', 'HW_CPU_X86_SVM', 'HW_GPU_RESOLUTION_W1152H864', 'COMPUTE_GRAPHICS_MODEL_CIRRUS', 'COMPUTE_GRAPHICS_MODEL_NONE', 'HW_CPU_X86_ABM', 'HW_GPU_API_OPENGL_V2_1', 'HW_GPU_RESOLUTION_W1280H800', 'HW_NIC_ACCEL_SSL', 'COMPUTE_GRAPHICS_MODEL_QXL', 'COMPUTE_EPHEMERAL_ENCRYPTION_LUKS', 'HW_GPU_API_OPENGL_V4_3', 'COMPUTE_SECURITY_TPM_1_2', 'COMPUTE_DEVICE_TAGGING', 'HW_CPU_AARCH64_FP', 'COMPUTE_SAME_HOST_COLD_MIGRATE', 'HW_GPU_API_OPENGL_V3_3', 'COMPUTE_NET_ATTACH_INTERFACE_WITH_TAG', 'HW_GPU_CUDA_COMPUTE_CAPABILITY_V7_1', 'HW_CPU_AARCH64_ASIMDHP', 'HW_GPU_RESOLUTION_W1280H1024', 'HW_GPU_API_OPENCL_V1_1', 'HW_GPU_API_DIRECT3D_V9_0', 'HW_CPU_AARCH64_SM4', 'HW_GPU_CUDA_COMPUTE_CAPABILITY_V6_0', 'HW_CPU_X86_SSE2', 'HW_CPU_AARCH64_SHA512', 'HW_CPU_X86_BMI', 'HW_GPU_API_OPENGL_V4_4', 'HW_GPU_CUDA_COMPUTE_CAPABILITY_V6_1', 'HW_CPU_X86_INTEL_MD_CLEAR', 'HW_CPU_X86_AVX512GFNI', 'HW_GPU_API_OPENGL_V4_1', 'HW_NIC_DCB_QCN', 'HW_NIC_OFFLOAD_RX', 'HW_GPU_API_OPENCL_V1_2', 'HW_CPU_X86_SSE', 'COMPUTE_NET_VIF_MODEL_LAN9118', 'HW_GPU_RESOLUTION_W1024H768', 'COMPUTE_IMAGE_TYPE_VHDX', 'HW_GPU_API_DIRECT3D_V11_1', 'COMPUTE_EPHEMERAL_ENCRYPTION_LUKSV2', 'HW_CPU_X86_AVX512DQ', 'HW_CPU_X86_ASF', 'COMPUTE_NET_VIF_MODEL_SPAPR_VLAN', 'HW_GPU_API_OPENGL_V1_2', 'COMPUTE_GRAPHICS_MODEL_VGA', 'COMPUTE_SECURITY_TPM_2_0', 'COMPUTE_IMAGE_TYPE_PLOOP', 'HW_CPU_AARCH64_ASIMD', 'COMPUTE_NET_VIF_MODEL_NE2K_PCI', 'HW_GPU_RESOLUTION_W1360H768', 'MISC_SHARES_VIA_AGGREGATE', 'HW_CPU_X86_AVX512CD', 'HW_CPU_X86_SSE41', 'HW_NIC_OFFLOAD_FDF', 'COMPUTE_IMAGE_TYPE_ARI', 'HW_GPU_API_DIRECT3D_V9_0C', 'HW_GPU_API_DIRECT3D_V7_0', 'COMPUTE_IMAGE_TYPE_RAW', 'COMPUTE_IMAGE_TYPE_VDI', 'HW_CPU_X86_MMX', 'HW_CPU_X86_AVX512VPOPCNTDQ', 'HW_GPU_RESOLUTION_W3840H2160', 'HW_NIC_OFFLOAD_RXHASH', 'HW_CPU_X86_PDPE1GB', 'HW_GPU_RESOLUTION_W2560H1600', 'HW_GPU_API_OPENCL_V2_0', 'COMPUTE_EPHEMERAL_ENCRYPTION', 'HW_NIC_SRIOV_MULTIQUEUE', 'HW_CPU_PPC64LE_POWER8', 'HW_CPU_X86_AMD_SVM', 'HW_GPU_CUDA_SDK_V9_2', 'HW_NIC_ACCEL_IPSEC', 'HW_NIC_ACCEL_DEFLATE', 'HW_GPU_API_OPENCL_V2_2', 'HW_GPU_API_OPENCL_V2_1', 'HW_GPU_MAX_DISPLAY_HEADS_8', 'HW_CPU_AARCH64_SHA3', 'HW_CPU_X86_AVX512VBMI', 'HW_GPU_API_OPENGL_V3_1', 'HW_CPU_AARCH64_CRC32', 'HW_NIC_OFFLOAD_TSO', 'HW_NIC_ACCEL_DIFFIEH', 'HW_GPU_API_OPENGL_V4_2', 'HW_GPU_API_OPENGL_V1_3', 'HW_NIC_SRIOV_QOS_RX', 'HW_NIC_OFFLOAD_RDMA', 'HW_NUMA_ROOT', 'HW_GPU_API_DIRECTX_V10', 'HW_NIC_OFFLOAD_TX', 'HW_GPU_RESOLUTION_W1600H900', 'HW_GPU_CUDA_SDK_V7_5', 'STORAGE_DISK_SSD', 'HW_GPU_CUDA_COMPUTE_CAPABILITY_V1_1', 'HW_CPU_AARCH64_ATOMICS', 'COMPUTE_NET_VIF_MODEL_SRIOV', 'HW_CPU_X86_AVX512VNNI', 'COMPUTE_MIGRATE_POST_COPY', 'COMPUTE_VOLUME_ATTACH_WITH_TAG', 'HW_GPU_CUDA_COMPUTE_CAPABILITY_V6_2', 'HW_GPU_MAX_DISPLAY_HEADS_1', 'COMPUTE_STORAGE_BUS_SATA', 'HW_CPU_AARCH64_DCPOP', 'HW_NIC_OFFLOAD_GSO', 'HW_GPU_RESOLUTION_W1680H1050', 'COMPUTE_IMAGE_TYPE_ISO', 'HW_GPU_RESOLUTION_W320H240', 'HW_CPU_AARCH64_PMULL', 'HW_CPU_HYPERTHREADING', 'HW_GPU_CUDA_SDK_V10_0', 'COMPUTE_IMAGE_TYPE_QCOW2', 'HW_NIC_OFFLOAD_QINQ', 'HW_CPU_X86_INTEL_PCID', 'COMPUTE_STORAGE_BUS_SCSI', 'HW_NIC_OFFLOAD_TXVLAN', 'HW_CPU_AARCH64_CPUID', 'HW_GPU_CUDA_COMPUTE_CAPABILITY_V7_0', 'HW_NIC_ACCEL_RSA', 'HW_CPU_X86_AMD_SSBD', 'COMPUTE_GRAPHICS_MODEL_XEN', 'HW_GPU_CUDA_SDK_V9_1', 'HW_GPU_RESOLUTION_W7680H4320', 'HW_CPU_X86_INTEL_SPEC_CTRL', 'HW_NIC_SRIOV_TRUSTED', 'HW_CPU_X86_AMD_NO_SSB', 'HW_CPU_AARCH64_SM3', 'HW_NIC_OFFLOAD_LSO', 'HW_CPU_X86_SSE4A', 'HW_GPU_MAX_DISPLAY_HEADS_6', 'HW_CPU_X86_INTEL_SSBD', 'HW_CPU_X86_MPX', 'HW_GPU_CUDA_COMPUTE_CAPABILITY_V3_2', 'HW_GPU_API_OPENGL_V3_2', 'COMPUTE_IMAGE_TYPE_AMI', 'COMPUTE_STORAGE_BUS_LXC', 'COMPUTE_NET_VIF_MODEL_E1000E', 'HW_GPU_API_OPENCL_V1_0', 'COMPUTE_IMAGE_TYPE_AKI', 'HW_GPU_API_OPENGL_V4_5', 'COMPUTE_GRAPHICS_MODEL_VMVGA', 'HW_GPU_API_DIRECT3D_V10_1', 'HW_CPU_X86_AVX512IFMA', 'HW_GPU_API_DIRECT3D_V9_0B', 'HW_NIC_DCB_PFC', 'COMPUTE_NET_VIF_MODEL_RTL8139', 'COMPUTE_MIGRATE_AUTO_CONVERGE', 'HW_GPU_RESOLUTION_W1024H600', 'COMPUTE_NET_VIF_MODEL_VMXNET', 'HW_NIC_DCB_ETS', 'HW_NIC_OFFLOAD_RXVLAN', 'HW_GPU_API_DIRECTX_V12', 'HW_GPU_RESOLUTION_W1280H720', 'HW_GPU_API_DIRECT3D_V11_3', 'COMPUTE_EPHEMERAL_ENCRYPTION_PLAIN', 'HW_CPU_X86_3DNOW', 'COMPUTE_STORAGE_BUS_USB', 'HW_GPU_API_DIRECT3D_V9_0L', 'HW_GPU_CUDA_SDK_V9_0', 'HW_GPU_API_OPENGL_V2_0', 'COMPUTE_NODE', 'HW_CPU_X86_AMD_SEV', 'HW_NIC_ACCEL_TLS', 'HW_CPU_X86_AVX512F', 'HW_CPU_X86_TBM', 'HW_CPU_AARCH64_SVE', 'COMPUTE_RESCUE_BFV', 'HW_GPU_API_DIRECT3D_V11_2', 'HW_CPU_X86_SSE3', 'COMPUTE_NET_VIF_MODEL_VIRTIO', 'COMPUTE_STATUS_DISABLED', 'HW_CPU_X86_INTEL_VMX', 'HW_GPU_RESOLUTION_W1920H1200', 'HW_CPU_X86_AVX512VPCLMULQDQ', 'HW_GPU_API_DIRECTX_V11', 'HW_NIC_ACCEL_ECC', 'HW_NIC_OFFLOAD_SWITCHDEV'} {{(pid=93613) _trait_sync /opt/stack/placement/placement/objects/trait.py:286}}
Jun 03 18:23:03.667312 n-d-792394-6 devstack@placement-api.service[93614]: DEBUG oslo_db.api [-] DB error: (pymysql.err.OperationalError) (1213, 'Deadlock found when trying to get lock; try restarting transaction')
Jun 03 18:23:03.667312 n-d-792394-6 devstack@placement-api.service[93614]: [SQL: INSERT INTO traits (created_at, name) VALUES (%(created_at)s, %(name)s)]
Jun 03 18:23:03.667312 n-d-792394-6 devstack@placement-api.service[93614]: [parameters: ({'created_at': datetime.datetime(2021, 6, 3, 18, 23, 3, 587335), 'name': 'COMPUTE_TRUSTED_CERTS'}, {'created_at': datetime.datetime(2021, 6, 3, 18, 23, 3, 587343), 'name': 'HW_CPU_X86_AVX512VAES'}, {'created_at': datetime.datetime(2021, 6, 3, 18, 23, 3, 587347), 'name': 'HW_GPU_RESOLUTION_W640H480'}, {'created_at': datetime.datetime(2021, 6, 3, 18, 23, 3, 587351), 'name': 'HW_NIC_OFFLOAD_TCS'}, {'created_at': datetime.datetime(2021, 6, 3, 18, 23, 3, 587354), 'name': 'HW_CPU_X86_SHA'}, {'created_at': datetime.datetime(2021, 6, 3, 18, 23, 3, 587357), 'name': 'HW_NIC_OFFLOAD_UCS'}, {'created_at': datetime.datetime(2021, 6, 3, 18, 23, 3, 587361), 'name': 'HW_GPU_MAX_DISPLAY_HEADS_4'}, {'created_at': datetime.datetime(2021, 6, 3, 18, 23, 3, 587364), 'name': 'HW_GPU_API_DIRECT3D_V10_0'} ... displaying 10 of 291 total bound parameter sets ... {'created_at': datetime.datetime(2021, 6, 3, 18, 23, 3, 588728), 'name': 'HW_NIC_ACCEL_ECC'}, {'created_at': datetime.datetime(2021, 6, 3, 18, 23, 3, 588731), 'name': 'HW_NIC_OFFLOAD_SWITCHDEV'})]
Jun 03 18:23:03.667312 n-d-792394-6 devstack@placement-api.service[93614]: (Background on this error at: http://sqlalche.me/e/13/e3q8) {{(pid=93614) _is_exception_expected /usr/local/lib/python3.8/dist-packages/oslo_db/api.py:184}}
Jun 03 18:23:03.667724 n-d-792394-6 devstack@placement-api.service[93614]: DEBUG oslo_db.api [-] Performing DB retry for function placement.objects.trait._trait_sync {{(pid=93614) wrapper /usr/local/lib/python3.8/dist-packages/oslo_db/api.py:155}}
Jun 03 18:23:03.694021 n-d-792394-6 devstack@placement-api.service[93613]: DEBUG oslo_concurrency.lockutils [-] Releasing lock "trait_sync" {{(pid=93613) lock /usr/local/lib/python3.8/dist-packages/oslo_concurrency/lockutils.py:282}}
Jun 03 18:23:03.694345 n-d-792394-6 devstack@placement-api.service[93613]: DEBUG oslo_concurrency.lockutils [-] Acquired lock "resource_classes_sync" {{(pid=93613) lock /usr/local/lib/python3.8/dist-packages/oslo_concurrency/lockutils.py:266}}
Jun 03 18:23:03.698078 n-d-792394-6 devstack@placement-api.service[93613]: DEBUG placement.objects.resource_class [-] Found existing resource classes in db: [] {{(pid=93613) _resource_classes_sync /opt/stack/placement/placement/objects/resource_class.py:228}}
Jun 03 18:23:03.700988 n-d-792394-6 devstack@placement-api.service[93613]: DEBUG placement.objects.resource_class [-] Synced resource_classes from os_resource_classes: [{'name': 'VCPU', 'id': 0}, {'name': 'MEMORY_MB', 'id': 1}, {'name': 'DISK_GB', 'id': 2}, {'name': 'PCI_DEVICE', 'id': 3}, {'name': 'SRIOV_NET_VF', 'id': 4}, {'name': 'NUMA_SOCKET', 'id': 5}, {'name': 'NUMA_CORE', 'id': 6}, {'name': 'NUMA_THREAD', 'id': 7}, {'name': 'NUMA_MEMORY_MB', 'id': 8}, {'name': 'IPV4_ADDRESS', 'id': 9}, {'name': 'VGPU', 'id': 10}, {'name': 'VGPU_DISPLAY_HEAD', 'id': 11}, {'name': 'NET_BW_EGR_KILOBIT_PER_SEC', 'id': 12}, {'name': 'NET_BW_IGR_KILOBIT_PER_SEC', 'id': 13}, {'name': 'PCPU', 'id': 14}, {'name': 'MEM_ENCRYPTION_CONTEXT', 'id': 15}, {'name': 'FPGA', 'id': 16}, {'name': 'PGPU', 'id': 17}] {{(pid=93613) _resource_classes_sync /opt/stack/placement/placement/objects/resource_class.py:245}}
Jun 03 18:23:03.774950 n-d-792394-6 devstack@placement-api.service[93613]: DEBUG oslo_concurrency.lockutils [-] Releasing lock "resource_classes_sync" {{(pid=93613) lock /usr/local/lib/python3.8/dist-packages/oslo_concurrency/lockutils.py:282}}
Jun 03 18:23:03.775114 n-d-792394-6 devstack@placement-api.service[93613]: WSGI app 0 (mountpoint='') ready in 3 seconds on interpreter 0x5588850469c0 pid: 93613 (default app)
Jun 03 18:23:03.776572 n-d-792394-6 devstack@placement-api.service[93613]: DEBUG placement.requestlog [None req-ffc7b609-bffb-4737-9c78-e79ff8e165d1 None None] Starting request: 10.222.0.58 "GET /placement/" {{(pid=93613) __call__ /opt/stack/placement/placement/requestlog.py:55}}
Jun 03 18:23:03.793078 n-d-792394-6 devstack@placement-api.service[93613]: INFO placement.requestlog [None req-ffc7b609-bffb-4737-9c78-e79ff8e165d1 None None] 10.222.0.58 "GET /placement/" status: 200 len: 136 microversion: 1.0
Jun 03 18:23:03.793266 n-d-792394-6 devstack@placement-api.service[93613]: [pid: 93613|app: 0|req: 1/1] 10.222.0.58 () {50 vars in 776 bytes} [Thu Jun 3 18:23:03 2021] GET /placement => generated 136 bytes in 17 msecs (HTTP/1.1 200) 6 headers in 224 bytes (1 switches on core 0)
Jun 03 18:23:04.676617 n-d-792394-6 devstack@placement-api.service[93614]: DEBUG oslo_concurrency.lockutils [-] Releasing lock "trait_sync" {{(pid=93614) lock /usr/local/lib/python3.8/dist-packages/oslo_concurrency/lockutils.py:282}}
Jun 03 18:23:04.677152 n-d-792394-6 devstack@placement-api.service[93614]: DEBUG oslo_concurrency.lockutils [-] Acquired lock "resource_classes_sync" {{(pid=93614) lock /usr/local/lib/python3.8/dist-packages/oslo_concurrency/lockutils.py:266}}
Jun 03 18:23:04.679761 n-d-792394-6 devstack@placement-api.service[93614]: DEBUG placement.objects.resource_class [-] Found existing resource classes in db: ['DISK_GB', 'FPGA', 'IPV4_ADDRESS', 'MEMORY_MB', 'MEM_ENCRYPTION_CONTEXT', 'NET_BW_EGR_KILOBIT_PER_SEC', 'NET_BW_IGR_KILOBIT_PER_SEC', 'NUMA_CORE', 'NUMA_MEMORY_MB', 'NUMA_SOCKET', 'NUMA_THREAD', 'PCI_DEVICE', 'PCPU', 'PGPU', 'SRIOV_NET_VF', 'VCPU', 'VGPU', 'VGPU_DISPLAY_HEAD'] {{(pid=93614) _resource_classes_sync /opt/stack/placement/placement/objects/resource_class.py:228}}
Jun 03 18:23:04.680628 n-d-792394-6 devstack@placement-api.service[93614]: DEBUG oslo_concurrency.lockutils [-] Releasing lock "resource_classes_sync" {{(pid=93614) lock /usr/local/lib/python3.8/dist-packages/oslo_concurrency/lockutils.py:282}}
Jun 03 18:23:04.680840 n-d-792394-6 devstack@placement-api.service[93614]: WSGI app 0 (mountpoint='') ready in 4 seconds on interpreter 0x5588850469c0 pid: 93614 (default app)
Jun 03 18:24:09.852773 n-d-792394-6 devstack@placement-api.service[93613]: DEBUG placement.requestlog [None req-b0b4185e-7625-42bf-9f1e-301e192b2341 None None] Starting request: 10.222.0.58 "GET /placement/" {{(pid=93613) __call__ /opt/stack/placement/placement/requestlog.py:55}}
Jun 03 18:24:09.854584 n-d-792394-6 devstack@placement-api.service[93613]: INFO placement.requestlog [None req-b0b4185e-7625-42bf-9f1e-301e192b2341 None None] 10.222.0.58 "GET /placement/" status: 200 len: 136 microversion: 1.0
Jun 03 18:24:09.855603 n-d-792394-6 devstack@placement-api.service[93613]: [pid: 93613|app: 0|req: 2/2] 10.222.0.58 () {54 vars in 915 bytes} [Thu Jun 3 18:24:09 2021] GET /placement => generated 136 bytes in 3 msecs (HTTP/1.1 200) 6 headers in 224 bytes (1 switches on core 0)
Jun 03 18:24:10.301534 n-d-792394-6 devstack@placement-api.service[93614]: DEBUG placement.requestlog [None req-049e18d4-40be-4831-a474-46b8bcf9828e None None] Starting request: 10.222.0.58 "GET /placement/" {{(pid=93614) __call__ /opt/stack/placement/placement/requestlog.py:55}}
Jun 03 18:24:10.318841 n-d-792394-6 devstack@placement-api.service[93614]: INFO placement.requestlog [None req-049e18d4-40be-4831-a474-46b8bcf9828e None None] 10.222.0.58 "GET /placement/" status: 200 len: 136 microversion: 1.0
Jun 03 18:24:10.319043 n-d-792394-6 devstack@placement-api.service[93614]: [pid: 93614|app: 0|req: 1/3] 10.222.0.58 () {54 vars in 915 bytes} [Thu Jun 3 18:24:10 2021] GET /placement => generated 136 bytes in 19 msecs (HTTP/1.1 200) 6 headers in 224 bytes (1 switches on core 0)
Jun 03 18:24:14.497019 n-d-792394-6 devstack@placement-api.service[93613]: DEBUG placement.requestlog [None req-df9cdb03-1ed8-4388-900b-63fb75b2fdd4 None None] Starting request: 10.222.0.58 "GET /placement/" {{(pid=93613) __call__ /opt/stack/placement/placement/requestlog.py:55}}
Jun 03 18:24:14.497984 n-d-792394-6 devstack@placement-api.service[93613]: INFO placement.requestlog [None req-df9cdb03-1ed8-4388-900b-63fb75b2fdd4 None None] 10.222.0.58 "GET /placement/" status: 200 len: 136 microversion: 1.0
Jun 03 18:24:14.498579 n-d-792394-6 devstack@placement-api.service[93613]: [pid: 93613|app: 0|req: 3/4] 10.222.0.58 () {54 vars in 915 bytes} [Thu Jun 3 18:24:14 2021] GET /placement => generated 136 bytes in 2 msecs (HTTP/1.1 200) 6 headers in 224 bytes (1 switches on core 0)
Jun 03 18:24:16.253564 n-d-792394-6 devstack@placement-api.service[93614]: DEBUG placement.requestlog [None req-25ff0d63-7f57-40ec-a661-99373b736dcf None None] Starting request: 10.222.0.58 "GET /placement/" {{(pid=93614) __call__ /opt/stack/placement/placement/requestlog.py:55}}
Jun 03 18:24:16.254540 n-d-792394-6 devstack@placement-api.service[93614]: INFO placement.requestlog [None req-25ff0d63-7f57-40ec-a661-99373b736dcf None None] 10.222.0.58 "GET /placement/" status: 200 len: 136 microversion: 1.0
Jun 03 18:24:16.254742 n-d-792394-6 devstack@placement-api.service[93614]: [pid: 93614|app: 0|req: 2/5] 10.222.0.58 () {54 vars in 915 bytes} [Thu Jun 3 18:24:16 2021] GET /placement => generated 136 bytes in 1 msecs (HTTP/1.1 200) 6 headers in 224 bytes (1 switches on core 0)
Jun 03 18:25:36.387629 n-d-792394-6 devstack@placement-api.service[93613]: DEBUG placement.requestlog [None req-a111b15b-9c36-4525-bce0-0f677583508f None None] Starting request: 10.222.0.58 "GET /placement//" {{(pid=93613) __call__ /opt/stack/placement/placement/requestlog.py:55}}
Jun 03 18:25:36.388614 n-d-792394-6 devstack@placement-api.service[93613]: INFO placement.requestlog [None req-a111b15b-9c36-4525-bce0-0f677583508f None None] 10.222.0.58 "GET /placement//" status: 200 len: 136 microversion: 1.0
Jun 03 18:25:36.388789 n-d-792394-6 devstack@placement-api.service[93613]: [pid: 93613|app: 0|req: 4/6] 10.222.0.58 () {56 vars in 1106 bytes} [Thu Jun 3 18:25:36 2021] GET /placement/ => generated 136 bytes in 1 msecs (HTTP/1.1 200) 6 headers in 224 bytes (1 switches on core 0)
Jun 03 18:31:45.488295 n-d-792394-6 devstack@placement-api.service[93614]: DEBUG placement.requestlog [None req-3f08aa06-b20c-4b77-bd38-cfab70531a52 None None] Starting request: 10.222.0.60 "GET /placement/" {{(pid=93614) __call__ /opt/stack/placement/placement/requestlog.py:55}}
Jun 03 18:31:45.489927 n-d-792394-6 devstack@placement-api.service[93614]: INFO placement.requestlog [None req-3f08aa06-b20c-4b77-bd38-cfab70531a52 None None] 10.222.0.60 "GET /placement/" status: 200 len: 136 microversion: 1.0
Jun 03 18:31:45.490112 n-d-792394-6 devstack@placement-api.service[93614]: [pid: 93614|app: 0|req: 3/7] 10.222.0.60 () {54 vars in 913 bytes} [Thu Jun 3 18:31:45 2021] GET /placement => generated 136 bytes in 2 msecs (HTTP/1.1 200) 6 headers in 224 bytes (1 switches on core 0)
Jun 03 18:31:47.945878 n-d-792394-6 devstack@placement-api.service[93613]: DEBUG placement.requestlog [None req-0411e40a-802b-46c9-b5b5-018c18a27e04 None None] Starting request: 10.222.0.47 "GET /placement/" {{(pid=93613) __call__ /opt/stack/placement/placement/requestlog.py:55}}
Jun 03 18:31:47.946839 n-d-792394-6 devstack@placement-api.service[93613]: INFO placement.requestlog [None req-0411e40a-802b-46c9-b5b5-018c18a27e04 None None] 10.222.0.47 "GET /placement/" status: 200 len: 136 microversion: 1.0
Jun 03 18:31:47.947013 n-d-792394-6 devstack@placement-api.service[93613]: [pid: 93613|app: 0|req: 5/8] 10.222.0.47 () {54 vars in 913 bytes} [Thu Jun 3 18:31:47 2021] GET /placement => generated 136 bytes in 1 msecs (HTTP/1.1 200) 6 headers in 224 bytes (1 switches on core 0)
Jun 03 18:31:48.828595 n-d-792394-6 devstack@placement-api.service[93614]: DEBUG placement.requestlog [req-ee28d0da-2854-4168-85d8-1bed34391e34 req-65d26d9d-138e-4a2e-9b43-b473206589b5 None None] Starting request: 10.222.0.60 "GET /placement/resource_providers?in_tree=677f713e-5b1b-4f9c-8dc1-75db7f190722" {{(pid=93614) __call__ /opt/stack/placement/placement/requestlog.py:55}}
Jun 03 18:31:48.951698 n-d-792394-6 devstack@placement-api.service[93614]: INFO placement.requestlog [req-ee28d0da-2854-4168-85d8-1bed34391e34 req-65d26d9d-138e-4a2e-9b43-b473206589b5 service placement] 10.222.0.60 "GET /placement/resource_providers?in_tree=677f713e-5b1b-4f9c-8dc1-75db7f190722" status: 200 len: 26 microversion: 1.14
Jun 03 18:31:48.951930 n-d-792394-6 devstack@placement-api.service[93614]: [pid: 93614|app: 0|req: 4/9] 10.222.0.60 () {60 vars in 1377 bytes} [Thu Jun 3 18:31:48 2021] GET /placement/resource_providers?in_tree=677f713e-5b1b-4f9c-8dc1-75db7f190722 => generated 26 bytes in 124 msecs (HTTP/1.1 200) 6 headers in 224 bytes (1 switches on core 0)
Jun 03 18:31:48.959427 n-d-792394-6 devstack@placement-api.service[93613]: DEBUG placement.requestlog [req-ee28d0da-2854-4168-85d8-1bed34391e34 req-1cf3f42b-2dbb-4c4e-ba38-0faeff8fa325 None None] Starting request: 10.222.0.60 "POST /placement/resource_providers" {{(pid=93613) __call__ /opt/stack/placement/placement/requestlog.py:55}}
Jun 03 18:31:49.110189 n-d-792394-6 devstack@placement-api.service[93613]: INFO placement.requestlog [req-ee28d0da-2854-4168-85d8-1bed34391e34 req-1cf3f42b-2dbb-4c4e-ba38-0faeff8fa325 service placement] 10.222.0.60 "POST /placement/resource_providers" status: 200 len: 836 microversion: 1.20
Jun 03 18:31:49.110402 n-d-792394-6 devstack@placement-api.service[93613]: [pid: 93613|app: 0|req: 6/10] 10.222.0.60 () {64 vars in 1341 bytes} [Thu Jun 3 18:31:48 2021] POST /placement/resource_providers => generated 836 bytes in 152 msecs (HTTP/1.1 200) 9 headers in 392 bytes (1 switches on core 0)
Jun 03 18:31:49.325989 n-d-792394-6 devstack@placement-api.service[93614]: DEBUG placement.requestlog [req-ee28d0da-2854-4168-85d8-1bed34391e34 req-8aadb145-a30b-4e67-bad8-976fffc8624c None None] Starting request: 10.222.0.60 "PUT /placement/resource_providers/677f713e-5b1b-4f9c-8dc1-75db7f190722/inventories" {{(pid=93614) __call__ /opt/stack/placement/placement/requestlog.py:55}}
Jun 03 18:31:49.436145 n-d-792394-6 devstack@placement-api.service[93614]: INFO placement.requestlog [req-ee28d0da-2854-4168-85d8-1bed34391e34 req-8aadb145-a30b-4e67-bad8-976fffc8624c service placement] 10.222.0.60 "PUT /placement/resource_providers/677f713e-5b1b-4f9c-8dc1-75db7f190722/inventories" status: 200 len: 397 microversion: 1.26
Jun 03 18:31:49.436664 n-d-792394-6 devstack@placement-api.service[93614]: [pid: 93614|app: 0|req: 5/11] 10.222.0.60 () {64 vars in 1488 bytes} [Thu Jun 3 18:31:49 2021] PUT /placement/resource_providers/677f713e-5b1b-4f9c-8dc1-75db7f190722/inventories => generated 397 bytes in 111 msecs (HTTP/1.1 200) 8 headers in 296 bytes (2 switches on core 0)
Jun 03 18:31:49.446635 n-d-792394-6 devstack@placement-api.service[93613]: DEBUG placement.requestlog [req-ee28d0da-2854-4168-85d8-1bed34391e34 req-bec9a498-34b0-4ffb-b52e-3cb7a39408e5 None None] Starting request: 10.222.0.60 "GET /placement/traits?name=in:COMPUTE_DEVICE_TAGGING,COMPUTE_IMAGE_TYPE_VHD,COMPUTE_NODE,COMPUTE_NET_ATTACH_INTERFACE,COMPUTE_SECURITY_UEFI_SECURE_BOOT,COMPUTE_IMAGE_TYPE_VHDX" {{(pid=93613) __call__ /opt/stack/placement/placement/requestlog.py:55}}
Jun 03 18:31:49.460017 n-d-792394-6 devstack@placement-api.service[93613]: INFO placement.requestlog [req-ee28d0da-2854-4168-85d8-1bed34391e34 req-bec9a498-34b0-4ffb-b52e-3cb7a39408e5 service placement] 10.222.0.60 "GET /placement/traits?name=in:COMPUTE_DEVICE_TAGGING,COMPUTE_IMAGE_TYPE_VHD,COMPUTE_NODE,COMPUTE_NET_ATTACH_INTERFACE,COMPUTE_SECURITY_UEFI_SECURE_BOOT,COMPUTE_IMAGE_TYPE_VHDX" status: 200 len: 176 microversion: 1.6
Jun 03 18:31:49.460495 n-d-792394-6 devstack@placement-api.service[93613]: [pid: 93613|app: 0|req: 7/12] 10.222.0.60 () {60 vars in 1558 bytes} [Thu Jun 3 18:31:49 2021] GET /placement/traits?name=in:COMPUTE_DEVICE_TAGGING,COMPUTE_IMAGE_TYPE_VHD,COMPUTE_NODE,COMPUTE_NET_ATTACH_INTERFACE,COMPUTE_SECURITY_UEFI_SECURE_BOOT,COMPUTE_IMAGE_TYPE_VHDX => generated 176 bytes in 15 msecs (HTTP/1.1 200) 6 headers in 224 bytes (1 switches on core 0)
Jun 03 18:31:49.467595 n-d-792394-6 devstack@placement-api.service[93614]: DEBUG placement.requestlog [req-ee28d0da-2854-4168-85d8-1bed34391e34 req-d2c56c91-2fe8-4df2-9ca4-122932210bc7 None None] Starting request: 10.222.0.60 "PUT /placement/resource_providers/677f713e-5b1b-4f9c-8dc1-75db7f190722/traits" {{(pid=93614) __call__ /opt/stack/placement/placement/requestlog.py:55}}
Jun 03 18:31:49.626316 n-d-792394-6 devstack@placement-api.service[93614]: INFO placement.requestlog [req-ee28d0da-2854-4168-85d8-1bed34391e34 req-d2c56c91-2fe8-4df2-9ca4-122932210bc7 service placement] 10.222.0.60 "PUT /placement/resource_providers/677f713e-5b1b-4f9c-8dc1-75db7f190722/traits" status: 200 len: 211 microversion: 1.6
Jun 03 18:31:49.626860 n-d-792394-6 devstack@placement-api.service[93614]: [pid: 93614|app: 0|req: 6/13] 10.222.0.60 () {64 vars in 1472 bytes} [Thu Jun 3 18:31:49 2021] PUT /placement/resource_providers/677f713e-5b1b-4f9c-8dc1-75db7f190722/traits => generated 211 bytes in 159 msecs (HTTP/1.1 200) 6 headers in 224 bytes (2 switches on core 0)
Jun 03 18:31:51.314485 n-d-792394-6 devstack@placement-api.service[93613]: DEBUG placement.requestlog [req-84cbc821-894a-4c0e-a8d5-c4e825488808 req-8f731444-0e61-41cd-a783-b20d8fa03913 None None] Starting request: 10.222.0.47 "GET /placement/resource_providers?in_tree=8c9593f7-aef3-40be-a36f-6376fb63ba2f" {{(pid=93613) __call__ /opt/stack/placement/placement/requestlog.py:55}}
Jun 03 18:31:51.437691 n-d-792394-6 devstack@placement-api.service[93613]: INFO placement.requestlog [req-84cbc821-894a-4c0e-a8d5-c4e825488808 req-8f731444-0e61-41cd-a783-b20d8fa03913 service placement] 10.222.0.47 "GET /placement/resource_providers?in_tree=8c9593f7-aef3-40be-a36f-6376fb63ba2f" status: 200 len: 26 microversion: 1.14
Jun 03 18:31:51.437966 n-d-792394-6 devstack@placement-api.service[93613]: [pid: 93613|app: 0|req: 8/14] 10.222.0.47 () {60 vars in 1377 bytes} [Thu Jun 3 18:31:51 2021] GET /placement/resource_providers?in_tree=8c9593f7-aef3-40be-a36f-6376fb63ba2f => generated 26 bytes in 124 msecs (HTTP/1.1 200) 6 headers in 224 bytes (1 switches on core 0)
Jun 03 18:31:51.444418 n-d-792394-6 devstack@placement-api.service[93614]: DEBUG placement.requestlog [req-84cbc821-894a-4c0e-a8d5-c4e825488808 req-a483adf2-2a81-415f-926b-b162e5c1683a None None] Starting request: 10.222.0.47 "POST /placement/resource_providers" {{(pid=93614) __call__ /opt/stack/placement/placement/requestlog.py:55}}
Jun 03 18:31:51.544061 n-d-792394-6 devstack@placement-api.service[93614]: INFO placement.requestlog [req-84cbc821-894a-4c0e-a8d5-c4e825488808 req-a483adf2-2a81-415f-926b-b162e5c1683a service placement] 10.222.0.47 "POST /placement/resource_providers" status: 200 len: 836 microversion: 1.20
Jun 03 18:31:51.544323 n-d-792394-6 devstack@placement-api.service[93614]: [pid: 93614|app: 0|req: 7/15] 10.222.0.47 () {64 vars in 1341 bytes} [Thu Jun 3 18:31:51 2021] POST /placement/resource_providers => generated 836 bytes in 100 msecs (HTTP/1.1 200) 9 headers in 392 bytes (1 switches on core 0)
Jun 03 18:31:51.758784 n-d-792394-6 devstack@placement-api.service[93613]: DEBUG placement.requestlog [req-84cbc821-894a-4c0e-a8d5-c4e825488808 req-5eb3dd18-89ce-4851-99ae-950db0eba951 None None] Starting request: 10.222.0.47 "PUT /placement/resource_providers/8c9593f7-aef3-40be-a36f-6376fb63ba2f/inventories" {{(pid=93613) __call__ /opt/stack/placement/placement/requestlog.py:55}}
Jun 03 18:31:51.891904 n-d-792394-6 devstack@placement-api.service[93613]: INFO placement.requestlog [req-84cbc821-894a-4c0e-a8d5-c4e825488808 req-5eb3dd18-89ce-4851-99ae-950db0eba951 service placement] 10.222.0.47 "PUT /placement/resource_providers/8c9593f7-aef3-40be-a36f-6376fb63ba2f/inventories" status: 200 len: 397 microversion: 1.26
Jun 03 18:31:51.892576 n-d-792394-6 devstack@placement-api.service[93613]: [pid: 93613|app: 0|req: 9/16] 10.222.0.47 () {64 vars in 1488 bytes} [Thu Jun 3 18:31:51 2021] PUT /placement/resource_providers/8c9593f7-aef3-40be-a36f-6376fb63ba2f/inventories => generated 397 bytes in 134 msecs (HTTP/1.1 200) 8 headers in 296 bytes (2 switches on core 0)
Jun 03 18:31:51.903188 n-d-792394-6 devstack@placement-api.service[93614]: DEBUG placement.requestlog [req-84cbc821-894a-4c0e-a8d5-c4e825488808 req-20c9dcfc-0dea-46ae-88ae-577eb4570c54 None None] Starting request: 10.222.0.47 "GET /placement/traits?name=in:COMPUTE_IMAGE_TYPE_VHDX,COMPUTE_NODE,COMPUTE_NET_ATTACH_INTERFACE,COMPUTE_SECURITY_UEFI_SECURE_BOOT,COMPUTE_IMAGE_TYPE_VHD,COMPUTE_DEVICE_TAGGING" {{(pid=93614) __call__ /opt/stack/placement/placement/requestlog.py:55}}
Jun 03 18:31:51.914162 n-d-792394-6 devstack@placement-api.service[93614]: INFO placement.requestlog [req-84cbc821-894a-4c0e-a8d5-c4e825488808 req-20c9dcfc-0dea-46ae-88ae-577eb4570c54 service placement] 10.222.0.47 "GET /placement/traits?name=in:COMPUTE_IMAGE_TYPE_VHDX,COMPUTE_NODE,COMPUTE_NET_ATTACH_INTERFACE,COMPUTE_SECURITY_UEFI_SECURE_BOOT,COMPUTE_IMAGE_TYPE_VHD,COMPUTE_DEVICE_TAGGING" status: 200 len: 176 microversion: 1.6
Jun 03 18:31:51.914440 n-d-792394-6 devstack@placement-api.service[93614]: [pid: 93614|app: 0|req: 8/17] 10.222.0.47 () {60 vars in 1558 bytes} [Thu Jun 3 18:31:51 2021] GET /placement/traits?name=in:COMPUTE_IMAGE_TYPE_VHDX,COMPUTE_NODE,COMPUTE_NET_ATTACH_INTERFACE,COMPUTE_SECURITY_UEFI_SECURE_BOOT,COMPUTE_IMAGE_TYPE_VHD,COMPUTE_DEVICE_TAGGING => generated 176 bytes in 11 msecs (HTTP/1.1 200) 6 headers in 224 bytes (1 switches on core 0)
Jun 03 18:31:51.922078 n-d-792394-6 devstack@placement-api.service[93613]: DEBUG placement.requestlog [req-84cbc821-894a-4c0e-a8d5-c4e825488808 req-c4cdc72c-4a6f-4ea3-a7f8-7ae71bceb33f None None] Starting request: 10.222.0.47 "PUT /placement/resource_providers/8c9593f7-aef3-40be-a36f-6376fb63ba2f/traits" {{(pid=93613) __call__ /opt/stack/placement/placement/requestlog.py:55}}
Jun 03 18:31:52.018237 n-d-792394-6 devstack@placement-api.service[93613]: INFO placement.requestlog [req-84cbc821-894a-4c0e-a8d5-c4e825488808 req-c4cdc72c-4a6f-4ea3-a7f8-7ae71bceb33f service placement] 10.222.0.47 "PUT /placement/resource_providers/8c9593f7-aef3-40be-a36f-6376fb63ba2f/traits" status: 200 len: 211 microversion: 1.6
Jun 03 18:31:52.018618 n-d-792394-6 devstack@placement-api.service[93613]: [pid: 93613|app: 0|req: 10/18] 10.222.0.47 () {64 vars in 1472 bytes} [Thu Jun 3 18:31:51 2021] PUT /placement/resource_providers/8c9593f7-aef3-40be-a36f-6376fb63ba2f/traits => generated 211 bytes in 97 msecs (HTTP/1.1 200) 6 headers in 224 bytes (1 switches on core 0)
Jun 03 18:32:45.740576 n-d-792394-6 devstack@placement-api.service[93614]: DEBUG placement.requestlog [req-00fd1018-7ff3-4eb3-b511-19fac83c93e9 req-8680f7a1-c483-43c1-ae2f-e8864b772ddd None None] Starting request: 10.222.0.60 "GET /placement/resource_providers/677f713e-5b1b-4f9c-8dc1-75db7f190722/allocations" {{(pid=93614) __call__ /opt/stack/placement/placement/requestlog.py:55}}
Jun 03 18:32:45.760538 n-d-792394-6 devstack@placement-api.service[93614]: INFO placement.requestlog [req-00fd1018-7ff3-4eb3-b511-19fac83c93e9 req-8680f7a1-c483-43c1-ae2f-e8864b772ddd service placement] 10.222.0.60 "GET /placement/resource_providers/677f713e-5b1b-4f9c-8dc1-75db7f190722/allocations" status: 200 len: 54 microversion: 1.0
Jun 03 18:32:45.760728 n-d-792394-6 devstack@placement-api.service[93614]: [pid: 93614|app: 0|req: 9/19] 10.222.0.60 () {58 vars in 1391 bytes} [Thu Jun 3 18:32:45 2021] GET /placement/resource_providers/677f713e-5b1b-4f9c-8dc1-75db7f190722/allocations => generated 54 bytes in 21 msecs (HTTP/1.1 200) 6 headers in 223 bytes (1 switches on core 0)
Jun 03 18:32:48.239224 n-d-792394-6 devstack@placement-api.service[93613]: DEBUG placement.requestlog [req-ee5e97f3-bf49-4389-b5d3-b0a462d286e5 req-4047b5ad-c20f-4cd8-81b9-432b1954d0d7 None None] Starting request: 10.222.0.47 "GET /placement/resource_providers/8c9593f7-aef3-40be-a36f-6376fb63ba2f/allocations" {{(pid=93613) __call__ /opt/stack/placement/placement/requestlog.py:55}}
Jun 03 18:32:48.256518 n-d-792394-6 devstack@placement-api.service[93613]: INFO placement.requestlog [req-ee5e97f3-bf49-4389-b5d3-b0a462d286e5 req-4047b5ad-c20f-4cd8-81b9-432b1954d0d7 service placement] 10.222.0.47 "GET /placement/resource_providers/8c9593f7-aef3-40be-a36f-6376fb63ba2f/allocations" status: 200 len: 54 microversion: 1.0
Jun 03 18:32:48.256737 n-d-792394-6 devstack@placement-api.service[93613]: [pid: 93613|app: 0|req: 11/20] 10.222.0.47 () {58 vars in 1391 bytes} [Thu Jun 3 18:32:48 2021] GET /placement/resource_providers/8c9593f7-aef3-40be-a36f-6376fb63ba2f/allocations => generated 54 bytes in 18 msecs (HTTP/1.1 200) 6 headers in 223 bytes (1 switches on core 0)
Jun 03 18:33:30.347781 n-d-792394-6 devstack@placement-api.service[93614]: DEBUG placement.requestlog [None req-734f6b62-ebf2-4878-b579-e628dacdd24d None None] Starting request: 10.222.0.58 "GET /placement/" {{(pid=93614) __call__ /opt/stack/placement/placement/requestlog.py:55}}
Jun 03 18:33:30.349166 n-d-792394-6 devstack@placement-api.service[93614]: INFO placement.requestlog [None req-734f6b62-ebf2-4878-b579-e628dacdd24d None None] 10.222.0.58 "GET /placement/" status: 200 len: 136 microversion: 1.0
Jun 03 18:33:30.349515 n-d-792394-6 devstack@placement-api.service[93614]: [pid: 93614|app: 0|req: 10/21] 10.222.0.58 () {54 vars in 915 bytes} [Thu Jun 3 18:33:30 2021] GET /placement => generated 136 bytes in 2 msecs (HTTP/1.1 200) 6 headers in 224 bytes (1 switches on core 0)
Jun 03 18:33:46.550487 n-d-792394-6 devstack@placement-api.service[93613]: DEBUG placement.requestlog [req-a94f7005-cc60-4c19-b859-de0b3757be1d req-cb5e964b-013c-40d4-a7d4-c5c28a3f8f36 None None] Starting request: 10.222.0.60 "GET /placement/resource_providers/677f713e-5b1b-4f9c-8dc1-75db7f190722/allocations" {{(pid=93613) __call__ /opt/stack/placement/placement/requestlog.py:55}}
Jun 03 18:33:46.575613 n-d-792394-6 devstack@placement-api.service[93613]: INFO placement.requestlog [req-a94f7005-cc60-4c19-b859-de0b3757be1d req-cb5e964b-013c-40d4-a7d4-c5c28a3f8f36 service placement] 10.222.0.60 "GET /placement/resource_providers/677f713e-5b1b-4f9c-8dc1-75db7f190722/allocations" status: 200 len: 54 microversion: 1.0
Jun 03 18:33:46.575613 n-d-792394-6 devstack@placement-api.service[93613]: [pid: 93613|app: 0|req: 12/22] 10.222.0.60 () {58 vars in 1391 bytes} [Thu Jun 3 18:33:46 2021] GET /placement/resource_providers/677f713e-5b1b-4f9c-8dc1-75db7f190722/allocations => generated 54 bytes in 18 msecs (HTTP/1.1 200) 6 headers in 223 bytes (1 switches on core 0)
Jun 03 18:33:49.052496 n-d-792394-6 devstack@placement-api.service[93614]: DEBUG placement.requestlog [req-6fd42c60-1bda-4331-9502-91796557a53b req-678a79d4-818b-48d6-a957-e8dc988595ea None None] Starting request: 10.222.0.47 "GET /placement/resource_providers/8c9593f7-aef3-40be-a36f-6376fb63ba2f/allocations" {{(pid=93614) __call__ /opt/stack/placement/placement/requestlog.py:55}}
Jun 03 18:33:49.069847 n-d-792394-6 devstack@placement-api.service[93614]: INFO placement.requestlog [req-6fd42c60-1bda-4331-9502-91796557a53b req-678a79d4-818b-48d6-a957-e8dc988595ea service placement] 10.222.0.47 "GET /placement/resource_providers/8c9593f7-aef3-40be-a36f-6376fb63ba2f/allocations" status: 200 len: 54 microversion: 1.0
Jun 03 18:33:49.070169 n-d-792394-6 devstack@placement-api.service[93614]: [pid: 93614|app: 0|req: 11/23] 10.222.0.47 () {58 vars in 1391 bytes} [Thu Jun 3 18:33:49 2021] GET /placement/resource_providers/8c9593f7-aef3-40be-a36f-6376fb63ba2f/allocations => generated 54 bytes in 18 msecs (HTTP/1.1 200) 6 headers in 223 bytes (1 switches on core 0)
Jun 03 18:34:09.714908 n-d-792394-6 devstack@placement-api.service[93613]: DEBUG placement.requestlog [None req-a7134f49-a2e6-47e8-a563-4edd31636624 None None] Starting request: 10.222.0.58 "GET /placement/" {{(pid=93613) __call__ /opt/stack/placement/placement/requestlog.py:55}}
Jun 03 18:34:09.715947 n-d-792394-6 devstack@placement-api.service[93613]: INFO placement.requestlog [None req-a7134f49-a2e6-47e8-a563-4edd31636624 None None] 10.222.0.58 "GET /placement/" status: 200 len: 136 microversion: 1.0
Jun 03 18:34:09.716239 n-d-792394-6 devstack@placement-api.service[93613]: [pid: 93613|app: 0|req: 13/24] 10.222.0.58 () {54 vars in 906 bytes} [Thu Jun 3 18:34:09 2021] GET /placement => generated 136 bytes in 1 msecs (HTTP/1.1 200) 6 headers in 224 bytes (1 switches on core 0)
Jun 03 18:34:09.726510 n-d-792394-6 devstack@placement-api.service[93614]: DEBUG placement.requestlog [req-30e84a2d-e5aa-4bd8-89c2-be6bd115472b req-bc238056-8074-4897-9064-04fd793bc78b None None] Starting request: 10.222.0.58 "GET /placement/resource_providers?name=n-h1-792394-6" {{(pid=93614) __call__ /opt/stack/placement/placement/requestlog.py:55}}
Jun 03 18:34:09.826984 n-d-792394-6 devstack@placement-api.service[93614]: INFO placement.requestlog [req-30e84a2d-e5aa-4bd8-89c2-be6bd115472b req-bc238056-8074-4897-9064-04fd793bc78b service placement] 10.222.0.58 "GET /placement/resource_providers?name=n-h1-792394-6" status: 200 len: 440 microversion: 1.0
Jun 03 18:34:09.827250 n-d-792394-6 devstack@placement-api.service[93614]: [pid: 93614|app: 0|req: 12/25] 10.222.0.58 () {58 vars in 1274 bytes} [Thu Jun 3 18:34:09 2021] GET /placement/resource_providers?name=n-h1-792394-6 => generated 440 bytes in 101 msecs (HTTP/1.1 200) 6 headers in 224 bytes (1 switches on core 0)
Jun 03 18:34:09.834157 n-d-792394-6 devstack@placement-api.service[93613]: DEBUG placement.requestlog [req-30e84a2d-e5aa-4bd8-89c2-be6bd115472b req-1b4834f0-e4e6-4f12-a3bc-768714748a5a None None] Starting request: 10.222.0.58 "GET /placement/resource_providers/677f713e-5b1b-4f9c-8dc1-75db7f190722/aggregates" {{(pid=93613) __call__ /opt/stack/placement/placement/requestlog.py:55}}
Jun 03 18:34:09.847766 n-d-792394-6 devstack@placement-api.service[93613]: INFO placement.requestlog [req-30e84a2d-e5aa-4bd8-89c2-be6bd115472b req-1b4834f0-e4e6-4f12-a3bc-768714748a5a service placement] 10.222.0.58 "GET /placement/resource_providers/677f713e-5b1b-4f9c-8dc1-75db7f190722/aggregates" status: 200 len: 53 microversion: 1.19
Jun 03 18:34:09.848268 n-d-792394-6 devstack@placement-api.service[93613]: [pid: 93613|app: 0|req: 14/26] 10.222.0.58 () {60 vars in 1425 bytes} [Thu Jun 3 18:34:09 2021] GET /placement/resource_providers/677f713e-5b1b-4f9c-8dc1-75db7f190722/aggregates => generated 53 bytes in 14 msecs (HTTP/1.1 200) 8 headers in 295 bytes (1 switches on core 0)
Jun 03 18:34:09.855302 n-d-792394-6 devstack@placement-api.service[93614]: DEBUG placement.requestlog [req-30e84a2d-e5aa-4bd8-89c2-be6bd115472b req-c4d04940-f814-4bcf-b34b-4ee324f0128d None None] Starting request: 10.222.0.58 "PUT /placement/resource_providers/677f713e-5b1b-4f9c-8dc1-75db7f190722/aggregates" {{(pid=93614) __call__ /opt/stack/placement/placement/requestlog.py:55}}
Jun 03 18:34:09.871553 n-d-792394-6 devstack@placement-api.service[93614]: DEBUG placement.objects.resource_provider [req-30e84a2d-e5aa-4bd8-89c2-be6bd115472b req-c4d04940-f814-4bcf-b34b-4ee324f0128d service placement] _ensure_aggregate() did not find aggregate f143a9d6-615f-4d65-b55b-b8288bc9a70b. Attempting to create it. {{(pid=93614) _ensure_aggregate /opt/stack/placement/placement/objects/resource_provider.py:319}}
Jun 03 18:34:09.872900 n-d-792394-6 devstack@placement-api.service[93614]: DEBUG placement.objects.resource_provider [req-30e84a2d-e5aa-4bd8-89c2-be6bd115472b req-c4d04940-f814-4bcf-b34b-4ee324f0128d service placement] _ensure_aggregate() created new aggregate f143a9d6-615f-4d65-b55b-b8288bc9a70b (id=1). {{(pid=93614) _ensure_aggregate /opt/stack/placement/placement/objects/resource_provider.py:325}}
Jun 03 18:34:09.874080 n-d-792394-6 devstack@placement-api.service[93614]: DEBUG placement.objects.resource_provider [req-30e84a2d-e5aa-4bd8-89c2-be6bd115472b req-c4d04940-f814-4bcf-b34b-4ee324f0128d service placement] Setting aggregates for provider 677f713e-5b1b-4f9c-8dc1-75db7f190722. Successfully associated aggregate f143a9d6-615f-4d65-b55b-b8288bc9a70b. {{(pid=93614) _set_aggregates /opt/stack/placement/placement/objects/resource_provider.py:387}}
Jun 03 18:34:10.204710 n-d-792394-6 devstack@placement-api.service[93614]: INFO placement.requestlog [req-30e84a2d-e5aa-4bd8-89c2-be6bd115472b req-c4d04940-f814-4bcf-b34b-4ee324f0128d service placement] 10.222.0.58 "PUT /placement/resource_providers/677f713e-5b1b-4f9c-8dc1-75db7f190722/aggregates" status: 200 len: 91 microversion: 1.19
Jun 03 18:34:10.204710 n-d-792394-6 devstack@placement-api.service[93614]: [pid: 93614|app: 0|req: 13/27] 10.222.0.58 () {64 vars in 1477 bytes} [Thu Jun 3 18:34:09 2021] PUT /placement/resource_providers/677f713e-5b1b-4f9c-8dc1-75db7f190722/aggregates => generated 91 bytes in 349 msecs (HTTP/1.1 200) 8 headers in 295 bytes (1 switches on core 0)
Jun 03 18:34:10.901282 n-d-792394-6 devstack@placement-api.service[93613]: DEBUG placement.requestlog [None req-62158ad6-ec72-49dd-94a5-5d8bd9aaf104 None None] Starting request: 10.222.0.58 "GET /placement/" {{(pid=93613) __call__ /opt/stack/placement/placement/requestlog.py:55}}
Jun 03 18:34:10.902440 n-d-792394-6 devstack@placement-api.service[93613]: INFO placement.requestlog [None req-62158ad6-ec72-49dd-94a5-5d8bd9aaf104 None None] 10.222.0.58 "GET /placement/" status: 200 len: 136 microversion: 1.0
Jun 03 18:34:10.902972 n-d-792394-6 devstack@placement-api.service[93613]: [pid: 93613|app: 0|req: 15/28] 10.222.0.58 () {54 vars in 906 bytes} [Thu Jun 3 18:34:10 2021] GET /placement => generated 136 bytes in 2 msecs (HTTP/1.1 200) 6 headers in 224 bytes (1 switches on core 0)
Jun 03 18:34:10.917862 n-d-792394-6 devstack@placement-api.service[93614]: DEBUG placement.requestlog [req-876fd1d1-0bde-47c6-b003-ec13a4c43fe1 req-26bd52a5-064b-40d3-b519-9d3322e24832 None None] Starting request: 10.222.0.58 "GET /placement/resource_providers?name=n-h1-792394-6" {{(pid=93614) __call__ /opt/stack/placement/placement/requestlog.py:55}}
Jun 03 18:34:11.055517 n-d-792394-6 devstack@placement-api.service[93614]: INFO placement.requestlog [req-876fd1d1-0bde-47c6-b003-ec13a4c43fe1 req-26bd52a5-064b-40d3-b519-9d3322e24832 service placement] 10.222.0.58 "GET /placement/resource_providers?name=n-h1-792394-6" status: 200 len: 440 microversion: 1.0
Jun 03 18:34:11.059019 n-d-792394-6 devstack@placement-api.service[93614]: [pid: 93614|app: 0|req: 14/29] 10.222.0.58 () {58 vars in 1274 bytes} [Thu Jun 3 18:34:10 2021] GET /placement/resource_providers?name=n-h1-792394-6 => generated 440 bytes in 143 msecs (HTTP/1.1 200) 6 headers in 224 bytes (1 switches on core 0)
Jun 03 18:34:11.067035 n-d-792394-6 devstack@placement-api.service[93613]: DEBUG placement.requestlog [req-876fd1d1-0bde-47c6-b003-ec13a4c43fe1 req-2ec63c91-7a51-4bfb-8cde-68b744e3d888 None None] Starting request: 10.222.0.58 "GET /placement/resource_providers/677f713e-5b1b-4f9c-8dc1-75db7f190722/aggregates" {{(pid=93613) __call__ /opt/stack/placement/placement/requestlog.py:55}}
Jun 03 18:34:11.091025 n-d-792394-6 devstack@placement-api.service[93613]: INFO placement.requestlog [req-876fd1d1-0bde-47c6-b003-ec13a4c43fe1 req-2ec63c91-7a51-4bfb-8cde-68b744e3d888 service placement] 10.222.0.58 "GET /placement/resource_providers/677f713e-5b1b-4f9c-8dc1-75db7f190722/aggregates" status: 200 len: 91 microversion: 1.19
Jun 03 18:34:11.093108 n-d-792394-6 devstack@placement-api.service[93613]: [pid: 93613|app: 0|req: 16/30] 10.222.0.58 () {60 vars in 1425 bytes} [Thu Jun 3 18:34:11 2021] GET /placement/resource_providers/677f713e-5b1b-4f9c-8dc1-75db7f190722/aggregates => generated 91 bytes in 26 msecs (HTTP/1.1 200) 8 headers in 295 bytes (1 switches on core 0)
Jun 03 18:34:11.100835 n-d-792394-6 devstack@placement-api.service[93614]: DEBUG placement.requestlog [req-876fd1d1-0bde-47c6-b003-ec13a4c43fe1 req-9b4ea962-d1a4-4cd2-828b-223c0c64771b None None] Starting request: 10.222.0.58 "PUT /placement/resource_providers/677f713e-5b1b-4f9c-8dc1-75db7f190722/aggregates" {{(pid=93614) __call__ /opt/stack/placement/placement/requestlog.py:55}}
Jun 03 18:34:11.129818 n-d-792394-6 devstack@placement-api.service[93614]: DEBUG placement.objects.resource_provider [req-876fd1d1-0bde-47c6-b003-ec13a4c43fe1 req-9b4ea962-d1a4-4cd2-828b-223c0c64771b service placement] Setting aggregates for provider 677f713e-5b1b-4f9c-8dc1-75db7f190722. Successfully disassociated aggregate f143a9d6-615f-4d65-b55b-b8288bc9a70b. {{(pid=93614) _set_aggregates /opt/stack/placement/placement/objects/resource_provider.py:402}}
Jun 03 18:34:11.225413 n-d-792394-6 devstack@placement-api.service[93614]: INFO placement.requestlog [req-876fd1d1-0bde-47c6-b003-ec13a4c43fe1 req-9b4ea962-d1a4-4cd2-828b-223c0c64771b service placement] 10.222.0.58 "PUT /placement/resource_providers/677f713e-5b1b-4f9c-8dc1-75db7f190722/aggregates" status: 200 len: 53 microversion: 1.19
Jun 03 18:34:11.225978 n-d-792394-6 devstack@placement-api.service[93614]: [pid: 93614|app: 0|req: 15/31] 10.222.0.58 () {64 vars in 1477 bytes} [Thu Jun 3 18:34:11 2021] PUT /placement/resource_providers/677f713e-5b1b-4f9c-8dc1-75db7f190722/aggregates => generated 53 bytes in 125 msecs (HTTP/1.1 200) 8 headers in 295 bytes (1 switches on core 0)
Jun 03 18:34:12.294143 n-d-792394-6 devstack@placement-api.service[93613]: DEBUG placement.requestlog [req-aae4714c-5211-4f8a-a48a-a0719ceedac8 req-a4ac70c6-c98b-469a-b1c5-d121ec918e24 None None] Starting request: 10.222.0.58 "GET /placement/resource_providers?name=n-h1-792394-6" {{(pid=93613) __call__ /opt/stack/placement/placement/requestlog.py:55}}
Jun 03 18:34:12.315159 n-d-792394-6 devstack@placement-api.service[93613]: INFO placement.requestlog [req-aae4714c-5211-4f8a-a48a-a0719ceedac8 req-a4ac70c6-c98b-469a-b1c5-d121ec918e24 service placement] 10.222.0.58 "GET /placement/resource_providers?name=n-h1-792394-6" status: 200 len: 440 microversion: 1.0
Jun 03 18:34:12.324251 n-d-792394-6 devstack@placement-api.service[93613]: [pid: 93613|app: 0|req: 17/32] 10.222.0.58 () {58 vars in 1274 bytes} [Thu Jun 3 18:34:12 2021] GET /placement/resource_providers?name=n-h1-792394-6 => generated 440 bytes in 30 msecs (HTTP/1.1 200) 6 headers in 224 bytes (1 switches on core 0)
Jun 03 18:34:12.324829 n-d-792394-6 devstack@placement-api.service[93614]: DEBUG placement.requestlog [req-aae4714c-5211-4f8a-a48a-a0719ceedac8 req-4d8b6774-f39c-4433-b838-c786b82ff3b8 None None] Starting request: 10.222.0.58 "GET /placement/resource_providers/677f713e-5b1b-4f9c-8dc1-75db7f190722/aggregates" {{(pid=93614) __call__ /opt/stack/placement/placement/requestlog.py:55}}
Jun 03 18:34:12.344078 n-d-792394-6 devstack@placement-api.service[93614]: INFO placement.requestlog [req-aae4714c-5211-4f8a-a48a-a0719ceedac8 req-4d8b6774-f39c-4433-b838-c786b82ff3b8 service placement] 10.222.0.58 "GET /placement/resource_providers/677f713e-5b1b-4f9c-8dc1-75db7f190722/aggregates" status: 200 len: 53 microversion: 1.19
Jun 03 18:34:12.348652 n-d-792394-6 devstack@placement-api.service[93614]: [pid: 93614|app: 0|req: 16/33] 10.222.0.58 () {60 vars in 1425 bytes} [Thu Jun 3 18:34:12 2021] GET /placement/resource_providers/677f713e-5b1b-4f9c-8dc1-75db7f190722/aggregates => generated 53 bytes in 24 msecs (HTTP/1.1 200) 8 headers in 295 bytes (2 switches on core 0)
Jun 03 18:34:12.355407 n-d-792394-6 devstack@placement-api.service[93613]: DEBUG placement.requestlog [req-aae4714c-5211-4f8a-a48a-a0719ceedac8 req-4f46c36f-2249-4f1c-9547-e554d51a6213 None None] Starting request: 10.222.0.58 "PUT /placement/resource_providers/677f713e-5b1b-4f9c-8dc1-75db7f190722/aggregates" {{(pid=93613) __call__ /opt/stack/placement/placement/requestlog.py:55}}
Jun 03 18:34:12.381158 n-d-792394-6 devstack@placement-api.service[93613]: DEBUG placement.objects.resource_provider [req-aae4714c-5211-4f8a-a48a-a0719ceedac8 req-4f46c36f-2249-4f1c-9547-e554d51a6213 service placement] _ensure_aggregate() did not find aggregate 6baee0e3-363a-48c6-b16e-2aeecec88f4a. Attempting to create it. {{(pid=93613) _ensure_aggregate /opt/stack/placement/placement/objects/resource_provider.py:319}}
Jun 03 18:34:12.381158 n-d-792394-6 devstack@placement-api.service[93613]: DEBUG placement.objects.resource_provider [req-aae4714c-5211-4f8a-a48a-a0719ceedac8 req-4f46c36f-2249-4f1c-9547-e554d51a6213 service placement] _ensure_aggregate() created new aggregate 6baee0e3-363a-48c6-b16e-2aeecec88f4a (id=2). {{(pid=93613) _ensure_aggregate /opt/stack/placement/placement/objects/resource_provider.py:325}}
Jun 03 18:34:12.382436 n-d-792394-6 devstack@placement-api.service[93613]: DEBUG placement.objects.resource_provider [req-aae4714c-5211-4f8a-a48a-a0719ceedac8 req-4f46c36f-2249-4f1c-9547-e554d51a6213 service placement] Setting aggregates for provider 677f713e-5b1b-4f9c-8dc1-75db7f190722. Successfully associated aggregate 6baee0e3-363a-48c6-b16e-2aeecec88f4a. {{(pid=93613) _set_aggregates /opt/stack/placement/placement/objects/resource_provider.py:387}}
Jun 03 18:34:12.488383 n-d-792394-6 devstack@placement-api.service[93613]: INFO placement.requestlog [req-aae4714c-5211-4f8a-a48a-a0719ceedac8 req-4f46c36f-2249-4f1c-9547-e554d51a6213 service placement] 10.222.0.58 "PUT /placement/resource_providers/677f713e-5b1b-4f9c-8dc1-75db7f190722/aggregates" status: 200 len: 91 microversion: 1.19
Jun 03 18:34:12.495605 n-d-792394-6 devstack@placement-api.service[93613]: [pid: 93613|app: 0|req: 18/34] 10.222.0.58 () {64 vars in 1477 bytes} [Thu Jun 3 18:34:12 2021] PUT /placement/resource_providers/677f713e-5b1b-4f9c-8dc1-75db7f190722/aggregates => generated 91 bytes in 141 msecs (HTTP/1.1 200) 8 headers in 295 bytes (1 switches on core 0)
