Jul 16 20:08:17.434110 n-d-792394-17 devstack@placement-api.service[94441]: DEBUG placement.objects.research_context [req-af6a1acb-28c0-481e-90f8-80b8d1d903a3 req-74e88790-89d6-455d-8cba-38e333d0fa63 service placement] getting providers with 1024 MEMORY_MB {{(pid=94441) __init__ /opt/stack/placement/placement/objects/research_context.py:126}}
Jul 16 20:08:17.442557 n-d-792394-17 devstack@placement-api.service[94441]: DEBUG placement.objects.research_context [req-af6a1acb-28c0-481e-90f8-80b8d1d903a3 req-74e88790-89d6-455d-8cba-38e333d0fa63 service placement] getting providers with 1 VCPU {{(pid=94441) __init__ /opt/stack/placement/placement/objects/research_context.py:126}}
Jul 16 20:08:17.451419 n-d-792394-17 devstack@placement-api.service[94441]: DEBUG placement.objects.research_context [req-af6a1acb-28c0-481e-90f8-80b8d1d903a3 req-74e88790-89d6-455d-8cba-38e333d0fa63 service placement] found 2 providers with available 1 DISK_GB {{(pid=94441) get_provider_ids_matching /opt/stack/placement/placement/objects/research_context.py:549}}
Jul 16 20:08:17.451830 n-d-792394-17 devstack@placement-api.service[94441]: DEBUG placement.objects.research_context [req-af6a1acb-28c0-481e-90f8-80b8d1d903a3 req-74e88790-89d6-455d-8cba-38e333d0fa63 service placement] found 2 providers with available 1024 MEMORY_MB {{(pid=94441) get_provider_ids_matching /opt/stack/placement/placement/objects/research_context.py:549}}
Jul 16 20:08:17.452275 n-d-792394-17 devstack@placement-api.service[94441]: DEBUG placement.objects.research_context [req-af6a1acb-28c0-481e-90f8-80b8d1d903a3 req-74e88790-89d6-455d-8cba-38e333d0fa63 service placement] found 2 providers after filtering by previous result {{(pid=94441) get_provider_ids_matching /opt/stack/placement/placement/objects/research_context.py:580}}
Jul 16 20:08:17.452702 n-d-792394-17 devstack@placement-api.service[94441]: DEBUG placement.objects.research_context [req-af6a1acb-28c0-481e-90f8-80b8d1d903a3 req-74e88790-89d6-455d-8cba-38e333d0fa63 service placement] found 2 providers with available 1 VCPU {{(pid=94441) get_provider_ids_matching /opt/stack/placement/placement/objects/research_context.py:549}}
Jul 16 20:08:17.453146 n-d-792394-17 devstack@placement-api.service[94441]: DEBUG placement.objects.research_context [req-af6a1acb-28c0-481e-90f8-80b8d1d903a3 req-74e88790-89d6-455d-8cba-38e333d0fa63 service placement] found 2 providers after filtering by previous result {{(pid=94441) get_provider_ids_matching /opt/stack/placement/placement/objects/research_context.py:580}}
Jul 16 20:08:17.468915 n-d-792394-17 devstack@placement-api.service[94441]: DEBUG placement.objects.allocation_candidate [req-af6a1acb-28c0-481e-90f8-80b8d1d903a3 req-74e88790-89d6-455d-8cba-38e333d0fa63 service placement] RequestGroup(use_same_provider=False, resources={DISK_GB:1, MEMORY_MB:1024, VCPU:1}, traits=[], aggregates=[]) (suffix '') returned 2 matches {{(pid=94441) _get_by_requests /opt/stack/placement/placement/objects/allocation_candidate.py:145}}
Jul 16 20:08:17.469660 n-d-792394-17 devstack@placement-api.service[94441]: DEBUG placement.objects.allocation_candidate [req-af6a1acb-28c0-481e-90f8-80b8d1d903a3 req-74e88790-89d6-455d-8cba-38e333d0fa63 service placement] Merging candidates yields 2 allocation requests and 2 provider summaries {{(pid=94441) _merge_candidates /opt/stack/placement/placement/objects/allocation_candidate.py:783}}
Jul 16 20:08:17.472155 n-d-792394-17 devstack@placement-api.service[94441]: INFO placement.requestlog [req-af6a1acb-28c0-481e-90f8-80b8d1d903a3 req-74e88790-89d6-455d-8cba-38e333d0fa63 service placement] 10.222.0.10 "GET /placement/allocation_candidates?limit=1000&resources=DISK_GB%3A1%2CMEMORY_MB%3A1024%2CVCPU%3A1&root_required=%21COMPUTE_STATUS_DISABLED" status: 200 len: 1309 microversion: 1.36
Jul 16 20:08:17.472570 n-d-792394-17 devstack@placement-api.service[94441]: [pid: 94441|app: 0|req: 76/154] 10.222.0.10 () {60 vars in 1507 bytes} [Fri Jul 16 20:08:17 2021] GET /placement/allocation_candidates?limit=1000&resources=DISK_GB%3A1%2CMEMORY_MB%3A1024%2CVCPU%3A1&root_required=%21COMPUTE_STATUS_DISABLED => generated 1309 bytes in 104 msecs (HTTP/1.1 200) 8 headers in 297 bytes (1 switches on core 0)
Jul 16 20:08:17.537031 n-d-792394-17 devstack@placement-api.service[94441]: DEBUG placement.requestlog [req-af6a1acb-28c0-481e-90f8-80b8d1d903a3 req-00a3ede4-b5f5-4acf-aa4b-36ee8312f038 None None] Starting request: 10.222.0.10 "GET /placement/allocations/5e266b58-b140-4d18-acd0-b0647f9526f2" {{(pid=94441) __call__ /opt/stack/placement/placement/requestlog.py:55}}
Jul 16 20:08:17.556391 n-d-792394-17 devstack@placement-api.service[94441]: INFO placement.requestlog [req-af6a1acb-28c0-481e-90f8-80b8d1d903a3 req-00a3ede4-b5f5-4acf-aa4b-36ee8312f038 service placement] 10.222.0.10 "GET /placement/allocations/5e266b58-b140-4d18-acd0-b0647f9526f2" status: 200 len: 19 microversion: 1.28
Jul 16 20:08:17.557688 n-d-792394-17 devstack@placement-api.service[94441]: [pid: 94441|app: 0|req: 77/155] 10.222.0.10 () {60 vars in 1381 bytes} [Fri Jul 16 20:08:17 2021] GET /placement/allocations/5e266b58-b140-4d18-acd0-b0647f9526f2 => generated 19 bytes in 21 msecs (HTTP/1.1 200) 8 headers in 295 bytes (1 switches on core 0)
Jul 16 20:08:17.565880 n-d-792394-17 devstack@placement-api.service[94441]: DEBUG placement.requestlog [req-af6a1acb-28c0-481e-90f8-80b8d1d903a3 req-ff11b998-6ab4-4cfd-b2cc-830ee86af01e None None] Starting request: 10.222.0.10 "PUT /placement/allocations/5e266b58-b140-4d18-acd0-b0647f9526f2" {{(pid=94441) __call__ /opt/stack/placement/placement/requestlog.py:55}}
Jul 16 20:08:17.577837 n-d-792394-17 devstack@placement-api.service[94440]: DEBUG placement.handlers.allocation [req-e04b5ce5-f4bd-4c73-8748-b4cb6153bea1 req-c2428a4c-9384-4af0-be00-7699590b00df service placement] Successfully wrote allocations [, , , , , ] {{(pid=94440) _create_allocations /opt/stack/placement/placement/handlers/allocation.py:524}}
Jul 16 20:08:17.578934 n-d-792394-17 devstack@placement-api.service[94440]: INFO placement.requestlog [req-e04b5ce5-f4bd-4c73-8748-b4cb6153bea1 req-c2428a4c-9384-4af0-be00-7699590b00df service placement] 10.222.0.10 "POST /placement/allocations" status: 204 len: 0 microversion: 1.28
Jul 16 20:08:17.579760 n-d-792394-17 devstack@placement-api.service[94440]: [pid: 94440|app: 0|req: 79/156] 10.222.0.10 () {64 vars in 1324 bytes} [Fri Jul 16 20:08:17 2021] POST /placement/allocations => generated 0 bytes in 258 msecs (HTTP/1.1 204) 5 headers in 199 bytes (1 switches on core 0)
Jul 16 20:08:17.672686 n-d-792394-17 devstack@placement-api.service[94440]: DEBUG placement.requestlog [req-e04b5ce5-f4bd-4c73-8748-b4cb6153bea1 req-c577a584-d763-4dc5-af32-2554f44f7942 None None] Starting request: 10.222.0.10 "GET /placement/allocations/d6d5326f-1e19-4a36-9525-28455fec4a42" {{(pid=94440) __call__ /opt/stack/placement/placement/requestlog.py:55}}
Jul 16 20:08:17.724595 n-d-792394-17 devstack@placement-api.service[94441]: DEBUG placement.handlers.allocation [req-af6a1acb-28c0-481e-90f8-80b8d1d903a3 req-ff11b998-6ab4-4cfd-b2cc-830ee86af01e service placement] Successfully wrote allocations [, , ] {{(pid=94441) _create_allocations /opt/stack/placement/placement/handlers/allocation.py:435}}
Jul 16 20:08:17.725120 n-d-792394-17 devstack@placement-api.service[94441]: INFO placement.requestlog [req-af6a1acb-28c0-481e-90f8-80b8d1d903a3 req-ff11b998-6ab4-4cfd-b2cc-830ee86af01e service placement] 10.222.0.10 "PUT /placement/allocations/5e266b58-b140-4d18-acd0-b0647f9526f2" status: 204 len: 0 microversion: 1.36
Jul 16 20:08:17.725896 n-d-792394-17 devstack@placement-api.service[94441]: [pid: 94441|app: 0|req: 78/157] 10.222.0.10 () {64 vars in 1434 bytes} [Fri Jul 16 20:08:17 2021] PUT /placement/allocations/5e266b58-b140-4d18-acd0-b0647f9526f2 => generated 0 bytes in 160 msecs (HTTP/1.1 204) 5 headers in 199 bytes (2 switches on core 0)
Jul 16 20:08:17.790063 n-d-792394-17 devstack@placement-api.service[94440]: INFO placement.requestlog [req-e04b5ce5-f4bd-4c73-8748-b4cb6153bea1 req-c577a584-d763-4dc5-af32-2554f44f7942 service placement] 10.222.0.10 "GET /placement/allocations/d6d5326f-1e19-4a36-9525-28455fec4a42" status: 200 len: 19 microversion: 1.28
Jul 16 20:08:17.790266 n-d-792394-17 devstack@placement-api.service[94440]: [pid: 94440|app: 0|req: 80/158] 10.222.0.10 () {60 vars in 1381 bytes} [Fri Jul 16 20:08:17 2021] GET /placement/allocations/d6d5326f-1e19-4a36-9525-28455fec4a42 => generated 19 bytes in 118 msecs (HTTP/1.1 200) 8 headers in 295 bytes (2 switches on core 0)
Jul 16 20:08:17.798700 n-d-792394-17 devstack@placement-api.service[94441]: DEBUG placement.requestlog [req-e04b5ce5-f4bd-4c73-8748-b4cb6153bea1 req-42195462-8421-4b0a-989f-ffe913417658 None None] Starting request: 10.222.0.10 "PUT /placement/allocations/d6d5326f-1e19-4a36-9525-28455fec4a42" {{(pid=94441) __call__ /opt/stack/placement/placement/requestlog.py:55}}
Jul 16 20:08:17.876474 n-d-792394-17 devstack@placement-api.service[94441]: DEBUG placement.handlers.allocation [req-e04b5ce5-f4bd-4c73-8748-b4cb6153bea1 req-42195462-8421-4b0a-989f-ffe913417658 service placement] Successfully wrote allocations [, , ] {{(pid=94441) _create_allocations /opt/stack/placement/placement/handlers/allocation.py:435}}
Jul 16 20:08:17.877277 n-d-792394-17 devstack@placement-api.service[94441]: INFO placement.requestlog [req-e04b5ce5-f4bd-4c73-8748-b4cb6153bea1 req-42195462-8421-4b0a-989f-ffe913417658 service placement] 10.222.0.10 "PUT /placement/allocations/d6d5326f-1e19-4a36-9525-28455fec4a42" status: 204 len: 0 microversion: 1.28
Jul 16 20:08:17.889940 n-d-792394-17 devstack@placement-api.service[94441]: [pid: 94441|app: 0|req: 79/159] 10.222.0.10 () {64 vars in 1434 bytes} [Fri Jul 16 20:08:17 2021] PUT /placement/allocations/d6d5326f-1e19-4a36-9525-28455fec4a42 => generated 0 bytes in 79 msecs (HTTP/1.1 204) 5 headers in 199 bytes (1 switches on core 0)
Jul 16 20:08:18.082447 n-d-792394-17 devstack@placement-api.service[94440]: DEBUG placement.requestlog [req-e04b5ce5-f4bd-4c73-8748-b4cb6153bea1 req-1665b7eb-b712-4277-9b56-87d28b8fab42 None None] Starting request: 10.222.0.30 "GET /placement/allocations/d6d5326f-1e19-4a36-9525-28455fec4a42" {{(pid=94440) __call__ /opt/stack/placement/placement/requestlog.py:55}}
Jul 16 20:08:18.124395 n-d-792394-17 devstack@placement-api.service[94440]: INFO placement.requestlog [req-e04b5ce5-f4bd-4c73-8748-b4cb6153bea1 req-1665b7eb-b712-4277-9b56-87d28b8fab42 service placement] 10.222.0.30 "GET /placement/allocations/d6d5326f-1e19-4a36-9525-28455fec4a42" status: 200 len: 259 microversion: 1.28
Jul 16 20:08:18.124849 n-d-792394-17 devstack@placement-api.service[94440]: [pid: 94440|app: 0|req: 81/160] 10.222.0.30 () {60 vars in 1378 bytes} [Fri Jul 16 20:08:18 2021] GET /placement/allocations/d6d5326f-1e19-4a36-9525-28455fec4a42 => generated 259 bytes in 43 msecs (HTTP/1.1 200) 8 headers in 296 bytes (2 switches on core 0)
Jul 16 20:08:18.310887 n-d-792394-17 devstack@placement-api.service[94441]: DEBUG placement.requestlog [req-af6a1acb-28c0-481e-90f8-80b8d1d903a3 req-d510fef8-02f8-4c96-9027-44583e428abe None None] Starting request: 10.222.0.30 "GET /placement/allocations/5e266b58-b140-4d18-acd0-b0647f9526f2" {{(pid=94441) __call__ /opt/stack/placement/placement/requestlog.py:55}}
Jul 16 20:08:18.357277 n-d-792394-17 devstack@placement-api.service[94441]: INFO placement.requestlog [req-af6a1acb-28c0-481e-90f8-80b8d1d903a3 req-d510fef8-02f8-4c96-9027-44583e428abe service placement] 10.222.0.30 "GET /placement/allocations/5e266b58-b140-4d18-acd0-b0647f9526f2" status: 200 len: 259 microversion: 1.28
Jul 16 20:08:18.357567 n-d-792394-17 devstack@placement-api.service[94441]: [pid: 94441|app: 0|req: 80/161] 10.222.0.30 () {60 vars in 1378 bytes} [Fri Jul 16 20:08:18 2021] GET /placement/allocations/5e266b58-b140-4d18-acd0-b0647f9526f2 => generated 259 bytes in 47 msecs (HTTP/1.1 200) 8 headers in 296 bytes (1 switches on core 0)
Jul 16 20:08:19.935312 n-d-792394-17 devstack@placement-api.service[94440]: DEBUG placement.requestlog [None req-2195b384-61dc-4c83-865c-57ef758cf972 None None] Starting request: 10.222.0.10 "GET /placement/" {{(pid=94440) __call__ /opt/stack/placement/placement/requestlog.py:55}}
Jul 16 20:08:19.936339 n-d-792394-17 devstack@placement-api.service[94440]: INFO placement.requestlog [None req-2195b384-61dc-4c83-865c-57ef758cf972 None None] 10.222.0.10 "GET /placement/" status: 200 len: 136 microversion: 1.0
Jul 16 20:08:19.937004 n-d-792394-17 devstack@placement-api.service[94440]: [pid: 94440|app: 0|req: 82/162] 10.222.0.10 () {54 vars in 916 bytes} [Fri Jul 16 20:08:19 2021] GET /placement => generated 136 bytes in 2 msecs (HTTP/1.1 200) 6 headers in 224 bytes (1 switches on core 0)
Jul 16 20:08:19.945894 n-d-792394-17 devstack@placement-api.service[94441]: DEBUG placement.requestlog [req-d9e1154d-579f-4ce4-9888-2710596ef66b req-68d60657-804d-44d3-b4e6-9dd531111eae None None] Starting request: 10.222.0.10 "GET /placement/allocations/d3231863-1e37-42bd-a85d-ebe427380fe7" {{(pid=94441) __call__ /opt/stack/placement/placement/requestlog.py:55}}
Jul 16 20:08:20.036524 n-d-792394-17 devstack@placement-api.service[94441]: INFO placement.requestlog [req-d9e1154d-579f-4ce4-9888-2710596ef66b req-68d60657-804d-44d3-b4e6-9dd531111eae service placement] 10.222.0.10 "GET /placement/allocations/d3231863-1e37-42bd-a85d-ebe427380fe7" status: 200 len: 259 microversion: 1.28
Jul 16 20:08:20.042147 n-d-792394-17 devstack@placement-api.service[94441]: [pid: 94441|app: 0|req: 81/163] 10.222.0.10 () {60 vars in 1381 bytes} [Fri Jul 16 20:08:19 2021] GET /placement/allocations/d3231863-1e37-42bd-a85d-ebe427380fe7 => generated 259 bytes in 96 msecs (HTTP/1.1 200) 8 headers in 296 bytes (1 switches on core 0)
Jul 16 20:08:20.042559 n-d-792394-17 devstack@placement-api.service[94440]: DEBUG placement.requestlog [req-d9e1154d-579f-4ce4-9888-2710596ef66b req-3e5ac55d-e3fc-4e26-bbeb-0e092c9237f3 None None] Starting request: 10.222.0.10 "GET /placement/allocations/d3231863-1e37-42bd-a85d-ebe427380fe7" {{(pid=94440) __call__ /opt/stack/placement/placement/requestlog.py:55}}
Jul 16 20:08:20.067167 n-d-792394-17 devstack@placement-api.service[94440]: INFO placement.requestlog [req-d9e1154d-579f-4ce4-9888-2710596ef66b req-3e5ac55d-e3fc-4e26-bbeb-0e092c9237f3 service placement] 10.222.0.10 "GET /placement/allocations/d3231863-1e37-42bd-a85d-ebe427380fe7" status: 200 len: 259 microversion: 1.28
Jul 16 20:08:20.070063 n-d-792394-17 devstack@placement-api.service[94440]: [pid: 94440|app: 0|req: 83/164] 10.222.0.10 () {60 vars in 1381 bytes} [Fri Jul 16 20:08:20 2021] GET /placement/allocations/d3231863-1e37-42bd-a85d-ebe427380fe7 => generated 259 bytes in 28 msecs (HTTP/1.1 200) 8 headers in 296 bytes (2 switches on core 0)
Jul 16 20:08:20.077674 n-d-792394-17 devstack@placement-api.service[94441]: DEBUG placement.requestlog [req-d9e1154d-579f-4ce4-9888-2710596ef66b req-1c645cae-1616-49c9-a1e7-c27e6eb4e09e None None] Starting request: 10.222.0.10 "GET /placement/allocations/a9c7e2fe-1198-4244-b512-7fc36dce7400" {{(pid=94441) __call__ /opt/stack/placement/placement/requestlog.py:55}}
Jul 16 20:08:20.092038 n-d-792394-17 devstack@placement-api.service[94441]: INFO placement.requestlog [req-d9e1154d-579f-4ce4-9888-2710596ef66b req-1c645cae-1616-49c9-a1e7-c27e6eb4e09e service placement] 10.222.0.10 "GET /placement/allocations/a9c7e2fe-1198-4244-b512-7fc36dce7400" status: 200 len: 19 microversion: 1.28
Jul 16 20:08:20.092646 n-d-792394-17 devstack@placement-api.service[94441]: [pid: 94441|app: 0|req: 82/165] 10.222.0.10 () {60 vars in 1381 bytes} [Fri Jul 16 20:08:20 2021] GET /placement/allocations/a9c7e2fe-1198-4244-b512-7fc36dce7400 => generated 19 bytes in 15 msecs (HTTP/1.1 200) 8 headers in 295 bytes (1 switches on core 0)
Jul 16 20:08:20.100724 n-d-792394-17 devstack@placement-api.service[94440]: DEBUG placement.requestlog [req-d9e1154d-579f-4ce4-9888-2710596ef66b req-16b516fa-447a-4981-927c-596488055b0d None None] Starting request: 10.222.0.10 "POST /placement/allocations" {{(pid=94440) __call__ /opt/stack/placement/placement/requestlog.py:55}}
Jul 16 20:08:20.191239 n-d-792394-17 devstack@placement-api.service[94440]: DEBUG placement.handlers.allocation [req-d9e1154d-579f-4ce4-9888-2710596ef66b req-16b516fa-447a-4981-927c-596488055b0d service placement] Successfully wrote allocations [, , , , , ] {{(pid=94440) _create_allocations /opt/stack/placement/placement/handlers/allocation.py:524}}
Jul 16 20:08:20.192982 n-d-792394-17 devstack@placement-api.service[94440]: INFO placement.requestlog [req-d9e1154d-579f-4ce4-9888-2710596ef66b req-16b516fa-447a-4981-927c-596488055b0d service placement] 10.222.0.10 "POST /placement/allocations" status: 204 len: 0 microversion: 1.28
Jul 16 20:08:20.193596 n-d-792394-17 devstack@placement-api.service[94440]: [pid: 94440|app: 0|req: 84/166] 10.222.0.10 () {64 vars in 1324 bytes} [Fri Jul 16 20:08:20 2021] POST /placement/allocations => generated 0 bytes in 93 msecs (HTTP/1.1 204) 5 headers in 199 bytes (1 switches on core 0)
Jul 16 20:08:20.217583 n-d-792394-17 devstack@placement-api.service[94441]: DEBUG placement.requestlog [req-d9e1154d-579f-4ce4-9888-2710596ef66b req-6cb3d711-362a-416b-bc5f-6847a52507a8 None None] Starting request: 10.222.0.10 "GET /placement/allocation_candidates?limit=1000&resources=DISK_GB%3A1%2CMEMORY_MB%3A512%2CVCPU%3A1&root_required=%21COMPUTE_STATUS_DISABLED" {{(pid=94441) __call__ /opt/stack/placement/placement/requestlog.py:55}}
Jul 16 20:08:20.248531 n-d-792394-17 devstack@placement-api.service[94441]: DEBUG placement.objects.research_context [req-d9e1154d-579f-4ce4-9888-2710596ef66b req-6cb3d711-362a-416b-bc5f-6847a52507a8 service placement] getting providers with 1 DISK_GB {{(pid=94441) __init__ /opt/stack/placement/placement/objects/research_context.py:126}}
Jul 16 20:08:20.254559 n-d-792394-17 devstack@placement-api.service[94441]: DEBUG placement.objects.research_context [req-d9e1154d-579f-4ce4-9888-2710596ef66b req-6cb3d711-362a-416b-bc5f-6847a52507a8 service placement] getting providers with 512 MEMORY_MB {{(pid=94441) __init__ /opt/stack/placement/placement/objects/research_context.py:126}}
Jul 16 20:08:20.260063 n-d-792394-17 devstack@placement-api.service[94441]: DEBUG placement.objects.research_context [req-d9e1154d-579f-4ce4-9888-2710596ef66b req-6cb3d711-362a-416b-bc5f-6847a52507a8 service placement] getting providers with 1 VCPU {{(pid=94441) __init__ /opt/stack/placement/placement/objects/research_context.py:126}}
Jul 16 20:08:20.265632 n-d-792394-17 devstack@placement-api.service[94441]: DEBUG placement.objects.research_context [req-d9e1154d-579f-4ce4-9888-2710596ef66b req-6cb3d711-362a-416b-bc5f-6847a52507a8 service placement] found 2 providers with available 1 DISK_GB {{(pid=94441) get_provider_ids_matching /opt/stack/placement/placement/objects/research_context.py:549}}
Jul 16 20:08:20.266102 n-d-792394-17 devstack@placement-api.service[94441]: DEBUG placement.objects.research_context [req-d9e1154d-579f-4ce4-9888-2710596ef66b req-6cb3d711-362a-416b-bc5f-6847a52507a8 service placement] found 2 providers with available 512 MEMORY_MB {{(pid=94441) get_provider_ids_matching /opt/stack/placement/placement/objects/research_context.py:549}}
Jul 16 20:08:20.266523 n-d-792394-17 devstack@placement-api.service[94441]: DEBUG placement.objects.research_context [req-d9e1154d-579f-4ce4-9888-2710596ef66b req-6cb3d711-362a-416b-bc5f-6847a52507a8 service placement] found 2 providers after filtering by previous result {{(pid=94441) get_provider_ids_matching /opt/stack/placement/placement/objects/research_context.py:580}}
Jul 16 20:08:20.266923 n-d-792394-17 devstack@placement-api.service[94441]: DEBUG placement.objects.research_context [req-d9e1154d-579f-4ce4-9888-2710596ef66b req-6cb3d711-362a-416b-bc5f-6847a52507a8 service placement] found 2 providers with available 1 VCPU {{(pid=94441) get_provider_ids_matching /opt/stack/placement/placement/objects/research_context.py:549}}
Jul 16 20:08:20.267375 n-d-792394-17 devstack@placement-api.service[94441]: DEBUG placement.objects.research_context [req-d9e1154d-579f-4ce4-9888-2710596ef66b req-6cb3d711-362a-416b-bc5f-6847a52507a8 service placement] found 2 providers after filtering by previous result {{(pid=94441) get_provider_ids_matching /opt/stack/placement/placement/objects/research_context.py:580}}
Jul 16 20:08:20.280421 n-d-792394-17 devstack@placement-api.service[94441]: DEBUG placement.objects.allocation_candidate [req-d9e1154d-579f-4ce4-9888-2710596ef66b req-6cb3d711-362a-416b-bc5f-6847a52507a8 service placement] RequestGroup(use_same_provider=False, resources={DISK_GB:1, MEMORY_MB:512, VCPU:1}, traits=[], aggregates=[]) (suffix '') returned 2 matches {{(pid=94441) _get_by_requests /opt/stack/placement/placement/objects/allocation_candidate.py:145}}
Jul 16 20:08:20.280806 n-d-792394-17 devstack@placement-api.service[94441]: DEBUG placement.objects.allocation_candidate [req-d9e1154d-579f-4ce4-9888-2710596ef66b req-6cb3d711-362a-416b-bc5f-6847a52507a8 service placement] Merging candidates yields 2 allocation requests and 2 provider summaries {{(pid=94441) _merge_candidates /opt/stack/placement/placement/objects/allocation_candidate.py:783}}
Jul 16 20:08:20.285088 n-d-792394-17 devstack@placement-api.service[94441]: INFO placement.requestlog [req-d9e1154d-579f-4ce4-9888-2710596ef66b req-6cb3d711-362a-416b-bc5f-6847a52507a8 service placement] 10.222.0.10 "GET /placement/allocation_candidates?limit=1000&resources=DISK_GB%3A1%2CMEMORY_MB%3A512%2CVCPU%3A1&root_required=%21COMPUTE_STATUS_DISABLED" status: 200 len: 1307 microversion: 1.36
Jul 16 20:08:20.285088 n-d-792394-17 devstack@placement-api.service[94441]: [pid: 94441|app: 0|req: 83/167] 10.222.0.10 () {60 vars in 1505 bytes} [Fri Jul 16 20:08:20 2021] GET /placement/allocation_candidates?limit=1000&resources=DISK_GB%3A1%2CMEMORY_MB%3A512%2CVCPU%3A1&root_required=%21COMPUTE_STATUS_DISABLED => generated 1307 bytes in 67 msecs (HTTP/1.1 200) 8 headers in 297 bytes (1 switches on core 0)
Jul 16 20:08:20.355817 n-d-792394-17 devstack@placement-api.service[94440]: DEBUG placement.requestlog [req-d9e1154d-579f-4ce4-9888-2710596ef66b req-f9534b59-2105-4c00-a64e-99d997352a47 None None] Starting request: 10.222.0.10 "GET /placement/allocations/d3231863-1e37-42bd-a85d-ebe427380fe7" {{(pid=94440) __call__ /opt/stack/placement/placement/requestlog.py:55}}
Jul 16 20:08:20.367102 n-d-792394-17 devstack@placement-api.service[94440]: INFO placement.requestlog [req-d9e1154d-579f-4ce4-9888-2710596ef66b req-f9534b59-2105-4c00-a64e-99d997352a47 service placement] 10.222.0.10 "GET /placement/allocations/d3231863-1e37-42bd-a85d-ebe427380fe7" status: 200 len: 19 microversion: 1.28
Jul 16 20:08:20.367600 n-d-792394-17 devstack@placement-api.service[94440]: [pid: 94440|app: 0|req: 85/168] 10.222.0.10 () {60 vars in 1381 bytes} [Fri Jul 16 20:08:20 2021] GET /placement/allocations/d3231863-1e37-42bd-a85d-ebe427380fe7 => generated 19 bytes in 12 msecs (HTTP/1.1 200) 8 headers in 295 bytes (2 switches on core 0)
Jul 16 20:08:20.373576 n-d-792394-17 devstack@placement-api.service[94441]: DEBUG placement.requestlog [req-d9e1154d-579f-4ce4-9888-2710596ef66b req-b37dfd1c-e52d-4bec-8055-b4a65d90b750 None None] Starting request: 10.222.0.10 "PUT /placement/allocations/d3231863-1e37-42bd-a85d-ebe427380fe7" {{(pid=94441) __call__ /opt/stack/placement/placement/requestlog.py:55}}
Jul 16 20:08:20.452037 n-d-792394-17 devstack@placement-api.service[94441]: DEBUG placement.handlers.allocation [req-d9e1154d-579f-4ce4-9888-2710596ef66b req-b37dfd1c-e52d-4bec-8055-b4a65d90b750 service placement] Successfully wrote allocations [, , ] {{(pid=94441) _create_allocations /opt/stack/placement/placement/handlers/allocation.py:435}}
Jul 16 20:08:20.452831 n-d-792394-17 devstack@placement-api.service[94441]: INFO placement.requestlog [req-d9e1154d-579f-4ce4-9888-2710596ef66b req-b37dfd1c-e52d-4bec-8055-b4a65d90b750 service placement] 10.222.0.10 "PUT /placement/allocations/d3231863-1e37-42bd-a85d-ebe427380fe7" status: 204 len: 0 microversion: 1.36
Jul 16 20:08:20.454272 n-d-792394-17 devstack@placement-api.service[94441]: [pid: 94441|app: 0|req: 84/169] 10.222.0.10 () {64 vars in 1434 bytes} [Fri Jul 16 20:08:20 2021] PUT /placement/allocations/d3231863-1e37-42bd-a85d-ebe427380fe7 => generated 0 bytes in 80 msecs (HTTP/1.1 204) 5 headers in 199 bytes (2 switches on core 0)
Jul 16 20:08:20.787220 n-d-792394-17 devstack@placement-api.service[94440]: DEBUG placement.requestlog [req-d9e1154d-579f-4ce4-9888-2710596ef66b req-e14fcc2f-5a33-4e3c-9166-3bd7cddd568d None None] Starting request: 10.222.0.30 "GET /placement/allocations/d3231863-1e37-42bd-a85d-ebe427380fe7" {{(pid=94440) __call__ /opt/stack/placement/placement/requestlog.py:55}}
Jul 16 20:08:20.804376 n-d-792394-17 devstack@placement-api.service[94440]: INFO placement.requestlog [req-d9e1154d-579f-4ce4-9888-2710596ef66b req-e14fcc2f-5a33-4e3c-9166-3bd7cddd568d service placement] 10.222.0.30 "GET /placement/allocations/d3231863-1e37-42bd-a85d-ebe427380fe7" status: 200 len: 258 microversion: 1.28
Jul 16 20:08:20.804915 n-d-792394-17 devstack@placement-api.service[94440]: [pid: 94440|app: 0|req: 86/170] 10.222.0.30 () {60 vars in 1378 bytes} [Fri Jul 16 20:08:20 2021] GET /placement/allocations/d3231863-1e37-42bd-a85d-ebe427380fe7 => generated 258 bytes in 18 msecs (HTTP/1.1 200) 8 headers in 296 bytes (1 switches on core 0)
Jul 16 20:08:20.819053 n-d-792394-17 devstack@placement-api.service[94441]: DEBUG placement.requestlog [req-6b683463-e381-4fa2-9821-7e5d3af632fd req-96e1bd27-3ce6-4017-ad90-4c05aaa4a525 None None] Starting request: 10.222.0.30 "GET /placement/resource_providers/e8dc99cc-fdaf-48b6-a2fa-c40158b3b5ae/allocations" {{(pid=94441) __call__ /opt/stack/placement/placement/requestlog.py:55}}
Jul 16 20:08:20.843215 n-d-792394-17 devstack@placement-api.service[94441]: INFO placement.requestlog [req-6b683463-e381-4fa2-9821-7e5d3af632fd req-96e1bd27-3ce6-4017-ad90-4c05aaa4a525 service placement] 10.222.0.30 "GET /placement/resource_providers/e8dc99cc-fdaf-48b6-a2fa-c40158b3b5ae/allocations" status: 200 len: 961 microversion: 1.0
Jul 16 20:08:20.843728 n-d-792394-17 devstack@placement-api.service[94441]: [pid: 94441|app: 0|req: 85/171] 10.222.0.30 () {58 vars in 1391 bytes} [Fri Jul 16 20:08:20 2021] GET /placement/resource_providers/e8dc99cc-fdaf-48b6-a2fa-c40158b3b5ae/allocations => generated 961 bytes in 25 msecs (HTTP/1.1 200) 6 headers in 224 bytes (2 switches on core 0)
Jul 16 20:08:22.143392 n-d-792394-17 devstack@placement-api.service[94440]: DEBUG placement.requestlog [req-048eb3b1-5849-4d17-8047-7ed772cf2ccf req-5a00b633-d7f8-4507-86f2-5fb65263bc96 None None] Starting request: 10.222.0.63 "GET /placement/resource_providers/ef5ca286-b400-4714-ad70-8f53a8ccf3ae/allocations" {{(pid=94440) __call__ /opt/stack/placement/placement/requestlog.py:55}}
Jul 16 20:08:22.169864 n-d-792394-17 devstack@placement-api.service[94440]: INFO placement.requestlog [req-048eb3b1-5849-4d17-8047-7ed772cf2ccf req-5a00b633-d7f8-4507-86f2-5fb65263bc96 service placement] 10.222.0.63 "GET /placement/resource_providers/ef5ca286-b400-4714-ad70-8f53a8ccf3ae/allocations" status: 200 len: 962 microversion: 1.0
Jul 16 20:08:22.170881 n-d-792394-17 devstack@placement-api.service[94440]: [pid: 94440|app: 0|req: 87/172] 10.222.0.63 () {58 vars in 1391 bytes} [Fri Jul 16 20:08:22 2021] GET /placement/resource_providers/ef5ca286-b400-4714-ad70-8f53a8ccf3ae/allocations => generated 962 bytes in 28 msecs (HTTP/1.1 200) 6 headers in 224 bytes (1 switches on core 0)
Jul 16 20:08:29.995202 n-d-792394-17 devstack@placement-api.service[94441]: DEBUG placement.requestlog [req-d1f5d0dc-f0d3-444a-a82a-7cbd065187d6 req-9b3bc5f2-ebe8-4974-9467-c1d075701893 None None] Starting request: 10.222.0.63 "GET /placement/allocations/6faa5e18-2c2c-49af-a06f-69e4b205e5ba" {{(pid=94441) __call__ /opt/stack/placement/placement/requestlog.py:55}}
Jul 16 20:08:30.026574 n-d-792394-17 devstack@placement-api.service[94441]: INFO placement.requestlog [req-d1f5d0dc-f0d3-444a-a82a-7cbd065187d6 req-9b3bc5f2-ebe8-4974-9467-c1d075701893 service placement] 10.222.0.63 "GET /placement/allocations/6faa5e18-2c2c-49af-a06f-69e4b205e5ba" status: 200 len: 259 microversion: 1.28
Jul 16 20:08:30.027111 n-d-792394-17 devstack@placement-api.service[94441]: [pid: 94441|app: 0|req: 86/173] 10.222.0.63 () {60 vars in 1378 bytes} [Fri Jul 16 20:08:29 2021] GET /placement/allocations/6faa5e18-2c2c-49af-a06f-69e4b205e5ba => generated 259 bytes in 32 msecs (HTTP/1.1 200) 8 headers in 296 bytes (1 switches on core 0)
Jul 16 20:08:30.039771 n-d-792394-17 devstack@placement-api.service[94440]: DEBUG placement.requestlog [req-d1f5d0dc-f0d3-444a-a82a-7cbd065187d6 req-7d6e038f-d49f-4e2e-a96e-1a574b4cec72 None None] Starting request: 10.222.0.63 "PUT /placement/allocations/6faa5e18-2c2c-49af-a06f-69e4b205e5ba" {{(pid=94440) __call__ /opt/stack/placement/placement/requestlog.py:55}}
Jul 16 20:08:30.094554 n-d-792394-17 devstack@placement-api.service[94440]: DEBUG placement.handlers.allocation [req-d1f5d0dc-f0d3-444a-a82a-7cbd065187d6 req-7d6e038f-d49f-4e2e-a96e-1a574b4cec72 service placement] Successfully wrote allocations [, , ] {{(pid=94440) _create_allocations /opt/stack/placement/placement/handlers/allocation.py:435}}
Jul 16 20:08:30.095386 n-d-792394-17 devstack@placement-api.service[94440]: INFO placement.requestlog [req-d1f5d0dc-f0d3-444a-a82a-7cbd065187d6 req-7d6e038f-d49f-4e2e-a96e-1a574b4cec72 service placement] 10.222.0.63 "PUT /placement/allocations/6faa5e18-2c2c-49af-a06f-69e4b205e5ba" status: 204 len: 0 microversion: 1.28
Jul 16 20:08:30.096403 n-d-792394-17 devstack@placement-api.service[94440]: [pid: 94440|app: 0|req: 88/174] 10.222.0.63 () {64 vars in 1431 bytes} [Fri Jul 16 20:08:30 2021] PUT /placement/allocations/6faa5e18-2c2c-49af-a06f-69e4b205e5ba => generated 0 bytes in 57 msecs (HTTP/1.1 204) 5 headers in 199 bytes (1 switches on core 0)
Jul 16 20:08:33.585465 n-d-792394-17 devstack@placement-api.service[94441]: DEBUG placement.requestlog [req-0eec1f0f-7f51-4486-a6de-9628393749d0 req-6f937b83-bda5-42a4-9b6b-e809b5e95a21 None None] Starting request: 10.222.0.10 "GET /placement/allocation_candidates?resources=DISK_GB%3A1%2CMEMORY_MB%3A1024%2CVCPU%3A1&root_required=%21COMPUTE_STATUS_DISABLED" {{(pid=94441) __call__ /opt/stack/placement/placement/requestlog.py:55}}
Jul 16 20:08:33.649755 n-d-792394-17 devstack@placement-api.service[94441]: DEBUG placement.objects.research_context [req-0eec1f0f-7f51-4486-a6de-9628393749d0 req-6f937b83-bda5-42a4-9b6b-e809b5e95a21 service placement] getting providers with 1 DISK_GB {{(pid=94441) __init__ /opt/stack/placement/placement/objects/research_context.py:126}}
Jul 16 20:08:33.657210 n-d-792394-17 devstack@placement-api.service[94441]: DEBUG placement.objects.research_context [req-0eec1f0f-7f51-4486-a6de-9628393749d0 req-6f937b83-bda5-42a4-9b6b-e809b5e95a21 service placement] getting providers with 1024 MEMORY_MB {{(pid=94441) __init__ /opt/stack/placement/placement/objects/research_context.py:126}}
Jul 16 20:08:33.678604 n-d-792394-17 devstack@placement-api.service[94441]: DEBUG placement.objects.research_context [req-0eec1f0f-7f51-4486-a6de-9628393749d0 req-6f937b83-bda5-42a4-9b6b-e809b5e95a21 service placement] getting providers with 1 VCPU {{(pid=94441) __init__ /opt/stack/placement/placement/objects/research_context.py:126}}
Jul 16 20:08:33.689713 n-d-792394-17 devstack@placement-api.service[94441]: DEBUG placement.objects.research_context [req-0eec1f0f-7f51-4486-a6de-9628393749d0 req-6f937b83-bda5-42a4-9b6b-e809b5e95a21 service placement] found 2 providers with available 1 DISK_GB {{(pid=94441) get_provider_ids_matching /opt/stack/placement/placement/objects/research_context.py:549}}
Jul 16 20:08:33.690310 n-d-792394-17 devstack@placement-api.service[94441]: DEBUG placement.objects.research_context [req-0eec1f0f-7f51-4486-a6de-9628393749d0 req-6f937b83-bda5-42a4-9b6b-e809b5e95a21 service placement] found 2 providers with available 1024 MEMORY_MB {{(pid=94441) get_provider_ids_matching /opt/stack/placement/placement/objects/research_context.py:549}}
Jul 16 20:08:33.690784 n-d-792394-17 devstack@placement-api.service[94441]: DEBUG placement.objects.research_context [req-0eec1f0f-7f51-4486-a6de-9628393749d0 req-6f937b83-bda5-42a4-9b6b-e809b5e95a21 service placement] found 2 providers after filtering by previous result {{(pid=94441) get_provider_ids_matching /opt/stack/placement/placement/objects/research_context.py:580}}
Jul 16 20:08:33.691225 n-d-792394-17 devstack@placement-api.service[94441]: DEBUG placement.objects.research_context [req-0eec1f0f-7f51-4486-a6de-9628393749d0 req-6f937b83-bda5-42a4-9b6b-e809b5e95a21 service placement] found 2 providers with available 1 VCPU {{(pid=94441) get_provider_ids_matching /opt/stack/placement/placement/objects/research_context.py:549}}
Jul 16 20:08:33.691753 n-d-792394-17 devstack@placement-api.service[94441]: DEBUG placement.objects.research_context [req-0eec1f0f-7f51-4486-a6de-9628393749d0 req-6f937b83-bda5-42a4-9b6b-e809b5e95a21 service placement] found 2 providers after filtering by previous result {{(pid=94441) get_provider_ids_matching /opt/stack/placement/placement/objects/research_context.py:580}}
Jul 16 20:08:33.713331 n-d-792394-17 devstack@placement-api.service[94441]: DEBUG placement.objects.allocation_candidate [req-0eec1f0f-7f51-4486-a6de-9628393749d0 req-6f937b83-bda5-42a4-9b6b-e809b5e95a21 service placement] RequestGroup(use_same_provider=False, resources={DISK_GB:1, MEMORY_MB:1024, VCPU:1}, traits=[], aggregates=[]) (suffix '') returned 2 matches {{(pid=94441) _get_by_requests /opt/stack/placement/placement/objects/allocation_candidate.py:145}}
Jul 16 20:08:33.713791 n-d-792394-17 devstack@placement-api.service[94441]: DEBUG placement.objects.allocation_candidate [req-0eec1f0f-7f51-4486-a6de-9628393749d0 req-6f937b83-bda5-42a4-9b6b-e809b5e95a21 service placement] Merging candidates yields 2 allocation requests and 2 provider summaries {{(pid=94441) _merge_candidates /opt/stack/placement/placement/objects/allocation_candidate.py:783}}
Jul 16 20:08:33.718506 n-d-792394-17 devstack@placement-api.service[94441]: INFO placement.requestlog [req-0eec1f0f-7f51-4486-a6de-9628393749d0 req-6f937b83-bda5-42a4-9b6b-e809b5e95a21 service placement] 10.222.0.10 "GET /placement/allocation_candidates?resources=DISK_GB%3A1%2CMEMORY_MB%3A1024%2CVCPU%3A1&root_required=%21COMPUTE_STATUS_DISABLED" status: 200 len: 1309 microversion: 1.36
Jul 16 20:08:33.718824 n-d-792394-17 devstack@placement-api.service[94441]: [pid: 94441|app: 0|req: 87/175] 10.222.0.10 () {60 vars in 1485 bytes} [Fri Jul 16 20:08:33 2021] GET /placement/allocation_candidates?resources=DISK_GB%3A1%2CMEMORY_MB%3A1024%2CVCPU%3A1&root_required=%21COMPUTE_STATUS_DISABLED => generated 1309 bytes in 134 msecs (HTTP/1.1 200) 8 headers in 297 bytes (1 switches on core 0)
Jul 16 20:08:33.789508 n-d-792394-17 devstack@placement-api.service[94440]: DEBUG placement.requestlog [req-0eec1f0f-7f51-4486-a6de-9628393749d0 req-a798fa8e-993f-4df9-a17a-8a8df82bd473 None None] Starting request: 10.222.0.10 "GET /placement/allocations/bf9cc8cf-3f18-4d40-a0bf-dcc65ebd7615" {{(pid=94440) __call__ /opt/stack/placement/placement/requestlog.py:55}}
Jul 16 20:08:33.804002 n-d-792394-17 devstack@placement-api.service[94440]: INFO placement.requestlog [req-0eec1f0f-7f51-4486-a6de-9628393749d0 req-a798fa8e-993f-4df9-a17a-8a8df82bd473 service placement] 10.222.0.10 "GET /placement/allocations/bf9cc8cf-3f18-4d40-a0bf-dcc65ebd7615" status: 200 len: 19 microversion: 1.28
Jul 16 20:08:33.809311 n-d-792394-17 devstack@placement-api.service[94440]: [pid: 94440|app: 0|req: 89/176] 10.222.0.10 () {60 vars in 1381 bytes} [Fri Jul 16 20:08:33 2021] GET /placement/allocations/bf9cc8cf-3f18-4d40-a0bf-dcc65ebd7615 => generated 19 bytes in 20 msecs (HTTP/1.1 200) 8 headers in 295 bytes (1 switches on core 0)
Jul 16 20:08:33.810774 n-d-792394-17 devstack@placement-api.service[94441]: DEBUG placement.requestlog [req-0eec1f0f-7f51-4486-a6de-9628393749d0 req-d0b4dfd0-5c25-4fc3-b268-055654611446 None None] Starting request: 10.222.0.10 "PUT /placement/allocations/bf9cc8cf-3f18-4d40-a0bf-dcc65ebd7615" {{(pid=94441) __call__ /opt/stack/placement/placement/requestlog.py:55}}
Jul 16 20:08:33.899777 n-d-792394-17 devstack@placement-api.service[94441]: DEBUG placement.handlers.allocation [req-0eec1f0f-7f51-4486-a6de-9628393749d0 req-d0b4dfd0-5c25-4fc3-b268-055654611446 service placement] Successfully wrote allocations [, , ] {{(pid=94441) _create_allocations /opt/stack/placement/placement/handlers/allocation.py:435}}
Jul 16 20:08:33.900594 n-d-792394-17 devstack@placement-api.service[94441]: INFO placement.requestlog [req-0eec1f0f-7f51-4486-a6de-9628393749d0 req-d0b4dfd0-5c25-4fc3-b268-055654611446 service placement] 10.222.0.10 "PUT /placement/allocations/bf9cc8cf-3f18-4d40-a0bf-dcc65ebd7615" status: 204 len: 0 microversion: 1.36
Jul 16 20:08:33.907324 n-d-792394-17 devstack@placement-api.service[94441]: [pid: 94441|app: 0|req: 88/177] 10.222.0.10 () {64 vars in 1434 bytes} [Fri Jul 16 20:08:33 2021] PUT /placement/allocations/bf9cc8cf-3f18-4d40-a0bf-dcc65ebd7615 => generated 0 bytes in 91 msecs (HTTP/1.1 204) 5 headers in 199 bytes (1 switches on core 0)
Jul 16 20:08:34.365398 n-d-792394-17 devstack@placement-api.service[94440]: DEBUG placement.requestlog [req-0eec1f0f-7f51-4486-a6de-9628393749d0 req-d75d0c0f-9f56-4709-a452-a1dda6f2cb39 None None] Starting request: 10.222.0.63 "GET /placement/allocations/bf9cc8cf-3f18-4d40-a0bf-dcc65ebd7615" {{(pid=94440) __call__ /opt/stack/placement/placement/requestlog.py:55}}
Jul 16 20:08:34.385730 n-d-792394-17 devstack@placement-api.service[94440]: INFO placement.requestlog [req-0eec1f0f-7f51-4486-a6de-9628393749d0 req-d75d0c0f-9f56-4709-a452-a1dda6f2cb39 service placement] 10.222.0.63 "GET /placement/allocations/bf9cc8cf-3f18-4d40-a0bf-dcc65ebd7615" status: 200 len: 259 microversion: 1.28
Jul 16 20:08:34.386490 n-d-792394-17 devstack@placement-api.service[94440]: [pid: 94440|app: 0|req: 90/178] 10.222.0.63 () {60 vars in 1378 bytes} [Fri Jul 16 20:08:34 2021] GET /placement/allocations/bf9cc8cf-3f18-4d40-a0bf-dcc65ebd7615 => generated 259 bytes in 21 msecs (HTTP/1.1 200) 8 headers in 296 bytes (1 switches on core 0)
Jul 16 20:08:35.698049 n-d-792394-17 devstack@placement-api.service[94441]: DEBUG placement.requestlog [req-e04b5ce5-f4bd-4c73-8748-b4cb6153bea1 req-4ac95524-34d7-4dc3-81bd-018f3724449e None None] Starting request: 10.222.0.63 "GET /placement/resource_providers/ef5ca286-b400-4714-ad70-8f53a8ccf3ae/allocations" {{(pid=94441) __call__ /opt/stack/placement/placement/requestlog.py:55}}
Jul 16 20:08:35.726116 n-d-792394-17 devstack@placement-api.service[94441]: INFO placement.requestlog [req-e04b5ce5-f4bd-4c73-8748-b4cb6153bea1 req-4ac95524-34d7-4dc3-81bd-018f3724449e service placement] 10.222.0.63 "GET /placement/resource_providers/ef5ca286-b400-4714-ad70-8f53a8ccf3ae/allocations" status: 200 len: 962 microversion: 1.0
Jul 16 20:08:35.726883 n-d-792394-17 devstack@placement-api.service[94441]: [pid: 94441|app: 0|req: 89/179] 10.222.0.63 () {58 vars in 1391 bytes} [Fri Jul 16 20:08:35 2021] GET /placement/resource_providers/ef5ca286-b400-4714-ad70-8f53a8ccf3ae/allocations => generated 962 bytes in 29 msecs (HTTP/1.1 200) 6 headers in 224 bytes (1 switches on core 0)
Jul 16 20:08:35.912700 n-d-792394-17 devstack@placement-api.service[94440]: DEBUG placement.requestlog [req-276e746d-d0ba-4868-b5ee-45866c779e93 req-3794c4d4-69be-4cfe-91cb-c116b9182e1f None None] Starting request: 10.222.0.10 "GET /placement/allocation_candidates?limit=1000&resources=DISK_GB%3A1%2CMEMORY_MB%3A1024%2CVCPU%3A1&root_required=%21COMPUTE_STATUS_DISABLED" {{(pid=94440) __call__ /opt/stack/placement/placement/requestlog.py:55}}
Jul 16 20:08:35.960871 n-d-792394-17 devstack@placement-api.service[94440]: DEBUG placement.objects.research_context [req-276e746d-d0ba-4868-b5ee-45866c779e93 req-3794c4d4-69be-4cfe-91cb-c116b9182e1f service placement] getting providers with 1 DISK_GB {{(pid=94440) __init__ /opt/stack/placement/placement/objects/research_context.py:126}}
Jul 16 20:08:35.968193 n-d-792394-17 devstack@placement-api.service[94440]: DEBUG placement.objects.research_context [req-276e746d-d0ba-4868-b5ee-45866c779e93 req-3794c4d4-69be-4cfe-91cb-c116b9182e1f service placement] getting providers with 1024 MEMORY_MB {{(pid=94440) __init__ /opt/stack/placement/placement/objects/research_context.py:126}}
Jul 16 20:08:35.978324 n-d-792394-17 devstack@placement-api.service[94440]: DEBUG placement.objects.research_context [req-276e746d-d0ba-4868-b5ee-45866c779e93 req-3794c4d4-69be-4cfe-91cb-c116b9182e1f service placement] getting providers with 1 VCPU {{(pid=94440) __init__ /opt/stack/placement/placement/objects/research_context.py:126}}
Jul 16 20:08:35.985507 n-d-792394-17 devstack@placement-api.service[94440]: DEBUG placement.objects.research_context [req-276e746d-d0ba-4868-b5ee-45866c779e93 req-3794c4d4-69be-4cfe-91cb-c116b9182e1f service placement] found 2 providers with available 1 DISK_GB {{(pid=94440) get_provider_ids_matching /opt/stack/placement/placement/objects/research_context.py:549}}
Jul 16 20:08:35.986037 n-d-792394-17 devstack@placement-api.service[94440]: DEBUG placement.objects.research_context [req-276e746d-d0ba-4868-b5ee-45866c779e93 req-3794c4d4-69be-4cfe-91cb-c116b9182e1f service placement] found 2 providers with available 1024 MEMORY_MB {{(pid=94440) get_provider_ids_matching /opt/stack/placement/placement/objects/research_context.py:549}}
Jul 16 20:08:35.987092 n-d-792394-17 devstack@placement-api.service[94440]: DEBUG placement.objects.research_context [req-276e746d-d0ba-4868-b5ee-45866c779e93 req-3794c4d4-69be-4cfe-91cb-c116b9182e1f service placement] found 2 providers after filtering by previous result {{(pid=94440) get_provider_ids_matching /opt/stack/placement/placement/objects/research_context.py:580}}
Jul 16 20:08:35.987617 n-d-792394-17 devstack@placement-api.service[94440]: DEBUG placement.objects.research_context [req-276e746d-d0ba-4868-b5ee-45866c779e93 req-3794c4d4-69be-4cfe-91cb-c116b9182e1f service placement] found 2 providers with available 1 VCPU {{(pid=94440) get_provider_ids_matching /opt/stack/placement/placement/objects/research_context.py:549}}
Jul 16 20:08:35.988220 n-d-792394-17 devstack@placement-api.service[94440]: DEBUG placement.objects.research_context [req-276e746d-d0ba-4868-b5ee-45866c779e93 req-3794c4d4-69be-4cfe-91cb-c116b9182e1f service placement] found 2 providers after filtering by previous result {{(pid=94440) get_provider_ids_matching /opt/stack/placement/placement/objects/research_context.py:580}}
Jul 16 20:08:36.001471 n-d-792394-17 devstack@placement-api.service[94440]: DEBUG placement.objects.allocation_candidate [req-276e746d-d0ba-4868-b5ee-45866c779e93 req-3794c4d4-69be-4cfe-91cb-c116b9182e1f service placement] RequestGroup(use_same_provider=False, resources={DISK_GB:1, MEMORY_MB:1024, VCPU:1}, traits=[], aggregates=[]) (suffix '') returned 2 matches {{(pid=94440) _get_by_requests /opt/stack/placement/placement/objects/allocation_candidate.py:145}}
Jul 16 20:08:36.002663 n-d-792394-17 devstack@placement-api.service[94440]: DEBUG placement.objects.allocation_candidate [req-276e746d-d0ba-4868-b5ee-45866c779e93 req-3794c4d4-69be-4cfe-91cb-c116b9182e1f service placement] Merging candidates yields 2 allocation requests and 2 provider summaries {{(pid=94440) _merge_candidates /opt/stack/placement/placement/objects/allocation_candidate.py:783}}
Jul 16 20:08:36.004489 n-d-792394-17 devstack@placement-api.service[94440]: INFO placement.requestlog [req-276e746d-d0ba-4868-b5ee-45866c779e93 req-3794c4d4-69be-4cfe-91cb-c116b9182e1f service placement] 10.222.0.10 "GET /placement/allocation_candidates?limit=1000&resources=DISK_GB%3A1%2CMEMORY_MB%3A1024%2CVCPU%3A1&root_required=%21COMPUTE_STATUS_DISABLED" status: 200 len: 1309 microversion: 1.36
Jul 16 20:08:36.005214 n-d-792394-17 devstack@placement-api.service[94440]: [pid: 94440|app: 0|req: 91/180] 10.222.0.10 () {60 vars in 1507 bytes} [Fri Jul 16 20:08:35 2021] GET /placement/allocation_candidates?limit=1000&resources=DISK_GB%3A1%2CMEMORY_MB%3A1024%2CVCPU%3A1&root_required=%21COMPUTE_STATUS_DISABLED => generated 1309 bytes in 93 msecs (HTTP/1.1 200) 8 headers in 297 bytes (1 switches on core 0)
Jul 16 20:08:36.086003 n-d-792394-17 devstack@placement-api.service[94441]: DEBUG placement.requestlog [req-276e746d-d0ba-4868-b5ee-45866c779e93 req-ea14a56b-d48c-4d39-bfb5-356e85cf1fcb None None] Starting request: 10.222.0.10 "GET /placement/allocations/3eced031-ca18-4f2a-a548-15c12b0b81e7" {{(pid=94441) __call__ /opt/stack/placement/placement/requestlog.py:55}}
Jul 16 20:08:36.097244 n-d-792394-17 devstack@placement-api.service[94440]: DEBUG placement.requestlog [req-e04b5ce5-f4bd-4c73-8748-b4cb6153bea1 req-08f16298-50c6-4fec-b553-daff815b8093 None None] Starting request: 10.222.0.63 "GET /placement/allocations/2b826098-4d80-4a79-9966-473da1acba9b" {{(pid=94440) __call__ /opt/stack/placement/placement/requestlog.py:55}}
Jul 16 20:08:36.099716 n-d-792394-17 devstack@placement-api.service[94441]: INFO placement.requestlog [req-276e746d-d0ba-4868-b5ee-45866c779e93 req-ea14a56b-d48c-4d39-bfb5-356e85cf1fcb service placement] 10.222.0.10 "GET /placement/allocations/3eced031-ca18-4f2a-a548-15c12b0b81e7" status: 200 len: 19 microversion: 1.28
Jul 16 20:08:36.100421 n-d-792394-17 devstack@placement-api.service[94441]: [pid: 94441|app: 0|req: 90/181] 10.222.0.10 () {60 vars in 1381 bytes} [Fri Jul 16 20:08:36 2021] GET /placement/allocations/3eced031-ca18-4f2a-a548-15c12b0b81e7 => generated 19 bytes in 14 msecs (HTTP/1.1 200) 8 headers in 295 bytes (1 switches on core 0)
Jul 16 20:08:36.120116 n-d-792394-17 devstack@placement-api.service[94440]: INFO placement.requestlog [req-e04b5ce5-f4bd-4c73-8748-b4cb6153bea1 req-08f16298-50c6-4fec-b553-daff815b8093 service placement] 10.222.0.63 "GET /placement/allocations/2b826098-4d80-4a79-9966-473da1acba9b" status: 200 len: 259 microversion: 1.28
Jul 16 20:08:36.121406 n-d-792394-17 devstack@placement-api.service[94440]: [pid: 94440|app: 0|req: 92/182] 10.222.0.63 () {60 vars in 1378 bytes} [Fri Jul 16 20:08:36 2021] GET /placement/allocations/2b826098-4d80-4a79-9966-473da1acba9b => generated 259 bytes in 26 msecs (HTTP/1.1 200) 8 headers in 296 bytes (1 switches on core 0)
Jul 16 20:08:36.121672 n-d-792394-17 devstack@placement-api.service[94441]: DEBUG placement.requestlog [req-276e746d-d0ba-4868-b5ee-45866c779e93 req-d6043d06-7771-4e59-9f36-772241d2e521 None None] Starting request: 10.222.0.10 "PUT /placement/allocations/3eced031-ca18-4f2a-a548-15c12b0b81e7" {{(pid=94441) __call__ /opt/stack/placement/placement/requestlog.py:55}}
Jul 16 20:08:36.142655 n-d-792394-17 devstack@placement-api.service[94440]: DEBUG placement.requestlog [req-e04b5ce5-f4bd-4c73-8748-b4cb6153bea1 req-51a627a6-4a0e-42b0-a60f-d0225029c6d1 None None] Starting request: 10.222.0.63 "PUT /placement/allocations/2b826098-4d80-4a79-9966-473da1acba9b" {{(pid=94440) __call__ /opt/stack/placement/placement/requestlog.py:55}}
Jul 16 20:08:36.208244 n-d-792394-17 devstack@placement-api.service[94440]: DEBUG placement.handlers.allocation [req-e04b5ce5-f4bd-4c73-8748-b4cb6153bea1 req-51a627a6-4a0e-42b0-a60f-d0225029c6d1 service placement] Successfully wrote allocations [, , ] {{(pid=94440) _create_allocations /opt/stack/placement/placement/handlers/allocation.py:435}}
Jul 16 20:08:36.208730 n-d-792394-17 devstack@placement-api.service[94441]: DEBUG placement.objects.allocation [req-276e746d-d0ba-4868-b5ee-45866c779e93 req-d6043d06-7771-4e59-9f36-772241d2e521 service placement] Retrying allocations write on resource provider generation conflict {{(pid=94441) replace_all /opt/stack/placement/placement/objects/allocation.py:505}}
Jul 16 20:08:36.209600 n-d-792394-17 devstack@placement-api.service[94440]: INFO placement.requestlog [req-e04b5ce5-f4bd-4c73-8748-b4cb6153bea1 req-51a627a6-4a0e-42b0-a60f-d0225029c6d1 service placement] 10.222.0.63 "PUT /placement/allocations/2b826098-4d80-4a79-9966-473da1acba9b" status: 204 len: 0 microversion: 1.28
Jul 16 20:08:36.210537 n-d-792394-17 devstack@placement-api.service[94440]: [pid: 94440|app: 0|req: 93/183] 10.222.0.63 () {64 vars in 1431 bytes} [Fri Jul 16 20:08:36 2021] PUT /placement/allocations/2b826098-4d80-4a79-9966-473da1acba9b => generated 0 bytes in 68 msecs (HTTP/1.1 204) 5 headers in 199 bytes (2 switches on core 0)
Jul 16 20:08:36.238438 n-d-792394-17 devstack@placement-api.service[94441]: DEBUG placement.handlers.allocation [req-276e746d-d0ba-4868-b5ee-45866c779e93 req-d6043d06-7771-4e59-9f36-772241d2e521 service placement] Successfully wrote allocations [, , ] {{(pid=94441) _create_allocations /opt/stack/placement/placement/handlers/allocation.py:435}}
Jul 16 20:08:36.239174 n-d-792394-17 devstack@placement-api.service[94441]: INFO placement.requestlog [req-276e746d-d0ba-4868-b5ee-45866c779e93 req-d6043d06-7771-4e59-9f36-772241d2e521 service placement] 10.222.0.10 "PUT /placement/allocations/3eced031-ca18-4f2a-a548-15c12b0b81e7" status: 204 len: 0 microversion: 1.36
Jul 16 20:08:36.240023 n-d-792394-17 devstack@placement-api.service[94441]: [pid: 94441|app: 0|req: 91/184] 10.222.0.10 () {64 vars in 1434 bytes} [Fri Jul 16 20:08:36 2021] PUT /placement/allocations/3eced031-ca18-4f2a-a548-15c12b0b81e7 => generated 0 bytes in 118 msecs (HTTP/1.1 204) 5 headers in 199 bytes (1 switches on core 0)
Jul 16 20:08:36.695867 n-d-792394-17 devstack@placement-api.service[94440]: DEBUG placement.requestlog [req-276e746d-d0ba-4868-b5ee-45866c779e93 req-3ebe7253-e8c3-4823-93a1-bbe88c249e81 None None] Starting request: 10.222.0.63 "GET /placement/allocations/3eced031-ca18-4f2a-a548-15c12b0b81e7" {{(pid=94440) __call__ /opt/stack/placement/placement/requestlog.py:55}}
