Jul 09 16:35:05.277717 n-d-792394-14 devstack@placement-api.service[94314]: INFO placement.requestlog [req-55440fc5-cf7f-4123-9f62-e4fb9106e673 req-ee866f15-591c-4245-9403-f88806ac7a11 service placement] 10.222.0.30 "PUT /placement/allocations/5ed4dfd1-cbd1-4d97-a0e7-ef630cc20e18" status: 204 len: 0 microversion: 1.36
Jul 09 16:35:05.278414 n-d-792394-14 devstack@placement-api.service[94314]: [pid: 94314|app: 0|req: 424/846] 10.222.0.30 () {64 vars in 1434 bytes} [Fri Jul 9 16:35:05 2021] PUT /placement/allocations/5ed4dfd1-cbd1-4d97-a0e7-ef630cc20e18 => generated 0 bytes in 77 msecs (HTTP/1.1 204) 5 headers in 199 bytes (1 switches on core 0)
Jul 09 16:35:05.317173 n-d-792394-14 devstack@placement-api.service[94315]: DEBUG placement.requestlog [req-55440fc5-cf7f-4123-9f62-e4fb9106e673 req-6306e827-2755-4873-8f8e-3bfc18760542 None None] Starting request: 10.222.0.30 "GET /placement/allocations/5ed4dfd1-cbd1-4d97-a0e7-ef630cc20e18" {{(pid=94315) __call__ /opt/stack/placement/placement/requestlog.py:55}}
Jul 09 16:35:05.336453 n-d-792394-14 devstack@placement-api.service[94315]: INFO placement.requestlog [req-55440fc5-cf7f-4123-9f62-e4fb9106e673 req-6306e827-2755-4873-8f8e-3bfc18760542 service placement] 10.222.0.30 "GET /placement/allocations/5ed4dfd1-cbd1-4d97-a0e7-ef630cc20e18" status: 200 len: 260 microversion: 1.28
Jul 09 16:35:05.337317 n-d-792394-14 devstack@placement-api.service[94315]: [pid: 94315|app: 0|req: 423/847] 10.222.0.30 () {60 vars in 1381 bytes} [Fri Jul 9 16:35:05 2021] GET /placement/allocations/5ed4dfd1-cbd1-4d97-a0e7-ef630cc20e18 => generated 260 bytes in 20 msecs (HTTP/1.1 200) 8 headers in 296 bytes (1 switches on core 0)
Jul 09 16:35:05.342832 n-d-792394-14 devstack@placement-api.service[94314]: DEBUG placement.requestlog [req-55440fc5-cf7f-4123-9f62-e4fb9106e673 req-ca8570b2-133e-471f-ac22-f0aecf4ebd64 None None] Starting request: 10.222.0.30 "PUT /placement/allocations/5ed4dfd1-cbd1-4d97-a0e7-ef630cc20e18" {{(pid=94314) __call__ /opt/stack/placement/placement/requestlog.py:55}}
Jul 09 16:35:05.349644 n-d-792394-14 devstack@placement-api.service[94315]: DEBUG placement.requestlog [req-cd68aa6c-4261-4b1c-98a4-fea40512f4c3 req-43a31e2c-dbd5-48aa-9e25-d79c7e266f0f None None] Starting request: 10.222.0.30 "GET /placement/allocations/5ed4dfd1-cbd1-4d97-a0e7-ef630cc20e18" {{(pid=94315) __call__ /opt/stack/placement/placement/requestlog.py:55}}
Jul 09 16:35:05.369331 n-d-792394-14 devstack@placement-api.service[94315]: INFO placement.requestlog [req-cd68aa6c-4261-4b1c-98a4-fea40512f4c3 req-43a31e2c-dbd5-48aa-9e25-d79c7e266f0f service placement] 10.222.0.30 "GET /placement/allocations/5ed4dfd1-cbd1-4d97-a0e7-ef630cc20e18" status: 200 len: 260 microversion: 1.28
Jul 09 16:35:05.369967 n-d-792394-14 devstack@placement-api.service[94315]: [pid: 94315|app: 0|req: 424/848] 10.222.0.30 () {60 vars in 1372 bytes} [Fri Jul 9 16:35:05 2021] GET /placement/allocations/5ed4dfd1-cbd1-4d97-a0e7-ef630cc20e18 => generated 260 bytes in 20 msecs (HTTP/1.1 200) 8 headers in 296 bytes (1 switches on core 0)
Jul 09 16:35:05.379088 n-d-792394-14 devstack@placement-api.service[94315]: DEBUG placement.requestlog [req-cd68aa6c-4261-4b1c-98a4-fea40512f4c3 req-78d40930-3ba9-418a-b24b-85c9342385af None None] Starting request: 10.222.0.30 "PUT /placement/allocations/5ed4dfd1-cbd1-4d97-a0e7-ef630cc20e18" {{(pid=94315) __call__ /opt/stack/placement/placement/requestlog.py:55}}
Jul 09 16:35:05.390156 n-d-792394-14 devstack@placement-api.service[94314]: DEBUG placement.handlers.allocation [req-55440fc5-cf7f-4123-9f62-e4fb9106e673 req-ca8570b2-133e-471f-ac22-f0aecf4ebd64 service placement] Successfully wrote allocations [, , ] {{(pid=94314) _create_allocations /opt/stack/placement/placement/handlers/allocation.py:435}}
Jul 09 16:35:05.391043 n-d-792394-14 devstack@placement-api.service[94314]: INFO placement.requestlog [req-55440fc5-cf7f-4123-9f62-e4fb9106e673 req-ca8570b2-133e-471f-ac22-f0aecf4ebd64 service placement] 10.222.0.30 "PUT /placement/allocations/5ed4dfd1-cbd1-4d97-a0e7-ef630cc20e18" status: 204 len: 0 microversion: 1.28
Jul 09 16:35:05.398343 n-d-792394-14 devstack@placement-api.service[94314]: [pid: 94314|app: 0|req: 425/849] 10.222.0.30 () {64 vars in 1434 bytes} [Fri Jul 9 16:35:05 2021] PUT /placement/allocations/5ed4dfd1-cbd1-4d97-a0e7-ef630cc20e18 => generated 0 bytes in 49 msecs (HTTP/1.1 204) 5 headers in 199 bytes (1 switches on core 0)
Jul 09 16:35:05.411041 n-d-792394-14 devstack@placement-api.service[94315]: DEBUG placement.wsgi_wrapper [req-cd68aa6c-4261-4b1c-98a4-fea40512f4c3 req-78d40930-3ba9-418a-b24b-85c9342385af service placement] Placement API returning an error response: consumer generation conflict - expected null but got 1 {{(pid=94315) call_func /opt/stack/placement/placement/wsgi_wrapper.py:31}}
Jul 09 16:35:05.412023 n-d-792394-14 devstack@placement-api.service[94315]: INFO placement.requestlog [req-cd68aa6c-4261-4b1c-98a4-fea40512f4c3 req-78d40930-3ba9-418a-b24b-85c9342385af service placement] 10.222.0.30 "PUT /placement/allocations/5ed4dfd1-cbd1-4d97-a0e7-ef630cc20e18" status: 409 len: 280 microversion: 1.28
Jul 09 16:35:05.415485 n-d-792394-14 devstack@placement-api.service[94315]: [pid: 94315|app: 0|req: 425/850] 10.222.0.30 () {64 vars in 1425 bytes} [Fri Jul 9 16:35:05 2021] PUT /placement/allocations/5ed4dfd1-cbd1-4d97-a0e7-ef630cc20e18 => generated 280 bytes in 36 msecs (HTTP/1.1 409) 6 headers in 231 bytes (1 switches on core 0)
Jul 09 16:35:06.632365 n-d-792394-14 devstack@placement-api.service[94314]: DEBUG placement.requestlog [req-6c70690c-4571-4dcb-b65f-a836cf32ee54 req-69c0e15a-e461-4188-a26e-caf419d87fb7 None None] Starting request: 10.222.0.30 "GET /placement/allocation_candidates?limit=1000&resources=DISK_GB%3A1%2CMEMORY_MB%3A1024%2CVCPU%3A1&root_required=%21COMPUTE_STATUS_DISABLED" {{(pid=94314) __call__ /opt/stack/placement/placement/requestlog.py:55}}
Jul 09 16:35:06.705427 n-d-792394-14 devstack@placement-api.service[94314]: DEBUG placement.objects.research_context [req-6c70690c-4571-4dcb-b65f-a836cf32ee54 req-69c0e15a-e461-4188-a26e-caf419d87fb7 service placement] getting providers with 1 DISK_GB {{(pid=94314) __init__ /opt/stack/placement/placement/objects/research_context.py:126}}
Jul 09 16:35:06.712305 n-d-792394-14 devstack@placement-api.service[94314]: DEBUG placement.objects.research_context [req-6c70690c-4571-4dcb-b65f-a836cf32ee54 req-69c0e15a-e461-4188-a26e-caf419d87fb7 service placement] getting providers with 1024 MEMORY_MB {{(pid=94314) __init__ /opt/stack/placement/placement/objects/research_context.py:126}}
Jul 09 16:35:06.718163 n-d-792394-14 devstack@placement-api.service[94314]: DEBUG placement.objects.research_context [req-6c70690c-4571-4dcb-b65f-a836cf32ee54 req-69c0e15a-e461-4188-a26e-caf419d87fb7 service placement] getting providers with 1 VCPU {{(pid=94314) __init__ /opt/stack/placement/placement/objects/research_context.py:126}}
Jul 09 16:35:06.725144 n-d-792394-14 devstack@placement-api.service[94314]: DEBUG placement.objects.research_context [req-6c70690c-4571-4dcb-b65f-a836cf32ee54 req-69c0e15a-e461-4188-a26e-caf419d87fb7 service placement] found 2 providers with available 1 DISK_GB {{(pid=94314) get_provider_ids_matching /opt/stack/placement/placement/objects/research_context.py:549}}
Jul 09 16:35:06.725419 n-d-792394-14 devstack@placement-api.service[94314]: DEBUG placement.objects.research_context [req-6c70690c-4571-4dcb-b65f-a836cf32ee54 req-69c0e15a-e461-4188-a26e-caf419d87fb7 service placement] found 2 providers with available 1024 MEMORY_MB {{(pid=94314) get_provider_ids_matching /opt/stack/placement/placement/objects/research_context.py:549}}
Jul 09 16:35:06.725881 n-d-792394-14 devstack@placement-api.service[94314]: DEBUG placement.objects.research_context [req-6c70690c-4571-4dcb-b65f-a836cf32ee54 req-69c0e15a-e461-4188-a26e-caf419d87fb7 service placement] found 2 providers after filtering by previous result {{(pid=94314) get_provider_ids_matching /opt/stack/placement/placement/objects/research_context.py:580}}
Jul 09 16:35:06.726323 n-d-792394-14 devstack@placement-api.service[94314]: DEBUG placement.objects.research_context [req-6c70690c-4571-4dcb-b65f-a836cf32ee54 req-69c0e15a-e461-4188-a26e-caf419d87fb7 service placement] found 2 providers with available 1 VCPU {{(pid=94314) get_provider_ids_matching /opt/stack/placement/placement/objects/research_context.py:549}}
Jul 09 16:35:06.726760 n-d-792394-14 devstack@placement-api.service[94314]: DEBUG placement.objects.research_context [req-6c70690c-4571-4dcb-b65f-a836cf32ee54 req-69c0e15a-e461-4188-a26e-caf419d87fb7 service placement] found 2 providers after filtering by previous result {{(pid=94314) get_provider_ids_matching /opt/stack/placement/placement/objects/research_context.py:580}}
Jul 09 16:35:06.741070 n-d-792394-14 devstack@placement-api.service[94314]: DEBUG placement.objects.allocation_candidate [req-6c70690c-4571-4dcb-b65f-a836cf32ee54 req-69c0e15a-e461-4188-a26e-caf419d87fb7 service placement] RequestGroup(use_same_provider=False, resources={DISK_GB:1, MEMORY_MB:1024, VCPU:1}, traits=[], aggregates=[]) (suffix '') returned 2 matches {{(pid=94314) _get_by_requests /opt/stack/placement/placement/objects/allocation_candidate.py:145}}
Jul 09 16:35:06.742025 n-d-792394-14 devstack@placement-api.service[94314]: DEBUG placement.objects.allocation_candidate [req-6c70690c-4571-4dcb-b65f-a836cf32ee54 req-69c0e15a-e461-4188-a26e-caf419d87fb7 service placement] Merging candidates yields 2 allocation requests and 2 provider summaries {{(pid=94314) _merge_candidates /opt/stack/placement/placement/objects/allocation_candidate.py:783}}
Jul 09 16:35:06.744132 n-d-792394-14 devstack@placement-api.service[94314]: INFO placement.requestlog [req-6c70690c-4571-4dcb-b65f-a836cf32ee54 req-69c0e15a-e461-4188-a26e-caf419d87fb7 service placement] 10.222.0.30 "GET /placement/allocation_candidates?limit=1000&resources=DISK_GB%3A1%2CMEMORY_MB%3A1024%2CVCPU%3A1&root_required=%21COMPUTE_STATUS_DISABLED" status: 200 len: 1309 microversion: 1.36
Jul 09 16:35:06.745096 n-d-792394-14 devstack@placement-api.service[94314]: [pid: 94314|app: 0|req: 426/851] 10.222.0.30 () {60 vars in 1507 bytes} [Fri Jul 9 16:35:06 2021] GET /placement/allocation_candidates?limit=1000&resources=DISK_GB%3A1%2CMEMORY_MB%3A1024%2CVCPU%3A1&root_required=%21COMPUTE_STATUS_DISABLED => generated 1309 bytes in 113 msecs (HTTP/1.1 200) 8 headers in 297 bytes (1 switches on core 0)
Jul 09 16:35:06.838280 n-d-792394-14 devstack@placement-api.service[94315]: DEBUG placement.requestlog [req-6c70690c-4571-4dcb-b65f-a836cf32ee54 req-3c908b89-38de-4f3f-8954-f2193fb65288 None None] Starting request: 10.222.0.30 "GET /placement/allocations/6565d8da-aab3-4953-8bf0-ac52b0f04d4c" {{(pid=94315) __call__ /opt/stack/placement/placement/requestlog.py:55}}
Jul 09 16:35:06.855431 n-d-792394-14 devstack@placement-api.service[94315]: INFO placement.requestlog [req-6c70690c-4571-4dcb-b65f-a836cf32ee54 req-3c908b89-38de-4f3f-8954-f2193fb65288 service placement] 10.222.0.30 "GET /placement/allocations/6565d8da-aab3-4953-8bf0-ac52b0f04d4c" status: 200 len: 19 microversion: 1.28
Jul 09 16:35:06.855656 n-d-792394-14 devstack@placement-api.service[94315]: [pid: 94315|app: 0|req: 426/852] 10.222.0.30 () {60 vars in 1381 bytes} [Fri Jul 9 16:35:06 2021] GET /placement/allocations/6565d8da-aab3-4953-8bf0-ac52b0f04d4c => generated 19 bytes in 19 msecs (HTTP/1.1 200) 8 headers in 295 bytes (1 switches on core 0)
Jul 09 16:35:06.862811 n-d-792394-14 devstack@placement-api.service[94314]: DEBUG placement.requestlog [req-6c70690c-4571-4dcb-b65f-a836cf32ee54 req-6332c416-bc3c-4fdb-933e-b07e49d24751 None None] Starting request: 10.222.0.30 "PUT /placement/allocations/6565d8da-aab3-4953-8bf0-ac52b0f04d4c" {{(pid=94314) __call__ /opt/stack/placement/placement/requestlog.py:55}}
Jul 09 16:35:06.975994 n-d-792394-14 devstack@placement-api.service[94314]: DEBUG placement.handlers.allocation [req-6c70690c-4571-4dcb-b65f-a836cf32ee54 req-6332c416-bc3c-4fdb-933e-b07e49d24751 service placement] Successfully wrote allocations [, , ] {{(pid=94314) _create_allocations /opt/stack/placement/placement/handlers/allocation.py:435}}
Jul 09 16:35:06.975994 n-d-792394-14 devstack@placement-api.service[94314]: INFO placement.requestlog [req-6c70690c-4571-4dcb-b65f-a836cf32ee54 req-6332c416-bc3c-4fdb-933e-b07e49d24751 service placement] 10.222.0.30 "PUT /placement/allocations/6565d8da-aab3-4953-8bf0-ac52b0f04d4c" status: 204 len: 0 microversion: 1.36
Jul 09 16:35:06.975994 n-d-792394-14 devstack@placement-api.service[94314]: [pid: 94314|app: 0|req: 427/853] 10.222.0.30 () {64 vars in 1434 bytes} [Fri Jul 9 16:35:06 2021] PUT /placement/allocations/6565d8da-aab3-4953-8bf0-ac52b0f04d4c => generated 0 bytes in 103 msecs (HTTP/1.1 204) 5 headers in 199 bytes (2 switches on core 0)
Jul 09 16:35:07.565204 n-d-792394-14 devstack@placement-api.service[94315]: DEBUG placement.requestlog [req-6c70690c-4571-4dcb-b65f-a836cf32ee54 req-bd9e9e6e-8051-48bb-96e8-8ea08519a4c0 None None] Starting request: 10.222.0.25 "GET /placement/allocations/6565d8da-aab3-4953-8bf0-ac52b0f04d4c" {{(pid=94315) __call__ /opt/stack/placement/placement/requestlog.py:55}}
Jul 09 16:35:07.588138 n-d-792394-14 devstack@placement-api.service[94315]: INFO placement.requestlog [req-6c70690c-4571-4dcb-b65f-a836cf32ee54 req-bd9e9e6e-8051-48bb-96e8-8ea08519a4c0 service placement] 10.222.0.25 "GET /placement/allocations/6565d8da-aab3-4953-8bf0-ac52b0f04d4c" status: 200 len: 260 microversion: 1.28
Jul 09 16:35:07.589835 n-d-792394-14 devstack@placement-api.service[94315]: [pid: 94315|app: 0|req: 427/854] 10.222.0.25 () {60 vars in 1378 bytes} [Fri Jul 9 16:35:07 2021] GET /placement/allocations/6565d8da-aab3-4953-8bf0-ac52b0f04d4c => generated 260 bytes in 24 msecs (HTTP/1.1 200) 8 headers in 296 bytes (1 switches on core 0)
Jul 09 16:35:21.174309 n-d-792394-14 devstack@placement-api.service[94314]: DEBUG placement.requestlog [req-be0355d3-2d61-48e3-a91c-25dcd4b9b0fa req-d15e59fe-3fd4-4858-be08-6f0e5289d326 None None] Starting request: 10.222.0.30 "GET /placement/allocation_candidates?limit=1000&resources=DISK_GB%3A1%2CMEMORY_MB%3A1024%2CVCPU%3A1&root_required=%21COMPUTE_STATUS_DISABLED" {{(pid=94314) __call__ /opt/stack/placement/placement/requestlog.py:55}}
Jul 09 16:35:21.247465 n-d-792394-14 devstack@placement-api.service[94314]: DEBUG placement.objects.research_context [req-be0355d3-2d61-48e3-a91c-25dcd4b9b0fa req-d15e59fe-3fd4-4858-be08-6f0e5289d326 service placement] getting providers with 1 DISK_GB {{(pid=94314) __init__ /opt/stack/placement/placement/objects/research_context.py:126}}
Jul 09 16:35:21.254170 n-d-792394-14 devstack@placement-api.service[94314]: DEBUG placement.objects.research_context [req-be0355d3-2d61-48e3-a91c-25dcd4b9b0fa req-d15e59fe-3fd4-4858-be08-6f0e5289d326 service placement] getting providers with 1024 MEMORY_MB {{(pid=94314) __init__ /opt/stack/placement/placement/objects/research_context.py:126}}
Jul 09 16:35:21.261952 n-d-792394-14 devstack@placement-api.service[94314]: DEBUG placement.objects.research_context [req-be0355d3-2d61-48e3-a91c-25dcd4b9b0fa req-d15e59fe-3fd4-4858-be08-6f0e5289d326 service placement] getting providers with 1 VCPU {{(pid=94314) __init__ /opt/stack/placement/placement/objects/research_context.py:126}}
Jul 09 16:35:21.269075 n-d-792394-14 devstack@placement-api.service[94314]: DEBUG placement.objects.research_context [req-be0355d3-2d61-48e3-a91c-25dcd4b9b0fa req-d15e59fe-3fd4-4858-be08-6f0e5289d326 service placement] found 2 providers with available 1 DISK_GB {{(pid=94314) get_provider_ids_matching /opt/stack/placement/placement/objects/research_context.py:549}}
Jul 09 16:35:21.269642 n-d-792394-14 devstack@placement-api.service[94314]: DEBUG placement.objects.research_context [req-be0355d3-2d61-48e3-a91c-25dcd4b9b0fa req-d15e59fe-3fd4-4858-be08-6f0e5289d326 service placement] found 2 providers with available 1024 MEMORY_MB {{(pid=94314) get_provider_ids_matching /opt/stack/placement/placement/objects/research_context.py:549}}
Jul 09 16:35:21.270072 n-d-792394-14 devstack@placement-api.service[94314]: DEBUG placement.objects.research_context [req-be0355d3-2d61-48e3-a91c-25dcd4b9b0fa req-d15e59fe-3fd4-4858-be08-6f0e5289d326 service placement] found 2 providers after filtering by previous result {{(pid=94314) get_provider_ids_matching /opt/stack/placement/placement/objects/research_context.py:580}}
Jul 09 16:35:21.270502 n-d-792394-14 devstack@placement-api.service[94314]: DEBUG placement.objects.research_context [req-be0355d3-2d61-48e3-a91c-25dcd4b9b0fa req-d15e59fe-3fd4-4858-be08-6f0e5289d326 service placement] found 2 providers with available 1 VCPU {{(pid=94314) get_provider_ids_matching /opt/stack/placement/placement/objects/research_context.py:549}}
Jul 09 16:35:21.271025 n-d-792394-14 devstack@placement-api.service[94314]: DEBUG placement.objects.research_context [req-be0355d3-2d61-48e3-a91c-25dcd4b9b0fa req-d15e59fe-3fd4-4858-be08-6f0e5289d326 service placement] found 2 providers after filtering by previous result {{(pid=94314) get_provider_ids_matching /opt/stack/placement/placement/objects/research_context.py:580}}
Jul 09 16:35:21.284261 n-d-792394-14 devstack@placement-api.service[94314]: DEBUG placement.objects.allocation_candidate [req-be0355d3-2d61-48e3-a91c-25dcd4b9b0fa req-d15e59fe-3fd4-4858-be08-6f0e5289d326 service placement] RequestGroup(use_same_provider=False, resources={DISK_GB:1, MEMORY_MB:1024, VCPU:1}, traits=[], aggregates=[]) (suffix '') returned 2 matches {{(pid=94314) _get_by_requests /opt/stack/placement/placement/objects/allocation_candidate.py:145}}
Jul 09 16:35:21.285011 n-d-792394-14 devstack@placement-api.service[94314]: DEBUG placement.objects.allocation_candidate [req-be0355d3-2d61-48e3-a91c-25dcd4b9b0fa req-d15e59fe-3fd4-4858-be08-6f0e5289d326 service placement] Merging candidates yields 2 allocation requests and 2 provider summaries {{(pid=94314) _merge_candidates /opt/stack/placement/placement/objects/allocation_candidate.py:783}}
Jul 09 16:35:21.286829 n-d-792394-14 devstack@placement-api.service[94314]: INFO placement.requestlog [req-be0355d3-2d61-48e3-a91c-25dcd4b9b0fa req-d15e59fe-3fd4-4858-be08-6f0e5289d326 service placement] 10.222.0.30 "GET /placement/allocation_candidates?limit=1000&resources=DISK_GB%3A1%2CMEMORY_MB%3A1024%2CVCPU%3A1&root_required=%21COMPUTE_STATUS_DISABLED" status: 200 len: 1309 microversion: 1.36
Jul 09 16:35:21.287779 n-d-792394-14 devstack@placement-api.service[94314]: [pid: 94314|app: 0|req: 428/855] 10.222.0.30 () {60 vars in 1507 bytes} [Fri Jul 9 16:35:21 2021] GET /placement/allocation_candidates?limit=1000&resources=DISK_GB%3A1%2CMEMORY_MB%3A1024%2CVCPU%3A1&root_required=%21COMPUTE_STATUS_DISABLED => generated 1309 bytes in 114 msecs (HTTP/1.1 200) 8 headers in 297 bytes (1 switches on core 0)
Jul 09 16:35:21.420896 n-d-792394-14 devstack@placement-api.service[94315]: DEBUG placement.requestlog [req-be0355d3-2d61-48e3-a91c-25dcd4b9b0fa req-66dc1e10-3b6f-48d2-914a-ac763d875d87 None None] Starting request: 10.222.0.30 "GET /placement/allocations/52b913ff-98ca-4975-8fa6-ad9c60038dd0" {{(pid=94315) __call__ /opt/stack/placement/placement/requestlog.py:55}}
Jul 09 16:35:21.439897 n-d-792394-14 devstack@placement-api.service[94315]: INFO placement.requestlog [req-be0355d3-2d61-48e3-a91c-25dcd4b9b0fa req-66dc1e10-3b6f-48d2-914a-ac763d875d87 service placement] 10.222.0.30 "GET /placement/allocations/52b913ff-98ca-4975-8fa6-ad9c60038dd0" status: 200 len: 19 microversion: 1.28
Jul 09 16:35:21.444547 n-d-792394-14 devstack@placement-api.service[94315]: [pid: 94315|app: 0|req: 428/856] 10.222.0.30 () {60 vars in 1381 bytes} [Fri Jul 9 16:35:21 2021] GET /placement/allocations/52b913ff-98ca-4975-8fa6-ad9c60038dd0 => generated 19 bytes in 24 msecs (HTTP/1.1 200) 8 headers in 295 bytes (1 switches on core 0)
Jul 09 16:35:21.446737 n-d-792394-14 devstack@placement-api.service[94314]: DEBUG placement.requestlog [req-be0355d3-2d61-48e3-a91c-25dcd4b9b0fa req-35564ad2-2d10-482f-a450-6f1508433fa7 None None] Starting request: 10.222.0.30 "PUT /placement/allocations/52b913ff-98ca-4975-8fa6-ad9c60038dd0" {{(pid=94314) __call__ /opt/stack/placement/placement/requestlog.py:55}}
Jul 09 16:35:21.556696 n-d-792394-14 devstack@placement-api.service[94314]: DEBUG placement.handlers.allocation [req-be0355d3-2d61-48e3-a91c-25dcd4b9b0fa req-35564ad2-2d10-482f-a450-6f1508433fa7 service placement] Successfully wrote allocations [, , ] {{(pid=94314) _create_allocations /opt/stack/placement/placement/handlers/allocation.py:435}}
Jul 09 16:35:21.557498 n-d-792394-14 devstack@placement-api.service[94314]: INFO placement.requestlog [req-be0355d3-2d61-48e3-a91c-25dcd4b9b0fa req-35564ad2-2d10-482f-a450-6f1508433fa7 service placement] 10.222.0.30 "PUT /placement/allocations/52b913ff-98ca-4975-8fa6-ad9c60038dd0" status: 204 len: 0 microversion: 1.36
Jul 09 16:35:21.558346 n-d-792394-14 devstack@placement-api.service[94314]: [pid: 94314|app: 0|req: 429/857] 10.222.0.30 () {64 vars in 1434 bytes} [Fri Jul 9 16:35:21 2021] PUT /placement/allocations/52b913ff-98ca-4975-8fa6-ad9c60038dd0 => generated 0 bytes in 112 msecs (HTTP/1.1 204) 5 headers in 199 bytes (1 switches on core 0)
Jul 09 16:35:22.143542 n-d-792394-14 devstack@placement-api.service[94315]: DEBUG placement.requestlog [req-81f16bf1-2802-461a-962e-31ecda7ce12a req-79139a33-8686-4fe2-a81e-752116da2297 None None] Starting request: 10.222.0.25 "GET /placement/resource_providers/7dd0702b-4331-42c3-99c6-956a139bd412/allocations" {{(pid=94315) __call__ /opt/stack/placement/placement/requestlog.py:55}}
Jul 09 16:35:22.224228 n-d-792394-14 devstack@placement-api.service[94315]: INFO placement.requestlog [req-81f16bf1-2802-461a-962e-31ecda7ce12a req-79139a33-8686-4fe2-a81e-752116da2297 service placement] 10.222.0.25 "GET /placement/resource_providers/7dd0702b-4331-42c3-99c6-956a139bd412/allocations" status: 200 len: 343 microversion: 1.0
Jul 09 16:35:22.224994 n-d-792394-14 devstack@placement-api.service[94315]: [pid: 94315|app: 0|req: 429/858] 10.222.0.25 () {58 vars in 1391 bytes} [Fri Jul 9 16:35:22 2021] GET /placement/resource_providers/7dd0702b-4331-42c3-99c6-956a139bd412/allocations => generated 343 bytes in 82 msecs (HTTP/1.1 200) 6 headers in 224 bytes (1 switches on core 0)
Jul 09 16:35:22.407648 n-d-792394-14 devstack@placement-api.service[94314]: DEBUG placement.requestlog [req-be0355d3-2d61-48e3-a91c-25dcd4b9b0fa req-63108891-dbbe-4c9f-87c8-50066410b7c5 None None] Starting request: 10.222.0.23 "GET /placement/allocations/52b913ff-98ca-4975-8fa6-ad9c60038dd0" {{(pid=94314) __call__ /opt/stack/placement/placement/requestlog.py:55}}
Jul 09 16:35:22.449988 n-d-792394-14 devstack@placement-api.service[94314]: INFO placement.requestlog [req-be0355d3-2d61-48e3-a91c-25dcd4b9b0fa req-63108891-dbbe-4c9f-87c8-50066410b7c5 service placement] 10.222.0.23 "GET /placement/allocations/52b913ff-98ca-4975-8fa6-ad9c60038dd0" status: 200 len: 260 microversion: 1.28
Jul 09 16:35:22.450549 n-d-792394-14 devstack@placement-api.service[94314]: [pid: 94314|app: 0|req: 430/859] 10.222.0.23 () {60 vars in 1378 bytes} [Fri Jul 9 16:35:22 2021] GET /placement/allocations/52b913ff-98ca-4975-8fa6-ad9c60038dd0 => generated 260 bytes in 44 msecs (HTTP/1.1 200) 8 headers in 296 bytes (1 switches on core 0)
Jul 09 16:35:25.453064 n-d-792394-14 devstack@placement-api.service[94315]: DEBUG placement.requestlog [req-b22034ee-ceeb-40fa-b23d-8acf972b9b44 req-409c810e-d70e-4bfa-bd26-136b3940b7e6 None None] Starting request: 10.222.0.25 "GET /placement/allocations/6565d8da-aab3-4953-8bf0-ac52b0f04d4c" {{(pid=94315) __call__ /opt/stack/placement/placement/requestlog.py:55}}
Jul 09 16:35:25.482065 n-d-792394-14 devstack@placement-api.service[94315]: INFO placement.requestlog [req-b22034ee-ceeb-40fa-b23d-8acf972b9b44 req-409c810e-d70e-4bfa-bd26-136b3940b7e6 service placement] 10.222.0.25 "GET /placement/allocations/6565d8da-aab3-4953-8bf0-ac52b0f04d4c" status: 200 len: 260 microversion: 1.28
Jul 09 16:35:25.482654 n-d-792394-14 devstack@placement-api.service[94315]: [pid: 94315|app: 0|req: 430/860] 10.222.0.25 () {60 vars in 1378 bytes} [Fri Jul 9 16:35:25 2021] GET /placement/allocations/6565d8da-aab3-4953-8bf0-ac52b0f04d4c => generated 260 bytes in 30 msecs (HTTP/1.1 200) 8 headers in 296 bytes (1 switches on core 0)
Jul 09 16:35:25.495433 n-d-792394-14 devstack@placement-api.service[94314]: DEBUG placement.requestlog [req-b22034ee-ceeb-40fa-b23d-8acf972b9b44 req-5bc9e1b7-fc44-464d-9464-84e730717a87 None None] Starting request: 10.222.0.25 "PUT /placement/allocations/6565d8da-aab3-4953-8bf0-ac52b0f04d4c" {{(pid=94314) __call__ /opt/stack/placement/placement/requestlog.py:55}}
Jul 09 16:35:25.570351 n-d-792394-14 devstack@placement-api.service[94314]: DEBUG placement.handlers.allocation [req-b22034ee-ceeb-40fa-b23d-8acf972b9b44 req-5bc9e1b7-fc44-464d-9464-84e730717a87 service placement] Successfully wrote allocations [, , ] {{(pid=94314) _create_allocations /opt/stack/placement/placement/handlers/allocation.py:435}}
Jul 09 16:35:25.570866 n-d-792394-14 devstack@placement-api.service[94314]: INFO placement.requestlog [req-b22034ee-ceeb-40fa-b23d-8acf972b9b44 req-5bc9e1b7-fc44-464d-9464-84e730717a87 service placement] 10.222.0.25 "PUT /placement/allocations/6565d8da-aab3-4953-8bf0-ac52b0f04d4c" status: 204 len: 0 microversion: 1.28
Jul 09 16:35:25.571189 n-d-792394-14 devstack@placement-api.service[94314]: [pid: 94314|app: 0|req: 431/861] 10.222.0.25 () {64 vars in 1431 bytes} [Fri Jul 9 16:35:25 2021] PUT /placement/allocations/6565d8da-aab3-4953-8bf0-ac52b0f04d4c => generated 0 bytes in 76 msecs (HTTP/1.1 204) 5 headers in 199 bytes (1 switches on core 0)
Jul 09 16:35:29.006236 n-d-792394-14 devstack@placement-api.service[94315]: DEBUG placement.requestlog [req-e864a26b-0c95-4573-97b7-c2edd2ee3cac req-e7cf9766-0df1-454b-a930-3ee2a77d3906 None None] Starting request: 10.222.0.23 "GET /placement/resource_providers/2d1bd83f-2da6-4731-b981-4c3999ffe7ad/allocations" {{(pid=94315) __call__ /opt/stack/placement/placement/requestlog.py:55}}
Jul 09 16:35:29.033496 n-d-792394-14 devstack@placement-api.service[94315]: INFO placement.requestlog [req-e864a26b-0c95-4573-97b7-c2edd2ee3cac req-e7cf9766-0df1-454b-a930-3ee2a77d3906 service placement] 10.222.0.23 "GET /placement/resource_providers/2d1bd83f-2da6-4731-b981-4c3999ffe7ad/allocations" status: 200 len: 559 microversion: 1.0
Jul 09 16:35:29.034196 n-d-792394-14 devstack@placement-api.service[94315]: [pid: 94315|app: 0|req: 431/862] 10.222.0.23 () {58 vars in 1391 bytes} [Fri Jul 9 16:35:29 2021] GET /placement/resource_providers/2d1bd83f-2da6-4731-b981-4c3999ffe7ad/allocations => generated 559 bytes in 28 msecs (HTTP/1.1 200) 6 headers in 224 bytes (2 switches on core 0)
Jul 09 16:35:30.938220 n-d-792394-14 devstack@placement-api.service[94314]: DEBUG placement.requestlog [req-ea4a79ad-4bc0-4c09-9537-8a44c477dbb1 req-3d0edc70-8910-4670-8ea3-67dd3dfae6ea None None] Starting request: 10.222.0.30 "GET /placement/allocation_candidates?limit=1000&resources=MEMORY_MB%3A1024%2CVCPU%3A1&root_required=%21COMPUTE_STATUS_DISABLED" {{(pid=94314) __call__ /opt/stack/placement/placement/requestlog.py:55}}
Jul 09 16:35:31.003539 n-d-792394-14 devstack@placement-api.service[94314]: DEBUG placement.objects.research_context [req-ea4a79ad-4bc0-4c09-9537-8a44c477dbb1 req-3d0edc70-8910-4670-8ea3-67dd3dfae6ea service placement] getting providers with 1024 MEMORY_MB {{(pid=94314) __init__ /opt/stack/placement/placement/objects/research_context.py:126}}
Jul 09 16:35:31.011176 n-d-792394-14 devstack@placement-api.service[94314]: DEBUG placement.objects.research_context [req-ea4a79ad-4bc0-4c09-9537-8a44c477dbb1 req-3d0edc70-8910-4670-8ea3-67dd3dfae6ea service placement] getting providers with 1 VCPU {{(pid=94314) __init__ /opt/stack/placement/placement/objects/research_context.py:126}}
Jul 09 16:35:31.023843 n-d-792394-14 devstack@placement-api.service[94314]: DEBUG placement.objects.research_context [req-ea4a79ad-4bc0-4c09-9537-8a44c477dbb1 req-3d0edc70-8910-4670-8ea3-67dd3dfae6ea service placement] found 2 providers with available 1024 MEMORY_MB {{(pid=94314) get_provider_ids_matching /opt/stack/placement/placement/objects/research_context.py:549}}
Jul 09 16:35:31.024727 n-d-792394-14 devstack@placement-api.service[94314]: DEBUG placement.objects.research_context [req-ea4a79ad-4bc0-4c09-9537-8a44c477dbb1 req-3d0edc70-8910-4670-8ea3-67dd3dfae6ea service placement] found 2 providers with available 1 VCPU {{(pid=94314) get_provider_ids_matching /opt/stack/placement/placement/objects/research_context.py:549}}
Jul 09 16:35:31.025189 n-d-792394-14 devstack@placement-api.service[94314]: DEBUG placement.objects.research_context [req-ea4a79ad-4bc0-4c09-9537-8a44c477dbb1 req-3d0edc70-8910-4670-8ea3-67dd3dfae6ea service placement] found 2 providers after filtering by previous result {{(pid=94314) get_provider_ids_matching /opt/stack/placement/placement/objects/research_context.py:580}}
Jul 09 16:35:31.039146 n-d-792394-14 devstack@placement-api.service[94314]: DEBUG placement.objects.allocation_candidate [req-ea4a79ad-4bc0-4c09-9537-8a44c477dbb1 req-3d0edc70-8910-4670-8ea3-67dd3dfae6ea service placement] RequestGroup(use_same_provider=False, resources={MEMORY_MB:1024, VCPU:1}, traits=[], aggregates=[]) (suffix '') returned 2 matches {{(pid=94314) _get_by_requests /opt/stack/placement/placement/objects/allocation_candidate.py:145}}
Jul 09 16:35:31.039517 n-d-792394-14 devstack@placement-api.service[94314]: DEBUG placement.objects.allocation_candidate [req-ea4a79ad-4bc0-4c09-9537-8a44c477dbb1 req-3d0edc70-8910-4670-8ea3-67dd3dfae6ea service placement] Merging candidates yields 2 allocation requests and 2 provider summaries {{(pid=94314) _merge_candidates /opt/stack/placement/placement/objects/allocation_candidate.py:783}}
Jul 09 16:35:31.041057 n-d-792394-14 devstack@placement-api.service[94314]: INFO placement.requestlog [req-ea4a79ad-4bc0-4c09-9537-8a44c477dbb1 req-3d0edc70-8910-4670-8ea3-67dd3dfae6ea service placement] 10.222.0.30 "GET /placement/allocation_candidates?limit=1000&resources=MEMORY_MB%3A1024%2CVCPU%3A1&root_required=%21COMPUTE_STATUS_DISABLED" status: 200 len: 1281 microversion: 1.36
Jul 09 16:35:31.041669 n-d-792394-14 devstack@placement-api.service[94314]: [pid: 94314|app: 0|req: 432/863] 10.222.0.30 () {60 vars in 1479 bytes} [Fri Jul 9 16:35:30 2021] GET /placement/allocation_candidates?limit=1000&resources=MEMORY_MB%3A1024%2CVCPU%3A1&root_required=%21COMPUTE_STATUS_DISABLED => generated 1281 bytes in 104 msecs (HTTP/1.1 200) 8 headers in 297 bytes (1 switches on core 0)
Jul 09 16:35:31.099313 n-d-792394-14 devstack@placement-api.service[94315]: DEBUG placement.requestlog [req-ea4a79ad-4bc0-4c09-9537-8a44c477dbb1 req-505e8f11-6c26-4989-b50a-57c5dae61e33 None None] Starting request: 10.222.0.30 "GET /placement/allocations/b3c56837-0332-4967-8b0d-adfd0abb3aea" {{(pid=94315) __call__ /opt/stack/placement/placement/requestlog.py:55}}
Jul 09 16:35:31.116131 n-d-792394-14 devstack@placement-api.service[94315]: INFO placement.requestlog [req-ea4a79ad-4bc0-4c09-9537-8a44c477dbb1 req-505e8f11-6c26-4989-b50a-57c5dae61e33 service placement] 10.222.0.30 "GET /placement/allocations/b3c56837-0332-4967-8b0d-adfd0abb3aea" status: 200 len: 19 microversion: 1.28
Jul 09 16:35:31.116728 n-d-792394-14 devstack@placement-api.service[94315]: [pid: 94315|app: 0|req: 432/864] 10.222.0.30 () {60 vars in 1381 bytes} [Fri Jul 9 16:35:31 2021] GET /placement/allocations/b3c56837-0332-4967-8b0d-adfd0abb3aea => generated 19 bytes in 17 msecs (HTTP/1.1 200) 8 headers in 295 bytes (1 switches on core 0)
Jul 09 16:35:31.123374 n-d-792394-14 devstack@placement-api.service[94314]: DEBUG placement.requestlog [req-ea4a79ad-4bc0-4c09-9537-8a44c477dbb1 req-e9162b1b-7339-4641-ac84-88331cb372cc None None] Starting request: 10.222.0.30 "PUT /placement/allocations/b3c56837-0332-4967-8b0d-adfd0abb3aea" {{(pid=94314) __call__ /opt/stack/placement/placement/requestlog.py:55}}
Jul 09 16:35:31.222106 n-d-792394-14 devstack@placement-api.service[94314]: DEBUG placement.handlers.allocation [req-ea4a79ad-4bc0-4c09-9537-8a44c477dbb1 req-e9162b1b-7339-4641-ac84-88331cb372cc service placement] Successfully wrote allocations [, ] {{(pid=94314) _create_allocations /opt/stack/placement/placement/handlers/allocation.py:435}}
Jul 09 16:35:31.222844 n-d-792394-14 devstack@placement-api.service[94314]: INFO placement.requestlog [req-ea4a79ad-4bc0-4c09-9537-8a44c477dbb1 req-e9162b1b-7339-4641-ac84-88331cb372cc service placement] 10.222.0.30 "PUT /placement/allocations/b3c56837-0332-4967-8b0d-adfd0abb3aea" status: 204 len: 0 microversion: 1.36
Jul 09 16:35:31.223523 n-d-792394-14 devstack@placement-api.service[94314]: [pid: 94314|app: 0|req: 433/865] 10.222.0.30 () {64 vars in 1434 bytes} [Fri Jul 9 16:35:31 2021] PUT /placement/allocations/b3c56837-0332-4967-8b0d-adfd0abb3aea => generated 0 bytes in 100 msecs (HTTP/1.1 204) 5 headers in 199 bytes (1 switches on core 0)
Jul 09 16:35:31.321976 n-d-792394-14 devstack@placement-api.service[94315]: DEBUG placement.requestlog [req-8038eef0-6f40-4ac2-9e1f-fc9e22c8ea3a req-c5712156-66f8-47db-b530-7a5fecac5682 None None] Starting request: 10.222.0.30 "GET /placement/allocation_candidates?limit=1000&resources=DISK_GB%3A1%2CMEMORY_MB%3A1024%2CVCPU%3A1&root_required=%21COMPUTE_STATUS_DISABLED" {{(pid=94315) __call__ /opt/stack/placement/placement/requestlog.py:55}}
Jul 09 16:35:31.380198 n-d-792394-14 devstack@placement-api.service[94315]: DEBUG placement.objects.research_context [req-8038eef0-6f40-4ac2-9e1f-fc9e22c8ea3a req-c5712156-66f8-47db-b530-7a5fecac5682 service placement] getting providers with 1 DISK_GB {{(pid=94315) __init__ /opt/stack/placement/placement/objects/research_context.py:126}}
Jul 09 16:35:31.393004 n-d-792394-14 devstack@placement-api.service[94315]: DEBUG placement.objects.research_context [req-8038eef0-6f40-4ac2-9e1f-fc9e22c8ea3a req-c5712156-66f8-47db-b530-7a5fecac5682 service placement] getting providers with 1024 MEMORY_MB {{(pid=94315) __init__ /opt/stack/placement/placement/objects/research_context.py:126}}
Jul 09 16:35:31.405376 n-d-792394-14 devstack@placement-api.service[94315]: DEBUG placement.objects.research_context [req-8038eef0-6f40-4ac2-9e1f-fc9e22c8ea3a req-c5712156-66f8-47db-b530-7a5fecac5682 service placement] getting providers with 1 VCPU {{(pid=94315) __init__ /opt/stack/placement/placement/objects/research_context.py:126}}
Jul 09 16:35:31.419179 n-d-792394-14 devstack@placement-api.service[94315]: DEBUG placement.objects.research_context [req-8038eef0-6f40-4ac2-9e1f-fc9e22c8ea3a req-c5712156-66f8-47db-b530-7a5fecac5682 service placement] found 2 providers with available 1 DISK_GB {{(pid=94315) get_provider_ids_matching /opt/stack/placement/placement/objects/research_context.py:549}}
Jul 09 16:35:31.419459 n-d-792394-14 devstack@placement-api.service[94315]: DEBUG placement.objects.research_context [req-8038eef0-6f40-4ac2-9e1f-fc9e22c8ea3a req-c5712156-66f8-47db-b530-7a5fecac5682 service placement] found 2 providers with available 1024 MEMORY_MB {{(pid=94315) get_provider_ids_matching /opt/stack/placement/placement/objects/research_context.py:549}}
Jul 09 16:35:31.419908 n-d-792394-14 devstack@placement-api.service[94315]: DEBUG placement.objects.research_context [req-8038eef0-6f40-4ac2-9e1f-fc9e22c8ea3a req-c5712156-66f8-47db-b530-7a5fecac5682 service placement] found 2 providers after filtering by previous result {{(pid=94315) get_provider_ids_matching /opt/stack/placement/placement/objects/research_context.py:580}}
Jul 09 16:35:31.420328 n-d-792394-14 devstack@placement-api.service[94315]: DEBUG placement.objects.research_context [req-8038eef0-6f40-4ac2-9e1f-fc9e22c8ea3a req-c5712156-66f8-47db-b530-7a5fecac5682 service placement] found 2 providers with available 1 VCPU {{(pid=94315) get_provider_ids_matching /opt/stack/placement/placement/objects/research_context.py:549}}
Jul 09 16:35:31.420790 n-d-792394-14 devstack@placement-api.service[94315]: DEBUG placement.objects.research_context [req-8038eef0-6f40-4ac2-9e1f-fc9e22c8ea3a req-c5712156-66f8-47db-b530-7a5fecac5682 service placement] found 2 providers after filtering by previous result {{(pid=94315) get_provider_ids_matching /opt/stack/placement/placement/objects/research_context.py:580}}
Jul 09 16:35:31.437010 n-d-792394-14 devstack@placement-api.service[94315]: DEBUG placement.objects.allocation_candidate [req-8038eef0-6f40-4ac2-9e1f-fc9e22c8ea3a req-c5712156-66f8-47db-b530-7a5fecac5682 service placement] RequestGroup(use_same_provider=False, resources={DISK_GB:1, MEMORY_MB:1024, VCPU:1}, traits=[], aggregates=[]) (suffix '') returned 2 matches {{(pid=94315) _get_by_requests /opt/stack/placement/placement/objects/allocation_candidate.py:145}}
Jul 09 16:35:31.438686 n-d-792394-14 devstack@placement-api.service[94315]: DEBUG placement.objects.allocation_candidate [req-8038eef0-6f40-4ac2-9e1f-fc9e22c8ea3a req-c5712156-66f8-47db-b530-7a5fecac5682 service placement] Merging candidates yields 2 allocation requests and 2 provider summaries {{(pid=94315) _merge_candidates /opt/stack/placement/placement/objects/allocation_candidate.py:783}}
Jul 09 16:35:31.442778 n-d-792394-14 devstack@placement-api.service[94315]: INFO placement.requestlog [req-8038eef0-6f40-4ac2-9e1f-fc9e22c8ea3a req-c5712156-66f8-47db-b530-7a5fecac5682 service placement] 10.222.0.30 "GET /placement/allocation_candidates?limit=1000&resources=DISK_GB%3A1%2CMEMORY_MB%3A1024%2CVCPU%3A1&root_required=%21COMPUTE_STATUS_DISABLED" status: 200 len: 1309 microversion: 1.36
Jul 09 16:35:31.443262 n-d-792394-14 devstack@placement-api.service[94315]: [pid: 94315|app: 0|req: 433/866] 10.222.0.30 () {60 vars in 1507 bytes} [Fri Jul 9 16:35:31 2021] GET /placement/allocation_candidates?limit=1000&resources=DISK_GB%3A1%2CMEMORY_MB%3A1024%2CVCPU%3A1&root_required=%21COMPUTE_STATUS_DISABLED => generated 1309 bytes in 121 msecs (HTTP/1.1 200) 8 headers in 297 bytes (1 switches on core 0)
Jul 09 16:35:31.512254 n-d-792394-14 devstack@placement-api.service[94314]: DEBUG placement.requestlog [req-8038eef0-6f40-4ac2-9e1f-fc9e22c8ea3a req-1be4d955-955f-4830-9bb2-b7635bda24fa None None] Starting request: 10.222.0.30 "GET /placement/allocations/9fffe015-aabd-4ba5-9eac-6c8115818b05" {{(pid=94314) __call__ /opt/stack/placement/placement/requestlog.py:55}}
Jul 09 16:35:31.525220 n-d-792394-14 devstack@placement-api.service[94314]: INFO placement.requestlog [req-8038eef0-6f40-4ac2-9e1f-fc9e22c8ea3a req-1be4d955-955f-4830-9bb2-b7635bda24fa service placement] 10.222.0.30 "GET /placement/allocations/9fffe015-aabd-4ba5-9eac-6c8115818b05" status: 200 len: 19 microversion: 1.28
Jul 09 16:35:31.529803 n-d-792394-14 devstack@placement-api.service[94314]: [pid: 94314|app: 0|req: 434/867] 10.222.0.30 () {60 vars in 1381 bytes} [Fri Jul 9 16:35:31 2021] GET /placement/allocations/9fffe015-aabd-4ba5-9eac-6c8115818b05 => generated 19 bytes in 18 msecs (HTTP/1.1 200) 8 headers in 295 bytes (1 switches on core 0)
Jul 09 16:35:31.533856 n-d-792394-14 devstack@placement-api.service[94315]: DEBUG placement.requestlog [req-8038eef0-6f40-4ac2-9e1f-fc9e22c8ea3a req-c0f1cb44-1d5f-4530-a75d-a53a712a07d7 None None] Starting request: 10.222.0.30 "PUT /placement/allocations/9fffe015-aabd-4ba5-9eac-6c8115818b05" {{(pid=94315) __call__ /opt/stack/placement/placement/requestlog.py:55}}
Jul 09 16:35:31.639235 n-d-792394-14 devstack@placement-api.service[94315]: DEBUG placement.handlers.allocation [req-8038eef0-6f40-4ac2-9e1f-fc9e22c8ea3a req-c0f1cb44-1d5f-4530-a75d-a53a712a07d7 service placement] Successfully wrote allocations [, , ] {{(pid=94315) _create_allocations /opt/stack/placement/placement/handlers/allocation.py:435}}
Jul 09 16:35:31.640246 n-d-792394-14 devstack@placement-api.service[94315]: INFO placement.requestlog [req-8038eef0-6f40-4ac2-9e1f-fc9e22c8ea3a req-c0f1cb44-1d5f-4530-a75d-a53a712a07d7 service placement] 10.222.0.30 "PUT /placement/allocations/9fffe015-aabd-4ba5-9eac-6c8115818b05" status: 204 len: 0 microversion: 1.36
Jul 09 16:35:31.641727 n-d-792394-14 devstack@placement-api.service[94315]: [pid: 94315|app: 0|req: 434/868] 10.222.0.30 () {64 vars in 1434 bytes} [Fri Jul 9 16:35:31 2021] PUT /placement/allocations/9fffe015-aabd-4ba5-9eac-6c8115818b05 => generated 0 bytes in 108 msecs (HTTP/1.1 204) 5 headers in 199 bytes (2 switches on core 0)
Jul 09 16:35:31.746721 n-d-792394-14 devstack@placement-api.service[94314]: DEBUG placement.requestlog [req-ea4a79ad-4bc0-4c09-9537-8a44c477dbb1 req-5b84e732-0dd7-4fd4-a37e-501f3caf7140 None None] Starting request: 10.222.0.25 "GET /placement/allocations/b3c56837-0332-4967-8b0d-adfd0abb3aea" {{(pid=94314) __call__ /opt/stack/placement/placement/requestlog.py:55}}
Jul 09 16:35:31.795885 n-d-792394-14 devstack@placement-api.service[94314]: INFO placement.requestlog [req-ea4a79ad-4bc0-4c09-9537-8a44c477dbb1 req-5b84e732-0dd7-4fd4-a37e-501f3caf7140 service placement] 10.222.0.25 "GET /placement/allocations/b3c56837-0332-4967-8b0d-adfd0abb3aea" status: 200 len: 246 microversion: 1.28
Jul 09 16:35:31.796151 n-d-792394-14 devstack@placement-api.service[94314]: [pid: 94314|app: 0|req: 435/869] 10.222.0.25 () {60 vars in 1378 bytes} [Fri Jul 9 16:35:31 2021] GET /placement/allocations/b3c56837-0332-4967-8b0d-adfd0abb3aea => generated 246 bytes in 50 msecs (HTTP/1.1 200) 8 headers in 296 bytes (1 switches on core 0)
Jul 09 16:35:32.161293 n-d-792394-14 devstack@placement-api.service[94315]: DEBUG placement.requestlog [req-8038eef0-6f40-4ac2-9e1f-fc9e22c8ea3a req-cd4bd30e-9d51-424b-a801-13759696d5ef None None] Starting request: 10.222.0.25 "GET /placement/allocations/9fffe015-aabd-4ba5-9eac-6c8115818b05" {{(pid=94315) __call__ /opt/stack/placement/placement/requestlog.py:55}}
Jul 09 16:35:32.176829 n-d-792394-14 devstack@placement-api.service[94315]: INFO placement.requestlog [req-8038eef0-6f40-4ac2-9e1f-fc9e22c8ea3a req-cd4bd30e-9d51-424b-a801-13759696d5ef service placement] 10.222.0.25 "GET /placement/allocations/9fffe015-aabd-4ba5-9eac-6c8115818b05" status: 200 len: 260 microversion: 1.28
Jul 09 16:35:32.177207 n-d-792394-14 devstack@placement-api.service[94315]: [pid: 94315|app: 0|req: 435/870] 10.222.0.25 () {60 vars in 1378 bytes} [Fri Jul 9 16:35:32 2021] GET /placement/allocations/9fffe015-aabd-4ba5-9eac-6c8115818b05 => generated 260 bytes in 17 msecs (HTTP/1.1 200) 8 headers in 296 bytes (1 switches on core 0)
Jul 09 16:35:47.530489 n-d-792394-14 devstack@placement-api.service[94314]: DEBUG placement.requestlog [req-6fd5e4e4-afbd-4ce3-b84d-9b90d052ed6e req-4e0487c4-b314-4c4e-a6c5-1c2b13ca5185 None None] Starting request: 10.222.0.30 "GET /placement/allocation_candidates?limit=1000&resources=DISK_GB%3A1%2CMEMORY_MB%3A1024%2CVCPU%3A1&root_required=%21COMPUTE_STATUS_DISABLED" {{(pid=94314) __call__ /opt/stack/placement/placement/requestlog.py:55}}
Jul 09 16:35:47.763684 n-d-792394-14 devstack@placement-api.service[94314]: DEBUG placement.objects.research_context [req-6fd5e4e4-afbd-4ce3-b84d-9b90d052ed6e req-4e0487c4-b314-4c4e-a6c5-1c2b13ca5185 service placement] getting providers with 1 DISK_GB {{(pid=94314) __init__ /opt/stack/placement/placement/objects/research_context.py:126}}
Jul 09 16:35:47.774029 n-d-792394-14 devstack@placement-api.service[94314]: DEBUG placement.objects.research_context [req-6fd5e4e4-afbd-4ce3-b84d-9b90d052ed6e req-4e0487c4-b314-4c4e-a6c5-1c2b13ca5185 service placement] getting providers with 1024 MEMORY_MB {{(pid=94314) __init__ /opt/stack/placement/placement/objects/research_context.py:126}}
Jul 09 16:35:47.781055 n-d-792394-14 devstack@placement-api.service[94314]: DEBUG placement.objects.research_context [req-6fd5e4e4-afbd-4ce3-b84d-9b90d052ed6e req-4e0487c4-b314-4c4e-a6c5-1c2b13ca5185 service placement] getting providers with 1 VCPU {{(pid=94314) __init__ /opt/stack/placement/placement/objects/research_context.py:126}}
Jul 09 16:35:47.789855 n-d-792394-14 devstack@placement-api.service[94314]: DEBUG placement.objects.research_context [req-6fd5e4e4-afbd-4ce3-b84d-9b90d052ed6e req-4e0487c4-b314-4c4e-a6c5-1c2b13ca5185 service placement] found 2 providers with available 1 DISK_GB {{(pid=94314) get_provider_ids_matching /opt/stack/placement/placement/objects/research_context.py:549}}
Jul 09 16:35:47.790356 n-d-792394-14 devstack@placement-api.service[94314]: DEBUG placement.objects.research_context [req-6fd5e4e4-afbd-4ce3-b84d-9b90d052ed6e req-4e0487c4-b314-4c4e-a6c5-1c2b13ca5185 service placement] found 2 providers with available 1024 MEMORY_MB {{(pid=94314) get_provider_ids_matching /opt/stack/placement/placement/objects/research_context.py:549}}
Jul 09 16:35:47.790808 n-d-792394-14 devstack@placement-api.service[94314]: DEBUG placement.objects.research_context [req-6fd5e4e4-afbd-4ce3-b84d-9b90d052ed6e req-4e0487c4-b314-4c4e-a6c5-1c2b13ca5185 service placement] found 2 providers after filtering by previous result {{(pid=94314) get_provider_ids_matching /opt/stack/placement/placement/objects/research_context.py:580}}
Jul 09 16:35:47.791358 n-d-792394-14 devstack@placement-api.service[94314]: DEBUG placement.objects.research_context [req-6fd5e4e4-afbd-4ce3-b84d-9b90d052ed6e req-4e0487c4-b314-4c4e-a6c5-1c2b13ca5185 service placement] found 2 providers with available 1 VCPU {{(pid=94314) get_provider_ids_matching /opt/stack/placement/placement/objects/research_context.py:549}}
Jul 09 16:35:47.791773 n-d-792394-14 devstack@placement-api.service[94314]: DEBUG placement.objects.research_context [req-6fd5e4e4-afbd-4ce3-b84d-9b90d052ed6e req-4e0487c4-b314-4c4e-a6c5-1c2b13ca5185 service placement] found 2 providers after filtering by previous result {{(pid=94314) get_provider_ids_matching /opt/stack/placement/placement/objects/research_context.py:580}}
Jul 09 16:35:47.805382 n-d-792394-14 devstack@placement-api.service[94314]: DEBUG placement.objects.allocation_candidate [req-6fd5e4e4-afbd-4ce3-b84d-9b90d052ed6e req-4e0487c4-b314-4c4e-a6c5-1c2b13ca5185 service placement] RequestGroup(use_same_provider=False, resources={DISK_GB:1, MEMORY_MB:1024, VCPU:1}, traits=[], aggregates=[]) (suffix '') returned 2 matches {{(pid=94314) _get_by_requests /opt/stack/placement/placement/objects/allocation_candidate.py:145}}
Jul 09 16:35:47.806241 n-d-792394-14 devstack@placement-api.service[94314]: DEBUG placement.objects.allocation_candidate [req-6fd5e4e4-afbd-4ce3-b84d-9b90d052ed6e req-4e0487c4-b314-4c4e-a6c5-1c2b13ca5185 service placement] Merging candidates yields 2 allocation requests and 2 provider summaries {{(pid=94314) _merge_candidates /opt/stack/placement/placement/objects/allocation_candidate.py:783}}
Jul 09 16:35:47.808017 n-d-792394-14 devstack@placement-api.service[94314]: INFO placement.requestlog [req-6fd5e4e4-afbd-4ce3-b84d-9b90d052ed6e req-4e0487c4-b314-4c4e-a6c5-1c2b13ca5185 service placement] 10.222.0.30 "GET /placement/allocation_candidates?limit=1000&resources=DISK_GB%3A1%2CMEMORY_MB%3A1024%2CVCPU%3A1&root_required=%21COMPUTE_STATUS_DISABLED" status: 200 len: 1309 microversion: 1.36
Jul 09 16:35:47.809190 n-d-792394-14 devstack@placement-api.service[94314]: [pid: 94314|app: 0|req: 436/871] 10.222.0.30 () {60 vars in 1507 bytes} [Fri Jul 9 16:35:47 2021] GET /placement/allocation_candidates?limit=1000&resources=DISK_GB%3A1%2CMEMORY_MB%3A1024%2CVCPU%3A1&root_required=%21COMPUTE_STATUS_DISABLED => generated 1309 bytes in 279 msecs (HTTP/1.1 200) 8 headers in 297 bytes (1 switches on core 0)
Jul 09 16:35:47.867159 n-d-792394-14 devstack@placement-api.service[94315]: DEBUG placement.requestlog [req-6fd5e4e4-afbd-4ce3-b84d-9b90d052ed6e req-2cebabb2-3ed5-474e-b86a-5a61c2ff9e42 None None] Starting request: 10.222.0.30 "GET /placement/allocations/3c7f7c5e-55ac-4d65-8ee0-79d9c644bfe8" {{(pid=94315) __call__ /opt/stack/placement/placement/requestlog.py:55}}
Jul 09 16:35:48.114302 n-d-792394-14 devstack@placement-api.service[94315]: INFO placement.requestlog [req-6fd5e4e4-afbd-4ce3-b84d-9b90d052ed6e req-2cebabb2-3ed5-474e-b86a-5a61c2ff9e42 service placement] 10.222.0.30 "GET /placement/allocations/3c7f7c5e-55ac-4d65-8ee0-79d9c644bfe8" status: 200 len: 19 microversion: 1.28
Jul 09 16:35:48.117852 n-d-792394-14 devstack@placement-api.service[94315]: [pid: 94315|app: 0|req: 436/872] 10.222.0.30 () {60 vars in 1381 bytes} [Fri Jul 9 16:35:47 2021] GET /placement/allocations/3c7f7c5e-55ac-4d65-8ee0-79d9c644bfe8 => generated 19 bytes in 248 msecs (HTTP/1.1 200) 8 headers in 295 bytes (1 switches on core 0)
Jul 09 16:35:48.127892 n-d-792394-14 devstack@placement-api.service[94314]: DEBUG placement.requestlog [req-6fd5e4e4-afbd-4ce3-b84d-9b90d052ed6e req-9381d874-dad8-410a-9ec5-06ddcdee4000 None None] Starting request: 10.222.0.30 "PUT /placement/allocations/3c7f7c5e-55ac-4d65-8ee0-79d9c644bfe8" {{(pid=94314) __call__ /opt/stack/placement/placement/requestlog.py:55}}
Jul 09 16:35:48.231947 n-d-792394-14 devstack@placement-api.service[94314]: DEBUG placement.handlers.allocation [req-6fd5e4e4-afbd-4ce3-b84d-9b90d052ed6e req-9381d874-dad8-410a-9ec5-06ddcdee4000 service placement] Successfully wrote allocations [, , ] {{(pid=94314) _create_allocations /opt/stack/placement/placement/handlers/allocation.py:435}}
Jul 09 16:35:48.232713 n-d-792394-14 devstack@placement-api.service[94314]: INFO placement.requestlog [req-6fd5e4e4-afbd-4ce3-b84d-9b90d052ed6e req-9381d874-dad8-410a-9ec5-06ddcdee4000 service placement] 10.222.0.30 "PUT /placement/allocations/3c7f7c5e-55ac-4d65-8ee0-79d9c644bfe8" status: 204 len: 0 microversion: 1.36
Jul 09 16:35:48.233413 n-d-792394-14 devstack@placement-api.service[94314]: [pid: 94314|app: 0|req: 437/873] 10.222.0.30 () {64 vars in 1434 bytes} [Fri Jul 9 16:35:48 2021] PUT /placement/allocations/3c7f7c5e-55ac-4d65-8ee0-79d9c644bfe8 => generated 0 bytes in 106 msecs (HTTP/1.1 204) 5 headers in 199 bytes (1 switches on core 0)
