Jun 30 18:12:39.979733 n-d-792394-11 neutron-server[93885]: DEBUG neutron.pecan_wsgi.hooks.policy_enforcement [req-b4e9ae90-bee7-4840-94b2-23bc40ac367e req-e4ef6007-8ea2-478d-b761-1989090306dc tempest-DeleteServersAdminTestJSON-2117859736 tempest-DeleteServersAdminTestJSON-2117859736-project] Attributes excluded by policy engine: ['standard_attr_id', 'binding:profile', 'binding:host_id', 'binding:vif_type', 'binding:vif_details'] {{(pid=93885) _exclude_attributes_by_policy /opt/stack/neutron/neutron/pecan_wsgi/hooks/policy_enforcement.py:255}}
Jun 30 18:12:39.982122 n-d-792394-11 neutron-server[93885]: INFO neutron.wsgi [req-b4e9ae90-bee7-4840-94b2-23bc40ac367e req-e4ef6007-8ea2-478d-b761-1989090306dc tempest-DeleteServersAdminTestJSON-2117859736 tempest-DeleteServersAdminTestJSON-2117859736-project] 10.222.0.39 "GET /v2.0/ports?device_id=d5719c27-5541-4a0e-934b-955600e87cad HTTP/1.1" status: 200 len: 950 time: 0.2552137
Jun 30 18:12:39.992946 n-d-792394-11 neutron-server[93885]: DEBUG neutron.pecan_wsgi.hooks.policy_enforcement [req-80e9db18-0466-4c04-b5db-6fa2d8ba416a req-cd5342e1-fcd2-49e8-943b-95fac90da702 tempest-ImagesTestJSON-152733313 tempest-ImagesTestJSON-152733313-project] Attributes excluded by policy engine: ['standard_attr_id', 'binding:profile', 'binding:host_id', 'binding:vif_type', 'binding:vif_details'] {{(pid=93885) _exclude_attributes_by_policy /opt/stack/neutron/neutron/pecan_wsgi/hooks/policy_enforcement.py:255}}
Jun 30 18:12:39.994989 n-d-792394-11 neutron-server[93885]: INFO neutron.wsgi [req-80e9db18-0466-4c04-b5db-6fa2d8ba416a req-cd5342e1-fcd2-49e8-943b-95fac90da702 tempest-ImagesTestJSON-152733313 tempest-ImagesTestJSON-152733313-project] 10.222.0.39 "GET /v2.0/ports?device_id=5ddd8953-506f-4204-9cbb-5d227227b548 HTTP/1.1" status: 200 len: 943 time: 0.7465839
Jun 30 18:12:40.038104 n-d-792394-11 neutron-server[93886]: DEBUG neutron.db.provisioning_blocks [None req-33effdc8-8473-4620-89fa-1a03e08e30b3 None None] Provisioning for port 4ab39360-a94c-4b14-bae8-e8d24496d26b completed by entity DHCP. {{(pid=93886) provisioning_complete /opt/stack/neutron/neutron/db/provisioning_blocks.py:133}}
Jun 30 18:12:40.044394 n-d-792394-11 neutron-server[93886]: DEBUG neutron.db.provisioning_blocks [None req-33effdc8-8473-4620-89fa-1a03e08e30b3 None None] Provisioning complete for port 4ab39360-a94c-4b14-bae8-e8d24496d26b triggered by entity DHCP. {{(pid=93886) provisioning_complete /opt/stack/neutron/neutron/db/provisioning_blocks.py:139}}
Jun 30 18:12:40.047023 n-d-792394-11 neutron-server[93886]: DEBUG neutron_lib.callbacks.manager [None req-33effdc8-8473-4620-89fa-1a03e08e30b3 None None] Notify callbacks ['neutron.plugins.ml2.plugin.Ml2Plugin._port_provisioned-969260'] for port, provisioning_complete {{(pid=93886) _notify_loop /usr/local/lib/python3.8/dist-packages/neutron_lib/callbacks/manager.py:192}}
Jun 30 18:12:40.054680 n-d-792394-11 neutron-server[93884]: DEBUG neutron.pecan_wsgi.hooks.policy_enforcement [req-e4e0091a-19ff-4c70-a705-7716e52d6e54 req-fd71429a-2d0c-4931-8d75-f18f4c22c1cb service neutron] Attributes excluded by policy engine: ['standard_attr_id'] {{(pid=93884) _exclude_attributes_by_policy /opt/stack/neutron/neutron/pecan_wsgi/hooks/policy_enforcement.py:255}}
Jun 30 18:12:40.057135 n-d-792394-11 neutron-server[93884]: INFO neutron.wsgi [req-e4e0091a-19ff-4c70-a705-7716e52d6e54 req-fd71429a-2d0c-4931-8d75-f18f4c22c1cb service neutron] 10.222.0.10 "GET /v2.0/ports?network_id=fdfcd179-717e-4b2d-9183-de289c3c7d3c&device_owner=network%3Adhcp HTTP/1.1" status: 200 len: 1167 time: 0.3021169
Jun 30 18:12:40.074598 n-d-792394-11 neutron-server[93885]: DEBUG neutron.plugins.ml2.db [req-e965d74c-0428-40ca-ae4f-4dca4ff24f57 req-8e68e6b3-ed53-464e-9235-20c578310021 service neutron] For port 25c75ced-384e-43d5-b462-80f7cb322713, host n-h1-792394-11, cleared binding levels {{(pid=93885) clear_binding_levels /opt/stack/neutron/neutron/plugins/ml2/db.py:87}}
Jun 30 18:12:40.101322 n-d-792394-11 neutron-server[93885]: INFO neutron.wsgi [req-80e9db18-0466-4c04-b5db-6fa2d8ba416a req-6011372c-a8e7-4a77-947e-9b838a1a34c7 tempest-ImagesTestJSON-152733313 tempest-ImagesTestJSON-152733313-project] 10.222.0.39 "GET /v2.0/security-groups?id=d573b83c-9c9b-4b2f-b844-f45894463879&fields=id&fields=name HTTP/1.1" status: 200 len: 286 time: 0.0909307
Jun 30 18:12:40.103255 n-d-792394-11 neutron-server[93885]: DEBUG neutron.plugins.ml2.db [req-e965d74c-0428-40ca-ae4f-4dca4ff24f57 req-8e68e6b3-ed53-464e-9235-20c578310021 service neutron] For port 25c75ced-384e-43d5-b462-80f7cb322713, host n-h1-792394-11, set binding levels [PortBindingLevel(driver='hyperv',host='n-h1-792394-11',level=0,port_id=25c75ced-384e-43d5-b462-80f7cb322713,segment=NetworkSegment(7134c637-72aa-4ba0-b04c-bb82213cfc54),segment_id=7134c637-72aa-4ba0-b04c-bb82213cfc54)] {{(pid=93885) set_binding_levels /opt/stack/neutron/neutron/plugins/ml2/db.py:59}}
Jun 30 18:12:40.116401 n-d-792394-11 neutron-server[93885]: INFO neutron.wsgi [req-b4e9ae90-bee7-4840-94b2-23bc40ac367e req-8282828c-4b59-4747-a6fe-b021d0d2b621 tempest-DeleteServersAdminTestJSON-2117859736 tempest-DeleteServersAdminTestJSON-2117859736-project] 10.222.0.39 "GET /v2.0/security-groups?id=98412977-f4c0-47ec-9010-8b6fcfc341e0&fields=id&fields=name HTTP/1.1" status: 200 len: 286 time: 0.1179914
Jun 30 18:12:40.121597 n-d-792394-11 neutron-server[93885]: DEBUG neutron_lib.callbacks.manager [req-e965d74c-0428-40ca-ae4f-4dca4ff24f57 req-8e68e6b3-ed53-464e-9235-20c578310021 service neutron] Notify callbacks ['neutron.plugins.ml2.plugin.SecurityGroupServerNotifierRpcMixin.notify_sg_on_port_change-921569', 'neutron.plugins.ml2.ovo_rpc._ObjectChangeHandler.handle_event-362651', 'neutron.api.rpc.agentnotifiers.dhcp_rpc_agent_api.DhcpAgentNotifyAPI._native_event_send_dhcp_notification-33054921', 'neutron.db.l3_db.L3RpcNotifierMixin._notify_gateway_port_ip_changed-8763159684100', 'neutron.db.l3_dvrscheduler_db._notify_l3_agent_port_update-8763159132362', 'neutron.db.l3_hascheduler_db._notify_l3_agent_ha_port_update-8763159132407', 'neutron.services.segments.plugin.NovaSegmentNotifier._notify_port_updated-31346858'] for port, after_update {{(pid=93885) _notify_loop /usr/local/lib/python3.8/dist-packages/neutron_lib/callbacks/manager.py:192}}
Jun 30 18:12:40.134722 n-d-792394-11 neutron-server[93886]: DEBUG neutron.plugins.ml2.plugin [None req-33effdc8-8473-4620-89fa-1a03e08e30b3 None None] Port 4ab39360-a94c-4b14-bae8-e8d24496d26b cannot update to ACTIVE because it is not bound. {{(pid=93886) _port_provisioned /opt/stack/neutron/neutron/plugins/ml2/plugin.py:337}}
Jun 30 18:12:40.184648 n-d-792394-11 neutron-server[93885]: DEBUG neutron.pecan_wsgi.hooks.policy_enforcement [req-e965d74c-0428-40ca-ae4f-4dca4ff24f57 req-8e68e6b3-ed53-464e-9235-20c578310021 service neutron] Attributes excluded by policy engine: ['standard_attr_id'] {{(pid=93885) _exclude_attributes_by_policy /opt/stack/neutron/neutron/pecan_wsgi/hooks/policy_enforcement.py:255}}
Jun 30 18:12:40.185626 n-d-792394-11 neutron-server[93885]: DEBUG neutron_lib.callbacks.manager [req-e965d74c-0428-40ca-ae4f-4dca4ff24f57 req-8e68e6b3-ed53-464e-9235-20c578310021 service neutron] Notify callbacks ['neutron.notifiers.nova.Notifier._send_nova_notification-64287'] for port, before_response {{(pid=93885) _notify_loop /usr/local/lib/python3.8/dist-packages/neutron_lib/callbacks/manager.py:192}}
Jun 30 18:12:40.186984 n-d-792394-11 neutron-server[93885]: INFO neutron.wsgi [req-e965d74c-0428-40ca-ae4f-4dca4ff24f57 req-8e68e6b3-ed53-464e-9235-20c578310021 service neutron] 10.222.0.64 "PUT /v2.0/ports/25c75ced-384e-43d5-b462-80f7cb322713 HTTP/1.1" status: 200 len: 1097 time: 2.0727394
Jun 30 18:12:40.187446 n-d-792394-11 neutron-server[93885]: DEBUG neutron.notifiers.nova [-] Sending events: [{'name': 'network-changed', 'server_uuid': '027bad57-19c6-4a46-947a-57997808f0e0', 'tag': '25c75ced-384e-43d5-b462-80f7cb322713'}] {{(pid=93885) send_events /opt/stack/neutron/neutron/notifiers/nova.py:262}}
Jun 30 18:12:40.189911 n-d-792394-11 neutron-server[93885]: DEBUG novaclient.v2.client [-] REQ: curl -g -i --cacert "/opt/stack/data/ca-bundle.pem" -X POST http://10.222.0.39/compute/v2.1/os-server-external-events -H "Accept: application/json" -H "Content-Type: application/json" -H "User-Agent: python-novaclient" -H "X-Auth-Token: {SHA256}f30372850a237b8c185646ab56d480d27cec8894d0c3f787e3cf0b3b7a570d41" -H "X-OpenStack-Nova-API-Version: 2.1" -H "X-OpenStack-Request-ID: req-e87e942e-6a22-4034-815b-eca1268db6a6" -d '{"events": [{"name": "network-changed", "server_uuid": "027bad57-19c6-4a46-947a-57997808f0e0", "tag": "25c75ced-384e-43d5-b462-80f7cb322713"}]}' {{(pid=93885) _http_log_request /usr/local/lib/python3.8/dist-packages/keystoneauth1/session.py:519}}
Jun 30 18:12:40.211657 n-d-792394-11 neutron-server[93886]: DEBUG novaclient.v2.client [-] RESP: [200] Connection: close Content-Length: 183 Content-Type: application/json Date: Wed, 30 Jun 2021 18:12:38 GMT OpenStack-API-Version: compute 2.1 Server: Apache/2.4.41 (Ubuntu) Vary: OpenStack-API-Version,X-OpenStack-Nova-API-Version X-OpenStack-Nova-API-Version: 2.1 x-compute-request-id: req-734d326c-3a9a-4e1f-af7c-eea8de5d9f0f x-openstack-request-id: req-734d326c-3a9a-4e1f-af7c-eea8de5d9f0f {{(pid=93886) _http_log_response /usr/local/lib/python3.8/dist-packages/keystoneauth1/session.py:550}}
Jun 30 18:12:40.212830 n-d-792394-11 neutron-server[93886]: DEBUG novaclient.v2.client [-] RESP BODY: {"events": [{"server_uuid": "d5719c27-5541-4a0e-934b-955600e87cad", "name": "network-vif-plugged", "status": "completed", "tag": "ea95e2e0-99ff-45e5-91be-ec8e461b96f2", "code": 200}]} {{(pid=93886) _http_log_response /usr/local/lib/python3.8/dist-packages/keystoneauth1/session.py:582}}
Jun 30 18:12:40.213377 n-d-792394-11 neutron-server[93886]: DEBUG novaclient.v2.client [-] POST call to compute for http://10.222.0.39/compute/v2.1/os-server-external-events used request id req-734d326c-3a9a-4e1f-af7c-eea8de5d9f0f {{(pid=93886) request /usr/local/lib/python3.8/dist-packages/keystoneauth1/session.py:954}}
Jun 30 18:12:40.214203 n-d-792394-11 neutron-server[93885]: DEBUG neutron.api.rpc.handlers.resources_rpc [None req-8e68e6b3-ed53-464e-9235-20c578310021 service neutron] Pushing event updated for resources: {'Port': ['ID=25c75ced-384e-43d5-b462-80f7cb322713,revision_number=3']} {{(pid=93885) push /opt/stack/neutron/neutron/api/rpc/handlers/resources_rpc.py:237}}
Jun 30 18:12:40.214633 n-d-792394-11 neutron-server[93886]: INFO neutron.notifiers.nova [-] Nova event response: {'server_uuid': 'd5719c27-5541-4a0e-934b-955600e87cad', 'name': 'network-vif-plugged', 'status': 'completed', 'tag': 'ea95e2e0-99ff-45e5-91be-ec8e461b96f2', 'code': 200}
Jun 30 18:12:40.257281 n-d-792394-11 neutron-server[93884]: DEBUG neutron_lib.callbacks.manager [None req-df683749-8e4e-4f7c-9e4c-ae665f6c79d1 admin admin] Notify callbacks ['neutron.plugins.ml2.plugin.SecurityGroupDbMixin._ensure_default_security_group_handler-921529'] for port, before_update {{(pid=93884) _notify_loop /usr/local/lib/python3.8/dist-packages/neutron_lib/callbacks/manager.py:192}}
Jun 30 18:12:40.311153 n-d-792394-11 neutron-server[93884]: DEBUG neutron.pecan_wsgi.hooks.policy_enforcement [req-e4e0091a-19ff-4c70-a705-7716e52d6e54 req-084b0b1d-1ae8-44d9-b74d-40b623304aad service neutron] Attributes excluded by policy engine: ['standard_attr_id'] {{(pid=93884) _exclude_attributes_by_policy /opt/stack/neutron/neutron/pecan_wsgi/hooks/policy_enforcement.py:255}}
Jun 30 18:12:40.313072 n-d-792394-11 neutron-server[93884]: INFO neutron.wsgi [req-e4e0091a-19ff-4c70-a705-7716e52d6e54 req-084b0b1d-1ae8-44d9-b74d-40b623304aad service neutron] 10.222.0.64 "GET /v2.0/ports?network_id=fdfcd179-717e-4b2d-9183-de289c3c7d3c&device_owner=network%3Adhcp HTTP/1.1" status: 200 len: 1167 time: 0.3321149
Jun 30 18:12:40.327062 n-d-792394-11 neutron-server[93884]: INFO neutron.wsgi [req-e4e0091a-19ff-4c70-a705-7716e52d6e54 req-1bff369e-a5ec-4f48-bc1c-7b8908ab8bf3 service neutron] 10.222.0.10 "GET /v2.0/networks/fdfcd179-717e-4b2d-9183-de289c3c7d3c?fields=segments HTTP/1.1" status: 200 len: 212 time: 0.2621622
Jun 30 18:12:40.599700 n-d-792394-11 neutron-server[93885]: DEBUG neutron.pecan_wsgi.hooks.policy_enforcement [req-e965d74c-0428-40ca-ae4f-4dca4ff24f57 req-282a2a24-1af4-4dad-92b3-f888fb7b1b14 service neutron] Attributes excluded by policy engine: ['standard_attr_id'] {{(pid=93885) _exclude_attributes_by_policy /opt/stack/neutron/neutron/pecan_wsgi/hooks/policy_enforcement.py:255}}
Jun 30 18:12:40.606861 n-d-792394-11 neutron-server[93885]: INFO neutron.wsgi [req-e965d74c-0428-40ca-ae4f-4dca4ff24f57 req-282a2a24-1af4-4dad-92b3-f888fb7b1b14 service neutron] 10.222.0.64 "GET /v2.0/ports?tenant_id=3d49cfa0fb93452784c533ca050ad0c8&device_id=027bad57-19c6-4a46-947a-57997808f0e0 HTTP/1.1" status: 200 len: 1100 time: 0.3429456
Jun 30 18:12:40.653368 n-d-792394-11 neutron-server[93885]: DEBUG neutron.pecan_wsgi.hooks.policy_enforcement [req-7886e84d-644b-4f35-a167-d23548c04f81 req-6ac3c241-308b-4933-9b5b-45a5fb8fc798 service neutron] Attributes excluded by policy engine: ['standard_attr_id'] {{(pid=93885) _exclude_attributes_by_policy /opt/stack/neutron/neutron/pecan_wsgi/hooks/policy_enforcement.py:255}}
Jun 30 18:12:40.655209 n-d-792394-11 neutron-server[93885]: INFO neutron.wsgi [req-7886e84d-644b-4f35-a167-d23548c04f81 req-6ac3c241-308b-4933-9b5b-45a5fb8fc798 service neutron] 10.222.0.10 "GET /v2.0/ports?device_id=d5719c27-5541-4a0e-934b-955600e87cad HTTP/1.1" status: 200 len: 1102 time: 0.3179600
Jun 30 18:12:40.753522 n-d-792394-11 neutron-server[93885]: INFO neutron.wsgi [req-e965d74c-0428-40ca-ae4f-4dca4ff24f57 req-b972f119-515c-4588-a460-7be81bfdf127 service neutron] 10.222.0.64 "GET /v2.0/floatingips?fixed_ip_address=192.168.233.188&port_id=25c75ced-384e-43d5-b462-80f7cb322713 HTTP/1.1" status: 200 len: 217 time: 0.1326323
Jun 30 18:12:40.921138 n-d-792394-11 neutron-server[93884]: INFO neutron.wsgi [req-e4e0091a-19ff-4c70-a705-7716e52d6e54 req-399b152b-9839-4612-9541-d4011e0adfef service neutron] 10.222.0.64 "GET /v2.0/networks/fdfcd179-717e-4b2d-9183-de289c3c7d3c?fields=segments HTTP/1.1" status: 200 len: 212 time: 0.5776463
Jun 30 18:12:40.948403 n-d-792394-11 neutron-server[93885]: INFO neutron.wsgi [req-7886e84d-644b-4f35-a167-d23548c04f81 req-ebfd2f66-334a-4eb6-988c-17b41e852621 service neutron] 10.222.0.10 "GET /v2.0/security-groups?id=98412977-f4c0-47ec-9010-8b6fcfc341e0&fields=id&fields=name HTTP/1.1" status: 200 len: 286 time: 0.2111890
Jun 30 18:12:40.950438 n-d-792394-11 neutron-server[93885]: DEBUG neutron.pecan_wsgi.hooks.policy_enforcement [req-e965d74c-0428-40ca-ae4f-4dca4ff24f57 req-a8f8b505-0ab9-4ef3-b618-5f26c1a0ac36 service neutron] Attributes excluded by policy engine: ['standard_attr_id', 'shared', 'segment_id'] {{(pid=93885) _exclude_attributes_by_policy /opt/stack/neutron/neutron/pecan_wsgi/hooks/policy_enforcement.py:255}}
Jun 30 18:12:40.952888 n-d-792394-11 neutron-server[93885]: INFO neutron.wsgi [req-e965d74c-0428-40ca-ae4f-4dca4ff24f57 req-a8f8b505-0ab9-4ef3-b618-5f26c1a0ac36 service neutron] 10.222.0.64 "GET /v2.0/subnets?id=427ab9d9-760c-46aa-a90a-cad42610b44b HTTP/1.1" status: 200 len: 843 time: 0.1851280
Jun 30 18:12:41.051281 n-d-792394-11 neutron-server[93884]: INFO neutron.wsgi [req-e4e0091a-19ff-4c70-a705-7716e52d6e54 req-83291276-958b-4342-8901-cd1e149cffdf service neutron] 10.222.0.10 "GET /v2.0/networks/fdfcd179-717e-4b2d-9183-de289c3c7d3c?fields=provider%3Aphysical_network&fields=provider%3Anetwork_type HTTP/1.1" status: 200 len: 281 time: 0.7091811
Jun 30 18:12:41.346991 n-d-792394-11 neutron-server[93885]: DEBUG neutron.pecan_wsgi.hooks.policy_enforcement [req-5740a969-fac9-47ec-9560-9fdf3d6f9692 req-cb8013dc-63ae-4908-83d9-00c3bcf5afe6 tempest-LiveMigrationNegativeTest-961826063 tempest-LiveMigrationNegativeTest-961826063-project] Attributes excluded by policy engine: ['standard_attr_id', 'binding:profile', 'binding:host_id', 'binding:vif_type', 'binding:vif_details'] {{(pid=93885) _exclude_attributes_by_policy /opt/stack/neutron/neutron/pecan_wsgi/hooks/policy_enforcement.py:255}}
Jun 30 18:12:41.348720 n-d-792394-11 neutron-server[93885]: INFO neutron.wsgi [req-5740a969-fac9-47ec-9560-9fdf3d6f9692 req-cb8013dc-63ae-4908-83d9-00c3bcf5afe6 tempest-LiveMigrationNegativeTest-961826063 tempest-LiveMigrationNegativeTest-961826063-project] 10.222.0.39 "GET /v2.0/ports?device_id=027bad57-19c6-4a46-947a-57997808f0e0 HTTP/1.1" status: 200 len: 948 time: 0.3957736
Jun 30 18:12:41.361025 n-d-792394-11 neutron-server[93885]: DEBUG neutron.pecan_wsgi.hooks.policy_enforcement [req-e965d74c-0428-40ca-ae4f-4dca4ff24f57 req-c3606e7a-e048-4f67-bf32-b32adcfbe023 service neutron] Attributes excluded by policy engine: ['standard_attr_id'] {{(pid=93885) _exclude_attributes_by_policy /opt/stack/neutron/neutron/pecan_wsgi/hooks/policy_enforcement.py:255}}
Jun 30 18:12:41.362565 n-d-792394-11 neutron-server[93885]: INFO neutron.wsgi [req-e965d74c-0428-40ca-ae4f-4dca4ff24f57 req-c3606e7a-e048-4f67-bf32-b32adcfbe023 service neutron] 10.222.0.64 "GET /v2.0/ports?network_id=fdfcd179-717e-4b2d-9183-de289c3c7d3c&device_owner=network%3Adhcp HTTP/1.1" status: 200 len: 1167 time: 0.3972924
Jun 30 18:12:41.374040 n-d-792394-11 neutron-server[93885]: DEBUG neutron.pecan_wsgi.hooks.policy_enforcement [req-a02e7cfe-e6a8-4de9-894c-a9f16bbc34ea req-3b06a4bd-60a3-4b3d-88d7-00307d2fd585 tempest-ServersAdminTestJSON-1608978534 tempest-ServersAdminTestJSON-1608978534-project-admin] Attributes excluded by policy engine: ['standard_attr_id'] {{(pid=93885) _exclude_attributes_by_policy /opt/stack/neutron/neutron/pecan_wsgi/hooks/policy_enforcement.py:255}}
Jun 30 18:12:41.374524 n-d-792394-11 neutron-server[93885]: DEBUG neutron.pecan_wsgi.hooks.policy_enforcement [req-a02e7cfe-e6a8-4de9-894c-a9f16bbc34ea req-3b06a4bd-60a3-4b3d-88d7-00307d2fd585 tempest-ServersAdminTestJSON-1608978534 tempest-ServersAdminTestJSON-1608978534-project-admin] Attributes excluded by policy engine: ['standard_attr_id'] {{(pid=93885) _exclude_attributes_by_policy /opt/stack/neutron/neutron/pecan_wsgi/hooks/policy_enforcement.py:255}}
Jun 30 18:12:41.374997 n-d-792394-11 neutron-server[93885]: DEBUG neutron.pecan_wsgi.hooks.policy_enforcement [req-a02e7cfe-e6a8-4de9-894c-a9f16bbc34ea req-3b06a4bd-60a3-4b3d-88d7-00307d2fd585 tempest-ServersAdminTestJSON-1608978534 tempest-ServersAdminTestJSON-1608978534-project-admin] Attributes excluded by policy engine: ['standard_attr_id'] {{(pid=93885) _exclude_attributes_by_policy /opt/stack/neutron/neutron/pecan_wsgi/hooks/policy_enforcement.py:255}}
Jun 30 18:12:41.376797 n-d-792394-11 neutron-server[93885]: INFO neutron.wsgi [req-a02e7cfe-e6a8-4de9-894c-a9f16bbc34ea req-3b06a4bd-60a3-4b3d-88d7-00307d2fd585 tempest-ServersAdminTestJSON-1608978534 tempest-ServersAdminTestJSON-1608978534-project-admin] 10.222.0.39 "GET /v2.0/ports?device_id=dffeaee3-aca3-47e6-bfbe-09be88a316cf&device_id=71c1676b-b3a6-49b7-bac3-d02c83fcc41b&device_id=bf73ec85-a3c4-4505-b9a6-c4d43d3b4ee7 HTTP/1.1" status: 200 len: 2906 time: 0.3590565
Jun 30 18:12:41.434669 n-d-792394-11 neutron-server[93886]: DEBUG neutron.plugins.ml2.rpc [None req-fa5bdaa8-df6b-4d60-a6d8-d48196085cdb None None] Device ccba2987-a59a-40d6-b442-a99c31cd5b5c up at agent ovs-agent-n-d-792394-11 {{(pid=93886) update_device_up /opt/stack/neutron/neutron/plugins/ml2/rpc.py:296}}
Jun 30 18:12:41.445541 n-d-792394-11 neutron-server[93884]: DEBUG neutron_lib.callbacks.manager [None req-df683749-8e4e-4f7c-9e4c-ae665f6c79d1 admin admin] Notify callbacks [] for port, precommit_update {{(pid=93884) _notify_loop /usr/local/lib/python3.8/dist-packages/neutron_lib/callbacks/manager.py:192}}
Jun 30 18:12:41.450696 n-d-792394-11 neutron-server[93884]: INFO neutron.wsgi [req-e4e0091a-19ff-4c70-a705-7716e52d6e54 req-3c0eef07-c418-4654-a729-760ab69b2662 service neutron] 10.222.0.64 "GET /v2.0/networks/fdfcd179-717e-4b2d-9183-de289c3c7d3c?fields=provider%3Aphysical_network&fields=provider%3Anetwork_type HTTP/1.1" status: 200 len: 281 time: 0.4804773
Jun 30 18:12:41.453224 n-d-792394-11 neutron-server[93884]: DEBUG neutron_lib.callbacks.manager [None req-df683749-8e4e-4f7c-9e4c-ae665f6c79d1 admin admin] Notify callbacks ['neutron.plugins.ml2.plugin.SecurityGroupServerNotifierRpcMixin.notify_sg_on_port_change-921569', 'neutron.plugins.ml2.ovo_rpc._ObjectChangeHandler.handle_event-362651', 'neutron.api.rpc.agentnotifiers.dhcp_rpc_agent_api.DhcpAgentNotifyAPI._native_event_send_dhcp_notification-33054921', 'neutron.db.l3_db.L3RpcNotifierMixin._notify_gateway_port_ip_changed-8763159684100', 'neutron.db.l3_dvrscheduler_db._notify_l3_agent_port_update-8763159132362', 'neutron.db.l3_hascheduler_db._notify_l3_agent_ha_port_update-8763159132407'] for port, after_update {{(pid=93884) _notify_loop /usr/local/lib/python3.8/dist-packages/neutron_lib/callbacks/manager.py:192}}
Jun 30 18:12:41.454336 n-d-792394-11 neutron-server[93884]: DEBUG neutron_lib.callbacks.manager [None req-df683749-8e4e-4f7c-9e4c-ae665f6c79d1 admin admin] Notify callbacks ['neutron.api.rpc.agentnotifiers.dhcp_rpc_agent_api.DhcpAgentNotifyAPI._after_router_interface_created-33054930', 'neutron.services.l3_router.l3_router_plugin.DVRResourceOperationHandler._update_snat_v6_addrs_after_intf_update-33043674'] for router_interface, after_create {{(pid=93884) _notify_loop /usr/local/lib/python3.8/dist-packages/neutron_lib/callbacks/manager.py:192}}
Jun 30 18:12:41.484341 n-d-792394-11 neutron-server[93885]: INFO neutron.wsgi [req-5740a969-fac9-47ec-9560-9fdf3d6f9692 req-252445ec-a04b-4b06-a667-d639ecdf1eb0 tempest-LiveMigrationNegativeTest-961826063 tempest-LiveMigrationNegativeTest-961826063-project] 10.222.0.39 "GET /v2.0/security-groups?id=c69414d2-7948-45af-9966-3ca9222df339&fields=id&fields=name HTTP/1.1" status: 200 len: 286 time: 0.1246912
Jun 30 18:12:41.508513 n-d-792394-11 neutron-server[93885]: INFO neutron.wsgi [req-a02e7cfe-e6a8-4de9-894c-a9f16bbc34ea req-af7bb49a-03e5-4c60-9b85-008ca004a4b7 tempest-ServersAdminTestJSON-1608978534 tempest-ServersAdminTestJSON-1608978534-project-admin] 10.222.0.39 "GET /v2.0/security-groups?id=b7ea2ceb-d455-4633-b72a-daea6df4559f&fields=id&fields=name HTTP/1.1" status: 200 len: 286 time: 0.1141629
Jun 30 18:12:41.529589 n-d-792394-11 neutron-server[93886]: DEBUG neutron.db.provisioning_blocks [None req-fa5bdaa8-df6b-4d60-a6d8-d48196085cdb None None] Provisioning for port ccba2987-a59a-40d6-b442-a99c31cd5b5c completed by entity L2. {{(pid=93886) provisioning_complete /opt/stack/neutron/neutron/db/provisioning_blocks.py:133}}
Jun 30 18:12:41.536990 n-d-792394-11 neutron-server[93886]: DEBUG neutron.db.provisioning_blocks [None req-fa5bdaa8-df6b-4d60-a6d8-d48196085cdb None None] Provisioning complete for port ccba2987-a59a-40d6-b442-a99c31cd5b5c triggered by entity L2. {{(pid=93886) provisioning_complete /opt/stack/neutron/neutron/db/provisioning_blocks.py:139}}
Jun 30 18:12:41.537375 n-d-792394-11 neutron-server[93886]: DEBUG neutron_lib.callbacks.manager [None req-fa5bdaa8-df6b-4d60-a6d8-d48196085cdb None None] Notify callbacks ['neutron.plugins.ml2.plugin.Ml2Plugin._port_provisioned-969260'] for port, provisioning_complete {{(pid=93886) _notify_loop /usr/local/lib/python3.8/dist-packages/neutron_lib/callbacks/manager.py:192}}
Jun 30 18:12:41.551580 n-d-792394-11 neutron-server[93885]: INFO neutron.wsgi [req-e965d74c-0428-40ca-ae4f-4dca4ff24f57 req-69ab868b-0e57-4f6e-91a0-ab1868496c70 service neutron] 10.222.0.64 "GET /v2.0/networks/fdfcd179-717e-4b2d-9183-de289c3c7d3c?fields=segments HTTP/1.1" status: 200 len: 212 time: 0.1678948
Jun 30 18:12:41.638990 n-d-792394-11 neutron-server[93884]: DEBUG neutron.scheduler.dhcp_agent_scheduler [None req-df683749-8e4e-4f7c-9e4c-ae665f6c79d1 admin admin] Network 0278ece8-4e34-4f41-aec2-a196f4607a71 is already hosted by enough agents. {{(pid=93884) _get_dhcp_agents_hosting_network /opt/stack/neutron/neutron/scheduler/dhcp_agent_scheduler.py:275}}
Jun 30 18:12:41.643382 n-d-792394-11 neutron-server[93884]: DEBUG neutron.scheduler.base_scheduler [None req-df683749-8e4e-4f7c-9e4c-ae665f6c79d1 admin admin] Resources bound (agent type, host, resource id): {{(pid=93884) schedule /opt/stack/neutron/neutron/scheduler/base_scheduler.py:57}}
Jun 30 18:12:41.651228 n-d-792394-11 neutron-server[93886]: DEBUG neutron.plugins.ml2.rpc [None req-98d2eb5e-f31a-4999-ab04-ea23a5360f55 None None] Device 828493ad-e232-410f-96c7-1ceb2036d728 details requested by agent hyperv_n-h2-792394-11 with host n-h2-792394-11 {{(pid=93886) get_device_details /opt/stack/neutron/neutron/plugins/ml2/rpc.py:102}}
Jun 30 18:12:41.715780 n-d-792394-11 neutron-server[93884]: DEBUG neutron.api.rpc.handlers.resources_rpc [None req-df683749-8e4e-4f7c-9e4c-ae665f6c79d1 admin admin] Pushing event updated for resources: {'Port': ['ID=4ab39360-a94c-4b14-bae8-e8d24496d26b,revision_number=2']} {{(pid=93884) push /opt/stack/neutron/neutron/api/rpc/handlers/resources_rpc.py:237}}
Jun 30 18:12:41.733076 n-d-792394-11 neutron-server[93885]: INFO neutron.wsgi [req-e965d74c-0428-40ca-ae4f-4dca4ff24f57 req-3992890d-b186-4e13-82ba-a4c7abbe23cc service neutron] 10.222.0.64 "GET /v2.0/networks/fdfcd179-717e-4b2d-9183-de289c3c7d3c?fields=provider%3Aphysical_network&fields=provider%3Anetwork_type HTTP/1.1" status: 200 len: 281 time: 0.1697345
Jun 30 18:12:41.787594 n-d-792394-11 neutron-server[93886]: DEBUG neutron_lib.callbacks.manager [None req-fa5bdaa8-df6b-4d60-a6d8-d48196085cdb None None] Notify callbacks ['neutron.plugins.ml2.plugin.SecurityGroupDbMixin._ensure_default_security_group_handler-921529'] for port, before_update {{(pid=93886) _notify_loop /usr/local/lib/python3.8/dist-packages/neutron_lib/callbacks/manager.py:192}}
Jun 30 18:12:41.838463 n-d-792394-11 neutron-server[93885]: DEBUG neutron.pecan_wsgi.hooks.policy_enforcement [req-7b782a57-f824-4739-b64a-402398d1cff9 req-ee1e9daf-5c0c-4bdb-9c02-869af17efc89 tempest-MigrationsAdminTest-1091440457 tempest-MigrationsAdminTest-1091440457-project] Attributes excluded by policy engine: ['standard_attr_id', 'binding:profile', 'binding:host_id', 'binding:vif_type', 'binding:vif_details'] {{(pid=93885) _exclude_attributes_by_policy /opt/stack/neutron/neutron/pecan_wsgi/hooks/policy_enforcement.py:255}}
Jun 30 18:12:41.848042 n-d-792394-11 neutron-server[93885]: INFO neutron.wsgi [req-7b782a57-f824-4739-b64a-402398d1cff9 req-ee1e9daf-5c0c-4bdb-9c02-869af17efc89 tempest-MigrationsAdminTest-1091440457 tempest-MigrationsAdminTest-1091440457-project] 10.222.0.39 "GET /v2.0/ports?device_id=90068712-8a18-4854-b11d-fd571413fe56 HTTP/1.1" status: 200 len: 947 time: 0.1200554
Jun 30 18:12:41.888217 n-d-792394-11 neutron-server[93884]: DEBUG neutron.scheduler.l3_agent_scheduler [None req-df683749-8e4e-4f7c-9e4c-ae665f6c79d1 admin admin] Router 5e14e617-a7ab-4d2a-b94d-f8863468a67d has already been hosted by L3 agent 3ba6bf6d-bbc6-4346-bb2b-ff6b03dc8588 {{(pid=93884) _get_candidates /opt/stack/neutron/neutron/scheduler/l3_agent_scheduler.py:127}}
Jun 30 18:12:41.902599 n-d-792394-11 neutron-server[93885]: INFO neutron.wsgi [req-7b782a57-f824-4739-b64a-402398d1cff9 req-8e711bdf-e308-446c-8235-cf7647119cf5 tempest-MigrationsAdminTest-1091440457 tempest-MigrationsAdminTest-1091440457-project] 10.222.0.39 "GET /v2.0/security-groups?id=929dc933-0858-44a5-a3b6-5a3f9864aea6&fields=id&fields=name HTTP/1.1" status: 200 len: 286 time: 0.0534358
Jun 30 18:12:41.920720 n-d-792394-11 neutron-server[93886]: DEBUG neutron.plugins.ml2.db [None req-fa5bdaa8-df6b-4d60-a6d8-d48196085cdb None None] For port ccba2987-a59a-40d6-b442-a99c31cd5b5c, host n-d-792394-11, got binding levels [PortBindingLevel(driver='openvswitch',host='n-d-792394-11',level=0,port_id=ccba2987-a59a-40d6-b442-a99c31cd5b5c,segment=NetworkSegment(f7ff0eb6-e380-4a44-8ef0-500f9e5ed62b),segment_id=f7ff0eb6-e380-4a44-8ef0-500f9e5ed62b)] {{(pid=93886) get_binding_level_objs /opt/stack/neutron/neutron/plugins/ml2/db.py:74}}
Jun 30 18:12:41.930833 n-d-792394-11 neutron-server[93885]: DEBUG novaclient.v2.client [-] RESP: [200] Connection: close Content-Length: 179 Content-Type: application/json Date: Wed, 30 Jun 2021 18:12:40 GMT OpenStack-API-Version: compute 2.1 Server: Apache/2.4.41 (Ubuntu) Vary: OpenStack-API-Version,X-OpenStack-Nova-API-Version X-OpenStack-Nova-API-Version: 2.1 x-compute-request-id: req-c09c48ae-041a-4c93-ae3e-7a2cf06975f6 x-openstack-request-id: req-c09c48ae-041a-4c93-ae3e-7a2cf06975f6 {{(pid=93885) _http_log_response /usr/local/lib/python3.8/dist-packages/keystoneauth1/session.py:550}}
Jun 30 18:12:41.932618 n-d-792394-11 neutron-server[93885]: DEBUG novaclient.v2.client [-] RESP BODY: {"events": [{"name": "network-changed", "server_uuid": "027bad57-19c6-4a46-947a-57997808f0e0", "tag": "25c75ced-384e-43d5-b462-80f7cb322713", "status": "completed", "code": 200}]} {{(pid=93885) _http_log_response /usr/local/lib/python3.8/dist-packages/keystoneauth1/session.py:582}}
Jun 30 18:12:41.934318 n-d-792394-11 neutron-server[93885]: DEBUG novaclient.v2.client [-] POST call to compute for http://10.222.0.39/compute/v2.1/os-server-external-events used request id req-c09c48ae-041a-4c93-ae3e-7a2cf06975f6 {{(pid=93885) request /usr/local/lib/python3.8/dist-packages/keystoneauth1/session.py:954}}
Jun 30 18:12:41.935011 n-d-792394-11 neutron-server[93885]: INFO neutron.notifiers.nova [-] Nova event response: {'name': 'network-changed', 'server_uuid': '027bad57-19c6-4a46-947a-57997808f0e0', 'tag': '25c75ced-384e-43d5-b462-80f7cb322713', 'status': 'completed', 'code': 200}
Jun 30 18:12:42.027958 n-d-792394-11 neutron-server[93886]: DEBUG neutron.plugins.ml2.db [None req-98d2eb5e-f31a-4999-ab04-ea23a5360f55 None None] For port 828493ad-e232-410f-96c7-1ceb2036d728, host n-h2-792394-11, got binding levels [PortBindingLevel(driver='hyperv',host='n-h2-792394-11',level=0,port_id=828493ad-e232-410f-96c7-1ceb2036d728,segment=NetworkSegment(46ae01d1-1b15-4688-a290-0ed609c0af87),segment_id=46ae01d1-1b15-4688-a290-0ed609c0af87)] {{(pid=93886) get_binding_level_objs /opt/stack/neutron/neutron/plugins/ml2/db.py:74}}
Jun 30 18:12:42.051547 n-d-792394-11 neutron-server[93886]: DEBUG neutron.plugins.ml2.rpc [None req-98d2eb5e-f31a-4999-ab04-ea23a5360f55 None None] Returning: {'device': '828493ad-e232-410f-96c7-1ceb2036d728', 'network_id': '4348ff0e-3699-4bb7-b983-47d94eab67f8', 'port_id': '828493ad-e232-410f-96c7-1ceb2036d728', 'mac_address': 'fa:16:3e:6f:99:e9', 'admin_state_up': True, 'network_type': 'vlan', 'segmentation_id': 201, 'physical_network': 'physnet1', 'mtu': 1500, 'fixed_ips': [{'subnet_id': '537f2144-11fd-4ec5-b180-62018b2e617a', 'ip_address': '172.20.0.5'}], 'device_owner': 'compute:nova', 'allowed_address_pairs': [], 'port_security_enabled': True, 'qos_policy_id': None, 'network_qos_policy_id': None, 'profile': {}, 'propagate_uplink_status': False} {{(pid=93886) _get_device_details /opt/stack/neutron/neutron/plugins/ml2/rpc.py:184}}
Jun 30 18:12:42.075706 n-d-792394-11 neutron-server[93886]: DEBUG neutron_lib.callbacks.manager [None req-fa5bdaa8-df6b-4d60-a6d8-d48196085cdb None None] Notify callbacks ['neutron.plugins.ml2.plugin.SecurityGroupServerNotifierRpcMixin.notify_sg_on_port_change-921569', 'neutron.plugins.ml2.ovo_rpc._ObjectChangeHandler.handle_event-362651', 'neutron.api.rpc.agentnotifiers.dhcp_rpc_agent_api.DhcpAgentNotifyAPI._native_event_send_dhcp_notification-33054921', 'neutron.db.l3_db.L3RpcNotifierMixin._notify_gateway_port_ip_changed-8763159684100', 'neutron.db.l3_dvrscheduler_db._notify_l3_agent_port_update-8763159132362', 'neutron.db.l3_hascheduler_db._notify_l3_agent_ha_port_update-8763159132407'] for port, after_update {{(pid=93886) _notify_loop /usr/local/lib/python3.8/dist-packages/neutron_lib/callbacks/manager.py:192}}
Jun 30 18:12:42.079816 n-d-792394-11 neutron-server[93885]: DEBUG neutron.pecan_wsgi.hooks.policy_enforcement [req-e87e942e-6a22-4034-815b-eca1268db6a6 req-83bf2c2c-634f-4d8d-87b9-e34325390726 service neutron] Attributes excluded by policy engine: ['standard_attr_id'] {{(pid=93885) _exclude_attributes_by_policy /opt/stack/neutron/neutron/pecan_wsgi/hooks/policy_enforcement.py:255}}
Jun 30 18:12:42.081400 n-d-792394-11 neutron-server[93885]: INFO neutron.wsgi [req-e87e942e-6a22-4034-815b-eca1268db6a6 req-83bf2c2c-634f-4d8d-87b9-e34325390726 service neutron] 10.222.0.64 "GET /v2.0/ports?tenant_id=3d49cfa0fb93452784c533ca050ad0c8&device_id=027bad57-19c6-4a46-947a-57997808f0e0 HTTP/1.1" status: 200 len: 1100 time: 0.1092541
Jun 30 18:12:42.150298 n-d-792394-11 neutron-server[93884]: DEBUG neutron.api.rpc.agentnotifiers.l3_rpc_agent_api [None req-df683749-8e4e-4f7c-9e4c-ae665f6c79d1 admin admin] Notify agent at l3_agent.n-d-792394-11 the message routers_updated {{(pid=93884) _agent_notification /opt/stack/neutron/neutron/api/rpc/agentnotifiers/l3_rpc_agent_api.py:65}}
Jun 30 18:12:42.162073 n-d-792394-11 neutron-server[93884]: INFO neutron.wsgi [None req-df683749-8e4e-4f7c-9e4c-ae665f6c79d1 admin admin] 10.222.0.39 "PUT /v2.0/routers/5e14e617-a7ab-4d2a-b94d-f8863468a67d/add_router_interface HTTP/1.1" status: 200 len: 503 time: 5.4691186
Jun 30 18:12:42.245707 n-d-792394-11 neutron-server[93886]: DEBUG neutron.db.provisioning_blocks [None req-108ad46d-68fe-45ad-b73d-0dadbdd884d6 None None] Provisioning complete for port 4ab39360-a94c-4b14-bae8-e8d24496d26b triggered by entity DHCP. {{(pid=93886) provisioning_complete /opt/stack/neutron/neutron/db/provisioning_blocks.py:139}}
Jun 30 18:12:42.246086 n-d-792394-11 neutron-server[93886]: DEBUG neutron_lib.callbacks.manager [None req-108ad46d-68fe-45ad-b73d-0dadbdd884d6 None None] Notify callbacks ['neutron.plugins.ml2.plugin.Ml2Plugin._port_provisioned-969260'] for port, provisioning_complete {{(pid=93886) _notify_loop /usr/local/lib/python3.8/dist-packages/neutron_lib/callbacks/manager.py:192}}
Jun 30 18:12:42.298515 n-d-792394-11 neutron-server[93886]: DEBUG neutron.plugins.ml2.plugin [None req-108ad46d-68fe-45ad-b73d-0dadbdd884d6 None None] Port 4ab39360-a94c-4b14-bae8-e8d24496d26b cannot update to ACTIVE because it is not bound. {{(pid=93886) _port_provisioned /opt/stack/neutron/neutron/plugins/ml2/plugin.py:337}}
Jun 30 18:12:42.301558 n-d-792394-11 neutron-server[93886]: DEBUG neutron_lib.callbacks.manager [None req-98d2eb5e-f31a-4999-ab04-ea23a5360f55 None None] Notify callbacks ['neutron.plugins.ml2.plugin.SecurityGroupDbMixin._ensure_default_security_group_handler-921529'] for port, before_update {{(pid=93886) _notify_loop /usr/local/lib/python3.8/dist-packages/neutron_lib/callbacks/manager.py:192}}
Jun 30 18:12:42.311578 n-d-792394-11 neutron-server[93886]: DEBUG neutron.api.rpc.handlers.resources_rpc [None req-fa5bdaa8-df6b-4d60-a6d8-d48196085cdb None None] Pushing event updated for resources: {'Port': ['ID=ccba2987-a59a-40d6-b442-a99c31cd5b5c,revision_number=4']} {{(pid=93886) push /opt/stack/neutron/neutron/api/rpc/handlers/resources_rpc.py:237}}
Jun 30 18:12:42.320961 n-d-792394-11 neutron-server[93885]: DEBUG neutron.pecan_wsgi.hooks.policy_enforcement [req-e87e942e-6a22-4034-815b-eca1268db6a6 req-388b1e7c-3b70-47ee-950c-0b116462ba9d service neutron] Attributes excluded by policy engine: ['standard_attr_id', 'vlan_transparent'] {{(pid=93885) _exclude_attributes_by_policy /opt/stack/neutron/neutron/pecan_wsgi/hooks/policy_enforcement.py:255}}
Jun 30 18:12:42.322933 n-d-792394-11 neutron-server[93885]: INFO neutron.wsgi [req-e87e942e-6a22-4034-815b-eca1268db6a6 req-388b1e7c-3b70-47ee-950c-0b116462ba9d service neutron] 10.222.0.64 "GET /v2.0/networks?id=fdfcd179-717e-4b2d-9183-de289c3c7d3c HTTP/1.1" status: 200 len: 870 time: 0.2329423
Jun 30 18:12:42.334352 n-d-792394-11 neutron-server[93886]: DEBUG neutron.plugins.ml2.rpc [None req-301ef26f-5e37-425b-b2d5-b6346f1295e1 None None] Device 63793e0c-a013-498f-a9da-057c9ac58e6a details requested by agent hyperv_n-h1-792394-11 with host n-h1-792394-11 {{(pid=93886) get_device_details /opt/stack/neutron/neutron/plugins/ml2/rpc.py:102}}
Jun 30 18:12:42.349688 n-d-792394-11 neutron-server[93886]: DEBUG neutron.notifiers.nova [None req-98d2eb5e-f31a-4999-ab04-ea23a5360f55 None None] Ignoring state change previous_port_status: DOWN current_port_status: BUILD port_id 828493ad-e232-410f-96c7-1ceb2036d728 {{(pid=93886) record_port_status_changed /opt/stack/neutron/neutron/notifiers/nova.py:224}}
Jun 30 18:12:42.384215 n-d-792394-11 neutron-server[93886]: DEBUG neutron.plugins.ml2.db [None req-98d2eb5e-f31a-4999-ab04-ea23a5360f55 None None] For port 828493ad-e232-410f-96c7-1ceb2036d728, host n-h2-792394-11, got binding levels [PortBindingLevel(driver='hyperv',host='n-h2-792394-11',level=0,port_id=828493ad-e232-410f-96c7-1ceb2036d728,segment=NetworkSegment(46ae01d1-1b15-4688-a290-0ed609c0af87),segment_id=46ae01d1-1b15-4688-a290-0ed609c0af87)] {{(pid=93886) get_binding_level_objs /opt/stack/neutron/neutron/plugins/ml2/db.py:74}}
Jun 30 18:12:42.394395 n-d-792394-11 neutron-server[93886]: DEBUG neutron_lib.callbacks.manager [None req-98d2eb5e-f31a-4999-ab04-ea23a5360f55 None None] Notify callbacks ['neutron.plugins.ml2.plugin.SecurityGroupServerNotifierRpcMixin.notify_sg_on_port_change-921569', 'neutron.plugins.ml2.ovo_rpc._ObjectChangeHandler.handle_event-362651', 'neutron.api.rpc.agentnotifiers.dhcp_rpc_agent_api.DhcpAgentNotifyAPI._native_event_send_dhcp_notification-33054921', 'neutron.db.l3_db.L3RpcNotifierMixin._notify_gateway_port_ip_changed-8763159684100', 'neutron.db.l3_dvrscheduler_db._notify_l3_agent_port_update-8763159132362', 'neutron.db.l3_hascheduler_db._notify_l3_agent_ha_port_update-8763159132407'] for port, after_update {{(pid=93886) _notify_loop /usr/local/lib/python3.8/dist-packages/neutron_lib/callbacks/manager.py:192}}
Jun 30 18:12:42.401742 n-d-792394-11 neutron-server[93885]: INFO neutron.wsgi [req-e87e942e-6a22-4034-815b-eca1268db6a6 req-0ecc6882-a5e1-456c-95e8-9f65e50e394e service neutron] 10.222.0.64 "GET /v2.0/floatingips?fixed_ip_address=192.168.233.188&port_id=25c75ced-384e-43d5-b462-80f7cb322713 HTTP/1.1" status: 200 len: 217 time: 0.0474029
Jun 30 18:12:42.428877 n-d-792394-11 neutron-server[93885]: DEBUG neutron.pecan_wsgi.hooks.policy_enforcement [req-f2bb56b7-6858-431e-bfcb-867bc101706b req-3a45f11e-a08a-457b-a1ba-6d1a49c1ebba tempest-DeleteServersAdminTestJSON-2117859736 tempest-DeleteServersAdminTestJSON-2117859736-project] Attributes excluded by policy engine: ['standard_attr_id', 'binding:profile', 'binding:host_id', 'binding:vif_type', 'binding:vif_details'] {{(pid=93885) _exclude_attributes_by_policy /opt/stack/neutron/neutron/pecan_wsgi/hooks/policy_enforcement.py:255}}
Jun 30 18:12:42.430438 n-d-792394-11 neutron-server[93885]: INFO neutron.wsgi [req-f2bb56b7-6858-431e-bfcb-867bc101706b req-3a45f11e-a08a-457b-a1ba-6d1a49c1ebba tempest-DeleteServersAdminTestJSON-2117859736 tempest-DeleteServersAdminTestJSON-2117859736-project] 10.222.0.39 "GET /v2.0/ports?device_id=d5719c27-5541-4a0e-934b-955600e87cad HTTP/1.1" status: 200 len: 950 time: 0.2050614
Jun 30 18:12:42.494261 n-d-792394-11 neutron-server[93886]: DEBUG neutron.api.rpc.handlers.resources_rpc [None req-98d2eb5e-f31a-4999-ab04-ea23a5360f55 None None] Pushing event updated for resources: {'Port': ['ID=828493ad-e232-410f-96c7-1ceb2036d728,revision_number=4']} {{(pid=93886) push /opt/stack/neutron/neutron/api/rpc/handlers/resources_rpc.py:237}}
Jun 30 18:12:42.510408 n-d-792394-11 neutron-server[93885]: DEBUG neutron.pecan_wsgi.hooks.policy_enforcement [req-e87e942e-6a22-4034-815b-eca1268db6a6 req-33afd58a-b701-416b-9f4d-1608f1122f92 service neutron] Attributes excluded by policy engine: ['standard_attr_id', 'shared', 'segment_id'] {{(pid=93885) _exclude_attributes_by_policy /opt/stack/neutron/neutron/pecan_wsgi/hooks/policy_enforcement.py:255}}
Jun 30 18:12:42.511891 n-d-792394-11 neutron-server[93885]: INFO neutron.wsgi [req-e87e942e-6a22-4034-815b-eca1268db6a6 req-33afd58a-b701-416b-9f4d-1608f1122f92 service neutron] 10.222.0.64 "GET /v2.0/subnets?id=427ab9d9-760c-46aa-a90a-cad42610b44b HTTP/1.1" status: 200 len: 843 time: 0.1005883
Jun 30 18:12:42.518882 n-d-792394-11 neutron-server[93886]: DEBUG neutron.plugins.ml2.db [None req-301ef26f-5e37-425b-b2d5-b6346f1295e1 None None] For port 63793e0c-a013-498f-a9da-057c9ac58e6a, host n-h1-792394-11, got binding levels [PortBindingLevel(driver='hyperv',host='n-h1-792394-11',level=0,port_id=63793e0c-a013-498f-a9da-057c9ac58e6a,segment=NetworkSegment(7134c637-72aa-4ba0-b04c-bb82213cfc54),segment_id=7134c637-72aa-4ba0-b04c-bb82213cfc54)] {{(pid=93886) get_binding_level_objs /opt/stack/neutron/neutron/plugins/ml2/db.py:74}}
Jun 30 18:12:42.522032 n-d-792394-11 neutron-server[93885]: DEBUG neutron.pecan_wsgi.hooks.policy_enforcement [req-b3ac1dd5-de11-401c-b2c7-3a0b83897c77 req-6fe4f3b3-af7c-4644-9f57-f8dc0302a93a tempest-ImagesTestJSON-152733313 tempest-ImagesTestJSON-152733313-project] Attributes excluded by policy engine: ['standard_attr_id', 'binding:profile', 'binding:host_id', 'binding:vif_type', 'binding:vif_details'] {{(pid=93885) _exclude_attributes_by_policy /opt/stack/neutron/neutron/pecan_wsgi/hooks/policy_enforcement.py:255}}
Jun 30 18:12:42.523614 n-d-792394-11 neutron-server[93885]: INFO neutron.wsgi [req-b3ac1dd5-de11-401c-b2c7-3a0b83897c77 req-6fe4f3b3-af7c-4644-9f57-f8dc0302a93a tempest-ImagesTestJSON-152733313 tempest-ImagesTestJSON-152733313-project] 10.222.0.39 "GET /v2.0/ports?device_id=5ddd8953-506f-4204-9cbb-5d227227b548 HTTP/1.1" status: 200 len: 943 time: 0.2242444
Jun 30 18:12:42.533775 n-d-792394-11 neutron-server[93886]: DEBUG neutron.plugins.ml2.rpc [None req-301ef26f-5e37-425b-b2d5-b6346f1295e1 None None] Returning: {'device': '63793e0c-a013-498f-a9da-057c9ac58e6a', 'network_id': 'fdfcd179-717e-4b2d-9183-de289c3c7d3c', 'port_id': '63793e0c-a013-498f-a9da-057c9ac58e6a', 'mac_address': 'fa:16:3e:9d:cd:cb', 'admin_state_up': True, 'network_type': 'vlan', 'segmentation_id': 218, 'physical_network': 'physnet1', 'mtu': 1500, 'fixed_ips': [{'subnet_id': '427ab9d9-760c-46aa-a90a-cad42610b44b', 'ip_address': '192.168.233.44'}], 'device_owner': 'compute:nova', 'allowed_address_pairs': [], 'port_security_enabled': True, 'qos_policy_id': None, 'network_qos_policy_id': None, 'profile': {}, 'propagate_uplink_status': False} {{(pid=93886) _get_device_details /opt/stack/neutron/neutron/plugins/ml2/rpc.py:184}}
Jun 30 18:12:42.540143 n-d-792394-11 neutron-server[93885]: INFO neutron.wsgi [req-f2bb56b7-6858-431e-bfcb-867bc101706b req-9f96b51b-5451-44f3-a40a-9443d6367199 tempest-DeleteServersAdminTestJSON-2117859736 tempest-DeleteServersAdminTestJSON-2117859736-project] 10.222.0.39 "GET /v2.0/security-groups?id=98412977-f4c0-47ec-9010-8b6fcfc341e0&fields=id&fields=name HTTP/1.1" status: 200 len: 286 time: 0.0869508
Jun 30 18:12:42.570359 n-d-792394-11 neutron-server[93887]: DEBUG neutron.api.rpc.handlers.l3_rpc [None req-67205883-2f75-4568-9792-c1f24e6a43fe None None] Sync routers for ids ['5e14e617-a7ab-4d2a-b94d-f8863468a67d'] in n-d-792394-11 {{(pid=93887) sync_routers /opt/stack/neutron/neutron/api/rpc/handlers/l3_rpc.py:125}}
Jun 30 18:12:42.575077 n-d-792394-11 neutron-server[93887]: DEBUG neutron.db.l3_dvrscheduler_db [None req-67205883-2f75-4568-9792-c1f24e6a43fe None None] Routers {'5e14e617-a7ab-4d2a-b94d-f8863468a67d'} bound to L3 agent in host n-d-792394-11 {{(pid=93887) _get_router_ids_for_agent /opt/stack/neutron/neutron/db/l3_dvrscheduler_db.py:420}}
Jun 30 18:12:42.575715 n-d-792394-11 neutron-server[93887]: DEBUG neutron.db.l3_hamode_db [None req-67205883-2f75-4568-9792-c1f24e6a43fe None None] neutron.services.l3_router.l3_router_plugin.L3RouterPlugin method get_ha_sync_data_for_host called with arguments (, 'n-d-792394-11', Agent(admin_state_up=True,agent_type='L3 agent',availability_zone='nova',binary='neutron-l3-agent',configurations={"agent_mode": "legacy", "ex_gw_ports": 1, "extensions": [], "floating_ips": 0, "handle_internal_only_routers": true, "interface_driver": "openvswitch", "interfaces": 1, "log_agent_heartbeats": false, "routers": 1},created_at=2021-06-30T18:01:23Z,description=,heartbeat_timestamp=2021-06-30T18:12:23Z,host='n-d-792394-11',id=3ba6bf6d-bbc6-4346-bb2b-ff6b03dc8588,load=0,resource_versions=,resources_synced=,started_at=2021-06-30T18:01:23Z,topic='l3_agent')) {'router_ids': ['5e14e617-a7ab-4d2a-b94d-f8863468a67d'], 'active': True} {{(pid=93887) wrapper /usr/local/lib/python3.8/dist-packages/oslo_log/helpers.py:65}}
Jun 30 18:12:42.607446 n-d-792394-11 neutron-server[93885]: INFO neutron.wsgi [req-b3ac1dd5-de11-401c-b2c7-3a0b83897c77 req-c26a0900-aabe-4495-9465-8c6fdb9256b4 tempest-ImagesTestJSON-152733313 tempest-ImagesTestJSON-152733313-project] 10.222.0.39 "GET /v2.0/security-groups?id=d573b83c-9c9b-4b2f-b844-f45894463879&fields=id&fields=name HTTP/1.1" status: 200 len: 286 time: 0.0712349
Jun 30 18:12:42.627674 n-d-792394-11 neutron-server[93886]: DEBUG neutron_lib.callbacks.manager [None req-301ef26f-5e37-425b-b2d5-b6346f1295e1 None None] Notify callbacks ['neutron.plugins.ml2.plugin.SecurityGroupDbMixin._ensure_default_security_group_handler-921529'] for port, before_update {{(pid=93886) _notify_loop /usr/local/lib/python3.8/dist-packages/neutron_lib/callbacks/manager.py:192}}
Jun 30 18:12:42.641747 n-d-792394-11 neutron-server[93885]: DEBUG neutron.pecan_wsgi.hooks.policy_enforcement [req-e87e942e-6a22-4034-815b-eca1268db6a6 req-0fbd4146-800f-4a25-9f67-1f884e3dc261 service neutron] Attributes excluded by policy engine: ['standard_attr_id'] {{(pid=93885) _exclude_attributes_by_policy /opt/stack/neutron/neutron/pecan_wsgi/hooks/policy_enforcement.py:255}}
Jun 30 18:12:42.643924 n-d-792394-11 neutron-server[93885]: INFO neutron.wsgi [req-e87e942e-6a22-4034-815b-eca1268db6a6 req-0fbd4146-800f-4a25-9f67-1f884e3dc261 service neutron] 10.222.0.64 "GET /v2.0/ports?network_id=fdfcd179-717e-4b2d-9183-de289c3c7d3c&device_owner=network%3Adhcp HTTP/1.1" status: 200 len: 1167 time: 0.1187801
Jun 30 18:12:42.663565 n-d-792394-11 neutron-server[93886]: DEBUG neutron.notifiers.nova [None req-301ef26f-5e37-425b-b2d5-b6346f1295e1 None None] Ignoring state change previous_port_status: DOWN current_port_status: BUILD port_id 63793e0c-a013-498f-a9da-057c9ac58e6a {{(pid=93886) record_port_status_changed /opt/stack/neutron/neutron/notifiers/nova.py:224}}
Jun 30 18:12:42.717478 n-d-792394-11 neutron-server[93886]: DEBUG neutron.plugins.ml2.db [None req-301ef26f-5e37-425b-b2d5-b6346f1295e1 None None] For port 63793e0c-a013-498f-a9da-057c9ac58e6a, host n-h1-792394-11, got binding levels [PortBindingLevel(driver='hyperv',host='n-h1-792394-11',level=0,port_id=63793e0c-a013-498f-a9da-057c9ac58e6a,segment=NetworkSegment(7134c637-72aa-4ba0-b04c-bb82213cfc54),segment_id=7134c637-72aa-4ba0-b04c-bb82213cfc54)] {{(pid=93886) get_binding_level_objs /opt/stack/neutron/neutron/plugins/ml2/db.py:74}}
Jun 30 18:12:42.723941 n-d-792394-11 neutron-server[93886]: DEBUG neutron_lib.callbacks.manager [None req-301ef26f-5e37-425b-b2d5-b6346f1295e1 None None] Notify callbacks ['neutron.plugins.ml2.plugin.SecurityGroupServerNotifierRpcMixin.notify_sg_on_port_change-921569', 'neutron.plugins.ml2.ovo_rpc._ObjectChangeHandler.handle_event-362651', 'neutron.api.rpc.agentnotifiers.dhcp_rpc_agent_api.DhcpAgentNotifyAPI._native_event_send_dhcp_notification-33054921', 'neutron.db.l3_db.L3RpcNotifierMixin._notify_gateway_port_ip_changed-8763159684100', 'neutron.db.l3_dvrscheduler_db._notify_l3_agent_port_update-8763159132362', 'neutron.db.l3_hascheduler_db._notify_l3_agent_ha_port_update-8763159132407'] for port, after_update {{(pid=93886) _notify_loop /usr/local/lib/python3.8/dist-packages/neutron_lib/callbacks/manager.py:192}}
Jun 30 18:12:42.768608 n-d-792394-11 neutron-server[93887]: DEBUG neutron.db.l3_dvr_db [None req-67205883-2f75-4568-9792-c1f24e6a43fe None None] Set router 5e14e617-a7ab-4d2a-b94d-f8863468a67d gateway port host: n-d-792394-11 {{(pid=93887) _build_routers_list /opt/stack/neutron/neutron/db/l3_dvr_db.py:894}}
Jun 30 18:12:42.803067 n-d-792394-11 neutron-server[93885]: INFO neutron.wsgi [req-e87e942e-6a22-4034-815b-eca1268db6a6 req-a3964217-31e4-4f17-ba9b-a7c491fa0c89 service neutron] 10.222.0.64 "GET /v2.0/networks/fdfcd179-717e-4b2d-9183-de289c3c7d3c?fields=segments HTTP/1.1" status: 200 len: 212 time: 0.1512961
Jun 30 18:12:42.818464 n-d-792394-11 neutron-server[93886]: DEBUG neutron.plugins.ml2.db [None req-98d2eb5e-f31a-4999-ab04-ea23a5360f55 None None] get_ports_and_sgs() called for port_ids ['828493ad-e232-410f-96c7-1ceb2036d728'] {{(pid=93886) get_ports_and_sgs /opt/stack/neutron/neutron/plugins/ml2/db.py:156}}
Jun 30 18:12:42.933691 n-d-792394-11 neutron-server[93886]: DEBUG neutron.api.rpc.handlers.resources_rpc [None req-301ef26f-5e37-425b-b2d5-b6346f1295e1 None None] Pushing event updated for resources: {'Port': ['ID=63793e0c-a013-498f-a9da-057c9ac58e6a,revision_number=8']} {{(pid=93886) push /opt/stack/neutron/neutron/api/rpc/handlers/resources_rpc.py:237}}
Jun 30 18:12:43.088209 n-d-792394-11 neutron-server[93885]: INFO neutron.wsgi [req-e87e942e-6a22-4034-815b-eca1268db6a6 req-a556fd89-9881-4ebb-976b-9fe6fb4fcaf4 service neutron] 10.222.0.64 "GET /v2.0/networks/fdfcd179-717e-4b2d-9183-de289c3c7d3c?fields=provider%3Aphysical_network&fields=provider%3Anetwork_type HTTP/1.1" status: 200 len: 281 time: 0.2737062
