Jun 25 20:17:20.033830 n-d-792394-10 devstack@n-api.service[108964]: DEBUG nova.api.openstack.wsgi [None req-5206026f-2779-4e9b-a21f-ffc69643ce15 tempest-KeyPairsV210TestJSON-547252783 tempest-KeyPairsV210TestJSON-547252783-project-admin] Calling method '.version_select at 0x7f4f88211af0>' {{(pid=108964) _process_stack /opt/stack/nova/nova/api/openstack/wsgi.py:513}}
Jun 25 20:17:20.101671 n-d-792394-10 devstack@n-api.service[108964]: INFO nova.api.openstack.requestlog [None req-5206026f-2779-4e9b-a21f-ffc69643ce15 tempest-KeyPairsV210TestJSON-547252783 tempest-KeyPairsV210TestJSON-547252783-project-admin] 10.222.0.11 "DELETE /compute/v2.1/os-keypairs/tempest-keypair-243312763?user_id=fe339c51f90f4c3697a77a23af1b98bd" status: 204 len: 0 microversion: 2.10 time: 0.071460
Jun 25 20:17:20.104172 n-d-792394-10 devstack@n-api.service[108964]: [pid: 108964|app: 0|req: 138/285] 10.222.0.11 () {60 vars in 1340 bytes} [Fri Jun 25 20:17:20 2021] DELETE /compute/v2.1/os-keypairs/tempest-keypair-243312763?user_id=fe339c51f90f4c3697a77a23af1b98bd => generated 0 bytes in 75 msecs (HTTP/1.1 204) 9 headers in 365 bytes (1 switches on core 0)
Jun 25 20:17:20.124120 n-d-792394-10 devstack@n-api.service[108964]: DEBUG nova.api.openstack.wsgi [None req-93dd60f0-41c9-4625-9cb7-579ce05a145c tempest-AggregatesAdminNegativeTestJSON-1075638075 tempest-AggregatesAdminNegativeTestJSON-1075638075-project-admin] Calling method '>' {{(pid=108964) _process_stack /opt/stack/nova/nova/api/openstack/wsgi.py:513}}
Jun 25 20:17:20.126510 n-d-792394-10 devstack@n-api.service[108964]: /usr/local/lib/python3.8/dist-packages/oslo_policy/policy.py:1064: UserWarning: Policy os_compute_api:os-aggregates:delete failed scope check. The token used to make the request was project scoped but the policy requires ['system'] scope. This behavior may change in the future where using the intended scope is required
Jun 25 20:17:20.126510 n-d-792394-10 devstack@n-api.service[108964]: warnings.warn(msg)
Jun 25 20:17:20.189256 n-d-792394-10 devstack@n-api.service[108964]: INFO nova.api.openstack.wsgi [None req-93dd60f0-41c9-4625-9cb7-579ce05a145c tempest-AggregatesAdminNegativeTestJSON-1075638075 tempest-AggregatesAdminNegativeTestJSON-1075638075-project-admin] HTTP exception thrown: Aggregate -1 could not be found.
Jun 25 20:17:20.197688 n-d-792394-10 devstack@n-api.service[108964]: DEBUG nova.api.openstack.wsgi [None req-93dd60f0-41c9-4625-9cb7-579ce05a145c tempest-AggregatesAdminNegativeTestJSON-1075638075 tempest-AggregatesAdminNegativeTestJSON-1075638075-project-admin] Returning 404 to user: Aggregate -1 could not be found. {{(pid=108964) __call__ /opt/stack/nova/nova/api/openstack/wsgi.py:927}}
Jun 25 20:17:20.209372 n-d-792394-10 devstack@n-api.service[108964]: INFO nova.api.openstack.requestlog [None req-93dd60f0-41c9-4625-9cb7-579ce05a145c tempest-AggregatesAdminNegativeTestJSON-1075638075 tempest-AggregatesAdminNegativeTestJSON-1075638075-project-admin] 10.222.0.11 "DELETE /compute/v2.1/os-aggregates/-1" status: 404 len: 78 microversion: 2.1 time: 0.102981
Jun 25 20:17:20.211119 n-d-792394-10 devstack@n-api.service[108964]: [pid: 108964|app: 0|req: 139/286] 10.222.0.11 () {58 vars in 1155 bytes} [Fri Jun 25 20:17:20 2021] DELETE /compute/v2.1/os-aggregates/-1 => generated 78 bytes in 106 msecs (HTTP/1.1 404) 9 headers in 378 bytes (1 switches on core 0)
Jun 25 20:17:20.246587 n-d-792394-10 devstack@n-api.service[108964]: DEBUG nova.api.openstack.wsgi [None req-e11a45d9-1063-43a4-bfcc-b90a69d197fa tempest-KeyPairsV210TestJSON-547252783 tempest-KeyPairsV210TestJSON-547252783-project-admin] Calling method '.version_select at 0x7f4f88250d30>' {{(pid=108964) _process_stack /opt/stack/nova/nova/api/openstack/wsgi.py:513}}
Jun 25 20:17:20.302000 n-d-792394-10 devstack@n-api.service[108964]: INFO nova.api.openstack.requestlog [None req-e11a45d9-1063-43a4-bfcc-b90a69d197fa tempest-KeyPairsV210TestJSON-547252783 tempest-KeyPairsV210TestJSON-547252783-project-admin] 10.222.0.11 "DELETE /compute/v2.1/os-keypairs/tempest-keypair-983568385?user_id=fe339c51f90f4c3697a77a23af1b98bd" status: 204 len: 0 microversion: 2.10 time: 0.088740
Jun 25 20:17:20.303588 n-d-792394-10 devstack@n-api.service[108964]: [pid: 108964|app: 0|req: 140/287] 10.222.0.11 () {60 vars in 1340 bytes} [Fri Jun 25 20:17:20 2021] DELETE /compute/v2.1/os-keypairs/tempest-keypair-983568385?user_id=fe339c51f90f4c3697a77a23af1b98bd => generated 0 bytes in 91 msecs (HTTP/1.1 204) 9 headers in 365 bytes (1 switches on core 0)
Jun 25 20:17:20.345899 n-d-792394-10 devstack@n-api.service[108964]: DEBUG nova.api.openstack.wsgi [None req-bbf740cf-63f0-47f7-b186-cf64615cc14e tempest-AggregatesAdminNegativeTestJSON-1075638075 tempest-AggregatesAdminNegativeTestJSON-1075638075-project-admin] Action: 'create', calling method: >, body: {"aggregate": {"name": "tempest-test_aggregate-1607835546"}} {{(pid=108964) _process_stack /opt/stack/nova/nova/api/openstack/wsgi.py:511}}
Jun 25 20:17:20.358944 n-d-792394-10 devstack@n-api.service[108964]: /usr/local/lib/python3.8/dist-packages/oslo_policy/policy.py:1064: UserWarning: Policy os_compute_api:os-aggregates:create failed scope check. The token used to make the request was project scoped but the policy requires ['system'] scope. This behavior may change in the future where using the intended scope is required
Jun 25 20:17:20.358944 n-d-792394-10 devstack@n-api.service[108964]: warnings.warn(msg)
Jun 25 20:17:20.361579 n-d-792394-10 devstack@n-api.service[108964]: DEBUG nova.objects.aggregate [None req-bbf740cf-63f0-47f7-b186-cf64615cc14e tempest-AggregatesAdminNegativeTestJSON-1075638075 tempest-AggregatesAdminNegativeTestJSON-1075638075-project-admin] Generated uuid de120bea-7986-4e26-ac2c-5bc0075d7c9d for aggregate {{(pid=108964) create /opt/stack/nova/nova/objects/aggregate.py:299}}
Jun 25 20:17:20.369590 n-d-792394-10 devstack@n-api.service[108963]: INFO nova.api.openstack.requestlog [None req-022ddeb3-2ca6-407a-b69f-4b1f1df75ff0 tempest-SecurityGroupsTestAdminJSON-1403665137 tempest-SecurityGroupsTestAdminJSON-1403665137-project-admin] 10.222.0.11 "DELETE /compute/v2.1/os-security-groups/7a855008-dd5e-4c5a-81d7-f6a8e9f9660f" status: 202 len: 0 microversion: 2.1 time: 0.495178
Jun 25 20:17:20.376513 n-d-792394-10 devstack@n-api.service[108963]: [pid: 108963|app: 0|req: 148/288] 10.222.0.11 () {58 vars in 1272 bytes} [Fri Jun 25 20:17:19 2021] DELETE /compute/v2.1/os-security-groups/7a855008-dd5e-4c5a-81d7-f6a8e9f9660f => generated 0 bytes in 505 msecs (HTTP/1.1 202) 9 headers in 361 bytes (1 switches on core 0)
Jun 25 20:17:20.401758 n-d-792394-10 devstack@n-api.service[108963]: DEBUG nova.api.openstack.wsgi [None req-857a53e1-1bcc-451b-97c3-17850cd6dee9 tempest-MigrationsAdminTest-681368039 tempest-MigrationsAdminTest-681368039-project] Calling method '>' {{(pid=108963) _process_stack /opt/stack/nova/nova/api/openstack/wsgi.py:513}}
Jun 25 20:17:20.408464 n-d-792394-10 devstack@n-api.service[108963]: DEBUG nova.compute.api [None req-857a53e1-1bcc-451b-97c3-17850cd6dee9 tempest-MigrationsAdminTest-681368039 tempest-MigrationsAdminTest-681368039-project] [instance: 9abcad3d-2f91-48e4-bc39-49b4f50fac40] Fetching instance by UUID {{(pid=108963) get /opt/stack/nova/nova/compute/api.py:2803}}
Jun 25 20:17:20.436138 n-d-792394-10 devstack@n-api.service[108963]: DEBUG oslo_concurrency.lockutils [None req-857a53e1-1bcc-451b-97c3-17850cd6dee9 tempest-MigrationsAdminTest-681368039 tempest-MigrationsAdminTest-681368039-project] Lock "262fc30d-9a37-43c3-8c70-70ff8c253e54" acquired by "nova.context.set_target_cell..get_or_set_cached_cell_and_set_connections" :: waited 0.003s {{(pid=108963) inner /usr/local/lib/python3.8/dist-packages/oslo_concurrency/lockutils.py:355}}
Jun 25 20:17:20.440506 n-d-792394-10 devstack@n-api.service[108963]: DEBUG oslo_concurrency.lockutils [None req-857a53e1-1bcc-451b-97c3-17850cd6dee9 tempest-MigrationsAdminTest-681368039 tempest-MigrationsAdminTest-681368039-project] Lock "262fc30d-9a37-43c3-8c70-70ff8c253e54" released by "nova.context.set_target_cell..get_or_set_cached_cell_and_set_connections" :: held 0.002s {{(pid=108963) inner /usr/local/lib/python3.8/dist-packages/oslo_concurrency/lockutils.py:367}}
Jun 25 20:17:20.446201 n-d-792394-10 devstack@n-api.service[108963]: DEBUG oslo_concurrency.lockutils [None req-857a53e1-1bcc-451b-97c3-17850cd6dee9 tempest-MigrationsAdminTest-681368039 tempest-MigrationsAdminTest-681368039-project] Lock "262fc30d-9a37-43c3-8c70-70ff8c253e54" acquired by "nova.context.set_target_cell..get_or_set_cached_cell_and_set_connections" :: waited 0.000s {{(pid=108963) inner /usr/local/lib/python3.8/dist-packages/oslo_concurrency/lockutils.py:355}}
Jun 25 20:17:20.459143 n-d-792394-10 devstack@n-api.service[108963]: DEBUG oslo_concurrency.lockutils [None req-857a53e1-1bcc-451b-97c3-17850cd6dee9 tempest-MigrationsAdminTest-681368039 tempest-MigrationsAdminTest-681368039-project] Lock "262fc30d-9a37-43c3-8c70-70ff8c253e54" released by "nova.context.set_target_cell..get_or_set_cached_cell_and_set_connections" :: held 0.016s {{(pid=108963) inner /usr/local/lib/python3.8/dist-packages/oslo_concurrency/lockutils.py:367}}
Jun 25 20:17:20.467958 n-d-792394-10 devstack@n-api.service[108964]: INFO nova.api.openstack.requestlog [None req-bbf740cf-63f0-47f7-b186-cf64615cc14e tempest-AggregatesAdminNegativeTestJSON-1075638075 tempest-AggregatesAdminNegativeTestJSON-1075638075-project-admin] 10.222.0.11 "POST /compute/v2.1/os-aggregates" status: 200 len: 199 microversion: 2.1 time: 0.162123
Jun 25 20:17:20.472143 n-d-792394-10 devstack@n-api.service[108964]: [pid: 108964|app: 0|req: 141/289] 10.222.0.11 () {60 vars in 1164 bytes} [Fri Jun 25 20:17:20 2021] POST /compute/v2.1/os-aggregates => generated 199 bytes in 167 msecs (HTTP/1.1 200) 9 headers in 357 bytes (1 switches on core 0)
Jun 25 20:17:20.479919 n-d-792394-10 devstack@n-api.service[108963]: /opt/stack/nova/nova/db/sqlalchemy/api.py:1217: SAWarning: TypeDecorator SoftDeleteInteger() will not produce a cache key because the ``cache_ok`` flag is not set to True. Set this flag to True if this type object's state is safe to use in a cache key, or False to disable this warning.
Jun 25 20:17:20.479919 n-d-792394-10 devstack@n-api.service[108963]: result = _build_instance_get(context, columns_to_join=columns_to_join).\
Jun 25 20:17:20.491234 n-d-792394-10 devstack@n-api.service[108964]: DEBUG nova.api.openstack.wsgi [None req-17624f57-6d56-49b2-b856-1522d953b361 tempest-SecurityGroupsTestAdminJSON-1403665137 tempest-SecurityGroupsTestAdminJSON-1403665137-project-admin] Calling method '.version_select at 0x7f4f882505e0>' {{(pid=108964) _process_stack /opt/stack/nova/nova/api/openstack/wsgi.py:513}}
Jun 25 20:17:20.921409 n-d-792394-10 devstack@n-api.service[108963]: DEBUG nova.policy [None req-857a53e1-1bcc-451b-97c3-17850cd6dee9 tempest-MigrationsAdminTest-681368039 tempest-MigrationsAdminTest-681368039-project] Policy check for os_compute_api:os-extended-server-attributes failed with credentials {'is_admin': False, 'user_id': 'c714d41c806449968115203e02ab9eee', 'user_domain_id': 'default', 'system_scope': None, 'domain_id': None, 'project_id': '1b287f1c6b954df38dc22b9a4029c4e2', 'project_domain_id': 'default', 'roles': ['member', 'reader'], 'is_admin_project': True, 'service_user_id': None, 'service_user_domain_id': None, 'service_project_id': None, 'service_project_domain_id': None, 'service_roles': []} {{(pid=108963) authorize /opt/stack/nova/nova/policy.py:199}}
Jun 25 20:17:20.924893 n-d-792394-10 devstack@n-api.service[108963]: /opt/stack/nova/nova/db/sqlalchemy/api.py:2775: SAWarning: TypeDecorator SoftDeleteInteger() will not produce a cache key because the ``cache_ok`` flag is not set to True. Set this flag to True if this type object's state is safe to use in a cache key, or False to disable this warning.
Jun 25 20:17:20.924893 n-d-792394-10 devstack@n-api.service[108963]: return _block_device_mapping_get_query(context).filter(
Jun 25 20:17:20.935189 n-d-792394-10 devstack@n-api.service[108963]: INFO nova.api.openstack.requestlog [None req-857a53e1-1bcc-451b-97c3-17850cd6dee9 tempest-MigrationsAdminTest-681368039 tempest-MigrationsAdminTest-681368039-project] 10.222.0.11 "GET /compute/v2.1/servers/9abcad3d-2f91-48e4-bc39-49b4f50fac40" status: 200 len: 1313 microversion: 2.1 time: 0.556713
Jun 25 20:17:20.936420 n-d-792394-10 devstack@n-api.service[108963]: [pid: 108963|app: 0|req: 149/290] 10.222.0.11 () {58 vars in 1236 bytes} [Fri Jun 25 20:17:20 2021] GET /compute/v2.1/servers/9abcad3d-2f91-48e4-bc39-49b4f50fac40 => generated 1313 bytes in 559 msecs (HTTP/1.1 200) 9 headers in 358 bytes (1 switches on core 0)
Jun 25 20:17:20.943069 n-d-792394-10 devstack@n-api.service[108963]: DEBUG nova.api.openstack.wsgi [None req-9b3252e7-9244-45a4-8719-db9caccf552d tempest-AggregatesAdminNegativeTestJSON-368741704 tempest-AggregatesAdminNegativeTestJSON-368741704-project] Calling method '>' {{(pid=108963) _process_stack /opt/stack/nova/nova/api/openstack/wsgi.py:513}}
Jun 25 20:17:20.944216 n-d-792394-10 devstack@n-api.service[108963]: /usr/local/lib/python3.8/dist-packages/oslo_policy/policy.py:1064: UserWarning: Policy os_compute_api:os-aggregates:show failed scope check. The token used to make the request was project scoped but the policy requires ['system'] scope. This behavior may change in the future where using the intended scope is required
Jun 25 20:17:20.944216 n-d-792394-10 devstack@n-api.service[108963]: warnings.warn(msg)
Jun 25 20:17:20.944464 n-d-792394-10 devstack@n-api.service[108964]: INFO nova.api.openstack.requestlog [None req-17624f57-6d56-49b2-b856-1522d953b361 tempest-SecurityGroupsTestAdminJSON-1403665137 tempest-SecurityGroupsTestAdminJSON-1403665137-project-admin] 10.222.0.11 "DELETE /compute/v2.1/os-security-groups/a8a267c6-5e7a-45d5-94ce-23abce8147b4" status: 202 len: 0 microversion: 2.1 time: 0.463198
Jun 25 20:17:20.946235 n-d-792394-10 devstack@n-api.service[108964]: [pid: 108964|app: 0|req: 142/291] 10.222.0.11 () {58 vars in 1272 bytes} [Fri Jun 25 20:17:20 2021] DELETE /compute/v2.1/os-security-groups/a8a267c6-5e7a-45d5-94ce-23abce8147b4 => generated 0 bytes in 473 msecs (HTTP/1.1 202) 9 headers in 361 bytes (1 switches on core 0)
Jun 25 20:17:20.951507 n-d-792394-10 devstack@n-api.service[108963]: DEBUG nova.policy [None req-9b3252e7-9244-45a4-8719-db9caccf552d tempest-AggregatesAdminNegativeTestJSON-368741704 tempest-AggregatesAdminNegativeTestJSON-368741704-project] Policy check for os_compute_api:os-aggregates:show failed with credentials {'is_admin': False, 'user_id': 'dece65cd7cfb4982ab35793afe97a73e', 'user_domain_id': 'default', 'system_scope': None, 'domain_id': None, 'project_id': 'e15fcaed14f1444094f18ddd485b7af5', 'project_domain_id': 'default', 'roles': ['member', 'reader'], 'is_admin_project': True, 'service_user_id': None, 'service_user_domain_id': None, 'service_project_id': None, 'service_project_domain_id': None, 'service_roles': []} {{(pid=108963) authorize /opt/stack/nova/nova/policy.py:199}}
Jun 25 20:17:20.952550 n-d-792394-10 devstack@n-api.service[108963]: DEBUG nova.api.openstack.wsgi [None req-9b3252e7-9244-45a4-8719-db9caccf552d tempest-AggregatesAdminNegativeTestJSON-368741704 tempest-AggregatesAdminNegativeTestJSON-368741704-project] Returning 403 to user: Policy doesn't allow os_compute_api:os-aggregates:show to be performed. {{(pid=108963) __call__ /opt/stack/nova/nova/api/openstack/wsgi.py:927}}
Jun 25 20:17:20.954252 n-d-792394-10 devstack@n-api.service[108963]: INFO nova.api.openstack.requestlog [None req-9b3252e7-9244-45a4-8719-db9caccf552d tempest-AggregatesAdminNegativeTestJSON-368741704 tempest-AggregatesAdminNegativeTestJSON-368741704-project] 10.222.0.11 "GET /compute/v2.1/os-aggregates/16" status: 403 len: 114 microversion: 2.1 time: 0.016409
Jun 25 20:17:20.955621 n-d-792394-10 devstack@n-api.service[108963]: [pid: 108963|app: 0|req: 150/292] 10.222.0.11 () {58 vars in 1152 bytes} [Fri Jun 25 20:17:20 2021] GET /compute/v2.1/os-aggregates/16 => generated 114 bytes in 18 msecs (HTTP/1.1 403) 9 headers in 379 bytes (1 switches on core 0)
Jun 25 20:17:20.961956 n-d-792394-10 devstack@n-api.service[108963]: DEBUG nova.api.openstack.wsgi [None req-041012bc-708c-447f-8366-14addc04c19a tempest-SecurityGroupsTestAdminJSON-1203149554 tempest-SecurityGroupsTestAdminJSON-1203149554-project] Calling method '.version_select at 0x7f4f88374e50>' {{(pid=108963) _process_stack /opt/stack/nova/nova/api/openstack/wsgi.py:513}}
Jun 25 20:17:20.963262 n-d-792394-10 devstack@n-api.service[108964]: DEBUG nova.api.openstack.wsgi [None req-23809412-3f1a-46b0-af61-72d461df386d tempest-ServersAdminTestJSON-1962193992 tempest-ServersAdminTestJSON-1962193992-project] Calling method '>' {{(pid=108964) _process_stack /opt/stack/nova/nova/api/openstack/wsgi.py:513}}
Jun 25 20:17:20.964363 n-d-792394-10 devstack@n-api.service[108964]: DEBUG nova.compute.api [None req-23809412-3f1a-46b0-af61-72d461df386d tempest-ServersAdminTestJSON-1962193992 tempest-ServersAdminTestJSON-1962193992-project] [instance: 9317c91d-784d-4d5b-89bf-ff09fc23564f] Fetching instance by UUID {{(pid=108964) get /opt/stack/nova/nova/compute/api.py:2803}}
Jun 25 20:17:21.000214 n-d-792394-10 devstack@n-api.service[108964]: DEBUG oslo_concurrency.lockutils [None req-23809412-3f1a-46b0-af61-72d461df386d tempest-ServersAdminTestJSON-1962193992 tempest-ServersAdminTestJSON-1962193992-project] Lock "262fc30d-9a37-43c3-8c70-70ff8c253e54" acquired by "nova.context.set_target_cell..get_or_set_cached_cell_and_set_connections" :: waited 0.000s {{(pid=108964) inner /usr/local/lib/python3.8/dist-packages/oslo_concurrency/lockutils.py:355}}
Jun 25 20:17:21.001043 n-d-792394-10 devstack@n-api.service[108964]: DEBUG oslo_concurrency.lockutils [None req-23809412-3f1a-46b0-af61-72d461df386d tempest-ServersAdminTestJSON-1962193992 tempest-ServersAdminTestJSON-1962193992-project] Lock "262fc30d-9a37-43c3-8c70-70ff8c253e54" released by "nova.context.set_target_cell..get_or_set_cached_cell_and_set_connections" :: held 0.001s {{(pid=108964) inner /usr/local/lib/python3.8/dist-packages/oslo_concurrency/lockutils.py:367}}
Jun 25 20:17:21.004974 n-d-792394-10 devstack@n-api.service[108964]: DEBUG oslo_concurrency.lockutils [None req-23809412-3f1a-46b0-af61-72d461df386d tempest-ServersAdminTestJSON-1962193992 tempest-ServersAdminTestJSON-1962193992-project] Lock "262fc30d-9a37-43c3-8c70-70ff8c253e54" acquired by "nova.context.set_target_cell..get_or_set_cached_cell_and_set_connections" :: waited 0.000s {{(pid=108964) inner /usr/local/lib/python3.8/dist-packages/oslo_concurrency/lockutils.py:355}}
Jun 25 20:17:21.005857 n-d-792394-10 devstack@n-api.service[108964]: DEBUG oslo_concurrency.lockutils [None req-23809412-3f1a-46b0-af61-72d461df386d tempest-ServersAdminTestJSON-1962193992 tempest-ServersAdminTestJSON-1962193992-project] Lock "262fc30d-9a37-43c3-8c70-70ff8c253e54" released by "nova.context.set_target_cell..get_or_set_cached_cell_and_set_connections" :: held 0.003s {{(pid=108964) inner /usr/local/lib/python3.8/dist-packages/oslo_concurrency/lockutils.py:367}}
Jun 25 20:17:21.034666 n-d-792394-10 devstack@n-api.service[108964]: /opt/stack/nova/nova/db/sqlalchemy/api.py:1217: SAWarning: TypeDecorator SoftDeleteInteger() will not produce a cache key because the ``cache_ok`` flag is not set to True. Set this flag to True if this type object's state is safe to use in a cache key, or False to disable this warning.
Jun 25 20:17:21.034666 n-d-792394-10 devstack@n-api.service[108964]: result = _build_instance_get(context, columns_to_join=columns_to_join).\
Jun 25 20:17:21.612091 n-d-792394-10 devstack@n-api.service[108964]: DEBUG nova.policy [None req-23809412-3f1a-46b0-af61-72d461df386d tempest-ServersAdminTestJSON-1962193992 tempest-ServersAdminTestJSON-1962193992-project] Policy check for os_compute_api:os-extended-server-attributes failed with credentials {'is_admin': False, 'user_id': 'd988f46d8ede482ebc543e70a17f529f', 'user_domain_id': 'default', 'system_scope': None, 'domain_id': None, 'project_id': '53681b0620354b0b9f04c0cb29848760', 'project_domain_id': 'default', 'roles': ['member', 'reader'], 'is_admin_project': True, 'service_user_id': None, 'service_user_domain_id': None, 'service_project_id': None, 'service_project_domain_id': None, 'service_roles': []} {{(pid=108964) authorize /opt/stack/nova/nova/policy.py:199}}
Jun 25 20:17:21.616892 n-d-792394-10 devstack@n-api.service[108964]: /opt/stack/nova/nova/db/sqlalchemy/api.py:2775: SAWarning: TypeDecorator SoftDeleteInteger() will not produce a cache key because the ``cache_ok`` flag is not set to True. Set this flag to True if this type object's state is safe to use in a cache key, or False to disable this warning.
Jun 25 20:17:21.616892 n-d-792394-10 devstack@n-api.service[108964]: return _block_device_mapping_get_query(context).filter(
Jun 25 20:17:21.642491 n-d-792394-10 devstack@n-api.service[108964]: INFO nova.api.openstack.requestlog [None req-23809412-3f1a-46b0-af61-72d461df386d tempest-ServersAdminTestJSON-1962193992 tempest-ServersAdminTestJSON-1962193992-project] 10.222.0.11 "GET /compute/v2.1/servers/9317c91d-784d-4d5b-89bf-ff09fc23564f" status: 200 len: 1313 microversion: 2.1 time: 0.694105
Jun 25 20:17:21.649378 n-d-792394-10 devstack@n-api.service[108963]: INFO nova.api.openstack.requestlog [None req-041012bc-708c-447f-8366-14addc04c19a tempest-SecurityGroupsTestAdminJSON-1203149554 tempest-SecurityGroupsTestAdminJSON-1203149554-project] 10.222.0.11 "DELETE /compute/v2.1/os-security-groups/8e5ca9dd-32c6-4cd1-aed9-4946752a50d3" status: 202 len: 0 microversion: 2.1 time: 0.692241
Jun 25 20:17:21.650536 n-d-792394-10 devstack@n-api.service[108963]: [pid: 108963|app: 0|req: 151/293] 10.222.0.11 () {58 vars in 1272 bytes} [Fri Jun 25 20:17:20 2021] DELETE /compute/v2.1/os-security-groups/8e5ca9dd-32c6-4cd1-aed9-4946752a50d3 => generated 0 bytes in 694 msecs (HTTP/1.1 202) 9 headers in 361 bytes (1 switches on core 0)
Jun 25 20:17:21.651210 n-d-792394-10 devstack@n-api.service[108964]: [pid: 108964|app: 0|req: 143/294] 10.222.0.11 () {58 vars in 1236 bytes} [Fri Jun 25 20:17:20 2021] GET /compute/v2.1/servers/9317c91d-784d-4d5b-89bf-ff09fc23564f => generated 1313 bytes in 704 msecs (HTTP/1.1 200) 9 headers in 358 bytes (1 switches on core 0)
Jun 25 20:17:21.656915 n-d-792394-10 devstack@n-api.service[108963]: DEBUG nova.api.openstack.wsgi [None req-e267c20e-4c87-4691-8f79-3a5f72e435e6 tempest-AggregatesAdminNegativeTestJSON-1075638075 tempest-AggregatesAdminNegativeTestJSON-1075638075-project-admin] Calling method '>' {{(pid=108963) _process_stack /opt/stack/nova/nova/api/openstack/wsgi.py:513}}
Jun 25 20:17:21.657748 n-d-792394-10 devstack@n-api.service[108963]: /usr/local/lib/python3.8/dist-packages/oslo_policy/policy.py:1064: UserWarning: Policy os_compute_api:os-aggregates:delete failed scope check. The token used to make the request was project scoped but the policy requires ['system'] scope. This behavior may change in the future where using the intended scope is required
Jun 25 20:17:21.657748 n-d-792394-10 devstack@n-api.service[108963]: warnings.warn(msg)
Jun 25 20:17:21.660339 n-d-792394-10 devstack@n-api.service[108964]: DEBUG nova.api.openstack.wsgi [None req-896901ea-0112-4507-a5ec-75db96c0254b tempest-LiveMigrationNegativeTest-1278747038 tempest-LiveMigrationNegativeTest-1278747038-project] Calling method '>' {{(pid=108964) _process_stack /opt/stack/nova/nova/api/openstack/wsgi.py:513}}
Jun 25 20:17:21.661598 n-d-792394-10 devstack@n-api.service[108964]: DEBUG nova.compute.api [None req-896901ea-0112-4507-a5ec-75db96c0254b tempest-LiveMigrationNegativeTest-1278747038 tempest-LiveMigrationNegativeTest-1278747038-project] [instance: 13b42623-a8cf-4a74-bb10-a2e9beb597b8] Fetching instance by UUID {{(pid=108964) get /opt/stack/nova/nova/compute/api.py:2803}}
Jun 25 20:17:21.681391 n-d-792394-10 devstack@n-api.service[108964]: DEBUG oslo_concurrency.lockutils [None req-896901ea-0112-4507-a5ec-75db96c0254b tempest-LiveMigrationNegativeTest-1278747038 tempest-LiveMigrationNegativeTest-1278747038-project] Lock "262fc30d-9a37-43c3-8c70-70ff8c253e54" acquired by "nova.context.set_target_cell..get_or_set_cached_cell_and_set_connections" :: waited 0.000s {{(pid=108964) inner /usr/local/lib/python3.8/dist-packages/oslo_concurrency/lockutils.py:355}}
Jun 25 20:17:21.682099 n-d-792394-10 devstack@n-api.service[108964]: DEBUG oslo_concurrency.lockutils [None req-896901ea-0112-4507-a5ec-75db96c0254b tempest-LiveMigrationNegativeTest-1278747038 tempest-LiveMigrationNegativeTest-1278747038-project] Lock "262fc30d-9a37-43c3-8c70-70ff8c253e54" released by "nova.context.set_target_cell..get_or_set_cached_cell_and_set_connections" :: held 0.001s {{(pid=108964) inner /usr/local/lib/python3.8/dist-packages/oslo_concurrency/lockutils.py:367}}
Jun 25 20:17:21.682994 n-d-792394-10 devstack@n-api.service[108964]: DEBUG oslo_concurrency.lockutils [None req-896901ea-0112-4507-a5ec-75db96c0254b tempest-LiveMigrationNegativeTest-1278747038 tempest-LiveMigrationNegativeTest-1278747038-project] Lock "262fc30d-9a37-43c3-8c70-70ff8c253e54" acquired by "nova.context.set_target_cell..get_or_set_cached_cell_and_set_connections" :: waited 0.000s {{(pid=108964) inner /usr/local/lib/python3.8/dist-packages/oslo_concurrency/lockutils.py:355}}
Jun 25 20:17:21.683444 n-d-792394-10 devstack@n-api.service[108964]: DEBUG oslo_concurrency.lockutils [None req-896901ea-0112-4507-a5ec-75db96c0254b tempest-LiveMigrationNegativeTest-1278747038 tempest-LiveMigrationNegativeTest-1278747038-project] Lock "262fc30d-9a37-43c3-8c70-70ff8c253e54" released by "nova.context.set_target_cell..get_or_set_cached_cell_and_set_connections" :: held 0.000s {{(pid=108964) inner /usr/local/lib/python3.8/dist-packages/oslo_concurrency/lockutils.py:367}}
Jun 25 20:17:21.689234 n-d-792394-10 devstack@n-api.service[108964]: /opt/stack/nova/nova/db/sqlalchemy/api.py:1217: SAWarning: TypeDecorator SoftDeleteInteger() will not produce a cache key because the ``cache_ok`` flag is not set to True. Set this flag to True if this type object's state is safe to use in a cache key, or False to disable this warning.
Jun 25 20:17:21.689234 n-d-792394-10 devstack@n-api.service[108964]: result = _build_instance_get(context, columns_to_join=columns_to_join).\
Jun 25 20:17:21.702942 n-d-792394-10 devstack@n-api.service[108963]: INFO nova.api.openstack.requestlog [None req-e267c20e-4c87-4691-8f79-3a5f72e435e6 tempest-AggregatesAdminNegativeTestJSON-1075638075 tempest-AggregatesAdminNegativeTestJSON-1075638075-project-admin] 10.222.0.11 "DELETE /compute/v2.1/os-aggregates/16" status: 200 len: 0 microversion: 2.1 time: 0.050039
Jun 25 20:17:21.711939 n-d-792394-10 devstack@n-api.service[108963]: [pid: 108963|app: 0|req: 152/295] 10.222.0.11 () {58 vars in 1155 bytes} [Fri Jun 25 20:17:21 2021] DELETE /compute/v2.1/os-aggregates/16 => generated 0 bytes in 60 msecs (HTTP/1.1 200) 9 headers in 355 bytes (1 switches on core 0)
Jun 25 20:17:22.067703 n-d-792394-10 devstack@n-api.service[108963]: DEBUG nova.api.openstack.wsgi [None req-8f8598b8-5c84-4bf0-b28b-7a258d386a2e tempest-DeleteServersAdminTestJSON-1294233442 tempest-DeleteServersAdminTestJSON-1294233442-project] Action: 'create', calling method: >, body: {"server": {"name": "tempest-DeleteServersAdminTestJSON-server-450297520", "imageRef": "6b68874c-e067-4c5b-969c-7383ed2bc0c0", "flavorRef": "452"}} {{(pid=108963) _process_stack /opt/stack/nova/nova/api/openstack/wsgi.py:511}}
Jun 25 20:17:22.088235 n-d-792394-10 devstack@n-api.service[108964]: DEBUG nova.policy [None req-896901ea-0112-4507-a5ec-75db96c0254b tempest-LiveMigrationNegativeTest-1278747038 tempest-LiveMigrationNegativeTest-1278747038-project] Policy check for os_compute_api:os-extended-server-attributes failed with credentials {'is_admin': False, 'user_id': 'a3afb2e10ae94bf1b8a494fb93643b6e', 'user_domain_id': 'default', 'system_scope': None, 'domain_id': None, 'project_id': 'df6222ef08d04192b24635a681d9d18e', 'project_domain_id': 'default', 'roles': ['member', 'reader'], 'is_admin_project': True, 'service_user_id': None, 'service_user_domain_id': None, 'service_project_id': None, 'service_project_domain_id': None, 'service_roles': []} {{(pid=108964) authorize /opt/stack/nova/nova/policy.py:199}}
Jun 25 20:17:22.094051 n-d-792394-10 devstack@n-api.service[108964]: /opt/stack/nova/nova/db/sqlalchemy/api.py:2775: SAWarning: TypeDecorator SoftDeleteInteger() will not produce a cache key because the ``cache_ok`` flag is not set to True. Set this flag to True if this type object's state is safe to use in a cache key, or False to disable this warning.
Jun 25 20:17:22.094051 n-d-792394-10 devstack@n-api.service[108964]: return _block_device_mapping_get_query(context).filter(
Jun 25 20:17:22.115193 n-d-792394-10 devstack@n-api.service[108964]: INFO nova.api.openstack.requestlog [None req-896901ea-0112-4507-a5ec-75db96c0254b tempest-LiveMigrationNegativeTest-1278747038 tempest-LiveMigrationNegativeTest-1278747038-project] 10.222.0.11 "GET /compute/v2.1/servers/13b42623-a8cf-4a74-bb10-a2e9beb597b8" status: 200 len: 1468 microversion: 2.1 time: 0.461558
Jun 25 20:17:22.125449 n-d-792394-10 devstack@n-api.service[108964]: [pid: 108964|app: 0|req: 144/296] 10.222.0.11 () {58 vars in 1236 bytes} [Fri Jun 25 20:17:21 2021] GET /compute/v2.1/servers/13b42623-a8cf-4a74-bb10-a2e9beb597b8 => generated 1468 bytes in 464 msecs (HTTP/1.1 200) 9 headers in 358 bytes (1 switches on core 0)
Jun 25 20:17:22.134224 n-d-792394-10 devstack@n-api.service[108964]: DEBUG nova.api.openstack.wsgi [None req-d69dc96e-fd17-41e5-b5e5-5cf3c5b5bb09 tempest-SecurityGroupsTestAdminJSON-1203149554 tempest-SecurityGroupsTestAdminJSON-1203149554-project] Calling method '.version_select at 0x7f4f88211f70>' {{(pid=108964) _process_stack /opt/stack/nova/nova/api/openstack/wsgi.py:513}}
Jun 25 20:17:22.218853 n-d-792394-10 devstack@n-api.service[108963]: DEBUG nova.network.neutron [None req-8f8598b8-5c84-4bf0-b28b-7a258d386a2e tempest-DeleteServersAdminTestJSON-1294233442 tempest-DeleteServersAdminTestJSON-1294233442-project] validate_networks() for None {{(pid=108963) validate_networks /opt/stack/nova/nova/network/neutron.py:2492}}
Jun 25 20:17:22.937840 n-d-792394-10 devstack@n-api.service[108964]: INFO nova.api.openstack.requestlog [None req-d69dc96e-fd17-41e5-b5e5-5cf3c5b5bb09 tempest-SecurityGroupsTestAdminJSON-1203149554 tempest-SecurityGroupsTestAdminJSON-1203149554-project] 10.222.0.11 "DELETE /compute/v2.1/os-security-groups/be2a97e2-787c-4957-a725-c044b5e65644" status: 202 len: 0 microversion: 2.1 time: 0.819172
Jun 25 20:17:22.938941 n-d-792394-10 devstack@n-api.service[108964]: [pid: 108964|app: 0|req: 145/297] 10.222.0.11 () {58 vars in 1272 bytes} [Fri Jun 25 20:17:22 2021] DELETE /compute/v2.1/os-security-groups/be2a97e2-787c-4957-a725-c044b5e65644 => generated 0 bytes in 822 msecs (HTTP/1.1 202) 9 headers in 361 bytes (1 switches on core 0)
Jun 25 20:17:22.959658 n-d-792394-10 devstack@n-api.service[108964]: DEBUG nova.api.openstack.wsgi [None req-31c44749-d19d-4258-a532-59b3aadd809b tempest-AggregatesAdminNegativeTestJSON-1075638075 tempest-AggregatesAdminNegativeTestJSON-1075638075-project-admin] Calling method '>' {{(pid=108964) _process_stack /opt/stack/nova/nova/api/openstack/wsgi.py:513}}
Jun 25 20:17:22.965614 n-d-792394-10 devstack@n-api.service[108964]: /usr/local/lib/python3.8/dist-packages/oslo_policy/policy.py:1064: UserWarning: Policy os_compute_api:os-aggregates:show failed scope check. The token used to make the request was project scoped but the policy requires ['system'] scope. This behavior may change in the future where using the intended scope is required
Jun 25 20:17:22.965614 n-d-792394-10 devstack@n-api.service[108964]: warnings.warn(msg)
Jun 25 20:17:22.978959 n-d-792394-10 devstack@n-api.service[108963]: DEBUG nova.virt.hardware [None req-8f8598b8-5c84-4bf0-b28b-7a258d386a2e tempest-DeleteServersAdminTestJSON-1294233442 tempest-DeleteServersAdminTestJSON-1294233442-project] Flavor limits 0:0:0 {{(pid=108963) get_cpu_topology_constraints /opt/stack/nova/nova/virt/hardware.py:343}}
Jun 25 20:17:22.979852 n-d-792394-10 devstack@n-api.service[108963]: DEBUG nova.virt.hardware [None req-8f8598b8-5c84-4bf0-b28b-7a258d386a2e tempest-DeleteServersAdminTestJSON-1294233442 tempest-DeleteServersAdminTestJSON-1294233442-project] Image limits 0:0:0 {{(pid=108963) get_cpu_topology_constraints /opt/stack/nova/nova/virt/hardware.py:347}}
Jun 25 20:17:22.987492 n-d-792394-10 devstack@n-api.service[108963]: DEBUG nova.virt.hardware [None req-8f8598b8-5c84-4bf0-b28b-7a258d386a2e tempest-DeleteServersAdminTestJSON-1294233442 tempest-DeleteServersAdminTestJSON-1294233442-project] Flavor pref 0:0:0 {{(pid=108963) get_cpu_topology_constraints /opt/stack/nova/nova/virt/hardware.py:383}}
Jun 25 20:17:22.988992 n-d-792394-10 devstack@n-api.service[108963]: DEBUG nova.virt.hardware [None req-8f8598b8-5c84-4bf0-b28b-7a258d386a2e tempest-DeleteServersAdminTestJSON-1294233442 tempest-DeleteServersAdminTestJSON-1294233442-project] Image pref 0:0:0 {{(pid=108963) get_cpu_topology_constraints /opt/stack/nova/nova/virt/hardware.py:387}}
Jun 25 20:17:22.989682 n-d-792394-10 devstack@n-api.service[108963]: DEBUG nova.virt.hardware [None req-8f8598b8-5c84-4bf0-b28b-7a258d386a2e tempest-DeleteServersAdminTestJSON-1294233442 tempest-DeleteServersAdminTestJSON-1294233442-project] Chose sockets=0, cores=0, threads=0; limits were sockets=65536, cores=65536, threads=65536 {{(pid=108963) get_cpu_topology_constraints /opt/stack/nova/nova/virt/hardware.py:425}}
Jun 25 20:17:22.993540 n-d-792394-10 devstack@n-api.service[108964]: INFO nova.api.openstack.wsgi [None req-31c44749-d19d-4258-a532-59b3aadd809b tempest-AggregatesAdminNegativeTestJSON-1075638075 tempest-AggregatesAdminNegativeTestJSON-1075638075-project-admin] HTTP exception thrown: Aggregate -1 could not be found.
Jun 25 20:17:22.997836 n-d-792394-10 devstack@n-api.service[108964]: DEBUG nova.api.openstack.wsgi [None req-31c44749-d19d-4258-a532-59b3aadd809b tempest-AggregatesAdminNegativeTestJSON-1075638075 tempest-AggregatesAdminNegativeTestJSON-1075638075-project-admin] Returning 404 to user: Aggregate -1 could not be found. {{(pid=108964) __call__ /opt/stack/nova/nova/api/openstack/wsgi.py:927}}
Jun 25 20:17:23.001401 n-d-792394-10 devstack@n-api.service[108964]: INFO nova.api.openstack.requestlog [None req-31c44749-d19d-4258-a532-59b3aadd809b tempest-AggregatesAdminNegativeTestJSON-1075638075 tempest-AggregatesAdminNegativeTestJSON-1075638075-project-admin] 10.222.0.11 "GET /compute/v2.1/os-aggregates/-1" status: 404 len: 78 microversion: 2.1 time: 0.059501
Jun 25 20:17:23.002699 n-d-792394-10 devstack@n-api.service[108964]: [pid: 108964|app: 0|req: 146/298] 10.222.0.11 () {58 vars in 1152 bytes} [Fri Jun 25 20:17:22 2021] GET /compute/v2.1/os-aggregates/-1 => generated 78 bytes in 63 msecs (HTTP/1.1 404) 9 headers in 378 bytes (1 switches on core 0)
Jun 25 20:17:23.012088 n-d-792394-10 devstack@n-api.service[108964]: DEBUG nova.api.openstack.wsgi [None req-9146c03d-2608-42dd-85f6-37dff7b20892 tempest-MigrationsAdminTest-681368039 tempest-MigrationsAdminTest-681368039-project] Calling method '>' {{(pid=108964) _process_stack /opt/stack/nova/nova/api/openstack/wsgi.py:513}}
Jun 25 20:17:23.013941 n-d-792394-10 devstack@n-api.service[108964]: DEBUG nova.compute.api [None req-9146c03d-2608-42dd-85f6-37dff7b20892 tempest-MigrationsAdminTest-681368039 tempest-MigrationsAdminTest-681368039-project] [instance: 9abcad3d-2f91-48e4-bc39-49b4f50fac40] Fetching instance by UUID {{(pid=108964) get /opt/stack/nova/nova/compute/api.py:2803}}
Jun 25 20:17:23.026311 n-d-792394-10 devstack@n-api.service[108964]: DEBUG oslo_concurrency.lockutils [None req-9146c03d-2608-42dd-85f6-37dff7b20892 tempest-MigrationsAdminTest-681368039 tempest-MigrationsAdminTest-681368039-project] Lock "262fc30d-9a37-43c3-8c70-70ff8c253e54" acquired by "nova.context.set_target_cell..get_or_set_cached_cell_and_set_connections" :: waited 0.000s {{(pid=108964) inner /usr/local/lib/python3.8/dist-packages/oslo_concurrency/lockutils.py:355}}
Jun 25 20:17:23.027261 n-d-792394-10 devstack@n-api.service[108964]: DEBUG oslo_concurrency.lockutils [None req-9146c03d-2608-42dd-85f6-37dff7b20892 tempest-MigrationsAdminTest-681368039 tempest-MigrationsAdminTest-681368039-project] Lock "262fc30d-9a37-43c3-8c70-70ff8c253e54" released by "nova.context.set_target_cell..get_or_set_cached_cell_and_set_connections" :: held 0.001s {{(pid=108964) inner /usr/local/lib/python3.8/dist-packages/oslo_concurrency/lockutils.py:367}}
Jun 25 20:17:23.029630 n-d-792394-10 devstack@n-api.service[108964]: DEBUG oslo_concurrency.lockutils [None req-9146c03d-2608-42dd-85f6-37dff7b20892 tempest-MigrationsAdminTest-681368039 tempest-MigrationsAdminTest-681368039-project] Lock "262fc30d-9a37-43c3-8c70-70ff8c253e54" acquired by "nova.context.set_target_cell..get_or_set_cached_cell_and_set_connections" :: waited 0.000s {{(pid=108964) inner /usr/local/lib/python3.8/dist-packages/oslo_concurrency/lockutils.py:355}}
Jun 25 20:17:23.031032 n-d-792394-10 devstack@n-api.service[108964]: DEBUG oslo_concurrency.lockutils [None req-9146c03d-2608-42dd-85f6-37dff7b20892 tempest-MigrationsAdminTest-681368039 tempest-MigrationsAdminTest-681368039-project] Lock "262fc30d-9a37-43c3-8c70-70ff8c253e54" released by "nova.context.set_target_cell..get_or_set_cached_cell_and_set_connections" :: held 0.002s {{(pid=108964) inner /usr/local/lib/python3.8/dist-packages/oslo_concurrency/lockutils.py:367}}
Jun 25 20:17:23.031979 n-d-792394-10 devstack@n-api.service[108963]: /opt/stack/nova/nova/db/sqlalchemy/api.py:2486: SAWarning: TypeDecorator SoftDeleteInteger() will not produce a cache key because the ``cache_ok`` flag is not set to True. Set this flag to True if this type object's state is safe to use in a cache key, or False to disable this warning.
Jun 25 20:17:23.031979 n-d-792394-10 devstack@n-api.service[108963]: user_quotas = model_query(context, models.ProjectUserQuota,
Jun 25 20:17:23.037093 n-d-792394-10 devstack@n-api.service[108963]: DEBUG oslo_concurrency.lockutils [None req-8f8598b8-5c84-4bf0-b28b-7a258d386a2e tempest-DeleteServersAdminTestJSON-1294233442 tempest-DeleteServersAdminTestJSON-1294233442-project] Lock "00000000-0000-0000-0000-000000000000" acquired by "nova.context.set_target_cell..get_or_set_cached_cell_and_set_connections" :: waited 0.000s {{(pid=108963) inner /usr/local/lib/python3.8/dist-packages/oslo_concurrency/lockutils.py:355}}
Jun 25 20:17:23.037646 n-d-792394-10 devstack@n-api.service[108963]: DEBUG oslo_concurrency.lockutils [None req-8f8598b8-5c84-4bf0-b28b-7a258d386a2e tempest-DeleteServersAdminTestJSON-1294233442 tempest-DeleteServersAdminTestJSON-1294233442-project] Lock "00000000-0000-0000-0000-000000000000" released by "nova.context.set_target_cell..get_or_set_cached_cell_and_set_connections" :: held 0.001s {{(pid=108963) inner /usr/local/lib/python3.8/dist-packages/oslo_concurrency/lockutils.py:367}}
Jun 25 20:17:23.039366 n-d-792394-10 devstack@n-api.service[108963]: DEBUG oslo_concurrency.lockutils [None req-8f8598b8-5c84-4bf0-b28b-7a258d386a2e tempest-DeleteServersAdminTestJSON-1294233442 tempest-DeleteServersAdminTestJSON-1294233442-project] Lock "262fc30d-9a37-43c3-8c70-70ff8c253e54" acquired by "nova.context.set_target_cell..get_or_set_cached_cell_and_set_connections" :: waited 0.000s {{(pid=108963) inner /usr/local/lib/python3.8/dist-packages/oslo_concurrency/lockutils.py:355}}
Jun 25 20:17:23.048154 n-d-792394-10 devstack@n-api.service[108963]: DEBUG oslo_concurrency.lockutils [None req-8f8598b8-5c84-4bf0-b28b-7a258d386a2e tempest-DeleteServersAdminTestJSON-1294233442 tempest-DeleteServersAdminTestJSON-1294233442-project] Lock "262fc30d-9a37-43c3-8c70-70ff8c253e54" released by "nova.context.set_target_cell..get_or_set_cached_cell_and_set_connections" :: held 0.001s {{(pid=108963) inner /usr/local/lib/python3.8/dist-packages/oslo_concurrency/lockutils.py:367}}
Jun 25 20:17:23.050715 n-d-792394-10 devstack@n-api.service[108964]: /opt/stack/nova/nova/db/sqlalchemy/api.py:1217: SAWarning: TypeDecorator SoftDeleteInteger() will not produce a cache key because the ``cache_ok`` flag is not set to True. Set this flag to True if this type object's state is safe to use in a cache key, or False to disable this warning.
Jun 25 20:17:23.050715 n-d-792394-10 devstack@n-api.service[108964]: result = _build_instance_get(context, columns_to_join=columns_to_join).\
Jun 25 20:17:23.063676 n-d-792394-10 devstack@n-api.service[108963]: /opt/stack/nova/nova/objects/instance.py:1537: SAWarning: TypeDecorator SoftDeleteInteger() will not produce a cache key because the ``cache_ok`` flag is not set to True. Set this flag to True if this type object's state is safe to use in a cache key, or False to disable this warning.
Jun 25 20:17:23.063676 n-d-792394-10 devstack@n-api.service[108963]: project_result = project_query.first()
Jun 25 20:17:23.101454 n-d-792394-10 devstack@n-api.service[108963]: /opt/stack/nova/nova/db/sqlalchemy/api.py:2503: SAWarning: TypeDecorator SoftDeleteInteger() will not produce a cache key because the ``cache_ok`` flag is not set to True. Set this flag to True if this type object's state is safe to use in a cache key, or False to disable this warning.
Jun 25 20:17:23.101454 n-d-792394-10 devstack@n-api.service[108963]: rows = model_query(context, models.Quota, read_deleted="no").\
Jun 25 20:17:23.118823 n-d-792394-10 devstack@n-api.service[108963]: DEBUG nova.quota [None req-8f8598b8-5c84-4bf0-b28b-7a258d386a2e tempest-DeleteServersAdminTestJSON-1294233442 tempest-DeleteServersAdminTestJSON-1294233442-project] Getting quotas for project 7455f155f7f3460abe4a636e3e584d19. Resources: {'cores', 'ram', 'instances'} {{(pid=108963) _get_quotas /opt/stack/nova/nova/quota.py:387}}
Jun 25 20:17:23.155602 n-d-792394-10 devstack@n-api.service[108963]: DEBUG nova.quota [None req-8f8598b8-5c84-4bf0-b28b-7a258d386a2e tempest-DeleteServersAdminTestJSON-1294233442 tempest-DeleteServersAdminTestJSON-1294233442-project] Getting quotas for user 175003d3022946eeaa75c81254cfbf22 and project 7455f155f7f3460abe4a636e3e584d19. Resources: {'cores', 'ram', 'instances'} {{(pid=108963) _get_quotas /opt/stack/nova/nova/quota.py:377}}
Jun 25 20:17:23.195869 n-d-792394-10 devstack@n-api.service[108963]: DEBUG nova.compute.api [None req-8f8598b8-5c84-4bf0-b28b-7a258d386a2e tempest-DeleteServersAdminTestJSON-1294233442 tempest-DeleteServersAdminTestJSON-1294233442-project] Going to run 1 instances... {{(pid=108963) _provision_instances /opt/stack/nova/nova/compute/api.py:1288}}
Jun 25 20:17:23.204309 n-d-792394-10 devstack@n-api.service[108963]: DEBUG nova.compute.api [None req-8f8598b8-5c84-4bf0-b28b-7a258d386a2e tempest-DeleteServersAdminTestJSON-1294233442 tempest-DeleteServersAdminTestJSON-1294233442-project] [instance: c97daf03-ff8e-4277-84a3-f8cd85bf67f2] block_device_mapping [BlockDeviceMapping(attachment_id=,boot_index=0,connection_info=None,created_at=,delete_on_termination=True,deleted=,deleted_at=,destination_type='local',device_name=None,device_type='disk',disk_bus=None,guest_format=None,id=,image_id='6b68874c-e067-4c5b-969c-7383ed2bc0c0',instance=,instance_uuid=,no_device=False,snapshot_id=None,source_type='image',tag=None,updated_at=,uuid=,volume_id=None,volume_size=None,volume_type=None)] {{(pid=108963) _bdm_validate_set_size_and_instance /opt/stack/nova/nova/compute/api.py:1695}}
Jun 25 20:17:23.343006 n-d-792394-10 devstack@n-api.service[108963]: INFO nova.api.openstack.requestlog [None req-8f8598b8-5c84-4bf0-b28b-7a258d386a2e tempest-DeleteServersAdminTestJSON-1294233442 tempest-DeleteServersAdminTestJSON-1294233442-project] 10.222.0.11 "POST /compute/v2.1/servers" status: 202 len: 380 microversion: 2.1 time: 1.628896
Jun 25 20:17:23.345219 n-d-792394-10 devstack@n-api.service[108963]: [pid: 108963|app: 0|req: 153/299] 10.222.0.11 () {60 vars in 1147 bytes} [Fri Jun 25 20:17:21 2021] POST /compute/v2.1/servers => generated 380 bytes in 1632 msecs (HTTP/1.1 202) 10 headers in 451 bytes (1 switches on core 0)
Jun 25 20:17:23.359551 n-d-792394-10 devstack@n-api.service[108963]: DEBUG nova.api.openstack.wsgi [None req-84836f56-56d1-4a3a-be94-ec62712a0f00 tempest-LiveMigrationNegativeTest-963808075 tempest-LiveMigrationNegativeTest-963808075-project-admin] Action: 'action', calling method: >, body: {"suspend": {}} {{(pid=108963) _process_stack /opt/stack/nova/nova/api/openstack/wsgi.py:511}}
Jun 25 20:17:23.360946 n-d-792394-10 devstack@n-api.service[108963]: DEBUG nova.compute.api [None req-84836f56-56d1-4a3a-be94-ec62712a0f00 tempest-LiveMigrationNegativeTest-963808075 tempest-LiveMigrationNegativeTest-963808075-project-admin] [instance: 13b42623-a8cf-4a74-bb10-a2e9beb597b8] Fetching instance by UUID {{(pid=108963) get /opt/stack/nova/nova/compute/api.py:2803}}
Jun 25 20:17:23.374108 n-d-792394-10 devstack@n-api.service[108963]: DEBUG oslo_concurrency.lockutils [None req-84836f56-56d1-4a3a-be94-ec62712a0f00 tempest-LiveMigrationNegativeTest-963808075 tempest-LiveMigrationNegativeTest-963808075-project-admin] Lock "262fc30d-9a37-43c3-8c70-70ff8c253e54" acquired by "nova.context.set_target_cell..get_or_set_cached_cell_and_set_connections" :: waited 0.000s {{(pid=108963) inner /usr/local/lib/python3.8/dist-packages/oslo_concurrency/lockutils.py:355}}
Jun 25 20:17:23.375753 n-d-792394-10 devstack@n-api.service[108963]: DEBUG oslo_concurrency.lockutils [None req-84836f56-56d1-4a3a-be94-ec62712a0f00 tempest-LiveMigrationNegativeTest-963808075 tempest-LiveMigrationNegativeTest-963808075-project-admin] Lock "262fc30d-9a37-43c3-8c70-70ff8c253e54" released by "nova.context.set_target_cell..get_or_set_cached_cell_and_set_connections" :: held 0.002s {{(pid=108963) inner /usr/local/lib/python3.8/dist-packages/oslo_concurrency/lockutils.py:367}}
Jun 25 20:17:23.378382 n-d-792394-10 devstack@n-api.service[108963]: DEBUG oslo_concurrency.lockutils [None req-84836f56-56d1-4a3a-be94-ec62712a0f00 tempest-LiveMigrationNegativeTest-963808075 tempest-LiveMigrationNegativeTest-963808075-project-admin] Lock "262fc30d-9a37-43c3-8c70-70ff8c253e54" acquired by "nova.context.set_target_cell..get_or_set_cached_cell_and_set_connections" :: waited 0.000s {{(pid=108963) inner /usr/local/lib/python3.8/dist-packages/oslo_concurrency/lockutils.py:355}}
Jun 25 20:17:23.379350 n-d-792394-10 devstack@n-api.service[108963]: DEBUG oslo_concurrency.lockutils [None req-84836f56-56d1-4a3a-be94-ec62712a0f00 tempest-LiveMigrationNegativeTest-963808075 tempest-LiveMigrationNegativeTest-963808075-project-admin] Lock "262fc30d-9a37-43c3-8c70-70ff8c253e54" released by "nova.context.set_target_cell..get_or_set_cached_cell_and_set_connections" :: held 0.002s {{(pid=108963) inner /usr/local/lib/python3.8/dist-packages/oslo_concurrency/lockutils.py:367}}
Jun 25 20:17:23.387924 n-d-792394-10 devstack@n-api.service[108963]: /opt/stack/nova/nova/db/sqlalchemy/api.py:1217: SAWarning: TypeDecorator SoftDeleteInteger() will not produce a cache key because the ``cache_ok`` flag is not set to True. Set this flag to True if this type object's state is safe to use in a cache key, or False to disable this warning.
Jun 25 20:17:23.387924 n-d-792394-10 devstack@n-api.service[108963]: result = _build_instance_get(context, columns_to_join=columns_to_join).\
Jun 25 20:17:23.525029 n-d-792394-10 devstack@n-api.service[108964]: DEBUG nova.policy [None req-9146c03d-2608-42dd-85f6-37dff7b20892 tempest-MigrationsAdminTest-681368039 tempest-MigrationsAdminTest-681368039-project] Policy check for os_compute_api:os-extended-server-attributes failed with credentials {'is_admin': False, 'user_id': 'c714d41c806449968115203e02ab9eee', 'user_domain_id': 'default', 'system_scope': None, 'domain_id': None, 'project_id': '1b287f1c6b954df38dc22b9a4029c4e2', 'project_domain_id': 'default', 'roles': ['member', 'reader'], 'is_admin_project': True, 'service_user_id': None, 'service_user_domain_id': None, 'service_project_id': None, 'service_project_domain_id': None, 'service_roles': []} {{(pid=108964) authorize /opt/stack/nova/nova/policy.py:199}}
Jun 25 20:17:23.531390 n-d-792394-10 devstack@n-api.service[108963]: DEBUG nova.objects.instance [None req-84836f56-56d1-4a3a-be94-ec62712a0f00 tempest-LiveMigrationNegativeTest-963808075 tempest-LiveMigrationNegativeTest-963808075-project-admin] Lazy-loading 'flavor' on Instance uuid 13b42623-a8cf-4a74-bb10-a2e9beb597b8 {{(pid=108963) obj_load_attr /opt/stack/nova/nova/objects/instance.py:1100}}
Jun 25 20:17:23.534551 n-d-792394-10 devstack@n-api.service[108964]: /opt/stack/nova/nova/db/sqlalchemy/api.py:2775: SAWarning: TypeDecorator SoftDeleteInteger() will not produce a cache key because the ``cache_ok`` flag is not set to True. Set this flag to True if this type object's state is safe to use in a cache key, or False to disable this warning.
Jun 25 20:17:23.534551 n-d-792394-10 devstack@n-api.service[108964]: return _block_device_mapping_get_query(context).filter(
Jun 25 20:17:23.553525 n-d-792394-10 devstack@n-api.service[108963]: /opt/stack/nova/nova/db/sqlalchemy/api.py:2366: SAWarning: TypeDecorator SoftDeleteInteger() will not produce a cache key because the ``cache_ok`` flag is not set to True. Set this flag to True if this type object's state is safe to use in a cache key, or False to disable this warning.
Jun 25 20:17:23.553525 n-d-792394-10 devstack@n-api.service[108963]: rows_updated = model_query(context, models.InstanceExtra).\
Jun 25 20:17:23.566496 n-d-792394-10 devstack@n-api.service[108964]: INFO nova.api.openstack.requestlog [None req-9146c03d-2608-42dd-85f6-37dff7b20892 tempest-MigrationsAdminTest-681368039 tempest-MigrationsAdminTest-681368039-project] 10.222.0.11 "GET /compute/v2.1/servers/9abcad3d-2f91-48e4-bc39-49b4f50fac40" status: 200 len: 1313 microversion: 2.1 time: 0.561480
