Nov 23 18:35:27.802842 n-d-792364-9 neutron-server[103399]: INFO neutron.wsgi [req-913894a2-9038-4474-963b-beedf5ed7757 req-8e946cb8-3e78-400c-a480-758eb4543649 tempest-ServersAdminNegativeTestJSON-252792443 tempest-ServersAdminNegativeTestJSON-252792443-project] 10.222.0.37 "GET /v2.0/security-groups?id=21296e65-07e1-4cde-9b56-9435c1f99cbc&fields=id&fields=name HTTP/1.1" status: 200 len: 286 time: 0.0672448
Nov 23 18:35:27.886017 n-d-792364-9 neutron-server[103401]: DEBUG neutron_lib.callbacks.manager [None req-bd76f371-7c7a-494e-bb3d-f3e967cd6fef None None] Publish callbacks ['neutron.plugins.ml2.plugin.SecurityGroupDbMixin._ensure_default_security_group_handler-776340'] for port, before_update {{(pid=103401) _notify_loop /usr/local/lib/python3.8/dist-packages/neutron_lib/callbacks/manager.py:175}}
Nov 23 18:35:27.899498 n-d-792364-9 neutron-server[103401]: DEBUG neutron_lib.callbacks.manager [None req-bd76f371-7c7a-494e-bb3d-f3e967cd6fef None None] Publish callbacks ['neutron.plugins.ml2.plugin.SecurityGroupDbMixin._ensure_default_security_group_handler-776340'] for port, before_update {{(pid=103401) _notify_loop /usr/local/lib/python3.8/dist-packages/neutron_lib/callbacks/manager.py:175}}
Nov 23 18:35:27.919176 n-d-792364-9 neutron-server[103401]: DEBUG neutron.notifiers.nova [None req-bd76f371-7c7a-494e-bb3d-f3e967cd6fef None None] Ignoring state change previous_port_status: DOWN current_port_status: BUILD port_id fe31cbe3-711d-4fa5-9138-01461e2cf7af {{(pid=103401) record_port_status_changed /opt/stack/neutron/neutron/notifiers/nova.py:224}}
Nov 23 18:35:27.951115 n-d-792364-9 neutron-server[103401]: DEBUG neutron.plugins.ml2.db [None req-bd76f371-7c7a-494e-bb3d-f3e967cd6fef None None] For port fe31cbe3-711d-4fa5-9138-01461e2cf7af, host n-h2-792364-9, got binding levels [PortBindingLevel(driver='hyperv',host='n-h2-792364-9',level=0,port_id=fe31cbe3-711d-4fa5-9138-01461e2cf7af,segment=NetworkSegment(c80349ce-ce10-4845-a1bd-4bfc15db03b7),segment_id=c80349ce-ce10-4845-a1bd-4bfc15db03b7)] {{(pid=103401) get_binding_level_objs /opt/stack/neutron/neutron/plugins/ml2/db.py:74}}
Nov 23 18:35:27.958783 n-d-792364-9 neutron-server[103401]: DEBUG neutron_lib.callbacks.manager [None req-bd76f371-7c7a-494e-bb3d-f3e967cd6fef None None] Publish callbacks ['neutron.plugins.ml2.plugin.SecurityGroupServerNotifierRpcMixin._notify_sg_on_port_change-775761', 'neutron.plugins.ml2.ovo_rpc._ObjectChangeHandler.handle_event-1989533', 'neutron.api.rpc.agentnotifiers.dhcp_rpc_agent_api.DhcpAgentNotifyAPI._native_event_send_dhcp_notification-1804089', 'neutron.db.l3_db.L3RpcNotifierMixin._notify_gateway_port_ip_changed-8747630957550', 'neutron.db.l3_dvrscheduler_db._notify_l3_agent_port_update-8747630525678', 'neutron.db.l3_hascheduler_db._notify_l3_agent_ha_port_update-8747630526468'] for port, after_update {{(pid=103401) _notify_loop /usr/local/lib/python3.8/dist-packages/neutron_lib/callbacks/manager.py:175}}
Nov 23 18:35:27.963023 n-d-792364-9 neutron-server[103400]: DEBUG neutron.pecan_wsgi.hooks.policy_enforcement [req-714c7a9f-ced0-4f75-beaa-97f6c6bafaf9 req-8ea0f6d0-0ed1-40e2-838e-6aee0c329d1f tempest-QuotasAdminNegativeTest-1405111002 tempest-QuotasAdminNegativeTest-1405111002-project] Attributes excluded by policy engine: ['standard_attr_id', 'vlan_transparent', 'provider:network_type', 'provider:physical_network', 'provider:segmentation_id'] {{(pid=103400) _exclude_attributes_by_policy /opt/stack/neutron/neutron/pecan_wsgi/hooks/policy_enforcement.py:255}}
Nov 23 18:35:27.965013 n-d-792364-9 neutron-server[103400]: INFO neutron.wsgi [req-714c7a9f-ced0-4f75-beaa-97f6c6bafaf9 req-8ea0f6d0-0ed1-40e2-838e-6aee0c329d1f tempest-QuotasAdminNegativeTest-1405111002 tempest-QuotasAdminNegativeTest-1405111002-project] 10.222.0.37 "GET /v2.0/networks?shared=True HTTP/1.1" status: 200 len: 769 time: 0.2109115
Nov 23 18:35:27.974661 n-d-792364-9 neutron-server[103401]: DEBUG neutron.notifiers.nova [-] Sending events: [{'server_uuid': 'bde7c18e-d91d-4e26-b673-77b6ef7b4df8', 'name': 'network-vif-plugged', 'status': 'completed', 'tag': 'df4a1fc4-373b-4650-8fbe-29daa4f9ae4f'}] {{(pid=103401) send_events /opt/stack/neutron/neutron/notifiers/nova.py:262}}
Nov 23 18:35:27.977097 n-d-792364-9 neutron-server[103401]: DEBUG novaclient.v2.client [-] REQ: curl -g -i --cacert "/opt/stack/data/ca-bundle.pem" -X POST http://10.222.0.37/compute/v2.1/os-server-external-events -H "Accept: application/json" -H "Content-Type: application/json" -H "User-Agent: python-novaclient" -H "X-Auth-Token: {SHA256}0bb28ed82a8953f1d51fbdaf61c07238b40e36ea46a51890af3652873e919e8e" -H "X-OpenStack-Nova-API-Version: 2.1" -H "X-OpenStack-Request-ID: req-f1a9e143-7209-4c62-8d6c-6a65ceb4e36a" -d '{"events": [{"server_uuid": "bde7c18e-d91d-4e26-b673-77b6ef7b4df8", "name": "network-vif-plugged", "status": "completed", "tag": "df4a1fc4-373b-4650-8fbe-29daa4f9ae4f"}]}' {{(pid=103401) _http_log_request /usr/local/lib/python3.8/dist-packages/keystoneauth1/session.py:519}}
Nov 23 18:35:27.993469 n-d-792364-9 neutron-server[103400]: INFO neutron.wsgi [req-2fa7bda1-2c49-4588-bdac-bea096ce0f1c req-441c7c90-d559-4628-a3ce-5b5401c72d05 service neutron] 10.222.0.47 "GET /v2.0/networks/df3ea72b-9fb0-4d1f-9cd9-01d1930c5819?fields=segments HTTP/1.1" status: 200 len: 212 time: 0.2283611
Nov 23 18:35:28.003046 n-d-792364-9 neutron-server[103399]: DEBUG neutron.wsgi [-] (103399) accepted ('10.222.0.37', 37198) {{(pid=103399) server /usr/local/lib/python3.8/dist-packages/eventlet/wsgi.py:1004}}
Nov 23 18:35:28.017221 n-d-792364-9 neutron-server[103401]: DEBUG neutron.plugins.ml2.db [None req-bd76f371-7c7a-494e-bb3d-f3e967cd6fef None None] For port df4a1fc4-373b-4650-8fbe-29daa4f9ae4f, host n-h2-792364-9, got binding levels [PortBindingLevel(driver='hyperv',host='n-h2-792364-9',level=0,port_id=df4a1fc4-373b-4650-8fbe-29daa4f9ae4f,segment=NetworkSegment(2def6cbc-40e2-4758-989a-12ea5e4239fb),segment_id=2def6cbc-40e2-4758-989a-12ea5e4239fb)] {{(pid=103401) get_binding_level_objs /opt/stack/neutron/neutron/plugins/ml2/db.py:74}}
Nov 23 18:35:28.026160 n-d-792364-9 neutron-server[103401]: DEBUG neutron_lib.callbacks.manager [None req-bd76f371-7c7a-494e-bb3d-f3e967cd6fef None None] Publish callbacks ['neutron.plugins.ml2.plugin.SecurityGroupServerNotifierRpcMixin._notify_sg_on_port_change-775761', 'neutron.plugins.ml2.ovo_rpc._ObjectChangeHandler.handle_event-1989533', 'neutron.api.rpc.agentnotifiers.dhcp_rpc_agent_api.DhcpAgentNotifyAPI._native_event_send_dhcp_notification-1804089', 'neutron.db.l3_db.L3RpcNotifierMixin._notify_gateway_port_ip_changed-8747630957550', 'neutron.db.l3_dvrscheduler_db._notify_l3_agent_port_update-8747630525678', 'neutron.db.l3_hascheduler_db._notify_l3_agent_ha_port_update-8747630526468'] for port, after_update {{(pid=103401) _notify_loop /usr/local/lib/python3.8/dist-packages/neutron_lib/callbacks/manager.py:175}}
Nov 23 18:35:28.027030 n-d-792364-9 neutron-server[103401]: DEBUG neutron.plugins.ml2.rpc [None req-bd76f371-7c7a-494e-bb3d-f3e967cd6fef None None] Device 3bfadb9f-233a-4859-87f1-4017482603d5 no longer exists at agent hyperv_n-h2-792364-9 {{(pid=103401) update_device_down /opt/stack/neutron/neutron/plugins/ml2/rpc.py:259}}
Nov 23 18:35:28.028429 n-d-792364-9 neutron-server[103400]: INFO neutron.wsgi [req-714c7a9f-ced0-4f75-beaa-97f6c6bafaf9 req-62ee19b3-fb74-4d69-8681-625ed5d31927 tempest-QuotasAdminNegativeTest-1405111002 tempest-QuotasAdminNegativeTest-1405111002-project] 10.222.0.37 "GET /v2.0/quotas/2a3ab19ad4e34b119fbadccf78fce76d HTTP/1.1" status: 200 len: 375 time: 0.0336738
Nov 23 18:35:28.062446 n-d-792364-9 neutron-server[103401]: DEBUG neutron.plugins.ml2.plugin [None req-bd76f371-7c7a-494e-bb3d-f3e967cd6fef None None] No Port match for: 3bfadb9f-233a-4859-87f1-4017482603d5 {{(pid=103401) port_bound_to_host /opt/stack/neutron/neutron/plugins/ml2/plugin.py:2272}}
Nov 23 18:35:28.062974 n-d-792364-9 neutron-server[103401]: DEBUG neutron.plugins.ml2.rpc [None req-bd76f371-7c7a-494e-bb3d-f3e967cd6fef None None] Device 3bfadb9f-233a-4859-87f1-4017482603d5 not bound to the agent host n-h2-792364-9 {{(pid=103401) update_device_down /opt/stack/neutron/neutron/plugins/ml2/rpc.py:269}}
Nov 23 18:35:28.076486 n-d-792364-9 neutron-server[103401]: DEBUG novaclient.v2.client [-] RESP: [200] Connection: close Content-Length: 183 Content-Type: application/json Date: Tue, 23 Nov 2021 18:35:28 GMT OpenStack-API-Version: compute 2.1 Server: Apache/2.4.41 (Ubuntu) Vary: OpenStack-API-Version,X-OpenStack-Nova-API-Version X-OpenStack-Nova-API-Version: 2.1 x-compute-request-id: req-913b0e3d-a951-4cf0-ba1e-8be88538ca98 x-openstack-request-id: req-913b0e3d-a951-4cf0-ba1e-8be88538ca98 {{(pid=103401) _http_log_response /usr/local/lib/python3.8/dist-packages/keystoneauth1/session.py:550}}
Nov 23 18:35:28.076850 n-d-792364-9 neutron-server[103401]: DEBUG novaclient.v2.client [-] RESP BODY: {"events": [{"server_uuid": "bde7c18e-d91d-4e26-b673-77b6ef7b4df8", "name": "network-vif-plugged", "status": "completed", "tag": "df4a1fc4-373b-4650-8fbe-29daa4f9ae4f", "code": 200}]} {{(pid=103401) _http_log_response /usr/local/lib/python3.8/dist-packages/keystoneauth1/session.py:582}}
Nov 23 18:35:28.077123 n-d-792364-9 neutron-server[103401]: DEBUG novaclient.v2.client [-] POST call to compute for http://10.222.0.37/compute/v2.1/os-server-external-events used request id req-913b0e3d-a951-4cf0-ba1e-8be88538ca98 {{(pid=103401) request /usr/local/lib/python3.8/dist-packages/keystoneauth1/session.py:954}}
Nov 23 18:35:28.079862 n-d-792364-9 neutron-server[103401]: INFO neutron.notifiers.nova [-] Nova event response: {'server_uuid': 'bde7c18e-d91d-4e26-b673-77b6ef7b4df8', 'name': 'network-vif-plugged', 'status': 'completed', 'tag': 'df4a1fc4-373b-4650-8fbe-29daa4f9ae4f', 'code': 200}
Nov 23 18:35:28.081512 n-d-792364-9 neutron-server[103401]: DEBUG neutron.api.rpc.handlers.resources_rpc [None req-bd76f371-7c7a-494e-bb3d-f3e967cd6fef None None] Pushing event updated for resources: {'Port': ['ID=fe31cbe3-711d-4fa5-9138-01461e2cf7af,revision_number=4']} {{(pid=103401) push /opt/stack/neutron/neutron/api/rpc/handlers/resources_rpc.py:237}}
Nov 23 18:35:28.114821 n-d-792364-9 neutron-server[103400]: INFO neutron.wsgi [req-714c7a9f-ced0-4f75-beaa-97f6c6bafaf9 req-e7035d8d-de81-444f-8ea1-e9e05d2763cb tempest-QuotasAdminNegativeTest-1405111002 tempest-QuotasAdminNegativeTest-1405111002-project] 10.222.0.37 "GET /v2.0/ports?tenant_id=2a3ab19ad4e34b119fbadccf78fce76d&fields=id HTTP/1.1" status: 200 len: 210 time: 0.0791707
Nov 23 18:35:28.155783 n-d-792364-9 neutron-server[103401]: DEBUG neutron.api.rpc.handlers.resources_rpc [None req-bd76f371-7c7a-494e-bb3d-f3e967cd6fef None None] Pushing event updated for resources: {'Port': ['ID=df4a1fc4-373b-4650-8fbe-29daa4f9ae4f,revision_number=5']} {{(pid=103401) push /opt/stack/neutron/neutron/api/rpc/handlers/resources_rpc.py:237}}
Nov 23 18:35:28.222677 n-d-792364-9 neutron-server[103400]: DEBUG neutron.wsgi [-] (103400) accepted ('10.222.0.37', 37204) {{(pid=103400) server /usr/local/lib/python3.8/dist-packages/eventlet/wsgi.py:1004}}
Nov 23 18:35:28.249787 n-d-792364-9 neutron-server[103400]: INFO neutron.wsgi [req-2fa7bda1-2c49-4588-bdac-bea096ce0f1c req-14f75bfb-d2f2-4c54-81e5-5e1630af3daf service neutron] 10.222.0.47 "GET /v2.0/networks/df3ea72b-9fb0-4d1f-9cd9-01d1930c5819?fields=provider%3Aphysical_network&fields=provider%3Anetwork_type HTTP/1.1" status: 200 len: 281 time: 0.2124918
Nov 23 18:35:28.276527 n-d-792364-9 neutron-server[103399]: DEBUG neutron_lib.callbacks.manager [None req-b35c89ad-cdcd-4650-80c0-02277ad5f3ed admin admin] Publish callbacks [] for security_group, before_create {{(pid=103399) _notify_loop /usr/local/lib/python3.8/dist-packages/neutron_lib/callbacks/manager.py:175}}
Nov 23 18:35:28.305694 n-d-792364-9 neutron-server[103400]: INFO neutron.wsgi [None req-656c37b3-cfbf-49b4-954c-625be6ca4799 admin admin] 10.222.0.37 "GET /v2.0/security-groups?tenant_id=96a07d68ae184d8bbea8104c62da6252&name=default HTTP/1.1" status: 200 len: 2996 time: 0.0816991
Nov 23 18:35:28.309136 n-d-792364-9 neutron-server[103401]: DEBUG neutron.plugins.ml2.db [None req-bd76f371-7c7a-494e-bb3d-f3e967cd6fef None None] get_ports_and_sgs() called for port_ids ['fe31cbe3-711d-4fa5-9138-01461e2cf7af'] {{(pid=103401) get_ports_and_sgs /opt/stack/neutron/neutron/plugins/ml2/db.py:156}}
Nov 23 18:35:28.310384 n-d-792364-9 neutron-server[103400]: DEBUG neutron.wsgi [-] (103400) accepted ('10.222.0.37', 37214) {{(pid=103400) server /usr/local/lib/python3.8/dist-packages/eventlet/wsgi.py:1004}}
Nov 23 18:35:28.311606 n-d-792364-9 neutron-server[103399]: DEBUG neutron.pecan_wsgi.hooks.policy_enforcement [req-5f9b2b8a-2393-4c7e-a298-aa2f5794c784 req-6709edca-4787-4dfa-ac36-ca58484bcae3 service neutron] Attributes excluded by policy engine: ['standard_attr_id'] {{(pid=103399) _exclude_attributes_by_policy /opt/stack/neutron/neutron/pecan_wsgi/hooks/policy_enforcement.py:255}}
Nov 23 18:35:28.313387 n-d-792364-9 neutron-server[103399]: INFO neutron.wsgi [req-5f9b2b8a-2393-4c7e-a298-aa2f5794c784 req-6709edca-4787-4dfa-ac36-ca58484bcae3 service neutron] 10.222.0.50 "GET /v2.0/ports?device_id=bde7c18e-d91d-4e26-b673-77b6ef7b4df8 HTTP/1.1" status: 200 len: 1101 time: 0.1549246
Nov 23 18:35:28.374707 n-d-792364-9 neutron-server[103400]: DEBUG neutron_lib.callbacks.manager [None req-6df6959c-fc45-45bd-ad44-5daa18c5c9f9 admin admin] Publish callbacks [] for security_group, before_delete {{(pid=103400) _notify_loop /usr/local/lib/python3.8/dist-packages/neutron_lib/callbacks/manager.py:175}}
Nov 23 18:35:28.403206 n-d-792364-9 neutron-server[103400]: DEBUG neutron_lib.callbacks.manager [None req-6df6959c-fc45-45bd-ad44-5daa18c5c9f9 admin admin] Publish callbacks [] for security_group, precommit_delete {{(pid=103400) _notify_loop /usr/local/lib/python3.8/dist-packages/neutron_lib/callbacks/manager.py:175}}
Nov 23 18:35:28.457399 n-d-792364-9 neutron-server[103399]: DEBUG neutron.pecan_wsgi.hooks.policy_enforcement [req-645f3aa1-a9fc-4a35-9d0a-32f03f992ec6 req-c68b5126-7848-4340-bdc3-1b94ea1859e2 tempest-MigrationsAdminTest-1459988761 tempest-MigrationsAdminTest-1459988761-project] Attributes excluded by policy engine: ['standard_attr_id', 'binding:profile', 'binding:host_id', 'binding:vif_type', 'binding:vif_details'] {{(pid=103399) _exclude_attributes_by_policy /opt/stack/neutron/neutron/pecan_wsgi/hooks/policy_enforcement.py:255}}
Nov 23 18:35:28.464275 n-d-792364-9 neutron-server[103399]: INFO neutron.wsgi [req-645f3aa1-a9fc-4a35-9d0a-32f03f992ec6 req-c68b5126-7848-4340-bdc3-1b94ea1859e2 tempest-MigrationsAdminTest-1459988761 tempest-MigrationsAdminTest-1459988761-project] 10.222.0.37 "GET /v2.0/ports?device_id=49850aac-e742-43fc-b7e4-cc24fc9ef284 HTTP/1.1" status: 200 len: 950 time: 0.1451917
Nov 23 18:35:28.467377 n-d-792364-9 neutron-server[103400]: DEBUG neutron_lib.callbacks.manager [None req-6df6959c-fc45-45bd-ad44-5daa18c5c9f9 admin admin] Publish callbacks ['neutron.plugins.ml2.ovo_rpc._ObjectChangeHandler.handle_event-1629484'] for security_group, after_delete {{(pid=103400) _notify_loop /usr/local/lib/python3.8/dist-packages/neutron_lib/callbacks/manager.py:175}}
Nov 23 18:35:28.474299 n-d-792364-9 neutron-server[103400]: DEBUG neutron_lib.callbacks.manager [None req-6df6959c-fc45-45bd-ad44-5daa18c5c9f9 admin admin] Publish callbacks [] for security_group, before_response {{(pid=103400) _notify_loop /usr/local/lib/python3.8/dist-packages/neutron_lib/callbacks/manager.py:175}}
Nov 23 18:35:28.475684 n-d-792364-9 neutron-server[103400]: INFO neutron.wsgi [None req-6df6959c-fc45-45bd-ad44-5daa18c5c9f9 admin admin] 10.222.0.37 "DELETE /v2.0/security-groups/d2ff0f29-a14b-4028-b1b2-53c1c08a0bed HTTP/1.1" status: 204 len: 168 time: 0.1614099
Nov 23 18:35:28.487943 n-d-792364-9 neutron-server[103400]: DEBUG neutron.api.rpc.handlers.resources_rpc [None req-6df6959c-fc45-45bd-ad44-5daa18c5c9f9 admin admin] Pushing event deleted for resources: {'SecurityGroup': ['ID=d2ff0f29-a14b-4028-b1b2-53c1c08a0bed,revision_number=None']} {{(pid=103400) push /opt/stack/neutron/neutron/api/rpc/handlers/resources_rpc.py:237}}
Nov 23 18:35:28.506877 n-d-792364-9 neutron-server[103399]: DEBUG neutron_lib.callbacks.manager [None req-b35c89ad-cdcd-4650-80c0-02277ad5f3ed admin admin] Publish callbacks [] for security_group, precommit_create {{(pid=103399) _notify_loop /usr/local/lib/python3.8/dist-packages/neutron_lib/callbacks/manager.py:175}}
Nov 23 18:35:28.510048 n-d-792364-9 neutron-server[103399]: INFO neutron.wsgi [req-5f9b2b8a-2393-4c7e-a298-aa2f5794c784 req-277029e2-da13-478e-b8be-1260b47743ce service neutron] 10.222.0.50 "GET /v2.0/security-groups?id=21296e65-07e1-4cde-9b56-9435c1f99cbc&fields=id&fields=name HTTP/1.1" status: 200 len: 286 time: 0.1746883
Nov 23 18:35:28.520174 n-d-792364-9 neutron-server[103399]: DEBUG neutron_lib.callbacks.manager [None req-b35c89ad-cdcd-4650-80c0-02277ad5f3ed admin admin] Publish callbacks ['neutron.plugins.ml2.ovo_rpc._ObjectChangeHandler.handle_event-1629484'] for security_group, after_create {{(pid=103399) _notify_loop /usr/local/lib/python3.8/dist-packages/neutron_lib/callbacks/manager.py:175}}
Nov 23 18:35:28.582932 n-d-792364-9 neutron-server[103399]: DEBUG neutron.api.rpc.handlers.resources_rpc [None req-b35c89ad-cdcd-4650-80c0-02277ad5f3ed admin admin] Pushing event updated for resources: {'SecurityGroup': ['ID=70a6509d-4253-4ef3-8b89-d17678fbf359,revision_number=1']} {{(pid=103399) push /opt/stack/neutron/neutron/api/rpc/handlers/resources_rpc.py:237}}
Nov 23 18:35:28.587356 n-d-792364-9 neutron-server[103399]: INFO neutron.wsgi [None req-b35c89ad-cdcd-4650-80c0-02277ad5f3ed admin admin] 10.222.0.37 "GET /v2.0/security-groups?tenant_id=b5859187a3dd43d387df60360f6a1895&name=default HTTP/1.1" status: 200 len: 2996 time: 0.5831008
Nov 23 18:35:28.592609 n-d-792364-9 neutron-server[103400]: DEBUG neutron.wsgi [-] (103400) accepted ('10.222.0.37', 37218) {{(pid=103400) server /usr/local/lib/python3.8/dist-packages/eventlet/wsgi.py:1004}}
Nov 23 18:35:28.629165 n-d-792364-9 neutron-server[103399]: INFO neutron.wsgi [req-645f3aa1-a9fc-4a35-9d0a-32f03f992ec6 req-8f95833f-1003-4379-a26a-39b7ae015df4 tempest-MigrationsAdminTest-1459988761 tempest-MigrationsAdminTest-1459988761-project] 10.222.0.37 "GET /v2.0/security-groups?id=c54c5e51-5d2e-4936-800b-5f93dda7e50e&fields=id&fields=name HTTP/1.1" status: 200 len: 286 time: 0.1176240
Nov 23 18:35:28.694037 n-d-792364-9 neutron-server[103400]: DEBUG neutron_lib.callbacks.manager [None req-7836176d-ed87-483f-9b44-f35aaa06cdde admin admin] Publish callbacks [] for security_group, before_delete {{(pid=103400) _notify_loop /usr/local/lib/python3.8/dist-packages/neutron_lib/callbacks/manager.py:175}}
Nov 23 18:35:28.723832 n-d-792364-9 neutron-server[103400]: DEBUG neutron_lib.callbacks.manager [None req-7836176d-ed87-483f-9b44-f35aaa06cdde admin admin] Publish callbacks [] for security_group, precommit_delete {{(pid=103400) _notify_loop /usr/local/lib/python3.8/dist-packages/neutron_lib/callbacks/manager.py:175}}
Nov 23 18:35:28.784846 n-d-792364-9 neutron-server[103399]: DEBUG neutron.pecan_wsgi.hooks.policy_enforcement [req-434998e1-f837-4768-bf8a-4ce005aab11c req-8da4e250-0101-4471-8608-ed73d7e7b2fc tempest-DeleteServersAdminTestJSON-1321154434 tempest-DeleteServersAdminTestJSON-1321154434-project] Attributes excluded by policy engine: ['standard_attr_id', 'binding:profile', 'binding:host_id', 'binding:vif_type', 'binding:vif_details'] {{(pid=103399) _exclude_attributes_by_policy /opt/stack/neutron/neutron/pecan_wsgi/hooks/policy_enforcement.py:255}}
Nov 23 18:35:28.792971 n-d-792364-9 neutron-server[103399]: INFO neutron.wsgi [req-434998e1-f837-4768-bf8a-4ce005aab11c req-8da4e250-0101-4471-8608-ed73d7e7b2fc tempest-DeleteServersAdminTestJSON-1321154434 tempest-DeleteServersAdminTestJSON-1321154434-project] 10.222.0.37 "GET /v2.0/ports?device_id=cd45f830-3f32-4c4a-87dd-1bca8ede9252 HTTP/1.1" status: 200 len: 948 time: 0.0804076
Nov 23 18:35:28.827439 n-d-792364-9 neutron-server[103400]: DEBUG neutron_lib.callbacks.manager [None req-7836176d-ed87-483f-9b44-f35aaa06cdde admin admin] Publish callbacks ['neutron.plugins.ml2.ovo_rpc._ObjectChangeHandler.handle_event-1629484'] for security_group, after_delete {{(pid=103400) _notify_loop /usr/local/lib/python3.8/dist-packages/neutron_lib/callbacks/manager.py:175}}
Nov 23 18:35:28.832551 n-d-792364-9 neutron-server[103400]: DEBUG neutron_lib.callbacks.manager [None req-7836176d-ed87-483f-9b44-f35aaa06cdde admin admin] Publish callbacks [] for security_group, before_response {{(pid=103400) _notify_loop /usr/local/lib/python3.8/dist-packages/neutron_lib/callbacks/manager.py:175}}
Nov 23 18:35:28.835405 n-d-792364-9 neutron-server[103400]: INFO neutron.wsgi [None req-7836176d-ed87-483f-9b44-f35aaa06cdde admin admin] 10.222.0.37 "DELETE /v2.0/security-groups/70a6509d-4253-4ef3-8b89-d17678fbf359 HTTP/1.1" status: 204 len: 168 time: 0.2393672
Nov 23 18:35:28.842596 n-d-792364-9 neutron-server[103400]: DEBUG neutron.api.rpc.handlers.resources_rpc [None req-7836176d-ed87-483f-9b44-f35aaa06cdde admin admin] Pushing event deleted for resources: {'SecurityGroup': ['ID=70a6509d-4253-4ef3-8b89-d17678fbf359,revision_number=None']} {{(pid=103400) push /opt/stack/neutron/neutron/api/rpc/handlers/resources_rpc.py:237}}
Nov 23 18:35:28.872001 n-d-792364-9 neutron-server[103399]: INFO neutron.wsgi [req-434998e1-f837-4768-bf8a-4ce005aab11c req-84ac9cd6-0b11-4181-8f4c-9d09b05058b6 tempest-DeleteServersAdminTestJSON-1321154434 tempest-DeleteServersAdminTestJSON-1321154434-project] 10.222.0.37 "GET /v2.0/security-groups?id=f030223f-4dd7-4239-9843-4c1cb5be866f&fields=id&fields=name HTTP/1.1" status: 200 len: 286 time: 0.0770369
Nov 23 18:35:28.963288 n-d-792364-9 neutron-server[103400]: DEBUG neutron.pecan_wsgi.hooks.policy_enforcement [req-6cb50f3d-b427-4de1-99e4-8c3c8a60e336 req-9daf907f-e8fa-4aae-824b-d0f503097e7f tempest-LiveAutoBlockMigrationV225Test-1308930717 tempest-LiveAutoBlockMigrationV225Test-1308930717-project] Attributes excluded by policy engine: ['standard_attr_id', 'binding:profile', 'binding:host_id', 'binding:vif_type', 'binding:vif_details'] {{(pid=103400) _exclude_attributes_by_policy /opt/stack/neutron/neutron/pecan_wsgi/hooks/policy_enforcement.py:255}}
Nov 23 18:35:28.968630 n-d-792364-9 neutron-server[103400]: INFO neutron.wsgi [req-6cb50f3d-b427-4de1-99e4-8c3c8a60e336 req-9daf907f-e8fa-4aae-824b-d0f503097e7f tempest-LiveAutoBlockMigrationV225Test-1308930717 tempest-LiveAutoBlockMigrationV225Test-1308930717-project] 10.222.0.37 "GET /v2.0/ports?device_id=d8ce120f-ae3b-434c-a568-bdc46cc7bbf8 HTTP/1.1" status: 200 len: 944 time: 0.0636044
Nov 23 18:35:28.972453 n-d-792364-9 neutron-server[103401]: DEBUG neutron.plugins.ml2.rpc [None req-9cdc43a5-617e-49b0-bc86-db1c05eb9062 None None] Device 031fa937-2235-4725-ab8e-5fcd9b98f5ae details requested by agent hyperv_n-h1-792364-9 with host n-h1-792364-9 {{(pid=103401) get_device_details /opt/stack/neutron/neutron/plugins/ml2/rpc.py:102}}
Nov 23 18:35:29.065867 n-d-792364-9 neutron-server[103400]: INFO neutron.wsgi [req-6cb50f3d-b427-4de1-99e4-8c3c8a60e336 req-bcbc94f6-382a-4c67-8c0e-97213fb66895 tempest-LiveAutoBlockMigrationV225Test-1308930717 tempest-LiveAutoBlockMigrationV225Test-1308930717-project] 10.222.0.37 "GET /v2.0/security-groups?id=18875323-88e4-488f-b1ae-a1c1bdc2be2f&fields=id&fields=name HTTP/1.1" status: 200 len: 286 time: 0.0794094
Nov 23 18:35:29.134337 n-d-792364-9 neutron-server[103401]: DEBUG neutron.plugins.ml2.db [None req-9cdc43a5-617e-49b0-bc86-db1c05eb9062 None None] For port 031fa937-2235-4725-ab8e-5fcd9b98f5ae, host n-h1-792364-9, got binding levels [PortBindingLevel(driver='hyperv',host='n-h1-792364-9',level=0,port_id=031fa937-2235-4725-ab8e-5fcd9b98f5ae,segment=NetworkSegment(2def6cbc-40e2-4758-989a-12ea5e4239fb),segment_id=2def6cbc-40e2-4758-989a-12ea5e4239fb)] {{(pid=103401) get_binding_level_objs /opt/stack/neutron/neutron/plugins/ml2/db.py:74}}
Nov 23 18:35:29.150100 n-d-792364-9 neutron-server[103401]: DEBUG neutron.plugins.ml2.rpc [None req-9cdc43a5-617e-49b0-bc86-db1c05eb9062 None None] Returning: {'device': '031fa937-2235-4725-ab8e-5fcd9b98f5ae', 'network_id': 'df3ea72b-9fb0-4d1f-9cd9-01d1930c5819', 'port_id': '031fa937-2235-4725-ab8e-5fcd9b98f5ae', 'mac_address': 'fa:16:3e:b4:c9:84', 'admin_state_up': True, 'network_type': 'vlan', 'segmentation_id': 191, 'physical_network': 'physnet1', 'mtu': 1500, 'fixed_ips': [{'subnet_id': 'fbc0a9ad-6b4e-43bd-8fbe-bf8958af6116', 'ip_address': '192.168.233.106'}], 'device_owner': 'compute:nova', 'allowed_address_pairs': [], 'port_security_enabled': True, 'qos_policy_id': None, 'network_qos_policy_id': None, 'profile': {}, 'propagate_uplink_status': False} {{(pid=103401) _get_device_details /opt/stack/neutron/neutron/plugins/ml2/rpc.py:184}}
Nov 23 18:35:29.197135 n-d-792364-9 neutron-server[103401]: DEBUG neutron_lib.callbacks.manager [None req-9cdc43a5-617e-49b0-bc86-db1c05eb9062 None None] Publish callbacks ['neutron.plugins.ml2.plugin.SecurityGroupDbMixin._ensure_default_security_group_handler-776340'] for port, before_update {{(pid=103401) _notify_loop /usr/local/lib/python3.8/dist-packages/neutron_lib/callbacks/manager.py:175}}
Nov 23 18:35:29.217419 n-d-792364-9 neutron-server[103401]: DEBUG neutron.notifiers.nova [None req-9cdc43a5-617e-49b0-bc86-db1c05eb9062 None None] Ignoring state change previous_port_status: DOWN current_port_status: BUILD port_id 031fa937-2235-4725-ab8e-5fcd9b98f5ae {{(pid=103401) record_port_status_changed /opt/stack/neutron/neutron/notifiers/nova.py:224}}
Nov 23 18:35:29.229909 n-d-792364-9 neutron-server[103400]: DEBUG neutron.pecan_wsgi.hooks.policy_enforcement [req-11aed0a5-864d-4d68-87b5-ee441ce58095 req-b3a26cdc-9d77-4de9-8817-b51319ad4716 tempest-ServersAdminNegativeTestJSON-252792443 tempest-ServersAdminNegativeTestJSON-252792443-project] Attributes excluded by policy engine: ['standard_attr_id', 'binding:profile', 'binding:host_id', 'binding:vif_type', 'binding:vif_details'] {{(pid=103400) _exclude_attributes_by_policy /opt/stack/neutron/neutron/pecan_wsgi/hooks/policy_enforcement.py:255}}
Nov 23 18:35:29.230528 n-d-792364-9 neutron-server[103400]: INFO neutron.wsgi [req-11aed0a5-864d-4d68-87b5-ee441ce58095 req-b3a26cdc-9d77-4de9-8817-b51319ad4716 tempest-ServersAdminNegativeTestJSON-252792443 tempest-ServersAdminNegativeTestJSON-252792443-project] 10.222.0.37 "GET /v2.0/ports?device_id=bde7c18e-d91d-4e26-b673-77b6ef7b4df8 HTTP/1.1" status: 200 len: 950 time: 0.0771105
Nov 23 18:35:29.247638 n-d-792364-9 neutron-server[103401]: DEBUG neutron.plugins.ml2.db [None req-9cdc43a5-617e-49b0-bc86-db1c05eb9062 None None] For port 031fa937-2235-4725-ab8e-5fcd9b98f5ae, host n-h1-792364-9, got binding levels [PortBindingLevel(driver='hyperv',host='n-h1-792364-9',level=0,port_id=031fa937-2235-4725-ab8e-5fcd9b98f5ae,segment=NetworkSegment(2def6cbc-40e2-4758-989a-12ea5e4239fb),segment_id=2def6cbc-40e2-4758-989a-12ea5e4239fb)] {{(pid=103401) get_binding_level_objs /opt/stack/neutron/neutron/plugins/ml2/db.py:74}}
Nov 23 18:35:29.253827 n-d-792364-9 neutron-server[103401]: DEBUG neutron_lib.callbacks.manager [None req-9cdc43a5-617e-49b0-bc86-db1c05eb9062 None None] Publish callbacks ['neutron.plugins.ml2.plugin.SecurityGroupServerNotifierRpcMixin._notify_sg_on_port_change-775761', 'neutron.plugins.ml2.ovo_rpc._ObjectChangeHandler.handle_event-1989533', 'neutron.api.rpc.agentnotifiers.dhcp_rpc_agent_api.DhcpAgentNotifyAPI._native_event_send_dhcp_notification-1804089', 'neutron.db.l3_db.L3RpcNotifierMixin._notify_gateway_port_ip_changed-8747630957550', 'neutron.db.l3_dvrscheduler_db._notify_l3_agent_port_update-8747630525678', 'neutron.db.l3_hascheduler_db._notify_l3_agent_ha_port_update-8747630526468'] for port, after_update {{(pid=103401) _notify_loop /usr/local/lib/python3.8/dist-packages/neutron_lib/callbacks/manager.py:175}}
Nov 23 18:35:29.307541 n-d-792364-9 neutron-server[103400]: INFO neutron.wsgi [req-11aed0a5-864d-4d68-87b5-ee441ce58095 req-08184b7a-0e49-468f-be1b-abc45c0c3fbc tempest-ServersAdminNegativeTestJSON-252792443 tempest-ServersAdminNegativeTestJSON-252792443-project] 10.222.0.37 "GET /v2.0/security-groups?id=21296e65-07e1-4cde-9b56-9435c1f99cbc&fields=id&fields=name HTTP/1.1" status: 200 len: 286 time: 0.0692220
Nov 23 18:35:29.333069 n-d-792364-9 neutron-server[103401]: DEBUG neutron.api.rpc.handlers.resources_rpc [None req-9cdc43a5-617e-49b0-bc86-db1c05eb9062 None None] Pushing event updated for resources: {'Port': ['ID=031fa937-2235-4725-ab8e-5fcd9b98f5ae,revision_number=4']} {{(pid=103401) push /opt/stack/neutron/neutron/api/rpc/handlers/resources_rpc.py:237}}
Nov 23 18:35:29.337541 n-d-792364-9 neutron-server[103400]: DEBUG neutron.wsgi [-] (103400) accepted ('10.222.0.37', 37242) {{(pid=103400) server /usr/local/lib/python3.8/dist-packages/eventlet/wsgi.py:1004}}
Nov 23 18:35:29.355478 n-d-792364-9 neutron-server[103400]: DEBUG neutron_lib.callbacks.manager [None req-767c38b5-8241-4e3f-8f49-7e8d8b238d37 admin admin] Publish callbacks [] for security_group, before_create {{(pid=103400) _notify_loop /usr/local/lib/python3.8/dist-packages/neutron_lib/callbacks/manager.py:175}}
Nov 23 18:35:29.362238 n-d-792364-9 neutron-server[103401]: DEBUG neutron.plugins.ml2.rpc [None req-bd76f371-7c7a-494e-bb3d-f3e967cd6fef None None] Device fe31cbe3-711d-4fa5-9138-01461e2cf7af up at agent hyperv_n-h2-792364-9 {{(pid=103401) update_device_up /opt/stack/neutron/neutron/plugins/ml2/rpc.py:296}}
Nov 23 18:35:29.465190 n-d-792364-9 neutron-server[103401]: DEBUG neutron.db.provisioning_blocks [None req-bd76f371-7c7a-494e-bb3d-f3e967cd6fef None None] Provisioning for port fe31cbe3-711d-4fa5-9138-01461e2cf7af completed by entity L2. {{(pid=103401) provisioning_complete /opt/stack/neutron/neutron/db/provisioning_blocks.py:133}}
Nov 23 18:35:29.470092 n-d-792364-9 neutron-server[103401]: DEBUG neutron.db.provisioning_blocks [None req-bd76f371-7c7a-494e-bb3d-f3e967cd6fef None None] Provisioning complete for port fe31cbe3-711d-4fa5-9138-01461e2cf7af triggered by entity L2. {{(pid=103401) provisioning_complete /opt/stack/neutron/neutron/db/provisioning_blocks.py:139}}
Nov 23 18:35:29.470715 n-d-792364-9 neutron-server[103401]: DEBUG neutron_lib.callbacks.manager [None req-bd76f371-7c7a-494e-bb3d-f3e967cd6fef None None] Publish callbacks ['neutron.plugins.ml2.plugin.Ml2Plugin._port_provisioned-670879'] for port, provisioning_complete {{(pid=103401) _notify_loop /usr/local/lib/python3.8/dist-packages/neutron_lib/callbacks/manager.py:175}}
Nov 23 18:35:29.475305 n-d-792364-9 neutron-server[103400]: DEBUG neutron_lib.callbacks.manager [None req-767c38b5-8241-4e3f-8f49-7e8d8b238d37 admin admin] Publish callbacks [] for security_group, precommit_create {{(pid=103400) _notify_loop /usr/local/lib/python3.8/dist-packages/neutron_lib/callbacks/manager.py:175}}
Nov 23 18:35:29.482150 n-d-792364-9 neutron-server[103400]: DEBUG neutron_lib.callbacks.manager [None req-767c38b5-8241-4e3f-8f49-7e8d8b238d37 admin admin] Publish callbacks ['neutron.plugins.ml2.ovo_rpc._ObjectChangeHandler.handle_event-1629484'] for security_group, after_create {{(pid=103400) _notify_loop /usr/local/lib/python3.8/dist-packages/neutron_lib/callbacks/manager.py:175}}
Nov 23 18:35:29.516953 n-d-792364-9 neutron-server[103401]: DEBUG neutron.plugins.ml2.db [None req-9cdc43a5-617e-49b0-bc86-db1c05eb9062 None None] get_ports_and_sgs() called for port_ids ['031fa937-2235-4725-ab8e-5fcd9b98f5ae'] {{(pid=103401) get_ports_and_sgs /opt/stack/neutron/neutron/plugins/ml2/db.py:156}}
Nov 23 18:35:29.566740 n-d-792364-9 neutron-server[103400]: DEBUG neutron.api.rpc.handlers.resources_rpc [None req-767c38b5-8241-4e3f-8f49-7e8d8b238d37 admin admin] Pushing event updated for resources: {'SecurityGroup': ['ID=2f59ae13-52a5-4bac-bf11-d43e724ecd14,revision_number=1']} {{(pid=103400) push /opt/stack/neutron/neutron/api/rpc/handlers/resources_rpc.py:237}}
Nov 23 18:35:29.571574 n-d-792364-9 neutron-server[103400]: INFO neutron.wsgi [None req-767c38b5-8241-4e3f-8f49-7e8d8b238d37 admin admin] 10.222.0.37 "GET /v2.0/security-groups?tenant_id=da02bf295eb54a228d230b86602cb2d0&name=default HTTP/1.1" status: 200 len: 2996 time: 0.2324562
Nov 23 18:35:29.574220 n-d-792364-9 neutron-server[103400]: DEBUG neutron.wsgi [-] (103400) accepted ('10.222.0.37', 37248) {{(pid=103400) server /usr/local/lib/python3.8/dist-packages/eventlet/wsgi.py:1004}}
Nov 23 18:35:29.650048 n-d-792364-9 neutron-server[103400]: DEBUG neutron_lib.callbacks.manager [None req-1f72b151-7a41-4838-89e7-56b9ef4931f0 admin admin] Publish callbacks [] for security_group, before_delete {{(pid=103400) _notify_loop /usr/local/lib/python3.8/dist-packages/neutron_lib/callbacks/manager.py:175}}
Nov 23 18:35:29.686361 n-d-792364-9 neutron-server[103400]: DEBUG neutron_lib.callbacks.manager [None req-1f72b151-7a41-4838-89e7-56b9ef4931f0 admin admin] Publish callbacks [] for security_group, precommit_delete {{(pid=103400) _notify_loop /usr/local/lib/python3.8/dist-packages/neutron_lib/callbacks/manager.py:175}}
Nov 23 18:35:29.698167 n-d-792364-9 neutron-server[103401]: DEBUG neutron_lib.callbacks.manager [None req-bd76f371-7c7a-494e-bb3d-f3e967cd6fef None None] Publish callbacks ['neutron.plugins.ml2.plugin.SecurityGroupDbMixin._ensure_default_security_group_handler-776340'] for port, before_update {{(pid=103401) _notify_loop /usr/local/lib/python3.8/dist-packages/neutron_lib/callbacks/manager.py:175}}
Nov 23 18:35:29.723148 n-d-792364-9 neutron-server[103401]: DEBUG neutron_lib.callbacks.manager [None req-5a65ed0c-b8bd-47dc-9501-4f6ce2a1daa5 None None] Publish callbacks ['neutron.services.segments.db._update_segment_host_mapping_for_agent-8747631054529', 'neutron.plugins.ml2.plugin.Ml2Plugin._retry_binding_revived_agents-670538'] for agent, after_update {{(pid=103401) _notify_loop /usr/local/lib/python3.8/dist-packages/neutron_lib/callbacks/manager.py:175}}
Nov 23 18:35:29.772379 n-d-792364-9 neutron-server[103401]: DEBUG neutron.plugins.ml2.db [None req-bd76f371-7c7a-494e-bb3d-f3e967cd6fef None None] For port fe31cbe3-711d-4fa5-9138-01461e2cf7af, host n-h2-792364-9, got binding levels [PortBindingLevel(driver='hyperv',host='n-h2-792364-9',level=0,port_id=fe31cbe3-711d-4fa5-9138-01461e2cf7af,segment=NetworkSegment(c80349ce-ce10-4845-a1bd-4bfc15db03b7),segment_id=c80349ce-ce10-4845-a1bd-4bfc15db03b7)] {{(pid=103401) get_binding_level_objs /opt/stack/neutron/neutron/plugins/ml2/db.py:74}}
Nov 23 18:35:29.786379 n-d-792364-9 neutron-server[103401]: DEBUG neutron_lib.callbacks.manager [None req-bd76f371-7c7a-494e-bb3d-f3e967cd6fef None None] Publish callbacks ['neutron.plugins.ml2.plugin.SecurityGroupServerNotifierRpcMixin._notify_sg_on_port_change-775761', 'neutron.plugins.ml2.ovo_rpc._ObjectChangeHandler.handle_event-1989533', 'neutron.api.rpc.agentnotifiers.dhcp_rpc_agent_api.DhcpAgentNotifyAPI._native_event_send_dhcp_notification-1804089', 'neutron.db.l3_db.L3RpcNotifierMixin._notify_gateway_port_ip_changed-8747630957550', 'neutron.db.l3_dvrscheduler_db._notify_l3_agent_port_update-8747630525678', 'neutron.db.l3_hascheduler_db._notify_l3_agent_ha_port_update-8747630526468'] for port, after_update {{(pid=103401) _notify_loop /usr/local/lib/python3.8/dist-packages/neutron_lib/callbacks/manager.py:175}}
Nov 23 18:35:29.794351 n-d-792364-9 neutron-server[103400]: DEBUG neutron_lib.callbacks.manager [None req-1f72b151-7a41-4838-89e7-56b9ef4931f0 admin admin] Publish callbacks ['neutron.plugins.ml2.ovo_rpc._ObjectChangeHandler.handle_event-1629484'] for security_group, after_delete {{(pid=103400) _notify_loop /usr/local/lib/python3.8/dist-packages/neutron_lib/callbacks/manager.py:175}}
Nov 23 18:35:29.802078 n-d-792364-9 neutron-server[103400]: DEBUG neutron_lib.callbacks.manager [None req-1f72b151-7a41-4838-89e7-56b9ef4931f0 admin admin] Publish callbacks [] for security_group, before_response {{(pid=103400) _notify_loop /usr/local/lib/python3.8/dist-packages/neutron_lib/callbacks/manager.py:175}}
Nov 23 18:35:29.802078 n-d-792364-9 neutron-server[103400]: INFO neutron.wsgi [None req-1f72b151-7a41-4838-89e7-56b9ef4931f0 admin admin] 10.222.0.37 "DELETE /v2.0/security-groups/2f59ae13-52a5-4bac-bf11-d43e724ecd14 HTTP/1.1" status: 204 len: 168 time: 0.2263672
Nov 23 18:35:29.844446 n-d-792364-9 neutron-server[103400]: DEBUG neutron.api.rpc.handlers.resources_rpc [None req-1f72b151-7a41-4838-89e7-56b9ef4931f0 admin admin] Pushing event deleted for resources: {'SecurityGroup': ['ID=2f59ae13-52a5-4bac-bf11-d43e724ecd14,revision_number=None']} {{(pid=103400) push /opt/stack/neutron/neutron/api/rpc/handlers/resources_rpc.py:237}}
Nov 23 18:35:29.895196 n-d-792364-9 neutron-server[103401]: DEBUG neutron.api.rpc.handlers.resources_rpc [None req-bd76f371-7c7a-494e-bb3d-f3e967cd6fef None None] Pushing event updated for resources: {'Port': ['ID=fe31cbe3-711d-4fa5-9138-01461e2cf7af,revision_number=5']} {{(pid=103401) push /opt/stack/neutron/neutron/api/rpc/handlers/resources_rpc.py:237}}
Nov 23 18:35:29.927962 n-d-792364-9 neutron-server[103399]: DEBUG neutron.pecan_wsgi.hooks.policy_enforcement [req-10bc51ab-771d-473b-8d26-aea39cb1a1e5 req-1d2183f4-d7b4-411d-8195-61b3e2c7ee1e tempest-MigrationsAdminTest-1459988761 tempest-MigrationsAdminTest-1459988761-project] Attributes excluded by policy engine: ['standard_attr_id', 'binding:profile', 'binding:host_id', 'binding:vif_type', 'binding:vif_details'] {{(pid=103399) _exclude_attributes_by_policy /opt/stack/neutron/neutron/pecan_wsgi/hooks/policy_enforcement.py:255}}
Nov 23 18:35:29.930385 n-d-792364-9 neutron-server[103399]: INFO neutron.wsgi [req-10bc51ab-771d-473b-8d26-aea39cb1a1e5 req-1d2183f4-d7b4-411d-8195-61b3e2c7ee1e tempest-MigrationsAdminTest-1459988761 tempest-MigrationsAdminTest-1459988761-project] 10.222.0.37 "GET /v2.0/ports?device_id=49850aac-e742-43fc-b7e4-cc24fc9ef284 HTTP/1.1" status: 200 len: 950 time: 0.1607134
Nov 23 18:35:30.008583 n-d-792364-9 neutron-server[103399]: INFO neutron.wsgi [req-10bc51ab-771d-473b-8d26-aea39cb1a1e5 req-2a189d8e-9699-4049-ac41-c31db89efbdf tempest-MigrationsAdminTest-1459988761 tempest-MigrationsAdminTest-1459988761-project] 10.222.0.37 "GET /v2.0/security-groups?id=c54c5e51-5d2e-4936-800b-5f93dda7e50e&fields=id&fields=name HTTP/1.1" status: 200 len: 286 time: 0.0692527
Nov 23 18:35:30.080679 n-d-792364-9 neutron-server[103401]: DEBUG neutron.notifiers.nova [-] Sending events: [{'server_uuid': 'd8ce120f-ae3b-434c-a568-bdc46cc7bbf8', 'name': 'network-vif-plugged', 'status': 'completed', 'tag': 'fe31cbe3-711d-4fa5-9138-01461e2cf7af'}] {{(pid=103401) send_events /opt/stack/neutron/neutron/notifiers/nova.py:262}}
Nov 23 18:35:30.084528 n-d-792364-9 neutron-server[103401]: DEBUG novaclient.v2.client [-] REQ: curl -g -i --cacert "/opt/stack/data/ca-bundle.pem" -X POST http://10.222.0.37/compute/v2.1/os-server-external-events -H "Accept: application/json" -H "Content-Type: application/json" -H "User-Agent: python-novaclient" -H "X-Auth-Token: {SHA256}0bb28ed82a8953f1d51fbdaf61c07238b40e36ea46a51890af3652873e919e8e" -H "X-OpenStack-Nova-API-Version: 2.1" -H "X-OpenStack-Request-ID: req-c467b4ec-490e-4ce0-a916-ccc1467dd218" -d '{"events": [{"server_uuid": "d8ce120f-ae3b-434c-a568-bdc46cc7bbf8", "name": "network-vif-plugged", "status": "completed", "tag": "fe31cbe3-711d-4fa5-9138-01461e2cf7af"}]}' {{(pid=103401) _http_log_request /usr/local/lib/python3.8/dist-packages/keystoneauth1/session.py:519}}
Nov 23 18:35:30.215735 n-d-792364-9 neutron-server[103399]: DEBUG neutron.pecan_wsgi.hooks.policy_enforcement [req-a77f985c-0acb-4670-b1ea-0813e56f044e req-5cee7053-f92c-45f2-9ed6-72f7b0c9fbb1 tempest-DeleteServersAdminTestJSON-1321154434 tempest-DeleteServersAdminTestJSON-1321154434-project] Attributes excluded by policy engine: ['standard_attr_id', 'binding:profile', 'binding:host_id', 'binding:vif_type', 'binding:vif_details'] {{(pid=103399) _exclude_attributes_by_policy /opt/stack/neutron/neutron/pecan_wsgi/hooks/policy_enforcement.py:255}}
Nov 23 18:35:30.218384 n-d-792364-9 neutron-server[103399]: INFO neutron.wsgi [req-a77f985c-0acb-4670-b1ea-0813e56f044e req-5cee7053-f92c-45f2-9ed6-72f7b0c9fbb1 tempest-DeleteServersAdminTestJSON-1321154434 tempest-DeleteServersAdminTestJSON-1321154434-project] 10.222.0.37 "GET /v2.0/ports?device_id=cd45f830-3f32-4c4a-87dd-1bca8ede9252 HTTP/1.1" status: 200 len: 949 time: 0.0895841
Nov 23 18:35:30.249837 n-d-792364-9 neutron-server[103400]: DEBUG neutron.pecan_wsgi.hooks.policy_enforcement [req-f20f0413-f277-41ba-bf38-1e4f254ea84b req-ccb71d56-0483-4bba-a271-d55ee15d33ec tempest-LiveAutoBlockMigrationV225Test-1308930717 tempest-LiveAutoBlockMigrationV225Test-1308930717-project] Attributes excluded by policy engine: ['standard_attr_id', 'binding:profile', 'binding:host_id', 'binding:vif_type', 'binding:vif_details'] {{(pid=103400) _exclude_attributes_by_policy /opt/stack/neutron/neutron/pecan_wsgi/hooks/policy_enforcement.py:255}}
Nov 23 18:35:30.252020 n-d-792364-9 neutron-server[103400]: INFO neutron.wsgi [req-f20f0413-f277-41ba-bf38-1e4f254ea84b req-ccb71d56-0483-4bba-a271-d55ee15d33ec tempest-LiveAutoBlockMigrationV225Test-1308930717 tempest-LiveAutoBlockMigrationV225Test-1308930717-project] 10.222.0.37 "GET /v2.0/ports?device_id=d8ce120f-ae3b-434c-a568-bdc46cc7bbf8 HTTP/1.1" status: 200 len: 945 time: 0.0688210
Nov 23 18:35:30.308286 n-d-792364-9 neutron-server[103399]: INFO neutron.wsgi [req-a77f985c-0acb-4670-b1ea-0813e56f044e req-84e719cb-66c2-4bf8-82dc-bd89e433a010 tempest-DeleteServersAdminTestJSON-1321154434 tempest-DeleteServersAdminTestJSON-1321154434-project] 10.222.0.37 "GET /v2.0/security-groups?id=f030223f-4dd7-4239-9843-4c1cb5be866f&fields=id&fields=name HTTP/1.1" status: 200 len: 286 time: 0.0838804
Nov 23 18:35:30.333106 n-d-792364-9 neutron-server[103400]: INFO neutron.wsgi [req-f20f0413-f277-41ba-bf38-1e4f254ea84b req-4202edfd-b3df-46e8-806b-177ca6fb9f08 tempest-LiveAutoBlockMigrationV225Test-1308930717 tempest-LiveAutoBlockMigrationV225Test-1308930717-project] 10.222.0.37 "GET /v2.0/security-groups?id=18875323-88e4-488f-b1ae-a1c1bdc2be2f&fields=id&fields=name HTTP/1.1" status: 200 len: 286 time: 0.0650938
Nov 23 18:35:30.369144 n-d-792364-9 neutron-server[103401]: DEBUG novaclient.v2.client [-] RESP: [200] Connection: close Content-Length: 183 Content-Type: application/json Date: Tue, 23 Nov 2021 18:35:30 GMT OpenStack-API-Version: compute 2.1 Server: Apache/2.4.41 (Ubuntu) Vary: OpenStack-API-Version,X-OpenStack-Nova-API-Version X-OpenStack-Nova-API-Version: 2.1 x-compute-request-id: req-dbdf7e62-6f70-488c-939e-338c13a4c1e4 x-openstack-request-id: req-dbdf7e62-6f70-488c-939e-338c13a4c1e4 {{(pid=103401) _http_log_response /usr/local/lib/python3.8/dist-packages/keystoneauth1/session.py:550}}
Nov 23 18:35:30.369471 n-d-792364-9 neutron-server[103401]: DEBUG novaclient.v2.client [-] RESP BODY: {"events": [{"server_uuid": "d8ce120f-ae3b-434c-a568-bdc46cc7bbf8", "name": "network-vif-plugged", "status": "completed", "tag": "fe31cbe3-711d-4fa5-9138-01461e2cf7af", "code": 200}]} {{(pid=103401) _http_log_response /usr/local/lib/python3.8/dist-packages/keystoneauth1/session.py:582}}
Nov 23 18:35:30.369764 n-d-792364-9 neutron-server[103401]: DEBUG novaclient.v2.client [-] POST call to compute for http://10.222.0.37/compute/v2.1/os-server-external-events used request id req-dbdf7e62-6f70-488c-939e-338c13a4c1e4 {{(pid=103401) request /usr/local/lib/python3.8/dist-packages/keystoneauth1/session.py:954}}
Nov 23 18:35:30.370248 n-d-792364-9 neutron-server[103401]: INFO neutron.notifiers.nova [-] Nova event response: {'server_uuid': 'd8ce120f-ae3b-434c-a568-bdc46cc7bbf8', 'name': 'network-vif-plugged', 'status': 'completed', 'tag': 'fe31cbe3-711d-4fa5-9138-01461e2cf7af', 'code': 200}
Nov 23 18:35:30.484836 n-d-792364-9 neutron-server[103400]: INFO neutron.wsgi [req-f08a008b-f20a-4683-8ce9-cd080f60658e req-30984db9-c306-4293-8de6-3815c8ae4e31 tempest-QuotasAdminNegativeTest-1405111002 tempest-QuotasAdminNegativeTest-1405111002-project] 10.222.0.37 "GET /v2.0/networks?tenant_id=2a3ab19ad4e34b119fbadccf78fce76d&shared=False HTTP/1.1" status: 200 len: 213 time: 0.0406158
Nov 23 18:35:30.530734 n-d-792364-9 neutron-server[103399]: DEBUG neutron.pecan_wsgi.hooks.policy_enforcement [req-e8e74de5-1af3-4bde-af8d-2274588b8fef req-14b9cf09-c54e-4e01-a781-3449b2e6c31b tempest-ServersAdminNegativeTestJSON-252792443 tempest-ServersAdminNegativeTestJSON-252792443-project] Attributes excluded by policy engine: ['standard_attr_id', 'binding:profile', 'binding:host_id', 'binding:vif_type', 'binding:vif_details'] {{(pid=103399) _exclude_attributes_by_policy /opt/stack/neutron/neutron/pecan_wsgi/hooks/policy_enforcement.py:255}}
Nov 23 18:35:30.548105 n-d-792364-9 neutron-server[103399]: INFO neutron.wsgi [req-e8e74de5-1af3-4bde-af8d-2274588b8fef req-14b9cf09-c54e-4e01-a781-3449b2e6c31b tempest-ServersAdminNegativeTestJSON-252792443 tempest-ServersAdminNegativeTestJSON-252792443-project] 10.222.0.37 "GET /v2.0/ports?device_id=bde7c18e-d91d-4e26-b673-77b6ef7b4df8 HTTP/1.1" status: 200 len: 950 time: 0.1168010
Nov 23 18:35:30.554964 n-d-792364-9 neutron-server[103401]: DEBUG neutron_lib.callbacks.manager [None req-39e1b021-a27e-4145-bd48-5911ee176f2d None None] Publish callbacks ['neutron.services.segments.db._update_segment_host_mapping_for_agent-8747631054529', 'neutron.plugins.ml2.plugin.Ml2Plugin._retry_binding_revived_agents-670538'] for agent, after_update {{(pid=103401) _notify_loop /usr/local/lib/python3.8/dist-packages/neutron_lib/callbacks/manager.py:175}}
Nov 23 18:35:30.566220 n-d-792364-9 neutron-server[103399]: DEBUG neutron.pecan_wsgi.hooks.policy_enforcement [req-200f58ad-48f7-4cc4-bf5b-e6d1fc096bea req-aa03ff04-24f8-4e6a-b2ab-3e82eb0ff1ee service neutron] Attributes excluded by policy engine: ['standard_attr_id'] {{(pid=103399) _exclude_attributes_by_policy /opt/stack/neutron/neutron/pecan_wsgi/hooks/policy_enforcement.py:255}}
Nov 23 18:35:30.567864 n-d-792364-9 neutron-server[103399]: INFO neutron.wsgi [req-200f58ad-48f7-4cc4-bf5b-e6d1fc096bea req-aa03ff04-24f8-4e6a-b2ab-3e82eb0ff1ee service neutron] 10.222.0.50 "GET /v2.0/ports?device_id=d8ce120f-ae3b-434c-a568-bdc46cc7bbf8 HTTP/1.1" status: 200 len: 1096 time: 0.1016936
Nov 23 18:35:30.653568 n-d-792364-9 neutron-server[103399]: INFO neutron.wsgi [req-200f58ad-48f7-4cc4-bf5b-e6d1fc096bea req-d8dbc191-e07d-49c2-9c2c-f63ae63044bf service neutron] 10.222.0.50 "GET /v2.0/security-groups?id=18875323-88e4-488f-b1ae-a1c1bdc2be2f&fields=id&fields=name HTTP/1.1" status: 200 len: 286 time: 0.0659404
Nov 23 18:35:30.655431 n-d-792364-9 neutron-server[103400]: DEBUG neutron.pecan_wsgi.hooks.policy_enforcement [req-f08a008b-f20a-4683-8ce9-cd080f60658e req-d46e50f2-789d-40bf-9b2e-8f9ad8325896 tempest-QuotasAdminNegativeTest-1405111002 tempest-QuotasAdminNegativeTest-1405111002-project] Attributes excluded by policy engine: ['standard_attr_id', 'vlan_transparent', 'provider:network_type', 'provider:physical_network', 'provider:segmentation_id'] {{(pid=103400) _exclude_attributes_by_policy /opt/stack/neutron/neutron/pecan_wsgi/hooks/policy_enforcement.py:255}}
Nov 23 18:35:30.657500 n-d-792364-9 neutron-server[103400]: INFO neutron.wsgi [req-f08a008b-f20a-4683-8ce9-cd080f60658e req-d46e50f2-789d-40bf-9b2e-8f9ad8325896 tempest-QuotasAdminNegativeTest-1405111002 tempest-QuotasAdminNegativeTest-1405111002-project] 10.222.0.37 "GET /v2.0/networks?shared=True HTTP/1.1" status: 200 len: 769 time: 0.1669402
Nov 23 18:35:30.671974 n-d-792364-9 neutron-server[103399]: INFO neutron.wsgi [req-e8e74de5-1af3-4bde-af8d-2274588b8fef req-b4845b5d-b097-478f-81c3-c96d6077f428 tempest-ServersAdminNegativeTestJSON-252792443 tempest-ServersAdminNegativeTestJSON-252792443-project] 10.222.0.37 "GET /v2.0/security-groups?id=21296e65-07e1-4cde-9b56-9435c1f99cbc&fields=id&fields=name HTTP/1.1" status: 200 len: 286 time: 0.1087184
Nov 23 18:35:30.686404 n-d-792364-9 neutron-server[103400]: INFO neutron.wsgi [req-f08a008b-f20a-4683-8ce9-cd080f60658e req-2a807e57-f195-4d18-a502-3fbb4400fb1a tempest-QuotasAdminNegativeTest-1405111002 tempest-QuotasAdminNegativeTest-1405111002-project] 10.222.0.37 "GET /v2.0/quotas/2a3ab19ad4e34b119fbadccf78fce76d HTTP/1.1" status: 200 len: 375 time: 0.0219190
Nov 23 18:35:30.735960 n-d-792364-9 neutron-server[103400]: INFO neutron.wsgi [req-f08a008b-f20a-4683-8ce9-cd080f60658e req-325834ea-71b0-44cd-8550-536a0b19d9eb tempest-QuotasAdminNegativeTest-1405111002 tempest-QuotasAdminNegativeTest-1405111002-project] 10.222.0.37 "GET /v2.0/ports?tenant_id=2a3ab19ad4e34b119fbadccf78fce76d&fields=id HTTP/1.1" status: 200 len: 210 time: 0.0428371
Nov 23 18:35:31.004266 n-d-792364-9 neutron-server[103401]: DEBUG neutron.plugins.ml2.rpc [None req-9cdc43a5-617e-49b0-bc86-db1c05eb9062 None None] Device 031fa937-2235-4725-ab8e-5fcd9b98f5ae up at agent hyperv_n-h1-792364-9 {{(pid=103401) update_device_up /opt/stack/neutron/neutron/plugins/ml2/rpc.py:296}}
Nov 23 18:35:31.092736 n-d-792364-9 neutron-server[103401]: DEBUG neutron.db.provisioning_blocks [None req-9cdc43a5-617e-49b0-bc86-db1c05eb9062 None None] Provisioning for port 031fa937-2235-4725-ab8e-5fcd9b98f5ae completed by entity L2. {{(pid=103401) provisioning_complete /opt/stack/neutron/neutron/db/provisioning_blocks.py:133}}
Nov 23 18:35:31.102412 n-d-792364-9 neutron-server[103401]: DEBUG neutron.db.provisioning_blocks [None req-9cdc43a5-617e-49b0-bc86-db1c05eb9062 None None] Provisioning complete for port 031fa937-2235-4725-ab8e-5fcd9b98f5ae triggered by entity L2. {{(pid=103401) provisioning_complete /opt/stack/neutron/neutron/db/provisioning_blocks.py:139}}
