Sep 02 12:37:01.397158 n-d-792364-8 devstack@placement-api.service[95322]: DEBUG placement.objects.research_context [req-e1e55648-4dee-44c1-a8a2-508bf576ebb5 req-df341a0e-8469-4260-823d-9f906f48bb20 service placement] found 2 providers with available 1 VCPU {{(pid=95322) get_provider_ids_matching /opt/stack/placement/placement/objects/research_context.py:549}}
Sep 02 12:37:01.397632 n-d-792364-8 devstack@placement-api.service[95322]: DEBUG placement.objects.research_context [req-e1e55648-4dee-44c1-a8a2-508bf576ebb5 req-df341a0e-8469-4260-823d-9f906f48bb20 service placement] found 2 providers after filtering by previous result {{(pid=95322) get_provider_ids_matching /opt/stack/placement/placement/objects/research_context.py:580}}
Sep 02 12:37:01.415497 n-d-792364-8 devstack@placement-api.service[95322]: DEBUG placement.objects.allocation_candidate [req-e1e55648-4dee-44c1-a8a2-508bf576ebb5 req-df341a0e-8469-4260-823d-9f906f48bb20 service placement] RequestGroup(use_same_provider=False, resources={DISK_GB:1, MEMORY_MB:1024, VCPU:1}, traits=[], aggregates=[]) (suffix '') returned 2 matches {{(pid=95322) _get_by_requests /opt/stack/placement/placement/objects/allocation_candidate.py:145}}
Sep 02 12:37:01.431090 n-d-792364-8 devstack@placement-api.service[95322]: DEBUG placement.objects.allocation_candidate [req-e1e55648-4dee-44c1-a8a2-508bf576ebb5 req-df341a0e-8469-4260-823d-9f906f48bb20 service placement] Merging candidates yields 2 allocation requests and 2 provider summaries {{(pid=95322) _merge_candidates /opt/stack/placement/placement/objects/allocation_candidate.py:783}}
Sep 02 12:37:01.435389 n-d-792364-8 devstack@placement-api.service[95322]: INFO placement.requestlog [req-e1e55648-4dee-44c1-a8a2-508bf576ebb5 req-df341a0e-8469-4260-823d-9f906f48bb20 service placement] 10.222.0.60 "GET /placement/allocation_candidates?limit=1000&resources=DISK_GB%3A1%2CMEMORY_MB%3A1024%2CVCPU%3A1&root_required=%21COMPUTE_STATUS_DISABLED" status: 200 len: 1309 microversion: 1.36
Sep 02 12:37:01.441789 n-d-792364-8 devstack@placement-api.service[95322]: [pid: 95322|app: 0|req: 65/128] 10.222.0.60 () {60 vars in 1507 bytes} [Thu Sep 2 12:37:01 2021] GET /placement/allocation_candidates?limit=1000&resources=DISK_GB%3A1%2CMEMORY_MB%3A1024%2CVCPU%3A1&root_required=%21COMPUTE_STATUS_DISABLED => generated 1309 bytes in 176 msecs (HTTP/1.1 200) 8 headers in 297 bytes (1 switches on core 0)
Sep 02 12:37:01.469760 n-d-792364-8 devstack@placement-api.service[95323]: DEBUG placement.requestlog [req-2ee7f66a-eb83-466e-8c65-48d2337bea64 req-8e688482-c89a-48e1-a512-c12e9f33be0d None None] Starting request: 10.222.0.41 "GET /placement/allocations/654ae7c2-5042-4e25-9ea5-119957b24498" {{(pid=95323) __call__ /opt/stack/placement/placement/requestlog.py:55}}
Sep 02 12:37:01.519453 n-d-792364-8 devstack@placement-api.service[95323]: INFO placement.requestlog [req-2ee7f66a-eb83-466e-8c65-48d2337bea64 req-8e688482-c89a-48e1-a512-c12e9f33be0d service placement] 10.222.0.41 "GET /placement/allocations/654ae7c2-5042-4e25-9ea5-119957b24498" status: 200 len: 258 microversion: 1.28
Sep 02 12:37:01.521298 n-d-792364-8 devstack@placement-api.service[95323]: [pid: 95323|app: 0|req: 64/129] 10.222.0.41 () {60 vars in 1378 bytes} [Thu Sep 2 12:37:01 2021] GET /placement/allocations/654ae7c2-5042-4e25-9ea5-119957b24498 => generated 258 bytes in 51 msecs (HTTP/1.1 200) 8 headers in 296 bytes (1 switches on core 0)
Sep 02 12:37:01.582768 n-d-792364-8 devstack@placement-api.service[95322]: DEBUG placement.requestlog [req-e1e55648-4dee-44c1-a8a2-508bf576ebb5 req-d06eae29-6693-4804-bdba-39f74c833083 None None] Starting request: 10.222.0.60 "GET /placement/allocations/12bfae72-8456-4f4b-b484-40d8d8b20b85" {{(pid=95322) __call__ /opt/stack/placement/placement/requestlog.py:55}}
Sep 02 12:37:01.604281 n-d-792364-8 devstack@placement-api.service[95322]: INFO placement.requestlog [req-e1e55648-4dee-44c1-a8a2-508bf576ebb5 req-d06eae29-6693-4804-bdba-39f74c833083 service placement] 10.222.0.60 "GET /placement/allocations/12bfae72-8456-4f4b-b484-40d8d8b20b85" status: 200 len: 19 microversion: 1.28
Sep 02 12:37:01.614144 n-d-792364-8 devstack@placement-api.service[95322]: [pid: 95322|app: 0|req: 66/130] 10.222.0.60 () {60 vars in 1381 bytes} [Thu Sep 2 12:37:01 2021] GET /placement/allocations/12bfae72-8456-4f4b-b484-40d8d8b20b85 => generated 19 bytes in 32 msecs (HTTP/1.1 200) 8 headers in 295 bytes (1 switches on core 0)
Sep 02 12:37:01.619659 n-d-792364-8 devstack@placement-api.service[95323]: DEBUG placement.requestlog [req-e1e55648-4dee-44c1-a8a2-508bf576ebb5 req-0befe545-9018-45c0-82a7-a3957bc2b692 None None] Starting request: 10.222.0.60 "PUT /placement/allocations/12bfae72-8456-4f4b-b484-40d8d8b20b85" {{(pid=95323) __call__ /opt/stack/placement/placement/requestlog.py:55}}
Sep 02 12:37:01.751855 n-d-792364-8 devstack@placement-api.service[95323]: DEBUG placement.handlers.allocation [req-e1e55648-4dee-44c1-a8a2-508bf576ebb5 req-0befe545-9018-45c0-82a7-a3957bc2b692 service placement] Successfully wrote allocations [, , ] {{(pid=95323) _create_allocations /opt/stack/placement/placement/handlers/allocation.py:461}}
Sep 02 12:37:01.770634 n-d-792364-8 devstack@placement-api.service[95323]: INFO placement.requestlog [req-e1e55648-4dee-44c1-a8a2-508bf576ebb5 req-0befe545-9018-45c0-82a7-a3957bc2b692 service placement] 10.222.0.60 "PUT /placement/allocations/12bfae72-8456-4f4b-b484-40d8d8b20b85" status: 204 len: 0 microversion: 1.36
Sep 02 12:37:01.771725 n-d-792364-8 devstack@placement-api.service[95323]: [pid: 95323|app: 0|req: 65/131] 10.222.0.60 () {64 vars in 1434 bytes} [Thu Sep 2 12:37:01 2021] PUT /placement/allocations/12bfae72-8456-4f4b-b484-40d8d8b20b85 => generated 0 bytes in 153 msecs (HTTP/1.1 204) 5 headers in 199 bytes (2 switches on core 0)
Sep 02 12:37:02.487752 n-d-792364-8 devstack@placement-api.service[95322]: DEBUG placement.requestlog [req-e1e55648-4dee-44c1-a8a2-508bf576ebb5 req-73d394a3-f869-4d46-a06c-eb8096e555e1 None None] Starting request: 10.222.0.41 "GET /placement/allocations/12bfae72-8456-4f4b-b484-40d8d8b20b85" {{(pid=95322) __call__ /opt/stack/placement/placement/requestlog.py:55}}
Sep 02 12:37:02.525049 n-d-792364-8 devstack@placement-api.service[95322]: INFO placement.requestlog [req-e1e55648-4dee-44c1-a8a2-508bf576ebb5 req-73d394a3-f869-4d46-a06c-eb8096e555e1 service placement] 10.222.0.41 "GET /placement/allocations/12bfae72-8456-4f4b-b484-40d8d8b20b85" status: 200 len: 259 microversion: 1.28
Sep 02 12:37:02.525467 n-d-792364-8 devstack@placement-api.service[95322]: [pid: 95322|app: 0|req: 67/132] 10.222.0.41 () {60 vars in 1378 bytes} [Thu Sep 2 12:37:02 2021] GET /placement/allocations/12bfae72-8456-4f4b-b484-40d8d8b20b85 => generated 259 bytes in 38 msecs (HTTP/1.1 200) 8 headers in 296 bytes (2 switches on core 0)
Sep 02 12:37:06.085489 n-d-792364-8 devstack@placement-api.service[95323]: DEBUG placement.requestlog [req-e0234aff-92d9-4c44-b8d1-3a6973575a62 req-ef998cb3-3900-4cbd-a92b-70940fdbb36c None None] Starting request: 10.222.0.60 "GET /placement/allocation_candidates?limit=1000&resources=DISK_GB%3A1%2CMEMORY_MB%3A1024%2CVCPU%3A1&root_required=%21COMPUTE_STATUS_DISABLED" {{(pid=95323) __call__ /opt/stack/placement/placement/requestlog.py:55}}
Sep 02 12:37:06.130367 n-d-792364-8 devstack@placement-api.service[95323]: DEBUG placement.objects.research_context [req-e0234aff-92d9-4c44-b8d1-3a6973575a62 req-ef998cb3-3900-4cbd-a92b-70940fdbb36c service placement] getting providers with 1 DISK_GB {{(pid=95323) __init__ /opt/stack/placement/placement/objects/research_context.py:126}}
Sep 02 12:37:06.148915 n-d-792364-8 devstack@placement-api.service[95323]: DEBUG placement.objects.research_context [req-e0234aff-92d9-4c44-b8d1-3a6973575a62 req-ef998cb3-3900-4cbd-a92b-70940fdbb36c service placement] getting providers with 1024 MEMORY_MB {{(pid=95323) __init__ /opt/stack/placement/placement/objects/research_context.py:126}}
Sep 02 12:37:06.164526 n-d-792364-8 devstack@placement-api.service[95323]: DEBUG placement.objects.research_context [req-e0234aff-92d9-4c44-b8d1-3a6973575a62 req-ef998cb3-3900-4cbd-a92b-70940fdbb36c service placement] getting providers with 1 VCPU {{(pid=95323) __init__ /opt/stack/placement/placement/objects/research_context.py:126}}
Sep 02 12:37:06.177669 n-d-792364-8 devstack@placement-api.service[95323]: DEBUG placement.objects.research_context [req-e0234aff-92d9-4c44-b8d1-3a6973575a62 req-ef998cb3-3900-4cbd-a92b-70940fdbb36c service placement] found 2 providers with available 1 DISK_GB {{(pid=95323) get_provider_ids_matching /opt/stack/placement/placement/objects/research_context.py:549}}
Sep 02 12:37:06.178338 n-d-792364-8 devstack@placement-api.service[95323]: DEBUG placement.objects.research_context [req-e0234aff-92d9-4c44-b8d1-3a6973575a62 req-ef998cb3-3900-4cbd-a92b-70940fdbb36c service placement] found 2 providers with available 1024 MEMORY_MB {{(pid=95323) get_provider_ids_matching /opt/stack/placement/placement/objects/research_context.py:549}}
Sep 02 12:37:06.178854 n-d-792364-8 devstack@placement-api.service[95323]: DEBUG placement.objects.research_context [req-e0234aff-92d9-4c44-b8d1-3a6973575a62 req-ef998cb3-3900-4cbd-a92b-70940fdbb36c service placement] found 2 providers after filtering by previous result {{(pid=95323) get_provider_ids_matching /opt/stack/placement/placement/objects/research_context.py:580}}
Sep 02 12:37:06.179376 n-d-792364-8 devstack@placement-api.service[95323]: DEBUG placement.objects.research_context [req-e0234aff-92d9-4c44-b8d1-3a6973575a62 req-ef998cb3-3900-4cbd-a92b-70940fdbb36c service placement] found 2 providers with available 1 VCPU {{(pid=95323) get_provider_ids_matching /opt/stack/placement/placement/objects/research_context.py:549}}
Sep 02 12:37:06.179841 n-d-792364-8 devstack@placement-api.service[95323]: DEBUG placement.objects.research_context [req-e0234aff-92d9-4c44-b8d1-3a6973575a62 req-ef998cb3-3900-4cbd-a92b-70940fdbb36c service placement] found 2 providers after filtering by previous result {{(pid=95323) get_provider_ids_matching /opt/stack/placement/placement/objects/research_context.py:580}}
Sep 02 12:37:06.194472 n-d-792364-8 devstack@placement-api.service[95323]: DEBUG placement.objects.allocation_candidate [req-e0234aff-92d9-4c44-b8d1-3a6973575a62 req-ef998cb3-3900-4cbd-a92b-70940fdbb36c service placement] RequestGroup(use_same_provider=False, resources={DISK_GB:1, MEMORY_MB:1024, VCPU:1}, traits=[], aggregates=[]) (suffix '') returned 2 matches {{(pid=95323) _get_by_requests /opt/stack/placement/placement/objects/allocation_candidate.py:145}}
Sep 02 12:37:06.195225 n-d-792364-8 devstack@placement-api.service[95323]: DEBUG placement.objects.allocation_candidate [req-e0234aff-92d9-4c44-b8d1-3a6973575a62 req-ef998cb3-3900-4cbd-a92b-70940fdbb36c service placement] Merging candidates yields 2 allocation requests and 2 provider summaries {{(pid=95323) _merge_candidates /opt/stack/placement/placement/objects/allocation_candidate.py:783}}
Sep 02 12:37:06.197257 n-d-792364-8 devstack@placement-api.service[95323]: INFO placement.requestlog [req-e0234aff-92d9-4c44-b8d1-3a6973575a62 req-ef998cb3-3900-4cbd-a92b-70940fdbb36c service placement] 10.222.0.60 "GET /placement/allocation_candidates?limit=1000&resources=DISK_GB%3A1%2CMEMORY_MB%3A1024%2CVCPU%3A1&root_required=%21COMPUTE_STATUS_DISABLED" status: 200 len: 1309 microversion: 1.36
Sep 02 12:37:06.197744 n-d-792364-8 devstack@placement-api.service[95323]: [pid: 95323|app: 0|req: 66/133] 10.222.0.60 () {60 vars in 1507 bytes} [Thu Sep 2 12:37:06 2021] GET /placement/allocation_candidates?limit=1000&resources=DISK_GB%3A1%2CMEMORY_MB%3A1024%2CVCPU%3A1&root_required=%21COMPUTE_STATUS_DISABLED => generated 1309 bytes in 112 msecs (HTTP/1.1 200) 8 headers in 297 bytes (1 switches on core 0)
Sep 02 12:37:06.280461 n-d-792364-8 devstack@placement-api.service[95322]: DEBUG placement.requestlog [req-e0234aff-92d9-4c44-b8d1-3a6973575a62 req-894b3122-32cc-49d2-a265-59314ebf639c None None] Starting request: 10.222.0.60 "GET /placement/allocations/96532298-ee08-4afc-bcd3-57ab94ffec3f" {{(pid=95322) __call__ /opt/stack/placement/placement/requestlog.py:55}}
Sep 02 12:37:06.304147 n-d-792364-8 devstack@placement-api.service[95322]: INFO placement.requestlog [req-e0234aff-92d9-4c44-b8d1-3a6973575a62 req-894b3122-32cc-49d2-a265-59314ebf639c service placement] 10.222.0.60 "GET /placement/allocations/96532298-ee08-4afc-bcd3-57ab94ffec3f" status: 200 len: 19 microversion: 1.28
Sep 02 12:37:06.310529 n-d-792364-8 devstack@placement-api.service[95322]: [pid: 95322|app: 0|req: 68/134] 10.222.0.60 () {60 vars in 1381 bytes} [Thu Sep 2 12:37:06 2021] GET /placement/allocations/96532298-ee08-4afc-bcd3-57ab94ffec3f => generated 19 bytes in 30 msecs (HTTP/1.1 200) 8 headers in 295 bytes (1 switches on core 0)
Sep 02 12:37:06.311186 n-d-792364-8 devstack@placement-api.service[95323]: DEBUG placement.requestlog [req-e0234aff-92d9-4c44-b8d1-3a6973575a62 req-6ec80810-ccd5-4ccf-ac02-3c5e6b998b10 None None] Starting request: 10.222.0.60 "PUT /placement/allocations/96532298-ee08-4afc-bcd3-57ab94ffec3f" {{(pid=95323) __call__ /opt/stack/placement/placement/requestlog.py:55}}
Sep 02 12:37:06.369747 n-d-792364-8 devstack@placement-api.service[95323]: DEBUG placement.handlers.allocation [req-e0234aff-92d9-4c44-b8d1-3a6973575a62 req-6ec80810-ccd5-4ccf-ac02-3c5e6b998b10 service placement] Successfully wrote allocations [, , ] {{(pid=95323) _create_allocations /opt/stack/placement/placement/handlers/allocation.py:461}}
Sep 02 12:37:06.387266 n-d-792364-8 devstack@placement-api.service[95323]: INFO placement.requestlog [req-e0234aff-92d9-4c44-b8d1-3a6973575a62 req-6ec80810-ccd5-4ccf-ac02-3c5e6b998b10 service placement] 10.222.0.60 "PUT /placement/allocations/96532298-ee08-4afc-bcd3-57ab94ffec3f" status: 204 len: 0 microversion: 1.36
Sep 02 12:37:06.387923 n-d-792364-8 devstack@placement-api.service[95323]: [pid: 95323|app: 0|req: 67/135] 10.222.0.60 () {64 vars in 1434 bytes} [Thu Sep 2 12:37:06 2021] PUT /placement/allocations/96532298-ee08-4afc-bcd3-57ab94ffec3f => generated 0 bytes in 77 msecs (HTTP/1.1 204) 5 headers in 199 bytes (1 switches on core 0)
Sep 02 12:37:06.933771 n-d-792364-8 devstack@placement-api.service[95322]: DEBUG placement.requestlog [req-e0234aff-92d9-4c44-b8d1-3a6973575a62 req-bca129fb-56a0-418e-9755-1cd1c451eddf None None] Starting request: 10.222.0.18 "GET /placement/allocations/96532298-ee08-4afc-bcd3-57ab94ffec3f" {{(pid=95322) __call__ /opt/stack/placement/placement/requestlog.py:55}}
Sep 02 12:37:06.966733 n-d-792364-8 devstack@placement-api.service[95322]: INFO placement.requestlog [req-e0234aff-92d9-4c44-b8d1-3a6973575a62 req-bca129fb-56a0-418e-9755-1cd1c451eddf service placement] 10.222.0.18 "GET /placement/allocations/96532298-ee08-4afc-bcd3-57ab94ffec3f" status: 200 len: 259 microversion: 1.28
Sep 02 12:37:06.967216 n-d-792364-8 devstack@placement-api.service[95322]: [pid: 95322|app: 0|req: 69/136] 10.222.0.18 () {60 vars in 1378 bytes} [Thu Sep 2 12:37:06 2021] GET /placement/allocations/96532298-ee08-4afc-bcd3-57ab94ffec3f => generated 259 bytes in 34 msecs (HTTP/1.1 200) 8 headers in 296 bytes (1 switches on core 0)
Sep 02 12:37:18.870548 n-d-792364-8 devstack@placement-api.service[95323]: DEBUG placement.requestlog [None req-1d2e183e-6fc1-4828-9c48-36838c184238 None None] Starting request: 10.222.0.60 "GET /placement/" {{(pid=95323) __call__ /opt/stack/placement/placement/requestlog.py:55}}
Sep 02 12:37:18.871829 n-d-792364-8 devstack@placement-api.service[95323]: INFO placement.requestlog [None req-1d2e183e-6fc1-4828-9c48-36838c184238 None None] 10.222.0.60 "GET /placement/" status: 200 len: 136 microversion: 1.0
Sep 02 12:37:18.871829 n-d-792364-8 devstack@placement-api.service[95323]: [pid: 95323|app: 0|req: 68/137] 10.222.0.60 () {54 vars in 916 bytes} [Thu Sep 2 12:37:18 2021] GET /placement => generated 136 bytes in 2 msecs (HTTP/1.1 200) 6 headers in 224 bytes (1 switches on core 0)
Sep 02 12:37:18.881745 n-d-792364-8 devstack@placement-api.service[95322]: DEBUG placement.requestlog [req-f4407692-ea66-4ad5-830d-b5aa65cb2bcf req-9bf8dfd4-d89f-4f68-bd0e-35255e40a673 None None] Starting request: 10.222.0.60 "GET /placement/allocations/1b8e6d33-ca90-4a82-95c5-18210c9fffd9" {{(pid=95322) __call__ /opt/stack/placement/placement/requestlog.py:55}}
Sep 02 12:37:19.012416 n-d-792364-8 devstack@placement-api.service[95322]: INFO placement.requestlog [req-f4407692-ea66-4ad5-830d-b5aa65cb2bcf req-9bf8dfd4-d89f-4f68-bd0e-35255e40a673 service placement] 10.222.0.60 "GET /placement/allocations/1b8e6d33-ca90-4a82-95c5-18210c9fffd9" status: 200 len: 259 microversion: 1.28
Sep 02 12:37:19.013186 n-d-792364-8 devstack@placement-api.service[95322]: [pid: 95322|app: 0|req: 70/138] 10.222.0.60 () {60 vars in 1381 bytes} [Thu Sep 2 12:37:18 2021] GET /placement/allocations/1b8e6d33-ca90-4a82-95c5-18210c9fffd9 => generated 259 bytes in 132 msecs (HTTP/1.1 200) 8 headers in 296 bytes (2 switches on core 0)
Sep 02 12:37:19.022000 n-d-792364-8 devstack@placement-api.service[95323]: DEBUG placement.requestlog [req-f4407692-ea66-4ad5-830d-b5aa65cb2bcf req-ad8bdcc5-1210-4a7e-8e24-5b1380eed4d5 None None] Starting request: 10.222.0.60 "GET /placement/allocations/1b8e6d33-ca90-4a82-95c5-18210c9fffd9" {{(pid=95323) __call__ /opt/stack/placement/placement/requestlog.py:55}}
Sep 02 12:37:19.053872 n-d-792364-8 devstack@placement-api.service[95323]: INFO placement.requestlog [req-f4407692-ea66-4ad5-830d-b5aa65cb2bcf req-ad8bdcc5-1210-4a7e-8e24-5b1380eed4d5 service placement] 10.222.0.60 "GET /placement/allocations/1b8e6d33-ca90-4a82-95c5-18210c9fffd9" status: 200 len: 259 microversion: 1.28
Sep 02 12:37:19.055265 n-d-792364-8 devstack@placement-api.service[95323]: [pid: 95323|app: 0|req: 69/139] 10.222.0.60 () {60 vars in 1381 bytes} [Thu Sep 2 12:37:19 2021] GET /placement/allocations/1b8e6d33-ca90-4a82-95c5-18210c9fffd9 => generated 259 bytes in 33 msecs (HTTP/1.1 200) 8 headers in 296 bytes (1 switches on core 0)
Sep 02 12:37:19.061344 n-d-792364-8 devstack@placement-api.service[95322]: DEBUG placement.requestlog [req-f4407692-ea66-4ad5-830d-b5aa65cb2bcf req-fc873d21-4a0d-4a23-b274-9c2aa7b375a9 None None] Starting request: 10.222.0.60 "GET /placement/allocations/a28c96a7-4584-4536-89a4-2b9666aac792" {{(pid=95322) __call__ /opt/stack/placement/placement/requestlog.py:55}}
Sep 02 12:37:19.077921 n-d-792364-8 devstack@placement-api.service[95322]: INFO placement.requestlog [req-f4407692-ea66-4ad5-830d-b5aa65cb2bcf req-fc873d21-4a0d-4a23-b274-9c2aa7b375a9 service placement] 10.222.0.60 "GET /placement/allocations/a28c96a7-4584-4536-89a4-2b9666aac792" status: 200 len: 19 microversion: 1.28
Sep 02 12:37:19.078686 n-d-792364-8 devstack@placement-api.service[95322]: [pid: 95322|app: 0|req: 71/140] 10.222.0.60 () {60 vars in 1381 bytes} [Thu Sep 2 12:37:19 2021] GET /placement/allocations/a28c96a7-4584-4536-89a4-2b9666aac792 => generated 19 bytes in 18 msecs (HTTP/1.1 200) 8 headers in 295 bytes (1 switches on core 0)
Sep 02 12:37:19.084607 n-d-792364-8 devstack@placement-api.service[95323]: DEBUG placement.requestlog [req-f4407692-ea66-4ad5-830d-b5aa65cb2bcf req-dc3b838b-a6cd-4196-a50c-9d58b8fce395 None None] Starting request: 10.222.0.60 "POST /placement/allocations" {{(pid=95323) __call__ /opt/stack/placement/placement/requestlog.py:55}}
Sep 02 12:37:19.218902 n-d-792364-8 devstack@placement-api.service[95323]: DEBUG placement.handlers.allocation [req-f4407692-ea66-4ad5-830d-b5aa65cb2bcf req-dc3b838b-a6cd-4196-a50c-9d58b8fce395 service placement] Successfully wrote allocations [, , , , , ] {{(pid=95323) _create_allocations /opt/stack/placement/placement/handlers/allocation.py:555}}
Sep 02 12:37:19.219666 n-d-792364-8 devstack@placement-api.service[95323]: INFO placement.requestlog [req-f4407692-ea66-4ad5-830d-b5aa65cb2bcf req-dc3b838b-a6cd-4196-a50c-9d58b8fce395 service placement] 10.222.0.60 "POST /placement/allocations" status: 204 len: 0 microversion: 1.28
Sep 02 12:37:19.220143 n-d-792364-8 devstack@placement-api.service[95323]: [pid: 95323|app: 0|req: 70/141] 10.222.0.60 () {64 vars in 1324 bytes} [Thu Sep 2 12:37:19 2021] POST /placement/allocations => generated 0 bytes in 136 msecs (HTTP/1.1 204) 5 headers in 199 bytes (1 switches on core 0)
Sep 02 12:37:19.274392 n-d-792364-8 devstack@placement-api.service[95322]: DEBUG placement.requestlog [req-f4407692-ea66-4ad5-830d-b5aa65cb2bcf req-52206cd9-0982-4ebd-99c4-0c4a9680fcfd None None] Starting request: 10.222.0.60 "GET /placement/allocations/1b8e6d33-ca90-4a82-95c5-18210c9fffd9" {{(pid=95322) __call__ /opt/stack/placement/placement/requestlog.py:55}}
Sep 02 12:37:19.290885 n-d-792364-8 devstack@placement-api.service[95322]: INFO placement.requestlog [req-f4407692-ea66-4ad5-830d-b5aa65cb2bcf req-52206cd9-0982-4ebd-99c4-0c4a9680fcfd service placement] 10.222.0.60 "GET /placement/allocations/1b8e6d33-ca90-4a82-95c5-18210c9fffd9" status: 200 len: 19 microversion: 1.28
Sep 02 12:37:19.291973 n-d-792364-8 devstack@placement-api.service[95322]: [pid: 95322|app: 0|req: 72/142] 10.222.0.60 () {60 vars in 1381 bytes} [Thu Sep 2 12:37:19 2021] GET /placement/allocations/1b8e6d33-ca90-4a82-95c5-18210c9fffd9 => generated 19 bytes in 18 msecs (HTTP/1.1 200) 8 headers in 295 bytes (1 switches on core 0)
Sep 02 12:37:19.298516 n-d-792364-8 devstack@placement-api.service[95323]: DEBUG placement.requestlog [req-f4407692-ea66-4ad5-830d-b5aa65cb2bcf req-0ef61091-85c3-4d55-b2b8-7561c70e25af None None] Starting request: 10.222.0.60 "PUT /placement/allocations/1b8e6d33-ca90-4a82-95c5-18210c9fffd9" {{(pid=95323) __call__ /opt/stack/placement/placement/requestlog.py:55}}
Sep 02 12:37:19.385001 n-d-792364-8 devstack@placement-api.service[95323]: DEBUG placement.handlers.allocation [req-f4407692-ea66-4ad5-830d-b5aa65cb2bcf req-0ef61091-85c3-4d55-b2b8-7561c70e25af service placement] Successfully wrote allocations [, , ] {{(pid=95323) _create_allocations /opt/stack/placement/placement/handlers/allocation.py:461}}
Sep 02 12:37:19.401113 n-d-792364-8 devstack@placement-api.service[95323]: INFO placement.requestlog [req-f4407692-ea66-4ad5-830d-b5aa65cb2bcf req-0ef61091-85c3-4d55-b2b8-7561c70e25af service placement] 10.222.0.60 "PUT /placement/allocations/1b8e6d33-ca90-4a82-95c5-18210c9fffd9" status: 204 len: 0 microversion: 1.28
Sep 02 12:37:19.403312 n-d-792364-8 devstack@placement-api.service[95323]: [pid: 95323|app: 0|req: 71/143] 10.222.0.60 () {64 vars in 1434 bytes} [Thu Sep 2 12:37:19 2021] PUT /placement/allocations/1b8e6d33-ca90-4a82-95c5-18210c9fffd9 => generated 0 bytes in 105 msecs (HTTP/1.1 204) 5 headers in 199 bytes (1 switches on core 0)
Sep 02 12:37:19.682945 n-d-792364-8 devstack@placement-api.service[95322]: DEBUG placement.requestlog [req-f4407692-ea66-4ad5-830d-b5aa65cb2bcf req-3178b3f0-e4b1-4967-b56b-0dfc70e14178 None None] Starting request: 10.222.0.18 "GET /placement/allocations/1b8e6d33-ca90-4a82-95c5-18210c9fffd9" {{(pid=95322) __call__ /opt/stack/placement/placement/requestlog.py:55}}
Sep 02 12:37:19.722557 n-d-792364-8 devstack@placement-api.service[95322]: INFO placement.requestlog [req-f4407692-ea66-4ad5-830d-b5aa65cb2bcf req-3178b3f0-e4b1-4967-b56b-0dfc70e14178 service placement] 10.222.0.18 "GET /placement/allocations/1b8e6d33-ca90-4a82-95c5-18210c9fffd9" status: 200 len: 259 microversion: 1.28
Sep 02 12:37:19.726942 n-d-792364-8 devstack@placement-api.service[95322]: [pid: 95322|app: 0|req: 73/144] 10.222.0.18 () {60 vars in 1378 bytes} [Thu Sep 2 12:37:19 2021] GET /placement/allocations/1b8e6d33-ca90-4a82-95c5-18210c9fffd9 => generated 259 bytes in 44 msecs (HTTP/1.1 200) 8 headers in 296 bytes (1 switches on core 0)
Sep 02 12:37:20.502279 n-d-792364-8 devstack@placement-api.service[95323]: DEBUG placement.requestlog [req-e3b8a0a9-f75f-413e-84e6-5a1c030fdec3 req-13e41067-635c-44d8-9979-ae16ad00dc81 None None] Starting request: 10.222.0.18 "DELETE /placement/allocations/8ef3bab8-6899-4dd1-944d-ae25c156424a" {{(pid=95323) __call__ /opt/stack/placement/placement/requestlog.py:55}}
Sep 02 12:37:20.553802 n-d-792364-8 devstack@placement-api.service[95323]: DEBUG placement.handlers.allocation [req-e3b8a0a9-f75f-413e-84e6-5a1c030fdec3 req-13e41067-635c-44d8-9979-ae16ad00dc81 service placement] Successfully deleted allocations [, , ] {{(pid=95323) delete_allocations /opt/stack/placement/placement/handlers/allocation.py:603}}
Sep 02 12:37:20.554752 n-d-792364-8 devstack@placement-api.service[95323]: INFO placement.requestlog [req-e3b8a0a9-f75f-413e-84e6-5a1c030fdec3 req-13e41067-635c-44d8-9979-ae16ad00dc81 service placement] 10.222.0.18 "DELETE /placement/allocations/8ef3bab8-6899-4dd1-944d-ae25c156424a" status: 204 len: 0 microversion: 1.0
Sep 02 12:37:20.555544 n-d-792364-8 devstack@placement-api.service[95323]: [pid: 95323|app: 0|req: 72/145] 10.222.0.18 () {60 vars in 1356 bytes} [Thu Sep 2 12:37:20 2021] DELETE /placement/allocations/8ef3bab8-6899-4dd1-944d-ae25c156424a => generated 0 bytes in 53 msecs (HTTP/1.1 204) 5 headers in 198 bytes (1 switches on core 0)
Sep 02 12:37:22.526007 n-d-792364-8 devstack@placement-api.service[95322]: DEBUG placement.requestlog [req-4b8b78ef-d483-4f68-9aff-a45e4468b0a8 req-8c4b4549-5ad3-49b3-b37a-3b99b66abf71 None None] Starting request: 10.222.0.60 "GET /placement/allocation_candidates?limit=1000&resources=DISK_GB%3A1%2CMEMORY_MB%3A1024%2CVCPU%3A1&root_required=%21COMPUTE_STATUS_DISABLED" {{(pid=95322) __call__ /opt/stack/placement/placement/requestlog.py:55}}
Sep 02 12:37:22.574829 n-d-792364-8 devstack@placement-api.service[95322]: DEBUG placement.objects.research_context [req-4b8b78ef-d483-4f68-9aff-a45e4468b0a8 req-8c4b4549-5ad3-49b3-b37a-3b99b66abf71 service placement] getting providers with 1 DISK_GB {{(pid=95322) __init__ /opt/stack/placement/placement/objects/research_context.py:126}}
Sep 02 12:37:22.585945 n-d-792364-8 devstack@placement-api.service[95322]: DEBUG placement.objects.research_context [req-4b8b78ef-d483-4f68-9aff-a45e4468b0a8 req-8c4b4549-5ad3-49b3-b37a-3b99b66abf71 service placement] getting providers with 1024 MEMORY_MB {{(pid=95322) __init__ /opt/stack/placement/placement/objects/research_context.py:126}}
Sep 02 12:37:22.593988 n-d-792364-8 devstack@placement-api.service[95322]: DEBUG placement.objects.research_context [req-4b8b78ef-d483-4f68-9aff-a45e4468b0a8 req-8c4b4549-5ad3-49b3-b37a-3b99b66abf71 service placement] getting providers with 1 VCPU {{(pid=95322) __init__ /opt/stack/placement/placement/objects/research_context.py:126}}
Sep 02 12:37:22.601638 n-d-792364-8 devstack@placement-api.service[95322]: DEBUG placement.objects.research_context [req-4b8b78ef-d483-4f68-9aff-a45e4468b0a8 req-8c4b4549-5ad3-49b3-b37a-3b99b66abf71 service placement] found 2 providers with available 1 DISK_GB {{(pid=95322) get_provider_ids_matching /opt/stack/placement/placement/objects/research_context.py:549}}
Sep 02 12:37:22.601919 n-d-792364-8 devstack@placement-api.service[95322]: DEBUG placement.objects.research_context [req-4b8b78ef-d483-4f68-9aff-a45e4468b0a8 req-8c4b4549-5ad3-49b3-b37a-3b99b66abf71 service placement] found 2 providers with available 1024 MEMORY_MB {{(pid=95322) get_provider_ids_matching /opt/stack/placement/placement/objects/research_context.py:549}}
Sep 02 12:37:22.602604 n-d-792364-8 devstack@placement-api.service[95322]: DEBUG placement.objects.research_context [req-4b8b78ef-d483-4f68-9aff-a45e4468b0a8 req-8c4b4549-5ad3-49b3-b37a-3b99b66abf71 service placement] found 2 providers after filtering by previous result {{(pid=95322) get_provider_ids_matching /opt/stack/placement/placement/objects/research_context.py:580}}
Sep 02 12:37:22.603154 n-d-792364-8 devstack@placement-api.service[95322]: DEBUG placement.objects.research_context [req-4b8b78ef-d483-4f68-9aff-a45e4468b0a8 req-8c4b4549-5ad3-49b3-b37a-3b99b66abf71 service placement] found 2 providers with available 1 VCPU {{(pid=95322) get_provider_ids_matching /opt/stack/placement/placement/objects/research_context.py:549}}
Sep 02 12:37:22.603570 n-d-792364-8 devstack@placement-api.service[95322]: DEBUG placement.objects.research_context [req-4b8b78ef-d483-4f68-9aff-a45e4468b0a8 req-8c4b4549-5ad3-49b3-b37a-3b99b66abf71 service placement] found 2 providers after filtering by previous result {{(pid=95322) get_provider_ids_matching /opt/stack/placement/placement/objects/research_context.py:580}}
Sep 02 12:37:22.626182 n-d-792364-8 devstack@placement-api.service[95322]: DEBUG placement.objects.allocation_candidate [req-4b8b78ef-d483-4f68-9aff-a45e4468b0a8 req-8c4b4549-5ad3-49b3-b37a-3b99b66abf71 service placement] RequestGroup(use_same_provider=False, resources={DISK_GB:1, MEMORY_MB:1024, VCPU:1}, traits=[], aggregates=[]) (suffix '') returned 2 matches {{(pid=95322) _get_by_requests /opt/stack/placement/placement/objects/allocation_candidate.py:145}}
Sep 02 12:37:22.626657 n-d-792364-8 devstack@placement-api.service[95322]: DEBUG placement.objects.allocation_candidate [req-4b8b78ef-d483-4f68-9aff-a45e4468b0a8 req-8c4b4549-5ad3-49b3-b37a-3b99b66abf71 service placement] Merging candidates yields 2 allocation requests and 2 provider summaries {{(pid=95322) _merge_candidates /opt/stack/placement/placement/objects/allocation_candidate.py:783}}
Sep 02 12:37:22.628498 n-d-792364-8 devstack@placement-api.service[95322]: INFO placement.requestlog [req-4b8b78ef-d483-4f68-9aff-a45e4468b0a8 req-8c4b4549-5ad3-49b3-b37a-3b99b66abf71 service placement] 10.222.0.60 "GET /placement/allocation_candidates?limit=1000&resources=DISK_GB%3A1%2CMEMORY_MB%3A1024%2CVCPU%3A1&root_required=%21COMPUTE_STATUS_DISABLED" status: 200 len: 1309 microversion: 1.36
Sep 02 12:37:22.629137 n-d-792364-8 devstack@placement-api.service[95322]: [pid: 95322|app: 0|req: 74/146] 10.222.0.60 () {60 vars in 1507 bytes} [Thu Sep 2 12:37:22 2021] GET /placement/allocation_candidates?limit=1000&resources=DISK_GB%3A1%2CMEMORY_MB%3A1024%2CVCPU%3A1&root_required=%21COMPUTE_STATUS_DISABLED => generated 1309 bytes in 103 msecs (HTTP/1.1 200) 8 headers in 297 bytes (1 switches on core 0)
Sep 02 12:37:22.697090 n-d-792364-8 devstack@placement-api.service[95323]: DEBUG placement.requestlog [req-4b8b78ef-d483-4f68-9aff-a45e4468b0a8 req-8f60cb83-c8de-41af-a624-3209bdda8cc3 None None] Starting request: 10.222.0.60 "GET /placement/allocations/8c3f39b1-10b0-4e9d-b49c-9eb42d0b5af8" {{(pid=95323) __call__ /opt/stack/placement/placement/requestlog.py:55}}
Sep 02 12:37:22.724771 n-d-792364-8 devstack@placement-api.service[95323]: INFO placement.requestlog [req-4b8b78ef-d483-4f68-9aff-a45e4468b0a8 req-8f60cb83-c8de-41af-a624-3209bdda8cc3 service placement] 10.222.0.60 "GET /placement/allocations/8c3f39b1-10b0-4e9d-b49c-9eb42d0b5af8" status: 200 len: 19 microversion: 1.28
Sep 02 12:37:22.730861 n-d-792364-8 devstack@placement-api.service[95323]: [pid: 95323|app: 0|req: 73/147] 10.222.0.60 () {60 vars in 1381 bytes} [Thu Sep 2 12:37:22 2021] GET /placement/allocations/8c3f39b1-10b0-4e9d-b49c-9eb42d0b5af8 => generated 19 bytes in 40 msecs (HTTP/1.1 200) 8 headers in 295 bytes (1 switches on core 0)
Sep 02 12:37:22.732408 n-d-792364-8 devstack@placement-api.service[95322]: DEBUG placement.requestlog [req-4b8b78ef-d483-4f68-9aff-a45e4468b0a8 req-0cdcb598-c7eb-439b-8387-0955ce23c851 None None] Starting request: 10.222.0.60 "PUT /placement/allocations/8c3f39b1-10b0-4e9d-b49c-9eb42d0b5af8" {{(pid=95322) __call__ /opt/stack/placement/placement/requestlog.py:55}}
Sep 02 12:37:22.780745 n-d-792364-8 devstack@placement-api.service[95322]: DEBUG placement.handlers.allocation [req-4b8b78ef-d483-4f68-9aff-a45e4468b0a8 req-0cdcb598-c7eb-439b-8387-0955ce23c851 service placement] Successfully wrote allocations [, , ] {{(pid=95322) _create_allocations /opt/stack/placement/placement/handlers/allocation.py:461}}
Sep 02 12:37:22.788093 n-d-792364-8 devstack@placement-api.service[95322]: INFO placement.requestlog [req-4b8b78ef-d483-4f68-9aff-a45e4468b0a8 req-0cdcb598-c7eb-439b-8387-0955ce23c851 service placement] 10.222.0.60 "PUT /placement/allocations/8c3f39b1-10b0-4e9d-b49c-9eb42d0b5af8" status: 204 len: 0 microversion: 1.36
Sep 02 12:37:22.788878 n-d-792364-8 devstack@placement-api.service[95322]: [pid: 95322|app: 0|req: 75/148] 10.222.0.60 () {64 vars in 1434 bytes} [Thu Sep 2 12:37:22 2021] PUT /placement/allocations/8c3f39b1-10b0-4e9d-b49c-9eb42d0b5af8 => generated 0 bytes in 56 msecs (HTTP/1.1 204) 5 headers in 199 bytes (2 switches on core 0)
Sep 02 12:37:23.229501 n-d-792364-8 devstack@placement-api.service[95323]: DEBUG placement.requestlog [req-4b8b78ef-d483-4f68-9aff-a45e4468b0a8 req-e32a384a-4f9b-4dfb-9f5c-93a3747d9dfd None None] Starting request: 10.222.0.18 "GET /placement/allocations/8c3f39b1-10b0-4e9d-b49c-9eb42d0b5af8" {{(pid=95323) __call__ /opt/stack/placement/placement/requestlog.py:55}}
Sep 02 12:37:23.251323 n-d-792364-8 devstack@placement-api.service[95323]: INFO placement.requestlog [req-4b8b78ef-d483-4f68-9aff-a45e4468b0a8 req-e32a384a-4f9b-4dfb-9f5c-93a3747d9dfd service placement] 10.222.0.18 "GET /placement/allocations/8c3f39b1-10b0-4e9d-b49c-9eb42d0b5af8" status: 200 len: 259 microversion: 1.28
Sep 02 12:37:23.251849 n-d-792364-8 devstack@placement-api.service[95323]: [pid: 95323|app: 0|req: 74/149] 10.222.0.18 () {60 vars in 1378 bytes} [Thu Sep 2 12:37:23 2021] GET /placement/allocations/8c3f39b1-10b0-4e9d-b49c-9eb42d0b5af8 => generated 259 bytes in 22 msecs (HTTP/1.1 200) 8 headers in 296 bytes (1 switches on core 0)
Sep 02 12:37:23.542302 n-d-792364-8 devstack@placement-api.service[95322]: DEBUG placement.requestlog [req-44f6e2d1-8510-4e4b-a830-4ad1ed8a9d8c req-a6ad573b-b9f1-4c23-a64c-8da0c38c6dc4 None None] Starting request: 10.222.0.60 "GET /placement/allocation_candidates?limit=1000&resources=DISK_GB%3A1%2CMEMORY_MB%3A1024%2CVCPU%3A1&root_required=%21COMPUTE_STATUS_DISABLED" {{(pid=95322) __call__ /opt/stack/placement/placement/requestlog.py:55}}
Sep 02 12:37:23.597908 n-d-792364-8 devstack@placement-api.service[95322]: DEBUG placement.objects.research_context [req-44f6e2d1-8510-4e4b-a830-4ad1ed8a9d8c req-a6ad573b-b9f1-4c23-a64c-8da0c38c6dc4 service placement] getting providers with 1 DISK_GB {{(pid=95322) __init__ /opt/stack/placement/placement/objects/research_context.py:126}}
Sep 02 12:37:23.629660 n-d-792364-8 devstack@placement-api.service[95322]: DEBUG placement.objects.research_context [req-44f6e2d1-8510-4e4b-a830-4ad1ed8a9d8c req-a6ad573b-b9f1-4c23-a64c-8da0c38c6dc4 service placement] getting providers with 1024 MEMORY_MB {{(pid=95322) __init__ /opt/stack/placement/placement/objects/research_context.py:126}}
Sep 02 12:37:23.637721 n-d-792364-8 devstack@placement-api.service[95322]: DEBUG placement.objects.research_context [req-44f6e2d1-8510-4e4b-a830-4ad1ed8a9d8c req-a6ad573b-b9f1-4c23-a64c-8da0c38c6dc4 service placement] getting providers with 1 VCPU {{(pid=95322) __init__ /opt/stack/placement/placement/objects/research_context.py:126}}
Sep 02 12:37:23.645078 n-d-792364-8 devstack@placement-api.service[95322]: DEBUG placement.objects.research_context [req-44f6e2d1-8510-4e4b-a830-4ad1ed8a9d8c req-a6ad573b-b9f1-4c23-a64c-8da0c38c6dc4 service placement] found 2 providers with available 1 DISK_GB {{(pid=95322) get_provider_ids_matching /opt/stack/placement/placement/objects/research_context.py:549}}
Sep 02 12:37:23.645714 n-d-792364-8 devstack@placement-api.service[95322]: DEBUG placement.objects.research_context [req-44f6e2d1-8510-4e4b-a830-4ad1ed8a9d8c req-a6ad573b-b9f1-4c23-a64c-8da0c38c6dc4 service placement] found 2 providers with available 1024 MEMORY_MB {{(pid=95322) get_provider_ids_matching /opt/stack/placement/placement/objects/research_context.py:549}}
Sep 02 12:37:23.646235 n-d-792364-8 devstack@placement-api.service[95322]: DEBUG placement.objects.research_context [req-44f6e2d1-8510-4e4b-a830-4ad1ed8a9d8c req-a6ad573b-b9f1-4c23-a64c-8da0c38c6dc4 service placement] found 2 providers after filtering by previous result {{(pid=95322) get_provider_ids_matching /opt/stack/placement/placement/objects/research_context.py:580}}
Sep 02 12:37:23.646618 n-d-792364-8 devstack@placement-api.service[95322]: DEBUG placement.objects.research_context [req-44f6e2d1-8510-4e4b-a830-4ad1ed8a9d8c req-a6ad573b-b9f1-4c23-a64c-8da0c38c6dc4 service placement] found 2 providers with available 1 VCPU {{(pid=95322) get_provider_ids_matching /opt/stack/placement/placement/objects/research_context.py:549}}
Sep 02 12:37:23.647022 n-d-792364-8 devstack@placement-api.service[95322]: DEBUG placement.objects.research_context [req-44f6e2d1-8510-4e4b-a830-4ad1ed8a9d8c req-a6ad573b-b9f1-4c23-a64c-8da0c38c6dc4 service placement] found 2 providers after filtering by previous result {{(pid=95322) get_provider_ids_matching /opt/stack/placement/placement/objects/research_context.py:580}}
Sep 02 12:37:23.660610 n-d-792364-8 devstack@placement-api.service[95322]: DEBUG placement.objects.allocation_candidate [req-44f6e2d1-8510-4e4b-a830-4ad1ed8a9d8c req-a6ad573b-b9f1-4c23-a64c-8da0c38c6dc4 service placement] RequestGroup(use_same_provider=False, resources={DISK_GB:1, MEMORY_MB:1024, VCPU:1}, traits=[], aggregates=[]) (suffix '') returned 2 matches {{(pid=95322) _get_by_requests /opt/stack/placement/placement/objects/allocation_candidate.py:145}}
Sep 02 12:37:23.661289 n-d-792364-8 devstack@placement-api.service[95322]: DEBUG placement.objects.allocation_candidate [req-44f6e2d1-8510-4e4b-a830-4ad1ed8a9d8c req-a6ad573b-b9f1-4c23-a64c-8da0c38c6dc4 service placement] Merging candidates yields 2 allocation requests and 2 provider summaries {{(pid=95322) _merge_candidates /opt/stack/placement/placement/objects/allocation_candidate.py:783}}
Sep 02 12:37:23.663542 n-d-792364-8 devstack@placement-api.service[95322]: INFO placement.requestlog [req-44f6e2d1-8510-4e4b-a830-4ad1ed8a9d8c req-a6ad573b-b9f1-4c23-a64c-8da0c38c6dc4 service placement] 10.222.0.60 "GET /placement/allocation_candidates?limit=1000&resources=DISK_GB%3A1%2CMEMORY_MB%3A1024%2CVCPU%3A1&root_required=%21COMPUTE_STATUS_DISABLED" status: 200 len: 1309 microversion: 1.36
Sep 02 12:37:23.664386 n-d-792364-8 devstack@placement-api.service[95322]: [pid: 95322|app: 0|req: 76/150] 10.222.0.60 () {60 vars in 1507 bytes} [Thu Sep 2 12:37:23 2021] GET /placement/allocation_candidates?limit=1000&resources=DISK_GB%3A1%2CMEMORY_MB%3A1024%2CVCPU%3A1&root_required=%21COMPUTE_STATUS_DISABLED => generated 1309 bytes in 123 msecs (HTTP/1.1 200) 8 headers in 297 bytes (1 switches on core 0)
Sep 02 12:37:23.719100 n-d-792364-8 devstack@placement-api.service[95323]: DEBUG placement.requestlog [req-44f6e2d1-8510-4e4b-a830-4ad1ed8a9d8c req-6c126f86-a27e-465e-abd2-328581577fed None None] Starting request: 10.222.0.60 "GET /placement/allocations/809fa416-f236-4eac-b8d3-8b73401d41d4" {{(pid=95323) __call__ /opt/stack/placement/placement/requestlog.py:55}}
Sep 02 12:37:23.735606 n-d-792364-8 devstack@placement-api.service[95323]: INFO placement.requestlog [req-44f6e2d1-8510-4e4b-a830-4ad1ed8a9d8c req-6c126f86-a27e-465e-abd2-328581577fed service placement] 10.222.0.60 "GET /placement/allocations/809fa416-f236-4eac-b8d3-8b73401d41d4" status: 200 len: 19 microversion: 1.28
Sep 02 12:37:23.737175 n-d-792364-8 devstack@placement-api.service[95323]: [pid: 95323|app: 0|req: 75/151] 10.222.0.60 () {60 vars in 1381 bytes} [Thu Sep 2 12:37:23 2021] GET /placement/allocations/809fa416-f236-4eac-b8d3-8b73401d41d4 => generated 19 bytes in 18 msecs (HTTP/1.1 200) 8 headers in 295 bytes (1 switches on core 0)
Sep 02 12:37:23.744428 n-d-792364-8 devstack@placement-api.service[95322]: DEBUG placement.requestlog [req-44f6e2d1-8510-4e4b-a830-4ad1ed8a9d8c req-896bc625-6196-4d02-9232-40bfe908a492 None None] Starting request: 10.222.0.60 "PUT /placement/allocations/809fa416-f236-4eac-b8d3-8b73401d41d4" {{(pid=95322) __call__ /opt/stack/placement/placement/requestlog.py:55}}
Sep 02 12:37:23.788047 n-d-792364-8 devstack@placement-api.service[95322]: DEBUG placement.handlers.allocation [req-44f6e2d1-8510-4e4b-a830-4ad1ed8a9d8c req-896bc625-6196-4d02-9232-40bfe908a492 service placement] Successfully wrote allocations [, , ] {{(pid=95322) _create_allocations /opt/stack/placement/placement/handlers/allocation.py:461}}
Sep 02 12:37:23.794999 n-d-792364-8 devstack@placement-api.service[95322]: INFO placement.requestlog [req-44f6e2d1-8510-4e4b-a830-4ad1ed8a9d8c req-896bc625-6196-4d02-9232-40bfe908a492 service placement] 10.222.0.60 "PUT /placement/allocations/809fa416-f236-4eac-b8d3-8b73401d41d4" status: 204 len: 0 microversion: 1.36
Sep 02 12:37:23.803349 n-d-792364-8 devstack@placement-api.service[95322]: [pid: 95322|app: 0|req: 77/152] 10.222.0.60 () {64 vars in 1434 bytes} [Thu Sep 2 12:37:23 2021] PUT /placement/allocations/809fa416-f236-4eac-b8d3-8b73401d41d4 => generated 0 bytes in 52 msecs (HTTP/1.1 204) 5 headers in 199 bytes (1 switches on core 0)
Sep 02 12:37:24.278180 n-d-792364-8 devstack@placement-api.service[95323]: DEBUG placement.requestlog [req-44f6e2d1-8510-4e4b-a830-4ad1ed8a9d8c req-c00917dc-b5eb-4485-a37b-e34761bd4869 None None] Starting request: 10.222.0.41 "GET /placement/allocations/809fa416-f236-4eac-b8d3-8b73401d41d4" {{(pid=95323) __call__ /opt/stack/placement/placement/requestlog.py:55}}
Sep 02 12:37:24.310254 n-d-792364-8 devstack@placement-api.service[95323]: INFO placement.requestlog [req-44f6e2d1-8510-4e4b-a830-4ad1ed8a9d8c req-c00917dc-b5eb-4485-a37b-e34761bd4869 service placement] 10.222.0.41 "GET /placement/allocations/809fa416-f236-4eac-b8d3-8b73401d41d4" status: 200 len: 259 microversion: 1.28
Sep 02 12:37:24.310495 n-d-792364-8 devstack@placement-api.service[95323]: [pid: 95323|app: 0|req: 76/153] 10.222.0.41 () {60 vars in 1378 bytes} [Thu Sep 2 12:37:24 2021] GET /placement/allocations/809fa416-f236-4eac-b8d3-8b73401d41d4 => generated 259 bytes in 33 msecs (HTTP/1.1 200) 8 headers in 296 bytes (1 switches on core 0)
Sep 02 12:37:31.183078 n-d-792364-8 devstack@placement-api.service[95322]: DEBUG placement.requestlog [req-68ec1085-40e4-436a-b324-069b1ec519f1 req-9384f21b-b657-4f38-b177-39b7fbd2f080 None None] Starting request: 10.222.0.60 "GET /placement/allocation_candidates?limit=1000&resources=DISK_GB%3A1%2CMEMORY_MB%3A1024%2CVCPU%3A1&root_required=%21COMPUTE_STATUS_DISABLED" {{(pid=95322) __call__ /opt/stack/placement/placement/requestlog.py:55}}
Sep 02 12:37:31.240852 n-d-792364-8 devstack@placement-api.service[95322]: DEBUG placement.objects.research_context [req-68ec1085-40e4-436a-b324-069b1ec519f1 req-9384f21b-b657-4f38-b177-39b7fbd2f080 service placement] getting providers with 1 DISK_GB {{(pid=95322) __init__ /opt/stack/placement/placement/objects/research_context.py:126}}
Sep 02 12:37:31.248377 n-d-792364-8 devstack@placement-api.service[95322]: DEBUG placement.objects.research_context [req-68ec1085-40e4-436a-b324-069b1ec519f1 req-9384f21b-b657-4f38-b177-39b7fbd2f080 service placement] getting providers with 1024 MEMORY_MB {{(pid=95322) __init__ /opt/stack/placement/placement/objects/research_context.py:126}}
Sep 02 12:37:31.257219 n-d-792364-8 devstack@placement-api.service[95322]: DEBUG placement.objects.research_context [req-68ec1085-40e4-436a-b324-069b1ec519f1 req-9384f21b-b657-4f38-b177-39b7fbd2f080 service placement] getting providers with 1 VCPU {{(pid=95322) __init__ /opt/stack/placement/placement/objects/research_context.py:126}}
Sep 02 12:37:31.264563 n-d-792364-8 devstack@placement-api.service[95322]: DEBUG placement.objects.research_context [req-68ec1085-40e4-436a-b324-069b1ec519f1 req-9384f21b-b657-4f38-b177-39b7fbd2f080 service placement] found 2 providers with available 1 DISK_GB {{(pid=95322) get_provider_ids_matching /opt/stack/placement/placement/objects/research_context.py:549}}
Sep 02 12:37:31.265303 n-d-792364-8 devstack@placement-api.service[95322]: DEBUG placement.objects.research_context [req-68ec1085-40e4-436a-b324-069b1ec519f1 req-9384f21b-b657-4f38-b177-39b7fbd2f080 service placement] found 2 providers with available 1024 MEMORY_MB {{(pid=95322) get_provider_ids_matching /opt/stack/placement/placement/objects/research_context.py:549}}
Sep 02 12:37:31.268845 n-d-792364-8 devstack@placement-api.service[95322]: DEBUG placement.objects.research_context [req-68ec1085-40e4-436a-b324-069b1ec519f1 req-9384f21b-b657-4f38-b177-39b7fbd2f080 service placement] found 2 providers after filtering by previous result {{(pid=95322) get_provider_ids_matching /opt/stack/placement/placement/objects/research_context.py:580}}
Sep 02 12:37:31.270288 n-d-792364-8 devstack@placement-api.service[95322]: DEBUG placement.objects.research_context [req-68ec1085-40e4-436a-b324-069b1ec519f1 req-9384f21b-b657-4f38-b177-39b7fbd2f080 service placement] found 2 providers with available 1 VCPU {{(pid=95322) get_provider_ids_matching /opt/stack/placement/placement/objects/research_context.py:549}}
Sep 02 12:37:31.270734 n-d-792364-8 devstack@placement-api.service[95322]: DEBUG placement.objects.research_context [req-68ec1085-40e4-436a-b324-069b1ec519f1 req-9384f21b-b657-4f38-b177-39b7fbd2f080 service placement] found 2 providers after filtering by previous result {{(pid=95322) get_provider_ids_matching /opt/stack/placement/placement/objects/research_context.py:580}}
Sep 02 12:37:31.288947 n-d-792364-8 devstack@placement-api.service[95322]: DEBUG placement.objects.allocation_candidate [req-68ec1085-40e4-436a-b324-069b1ec519f1 req-9384f21b-b657-4f38-b177-39b7fbd2f080 service placement] RequestGroup(use_same_provider=False, resources={DISK_GB:1, MEMORY_MB:1024, VCPU:1}, traits=[], aggregates=[]) (suffix '') returned 2 matches {{(pid=95322) _get_by_requests /opt/stack/placement/placement/objects/allocation_candidate.py:145}}
Sep 02 12:37:31.289560 n-d-792364-8 devstack@placement-api.service[95322]: DEBUG placement.objects.allocation_candidate [req-68ec1085-40e4-436a-b324-069b1ec519f1 req-9384f21b-b657-4f38-b177-39b7fbd2f080 service placement] Merging candidates yields 2 allocation requests and 2 provider summaries {{(pid=95322) _merge_candidates /opt/stack/placement/placement/objects/allocation_candidate.py:783}}
Sep 02 12:37:31.293555 n-d-792364-8 devstack@placement-api.service[95322]: INFO placement.requestlog [req-68ec1085-40e4-436a-b324-069b1ec519f1 req-9384f21b-b657-4f38-b177-39b7fbd2f080 service placement] 10.222.0.60 "GET /placement/allocation_candidates?limit=1000&resources=DISK_GB%3A1%2CMEMORY_MB%3A1024%2CVCPU%3A1&root_required=%21COMPUTE_STATUS_DISABLED" status: 200 len: 1309 microversion: 1.36
Sep 02 12:37:31.308686 n-d-792364-8 devstack@placement-api.service[95322]: [pid: 95322|app: 0|req: 78/154] 10.222.0.60 () {60 vars in 1507 bytes} [Thu Sep 2 12:37:31 2021] GET /placement/allocation_candidates?limit=1000&resources=DISK_GB%3A1%2CMEMORY_MB%3A1024%2CVCPU%3A1&root_required=%21COMPUTE_STATUS_DISABLED => generated 1309 bytes in 124 msecs (HTTP/1.1 200) 8 headers in 297 bytes (1 switches on core 0)
Sep 02 12:37:31.351685 n-d-792364-8 devstack@placement-api.service[95323]: DEBUG placement.requestlog [req-68ec1085-40e4-436a-b324-069b1ec519f1 req-a19df87b-221a-4e6f-9723-7bff20f0b133 None None] Starting request: 10.222.0.60 "GET /placement/allocations/9369f2b1-ddae-440a-95d0-0304ae411b4e" {{(pid=95323) __call__ /opt/stack/placement/placement/requestlog.py:55}}
Sep 02 12:37:31.365769 n-d-792364-8 devstack@placement-api.service[95323]: INFO placement.requestlog [req-68ec1085-40e4-436a-b324-069b1ec519f1 req-a19df87b-221a-4e6f-9723-7bff20f0b133 service placement] 10.222.0.60 "GET /placement/allocations/9369f2b1-ddae-440a-95d0-0304ae411b4e" status: 200 len: 19 microversion: 1.28
Sep 02 12:37:31.366677 n-d-792364-8 devstack@placement-api.service[95323]: [pid: 95323|app: 0|req: 77/155] 10.222.0.60 () {60 vars in 1381 bytes} [Thu Sep 2 12:37:31 2021] GET /placement/allocations/9369f2b1-ddae-440a-95d0-0304ae411b4e => generated 19 bytes in 15 msecs (HTTP/1.1 200) 8 headers in 295 bytes (1 switches on core 0)
Sep 02 12:37:31.382942 n-d-792364-8 devstack@placement-api.service[95322]: DEBUG placement.requestlog [req-68ec1085-40e4-436a-b324-069b1ec519f1 req-7cde7d52-98fd-4f09-824b-f2a6c8761620 None None] Starting request: 10.222.0.60 "PUT /placement/allocations/9369f2b1-ddae-440a-95d0-0304ae411b4e" {{(pid=95322) __call__ /opt/stack/placement/placement/requestlog.py:55}}
Sep 02 12:37:31.471338 n-d-792364-8 devstack@placement-api.service[95322]: DEBUG placement.handlers.allocation [req-68ec1085-40e4-436a-b324-069b1ec519f1 req-7cde7d52-98fd-4f09-824b-f2a6c8761620 service placement] Successfully wrote allocations [, , ] {{(pid=95322) _create_allocations /opt/stack/placement/placement/handlers/allocation.py:461}}
Sep 02 12:37:31.479099 n-d-792364-8 devstack@placement-api.service[95322]: INFO placement.requestlog [req-68ec1085-40e4-436a-b324-069b1ec519f1 req-7cde7d52-98fd-4f09-824b-f2a6c8761620 service placement] 10.222.0.60 "PUT /placement/allocations/9369f2b1-ddae-440a-95d0-0304ae411b4e" status: 204 len: 0 microversion: 1.36
Sep 02 12:37:31.492259 n-d-792364-8 devstack@placement-api.service[95322]: [pid: 95322|app: 0|req: 79/156] 10.222.0.60 () {64 vars in 1434 bytes} [Thu Sep 2 12:37:31 2021] PUT /placement/allocations/9369f2b1-ddae-440a-95d0-0304ae411b4e => generated 0 bytes in 99 msecs (HTTP/1.1 204) 5 headers in 199 bytes (1 switches on core 0)
Sep 02 12:37:32.040425 n-d-792364-8 devstack@placement-api.service[95323]: DEBUG placement.requestlog [req-68ec1085-40e4-436a-b324-069b1ec519f1 req-b34f2d76-f492-47ce-84d3-ec374b6cee29 None None] Starting request: 10.222.0.18 "GET /placement/allocations/9369f2b1-ddae-440a-95d0-0304ae411b4e" {{(pid=95323) __call__ /opt/stack/placement/placement/requestlog.py:55}}
Sep 02 12:37:32.073469 n-d-792364-8 devstack@placement-api.service[95323]: INFO placement.requestlog [req-68ec1085-40e4-436a-b324-069b1ec519f1 req-b34f2d76-f492-47ce-84d3-ec374b6cee29 service placement] 10.222.0.18 "GET /placement/allocations/9369f2b1-ddae-440a-95d0-0304ae411b4e" status: 200 len: 259 microversion: 1.28
