Feb 09 22:11:35.467979 n-d-792362-9 devstack@placement-api.service[104397]: DEBUG placement.objects.research_context [req-ad4d79f9-8b5a-470d-ba48-686de421bc53 req-12a33b58-1b6b-4d5a-b076-ff313aef3d1a service placement] found 2 providers after filtering by previous result {{(pid=104397) get_provider_ids_matching /opt/stack/placement/placement/objects/research_context.py:580}}
Feb 09 22:11:35.479677 n-d-792362-9 devstack@placement-api.service[104397]: DEBUG placement.objects.allocation_candidate [req-ad4d79f9-8b5a-470d-ba48-686de421bc53 req-12a33b58-1b6b-4d5a-b076-ff313aef3d1a service placement] RequestGroup(use_same_provider=False, resources={DISK_GB:1, MEMORY_MB:1024, VCPU:1}, traits=[], aggregates=[]) (suffix '') returned 2 matches {{(pid=104397) _get_by_requests /opt/stack/placement/placement/objects/allocation_candidate.py:145}}
Feb 09 22:11:35.480174 n-d-792362-9 devstack@placement-api.service[104397]: DEBUG placement.objects.allocation_candidate [req-ad4d79f9-8b5a-470d-ba48-686de421bc53 req-12a33b58-1b6b-4d5a-b076-ff313aef3d1a service placement] Merging candidates yields 2 allocation requests and 2 provider summaries {{(pid=104397) _merge_candidates /opt/stack/placement/placement/objects/allocation_candidate.py:783}}
Feb 09 22:11:35.481962 n-d-792362-9 devstack@placement-api.service[104397]: INFO placement.requestlog [req-ad4d79f9-8b5a-470d-ba48-686de421bc53 req-12a33b58-1b6b-4d5a-b076-ff313aef3d1a service placement] 10.222.0.61 "GET /placement/allocation_candidates?limit=1000&resources=DISK_GB%3A1%2CMEMORY_MB%3A1024%2CVCPU%3A1&root_required=%21COMPUTE_STATUS_DISABLED" status: 200 len: 1309 microversion: 1.36
Feb 09 22:11:35.482423 n-d-792362-9 devstack@placement-api.service[104397]: [pid: 104397|app: 0|req: 556/1106] 10.222.0.61 () {60 vars in 1506 bytes} [Wed Feb 9 22:11:35 2022] GET /placement/allocation_candidates?limit=1000&resources=DISK_GB%3A1%2CMEMORY_MB%3A1024%2CVCPU%3A1&root_required=%21COMPUTE_STATUS_DISABLED => generated 1309 bytes in 68 msecs (HTTP/1.1 200) 8 headers in 297 bytes (1 switches on core 0)
Feb 09 22:11:35.539967 n-d-792362-9 devstack@placement-api.service[104398]: DEBUG placement.requestlog [req-ad4d79f9-8b5a-470d-ba48-686de421bc53 req-c29a0bc5-dbf0-4b92-b6ee-e7d8bcf7c3c4 None None] Starting request: 10.222.0.61 "GET /placement/allocations/51443cd9-2139-4b5f-b4ac-75211f1c2120" {{(pid=104398) __call__ /opt/stack/placement/placement/requestlog.py:55}}
Feb 09 22:11:35.555249 n-d-792362-9 devstack@placement-api.service[104398]: INFO placement.requestlog [req-ad4d79f9-8b5a-470d-ba48-686de421bc53 req-c29a0bc5-dbf0-4b92-b6ee-e7d8bcf7c3c4 service placement] 10.222.0.61 "GET /placement/allocations/51443cd9-2139-4b5f-b4ac-75211f1c2120" status: 200 len: 19 microversion: 1.28
Feb 09 22:11:35.558451 n-d-792362-9 devstack@placement-api.service[104398]: [pid: 104398|app: 0|req: 551/1107] 10.222.0.61 () {60 vars in 1380 bytes} [Wed Feb 9 22:11:35 2022] GET /placement/allocations/51443cd9-2139-4b5f-b4ac-75211f1c2120 => generated 19 bytes in 17 msecs (HTTP/1.1 200) 8 headers in 295 bytes (1 switches on core 0)
Feb 09 22:11:35.566711 n-d-792362-9 devstack@placement-api.service[104397]: DEBUG placement.requestlog [req-ad4d79f9-8b5a-470d-ba48-686de421bc53 req-a3261fb0-1751-4d81-8e62-53720795d4ee None None] Starting request: 10.222.0.61 "PUT /placement/allocations/51443cd9-2139-4b5f-b4ac-75211f1c2120" {{(pid=104397) __call__ /opt/stack/placement/placement/requestlog.py:55}}
Feb 09 22:11:35.998596 n-d-792362-9 devstack@placement-api.service[104397]: DEBUG placement.handlers.allocation [req-ad4d79f9-8b5a-470d-ba48-686de421bc53 req-a3261fb0-1751-4d81-8e62-53720795d4ee service placement] Successfully wrote allocations [, , ] {{(pid=104397) _update_consumers_and_create_allocations /opt/stack/placement/placement/handlers/allocation.py:462}}
Feb 09 22:11:36.083162 n-d-792362-9 devstack@placement-api.service[104397]: INFO placement.requestlog [req-ad4d79f9-8b5a-470d-ba48-686de421bc53 req-a3261fb0-1751-4d81-8e62-53720795d4ee service placement] 10.222.0.61 "PUT /placement/allocations/51443cd9-2139-4b5f-b4ac-75211f1c2120" status: 204 len: 0 microversion: 1.36
Feb 09 22:11:36.083562 n-d-792362-9 devstack@placement-api.service[104397]: [pid: 104397|app: 0|req: 557/1108] 10.222.0.61 () {64 vars in 1433 bytes} [Wed Feb 9 22:11:35 2022] PUT /placement/allocations/51443cd9-2139-4b5f-b4ac-75211f1c2120 => generated 0 bytes in 517 msecs (HTTP/1.1 204) 5 headers in 199 bytes (1 switches on core 0)
Feb 09 22:11:37.287712 n-d-792362-9 devstack@placement-api.service[104398]: DEBUG placement.requestlog [req-ad4d79f9-8b5a-470d-ba48-686de421bc53 req-e40c5ccb-2f9f-468f-9eaf-efb8fb2db7c1 None None] Starting request: 10.222.0.60 "GET /placement/allocations/51443cd9-2139-4b5f-b4ac-75211f1c2120" {{(pid=104398) __call__ /opt/stack/placement/placement/requestlog.py:55}}
Feb 09 22:11:37.302701 n-d-792362-9 devstack@placement-api.service[104398]: INFO placement.requestlog [req-ad4d79f9-8b5a-470d-ba48-686de421bc53 req-e40c5ccb-2f9f-468f-9eaf-efb8fb2db7c1 service placement] 10.222.0.60 "GET /placement/allocations/51443cd9-2139-4b5f-b4ac-75211f1c2120" status: 200 len: 259 microversion: 1.28
Feb 09 22:11:37.303328 n-d-792362-9 devstack@placement-api.service[104398]: [pid: 104398|app: 0|req: 552/1109] 10.222.0.60 () {60 vars in 1377 bytes} [Wed Feb 9 22:11:37 2022] GET /placement/allocations/51443cd9-2139-4b5f-b4ac-75211f1c2120 => generated 259 bytes in 16 msecs (HTTP/1.1 200) 8 headers in 296 bytes (1 switches on core 0)
Feb 09 22:12:04.800735 n-d-792362-9 devstack@placement-api.service[104397]: DEBUG placement.requestlog [req-e4dec658-9ebc-437f-a7b3-edf5878c2e71 req-d7048355-ebdb-4742-bfbb-f53afae7cae8 None None] Starting request: 10.222.0.60 "DELETE /placement/allocations/622550b7-633c-403c-abbe-e1f74a4f0fc4" {{(pid=104397) __call__ /opt/stack/placement/placement/requestlog.py:55}}
Feb 09 22:12:04.939050 n-d-792362-9 devstack@placement-api.service[104397]: DEBUG placement.handlers.allocation [req-e4dec658-9ebc-437f-a7b3-edf5878c2e71 req-d7048355-ebdb-4742-bfbb-f53afae7cae8 service placement] Successfully deleted allocations [, , ] {{(pid=104397) delete_allocations /opt/stack/placement/placement/handlers/allocation.py:627}}
Feb 09 22:12:04.939557 n-d-792362-9 devstack@placement-api.service[104397]: INFO placement.requestlog [req-e4dec658-9ebc-437f-a7b3-edf5878c2e71 req-d7048355-ebdb-4742-bfbb-f53afae7cae8 service placement] 10.222.0.60 "DELETE /placement/allocations/622550b7-633c-403c-abbe-e1f74a4f0fc4" status: 204 len: 0 microversion: 1.0
Feb 09 22:12:04.940010 n-d-792362-9 devstack@placement-api.service[104397]: [pid: 104397|app: 0|req: 558/1110] 10.222.0.60 () {60 vars in 1355 bytes} [Wed Feb 9 22:12:04 2022] DELETE /placement/allocations/622550b7-633c-403c-abbe-e1f74a4f0fc4 => generated 0 bytes in 140 msecs (HTTP/1.1 204) 5 headers in 198 bytes (1 switches on core 0)
Feb 09 22:12:09.899538 n-d-792362-9 devstack@placement-api.service[104398]: DEBUG placement.requestlog [req-b7cf3606-c0ce-49ae-af01-c5988f21d2f9 req-4ed641c6-2f31-48e5-9730-9263ed377ce0 None None] Starting request: 10.222.0.60 "GET /placement/resource_providers/6849bb1f-e377-4320-a742-eadc85aefc6d/allocations" {{(pid=104398) __call__ /opt/stack/placement/placement/requestlog.py:55}}
Feb 09 22:12:09.925074 n-d-792362-9 devstack@placement-api.service[104398]: INFO placement.requestlog [req-b7cf3606-c0ce-49ae-af01-c5988f21d2f9 req-4ed641c6-2f31-48e5-9730-9263ed377ce0 service placement] 10.222.0.60 "GET /placement/resource_providers/6849bb1f-e377-4320-a742-eadc85aefc6d/allocations" status: 200 len: 241 microversion: 1.0
Feb 09 22:12:09.926071 n-d-792362-9 devstack@placement-api.service[104398]: [pid: 104398|app: 0|req: 553/1111] 10.222.0.60 () {58 vars in 1390 bytes} [Wed Feb 9 22:12:09 2022] GET /placement/resource_providers/6849bb1f-e377-4320-a742-eadc85aefc6d/allocations => generated 241 bytes in 27 msecs (HTTP/1.1 200) 6 headers in 224 bytes (1 switches on core 0)
Feb 09 22:12:14.453198 n-d-792362-9 devstack@placement-api.service[104397]: DEBUG placement.requestlog [req-319e6e5a-4bac-4fe8-babd-a1e17633d9db req-80b33489-4742-4048-9869-504526197b58 None None] Starting request: 10.222.0.48 "GET /placement/resource_providers/edb47645-6600-4b1f-bf94-472ba691b1f3/allocations" {{(pid=104397) __call__ /opt/stack/placement/placement/requestlog.py:55}}
Feb 09 22:12:14.477743 n-d-792362-9 devstack@placement-api.service[104397]: INFO placement.requestlog [req-319e6e5a-4bac-4fe8-babd-a1e17633d9db req-80b33489-4742-4048-9869-504526197b58 service placement] 10.222.0.48 "GET /placement/resource_providers/edb47645-6600-4b1f-bf94-472ba691b1f3/allocations" status: 200 len: 155 microversion: 1.0
Feb 09 22:12:14.478613 n-d-792362-9 devstack@placement-api.service[104397]: [pid: 104397|app: 0|req: 559/1112] 10.222.0.48 () {58 vars in 1390 bytes} [Wed Feb 9 22:12:14 2022] GET /placement/resource_providers/edb47645-6600-4b1f-bf94-472ba691b1f3/allocations => generated 155 bytes in 26 msecs (HTTP/1.1 200) 6 headers in 224 bytes (2 switches on core 0)
Feb 09 22:12:25.308106 n-d-792362-9 devstack@placement-api.service[104398]: DEBUG placement.requestlog [req-23d80694-7e2a-446c-80f7-0e2d16a447a9 req-8c4f7da6-3e50-4da6-befa-a12060b92191 None None] Starting request: 10.222.0.48 "DELETE /placement/allocations/12afd085-056f-47f8-9747-d7a901030362" {{(pid=104398) __call__ /opt/stack/placement/placement/requestlog.py:55}}
Feb 09 22:12:25.544649 n-d-792362-9 devstack@placement-api.service[104398]: DEBUG placement.handlers.allocation [req-23d80694-7e2a-446c-80f7-0e2d16a447a9 req-8c4f7da6-3e50-4da6-befa-a12060b92191 service placement] Successfully deleted allocations [, , ] {{(pid=104398) delete_allocations /opt/stack/placement/placement/handlers/allocation.py:627}}
Feb 09 22:12:25.545220 n-d-792362-9 devstack@placement-api.service[104398]: INFO placement.requestlog [req-23d80694-7e2a-446c-80f7-0e2d16a447a9 req-8c4f7da6-3e50-4da6-befa-a12060b92191 service placement] 10.222.0.48 "DELETE /placement/allocations/12afd085-056f-47f8-9747-d7a901030362" status: 204 len: 0 microversion: 1.0
Feb 09 22:12:25.545736 n-d-792362-9 devstack@placement-api.service[104398]: [pid: 104398|app: 0|req: 554/1113] 10.222.0.48 () {60 vars in 1355 bytes} [Wed Feb 9 22:12:25 2022] DELETE /placement/allocations/12afd085-056f-47f8-9747-d7a901030362 => generated 0 bytes in 238 msecs (HTTP/1.1 204) 5 headers in 198 bytes (2 switches on core 0)
Feb 09 22:13:00.662964 n-d-792362-9 devstack@placement-api.service[104397]: DEBUG placement.requestlog [req-0a23524d-f58b-4901-84c0-b29319d1fc0a req-4805aaec-c95e-4418-a48b-ae2aed3ce396 None None] Starting request: 10.222.0.60 "DELETE /placement/allocations/db23a39b-7aa6-4248-a511-3ede9aec9857" {{(pid=104397) __call__ /opt/stack/placement/placement/requestlog.py:55}}
Feb 09 22:13:00.824465 n-d-792362-9 devstack@placement-api.service[104397]: DEBUG placement.handlers.allocation [req-0a23524d-f58b-4901-84c0-b29319d1fc0a req-4805aaec-c95e-4418-a48b-ae2aed3ce396 service placement] Successfully deleted allocations [, ] {{(pid=104397) delete_allocations /opt/stack/placement/placement/handlers/allocation.py:627}}
Feb 09 22:13:00.825714 n-d-792362-9 devstack@placement-api.service[104397]: INFO placement.requestlog [req-0a23524d-f58b-4901-84c0-b29319d1fc0a req-4805aaec-c95e-4418-a48b-ae2aed3ce396 service placement] 10.222.0.60 "DELETE /placement/allocations/db23a39b-7aa6-4248-a511-3ede9aec9857" status: 204 len: 0 microversion: 1.0
Feb 09 22:13:00.826843 n-d-792362-9 devstack@placement-api.service[104397]: [pid: 104397|app: 0|req: 560/1114] 10.222.0.60 () {60 vars in 1355 bytes} [Wed Feb 9 22:13:00 2022] DELETE /placement/allocations/db23a39b-7aa6-4248-a511-3ede9aec9857 => generated 0 bytes in 191 msecs (HTTP/1.1 204) 5 headers in 198 bytes (1 switches on core 0)
Feb 09 22:13:02.853069 n-d-792362-9 devstack@placement-api.service[104398]: DEBUG placement.requestlog [req-dff9159a-3cdd-4a28-8f0f-df4d0466f8f2 req-d4c61858-c0fd-446a-9b37-9403a7ecd76a None None] Starting request: 10.222.0.61 "GET /placement/allocation_candidates?limit=1000&resources=MEMORY_MB%3A1024%2CVCPU%3A1&root_required=%21COMPUTE_STATUS_DISABLED" {{(pid=104398) __call__ /opt/stack/placement/placement/requestlog.py:55}}
Feb 09 22:13:02.893554 n-d-792362-9 devstack@placement-api.service[104398]: DEBUG placement.objects.research_context [req-dff9159a-3cdd-4a28-8f0f-df4d0466f8f2 req-d4c61858-c0fd-446a-9b37-9403a7ecd76a service placement] getting providers with 1024 MEMORY_MB {{(pid=104398) __init__ /opt/stack/placement/placement/objects/research_context.py:126}}
Feb 09 22:13:02.900204 n-d-792362-9 devstack@placement-api.service[104398]: DEBUG placement.objects.research_context [req-dff9159a-3cdd-4a28-8f0f-df4d0466f8f2 req-d4c61858-c0fd-446a-9b37-9403a7ecd76a service placement] getting providers with 1 VCPU {{(pid=104398) __init__ /opt/stack/placement/placement/objects/research_context.py:126}}
Feb 09 22:13:02.906348 n-d-792362-9 devstack@placement-api.service[104398]: DEBUG placement.objects.research_context [req-dff9159a-3cdd-4a28-8f0f-df4d0466f8f2 req-d4c61858-c0fd-446a-9b37-9403a7ecd76a service placement] found 2 providers with available 1024 MEMORY_MB {{(pid=104398) get_provider_ids_matching /opt/stack/placement/placement/objects/research_context.py:549}}
Feb 09 22:13:02.906860 n-d-792362-9 devstack@placement-api.service[104398]: DEBUG placement.objects.research_context [req-dff9159a-3cdd-4a28-8f0f-df4d0466f8f2 req-d4c61858-c0fd-446a-9b37-9403a7ecd76a service placement] found 2 providers with available 1 VCPU {{(pid=104398) get_provider_ids_matching /opt/stack/placement/placement/objects/research_context.py:549}}
Feb 09 22:13:02.907970 n-d-792362-9 devstack@placement-api.service[104398]: DEBUG placement.objects.research_context [req-dff9159a-3cdd-4a28-8f0f-df4d0466f8f2 req-d4c61858-c0fd-446a-9b37-9403a7ecd76a service placement] found 2 providers after filtering by previous result {{(pid=104398) get_provider_ids_matching /opt/stack/placement/placement/objects/research_context.py:580}}
Feb 09 22:13:02.921172 n-d-792362-9 devstack@placement-api.service[104398]: DEBUG placement.objects.allocation_candidate [req-dff9159a-3cdd-4a28-8f0f-df4d0466f8f2 req-d4c61858-c0fd-446a-9b37-9403a7ecd76a service placement] RequestGroup(use_same_provider=False, resources={MEMORY_MB:1024, VCPU:1}, traits=[], aggregates=[]) (suffix '') returned 2 matches {{(pid=104398) _get_by_requests /opt/stack/placement/placement/objects/allocation_candidate.py:145}}
Feb 09 22:13:02.921788 n-d-792362-9 devstack@placement-api.service[104398]: DEBUG placement.objects.allocation_candidate [req-dff9159a-3cdd-4a28-8f0f-df4d0466f8f2 req-d4c61858-c0fd-446a-9b37-9403a7ecd76a service placement] Merging candidates yields 2 allocation requests and 2 provider summaries {{(pid=104398) _merge_candidates /opt/stack/placement/placement/objects/allocation_candidate.py:783}}
Feb 09 22:13:02.923726 n-d-792362-9 devstack@placement-api.service[104398]: INFO placement.requestlog [req-dff9159a-3cdd-4a28-8f0f-df4d0466f8f2 req-d4c61858-c0fd-446a-9b37-9403a7ecd76a service placement] 10.222.0.61 "GET /placement/allocation_candidates?limit=1000&resources=MEMORY_MB%3A1024%2CVCPU%3A1&root_required=%21COMPUTE_STATUS_DISABLED" status: 200 len: 1278 microversion: 1.36
Feb 09 22:13:02.928760 n-d-792362-9 devstack@placement-api.service[104398]: [pid: 104398|app: 0|req: 555/1115] 10.222.0.61 () {60 vars in 1478 bytes} [Wed Feb 9 22:13:02 2022] GET /placement/allocation_candidates?limit=1000&resources=MEMORY_MB%3A1024%2CVCPU%3A1&root_required=%21COMPUTE_STATUS_DISABLED => generated 1278 bytes in 76 msecs (HTTP/1.1 200) 8 headers in 297 bytes (1 switches on core 0)
Feb 09 22:13:02.987297 n-d-792362-9 devstack@placement-api.service[104397]: DEBUG placement.requestlog [req-dff9159a-3cdd-4a28-8f0f-df4d0466f8f2 req-3cb18ffe-886d-4bc7-801c-1297959e49ad None None] Starting request: 10.222.0.61 "GET /placement/allocations/48dd00f3-9495-4e2d-8c8e-89072388253c" {{(pid=104397) __call__ /opt/stack/placement/placement/requestlog.py:55}}
Feb 09 22:13:03.000119 n-d-792362-9 devstack@placement-api.service[104397]: INFO placement.requestlog [req-dff9159a-3cdd-4a28-8f0f-df4d0466f8f2 req-3cb18ffe-886d-4bc7-801c-1297959e49ad service placement] 10.222.0.61 "GET /placement/allocations/48dd00f3-9495-4e2d-8c8e-89072388253c" status: 200 len: 19 microversion: 1.28
Feb 09 22:13:03.008404 n-d-792362-9 devstack@placement-api.service[104397]: [pid: 104397|app: 0|req: 561/1116] 10.222.0.61 () {60 vars in 1380 bytes} [Wed Feb 9 22:13:02 2022] GET /placement/allocations/48dd00f3-9495-4e2d-8c8e-89072388253c => generated 19 bytes in 19 msecs (HTTP/1.1 200) 8 headers in 295 bytes (1 switches on core 0)
Feb 09 22:13:03.009628 n-d-792362-9 devstack@placement-api.service[104398]: DEBUG placement.requestlog [req-dff9159a-3cdd-4a28-8f0f-df4d0466f8f2 req-d4301f1f-764c-4b3b-9f42-d06543d8eab2 None None] Starting request: 10.222.0.61 "PUT /placement/allocations/48dd00f3-9495-4e2d-8c8e-89072388253c" {{(pid=104398) __call__ /opt/stack/placement/placement/requestlog.py:55}}
Feb 09 22:13:03.136392 n-d-792362-9 devstack@placement-api.service[104398]: DEBUG placement.handlers.allocation [req-dff9159a-3cdd-4a28-8f0f-df4d0466f8f2 req-d4301f1f-764c-4b3b-9f42-d06543d8eab2 service placement] Successfully wrote allocations [, ] {{(pid=104398) _update_consumers_and_create_allocations /opt/stack/placement/placement/handlers/allocation.py:462}}
Feb 09 22:13:03.181881 n-d-792362-9 devstack@placement-api.service[104398]: INFO placement.requestlog [req-dff9159a-3cdd-4a28-8f0f-df4d0466f8f2 req-d4301f1f-764c-4b3b-9f42-d06543d8eab2 service placement] 10.222.0.61 "PUT /placement/allocations/48dd00f3-9495-4e2d-8c8e-89072388253c" status: 204 len: 0 microversion: 1.36
Feb 09 22:13:03.182843 n-d-792362-9 devstack@placement-api.service[104398]: [pid: 104398|app: 0|req: 556/1117] 10.222.0.61 () {64 vars in 1433 bytes} [Wed Feb 9 22:13:03 2022] PUT /placement/allocations/48dd00f3-9495-4e2d-8c8e-89072388253c => generated 0 bytes in 174 msecs (HTTP/1.1 204) 5 headers in 199 bytes (2 switches on core 0)
Feb 09 22:13:04.061362 n-d-792362-9 devstack@placement-api.service[104397]: DEBUG placement.requestlog [req-dff9159a-3cdd-4a28-8f0f-df4d0466f8f2 req-94075249-301f-48ac-ba15-4d63bac4b678 None None] Starting request: 10.222.0.48 "GET /placement/allocations/48dd00f3-9495-4e2d-8c8e-89072388253c" {{(pid=104397) __call__ /opt/stack/placement/placement/requestlog.py:55}}
Feb 09 22:13:04.079201 n-d-792362-9 devstack@placement-api.service[104397]: INFO placement.requestlog [req-dff9159a-3cdd-4a28-8f0f-df4d0466f8f2 req-94075249-301f-48ac-ba15-4d63bac4b678 service placement] 10.222.0.48 "GET /placement/allocations/48dd00f3-9495-4e2d-8c8e-89072388253c" status: 200 len: 246 microversion: 1.28
Feb 09 22:13:04.079201 n-d-792362-9 devstack@placement-api.service[104397]: [pid: 104397|app: 0|req: 562/1118] 10.222.0.48 () {60 vars in 1377 bytes} [Wed Feb 9 22:13:04 2022] GET /placement/allocations/48dd00f3-9495-4e2d-8c8e-89072388253c => generated 246 bytes in 17 msecs (HTTP/1.1 200) 8 headers in 296 bytes (1 switches on core 0)
Feb 09 22:13:11.896124 n-d-792362-9 devstack@placement-api.service[104398]: DEBUG placement.requestlog [req-8de82dca-85db-4e4c-a50c-bcf3b43507ed req-67010164-ff39-4e09-8eae-f1796317b3cf None None] Starting request: 10.222.0.60 "GET /placement/resource_providers/6849bb1f-e377-4320-a742-eadc85aefc6d/allocations" {{(pid=104398) __call__ /opt/stack/placement/placement/requestlog.py:55}}
Feb 09 22:13:11.931273 n-d-792362-9 devstack@placement-api.service[104398]: INFO placement.requestlog [req-8de82dca-85db-4e4c-a50c-bcf3b43507ed req-67010164-ff39-4e09-8eae-f1796317b3cf service placement] 10.222.0.60 "GET /placement/resource_providers/6849bb1f-e377-4320-a742-eadc85aefc6d/allocations" status: 200 len: 154 microversion: 1.0
Feb 09 22:13:11.933080 n-d-792362-9 devstack@placement-api.service[104398]: [pid: 104398|app: 0|req: 557/1119] 10.222.0.60 () {58 vars in 1390 bytes} [Wed Feb 9 22:13:11 2022] GET /placement/resource_providers/6849bb1f-e377-4320-a742-eadc85aefc6d/allocations => generated 154 bytes in 38 msecs (HTTP/1.1 200) 6 headers in 224 bytes (1 switches on core 0)
Feb 09 22:13:15.519053 n-d-792362-9 devstack@placement-api.service[104397]: DEBUG placement.requestlog [req-476bde94-480d-4960-8f04-af49951fdddd req-67323015-0ee0-48e0-abdd-6c5db25a3ceb None None] Starting request: 10.222.0.48 "GET /placement/resource_providers/edb47645-6600-4b1f-bf94-472ba691b1f3/allocations" {{(pid=104397) __call__ /opt/stack/placement/placement/requestlog.py:55}}
Feb 09 22:13:15.543908 n-d-792362-9 devstack@placement-api.service[104397]: INFO placement.requestlog [req-476bde94-480d-4960-8f04-af49951fdddd req-67323015-0ee0-48e0-abdd-6c5db25a3ceb service placement] 10.222.0.48 "GET /placement/resource_providers/edb47645-6600-4b1f-bf94-472ba691b1f3/allocations" status: 200 len: 141 microversion: 1.0
Feb 09 22:13:15.545043 n-d-792362-9 devstack@placement-api.service[104397]: [pid: 104397|app: 0|req: 563/1120] 10.222.0.48 () {58 vars in 1390 bytes} [Wed Feb 9 22:13:15 2022] GET /placement/resource_providers/edb47645-6600-4b1f-bf94-472ba691b1f3/allocations => generated 141 bytes in 26 msecs (HTTP/1.1 200) 6 headers in 224 bytes (1 switches on core 0)
Feb 09 22:14:12.278022 n-d-792362-9 devstack@placement-api.service[104398]: DEBUG placement.requestlog [req-7737b2ab-c291-4038-a69b-545a89bf49c7 req-5eeeb3be-8cb2-46bc-b26c-57d256f4824e None None] Starting request: 10.222.0.60 "GET /placement/resource_providers/6849bb1f-e377-4320-a742-eadc85aefc6d/allocations" {{(pid=104398) __call__ /opt/stack/placement/placement/requestlog.py:55}}
Feb 09 22:14:12.532226 n-d-792362-9 devstack@placement-api.service[104398]: INFO placement.requestlog [req-7737b2ab-c291-4038-a69b-545a89bf49c7 req-5eeeb3be-8cb2-46bc-b26c-57d256f4824e service placement] 10.222.0.60 "GET /placement/resource_providers/6849bb1f-e377-4320-a742-eadc85aefc6d/allocations" status: 200 len: 154 microversion: 1.0
Feb 09 22:14:12.532829 n-d-792362-9 devstack@placement-api.service[104398]: [pid: 104398|app: 0|req: 558/1121] 10.222.0.60 () {58 vars in 1390 bytes} [Wed Feb 9 22:14:12 2022] GET /placement/resource_providers/6849bb1f-e377-4320-a742-eadc85aefc6d/allocations => generated 154 bytes in 255 msecs (HTTP/1.1 200) 6 headers in 224 bytes (1 switches on core 0)
Feb 09 22:14:12.658469 n-d-792362-9 devstack@placement-api.service[104397]: DEBUG placement.requestlog [req-7737b2ab-c291-4038-a69b-545a89bf49c7 req-7a6bb27e-616e-4151-b391-f697b946ca33 None None] Starting request: 10.222.0.60 "GET /placement/resource_providers?in_tree=6849bb1f-e377-4320-a742-eadc85aefc6d" {{(pid=104397) __call__ /opt/stack/placement/placement/requestlog.py:55}}
Feb 09 22:14:12.686155 n-d-792362-9 devstack@placement-api.service[104397]: INFO placement.requestlog [req-7737b2ab-c291-4038-a69b-545a89bf49c7 req-7a6bb27e-616e-4151-b391-f697b946ca33 service placement] 10.222.0.60 "GET /placement/resource_providers?in_tree=6849bb1f-e377-4320-a742-eadc85aefc6d" status: 200 len: 863 microversion: 1.14
Feb 09 22:14:12.687252 n-d-792362-9 devstack@placement-api.service[104397]: [pid: 104397|app: 0|req: 564/1122] 10.222.0.60 () {60 vars in 1376 bytes} [Wed Feb 9 22:14:12 2022] GET /placement/resource_providers?in_tree=6849bb1f-e377-4320-a742-eadc85aefc6d => generated 863 bytes in 29 msecs (HTTP/1.1 200) 6 headers in 225 bytes (1 switches on core 0)
Feb 09 22:14:12.699492 n-d-792362-9 devstack@placement-api.service[104398]: DEBUG placement.requestlog [req-7737b2ab-c291-4038-a69b-545a89bf49c7 req-5e12518a-b445-45f0-a129-b47734ddb88e None None] Starting request: 10.222.0.60 "GET /placement/resource_providers/6849bb1f-e377-4320-a742-eadc85aefc6d/inventories" {{(pid=104398) __call__ /opt/stack/placement/placement/requestlog.py:55}}
Feb 09 22:14:12.720396 n-d-792362-9 devstack@placement-api.service[104398]: INFO placement.requestlog [req-7737b2ab-c291-4038-a69b-545a89bf49c7 req-5e12518a-b445-45f0-a129-b47734ddb88e service placement] 10.222.0.60 "GET /placement/resource_providers/6849bb1f-e377-4320-a742-eadc85aefc6d/inventories" status: 200 len: 398 microversion: 1.0
Feb 09 22:14:12.721367 n-d-792362-9 devstack@placement-api.service[104398]: [pid: 104398|app: 0|req: 559/1123] 10.222.0.60 () {58 vars in 1390 bytes} [Wed Feb 9 22:14:12 2022] GET /placement/resource_providers/6849bb1f-e377-4320-a742-eadc85aefc6d/inventories => generated 398 bytes in 22 msecs (HTTP/1.1 200) 6 headers in 224 bytes (1 switches on core 0)
Feb 09 22:14:12.730560 n-d-792362-9 devstack@placement-api.service[104397]: DEBUG placement.requestlog [req-7737b2ab-c291-4038-a69b-545a89bf49c7 req-9667e70f-f110-4345-ba7f-a0b4ba1fac26 None None] Starting request: 10.222.0.60 "GET /placement/resource_providers/6849bb1f-e377-4320-a742-eadc85aefc6d/aggregates" {{(pid=104397) __call__ /opt/stack/placement/placement/requestlog.py:55}}
Feb 09 22:14:12.758526 n-d-792362-9 devstack@placement-api.service[104397]: INFO placement.requestlog [req-7737b2ab-c291-4038-a69b-545a89bf49c7 req-9667e70f-f110-4345-ba7f-a0b4ba1fac26 service placement] 10.222.0.60 "GET /placement/resource_providers/6849bb1f-e377-4320-a742-eadc85aefc6d/aggregates" status: 200 len: 54 microversion: 1.19
Feb 09 22:14:12.761451 n-d-792362-9 devstack@placement-api.service[104397]: [pid: 104397|app: 0|req: 565/1124] 10.222.0.60 () {60 vars in 1431 bytes} [Wed Feb 9 22:14:12 2022] GET /placement/resource_providers/6849bb1f-e377-4320-a742-eadc85aefc6d/aggregates => generated 54 bytes in 31 msecs (HTTP/1.1 200) 8 headers in 295 bytes (1 switches on core 0)
Feb 09 22:14:12.773555 n-d-792362-9 devstack@placement-api.service[104398]: DEBUG placement.requestlog [req-7737b2ab-c291-4038-a69b-545a89bf49c7 req-67eadf26-03e4-4ce8-97ba-6c6aaeca3ba9 None None] Starting request: 10.222.0.60 "GET /placement/resource_providers/6849bb1f-e377-4320-a742-eadc85aefc6d/traits" {{(pid=104398) __call__ /opt/stack/placement/placement/requestlog.py:55}}
Feb 09 22:14:12.808633 n-d-792362-9 devstack@placement-api.service[104398]: INFO placement.requestlog [req-7737b2ab-c291-4038-a69b-545a89bf49c7 req-67eadf26-03e4-4ce8-97ba-6c6aaeca3ba9 service placement] 10.222.0.60 "GET /placement/resource_providers/6849bb1f-e377-4320-a742-eadc85aefc6d/traits" status: 200 len: 212 microversion: 1.6
Feb 09 22:14:12.809548 n-d-792362-9 devstack@placement-api.service[104398]: [pid: 104398|app: 0|req: 560/1125] 10.222.0.60 () {60 vars in 1418 bytes} [Wed Feb 9 22:14:12 2022] GET /placement/resource_providers/6849bb1f-e377-4320-a742-eadc85aefc6d/traits => generated 212 bytes in 38 msecs (HTTP/1.1 200) 6 headers in 224 bytes (1 switches on core 0)
Feb 09 22:14:16.047611 n-d-792362-9 devstack@placement-api.service[104397]: DEBUG placement.requestlog [req-1a2b3d89-76f5-42f6-a5a0-aba35c74a677 req-0fc3bb25-4179-4657-a922-17f4ad9a907d None None] Starting request: 10.222.0.61 "GET /placement/allocation_candidates?limit=1000&resources=DISK_GB%3A1%2CMEMORY_MB%3A1024%2CVCPU%3A1&root_required=%21COMPUTE_STATUS_DISABLED" {{(pid=104397) __call__ /opt/stack/placement/placement/requestlog.py:55}}
Feb 09 22:14:16.160503 n-d-792362-9 devstack@placement-api.service[104397]: DEBUG placement.objects.research_context [req-1a2b3d89-76f5-42f6-a5a0-aba35c74a677 req-0fc3bb25-4179-4657-a922-17f4ad9a907d service placement] getting providers with 1 DISK_GB {{(pid=104397) __init__ /opt/stack/placement/placement/objects/research_context.py:126}}
Feb 09 22:14:16.168170 n-d-792362-9 devstack@placement-api.service[104397]: DEBUG placement.objects.research_context [req-1a2b3d89-76f5-42f6-a5a0-aba35c74a677 req-0fc3bb25-4179-4657-a922-17f4ad9a907d service placement] getting providers with 1024 MEMORY_MB {{(pid=104397) __init__ /opt/stack/placement/placement/objects/research_context.py:126}}
Feb 09 22:14:16.174096 n-d-792362-9 devstack@placement-api.service[104397]: DEBUG placement.objects.research_context [req-1a2b3d89-76f5-42f6-a5a0-aba35c74a677 req-0fc3bb25-4179-4657-a922-17f4ad9a907d service placement] getting providers with 1 VCPU {{(pid=104397) __init__ /opt/stack/placement/placement/objects/research_context.py:126}}
Feb 09 22:14:16.181053 n-d-792362-9 devstack@placement-api.service[104397]: DEBUG placement.objects.research_context [req-1a2b3d89-76f5-42f6-a5a0-aba35c74a677 req-0fc3bb25-4179-4657-a922-17f4ad9a907d service placement] found 2 providers with available 1 DISK_GB {{(pid=104397) get_provider_ids_matching /opt/stack/placement/placement/objects/research_context.py:549}}
Feb 09 22:14:16.181664 n-d-792362-9 devstack@placement-api.service[104397]: DEBUG placement.objects.research_context [req-1a2b3d89-76f5-42f6-a5a0-aba35c74a677 req-0fc3bb25-4179-4657-a922-17f4ad9a907d service placement] found 2 providers with available 1024 MEMORY_MB {{(pid=104397) get_provider_ids_matching /opt/stack/placement/placement/objects/research_context.py:549}}
Feb 09 22:14:16.182158 n-d-792362-9 devstack@placement-api.service[104397]: DEBUG placement.objects.research_context [req-1a2b3d89-76f5-42f6-a5a0-aba35c74a677 req-0fc3bb25-4179-4657-a922-17f4ad9a907d service placement] found 2 providers after filtering by previous result {{(pid=104397) get_provider_ids_matching /opt/stack/placement/placement/objects/research_context.py:580}}
Feb 09 22:14:16.182669 n-d-792362-9 devstack@placement-api.service[104397]: DEBUG placement.objects.research_context [req-1a2b3d89-76f5-42f6-a5a0-aba35c74a677 req-0fc3bb25-4179-4657-a922-17f4ad9a907d service placement] found 2 providers with available 1 VCPU {{(pid=104397) get_provider_ids_matching /opt/stack/placement/placement/objects/research_context.py:549}}
Feb 09 22:14:16.183141 n-d-792362-9 devstack@placement-api.service[104397]: DEBUG placement.objects.research_context [req-1a2b3d89-76f5-42f6-a5a0-aba35c74a677 req-0fc3bb25-4179-4657-a922-17f4ad9a907d service placement] found 2 providers after filtering by previous result {{(pid=104397) get_provider_ids_matching /opt/stack/placement/placement/objects/research_context.py:580}}
Feb 09 22:14:16.195858 n-d-792362-9 devstack@placement-api.service[104397]: DEBUG placement.objects.allocation_candidate [req-1a2b3d89-76f5-42f6-a5a0-aba35c74a677 req-0fc3bb25-4179-4657-a922-17f4ad9a907d service placement] RequestGroup(use_same_provider=False, resources={DISK_GB:1, MEMORY_MB:1024, VCPU:1}, traits=[], aggregates=[]) (suffix '') returned 2 matches {{(pid=104397) _get_by_requests /opt/stack/placement/placement/objects/allocation_candidate.py:145}}
Feb 09 22:14:16.196494 n-d-792362-9 devstack@placement-api.service[104397]: DEBUG placement.objects.allocation_candidate [req-1a2b3d89-76f5-42f6-a5a0-aba35c74a677 req-0fc3bb25-4179-4657-a922-17f4ad9a907d service placement] Merging candidates yields 2 allocation requests and 2 provider summaries {{(pid=104397) _merge_candidates /opt/stack/placement/placement/objects/allocation_candidate.py:783}}
Feb 09 22:14:16.198337 n-d-792362-9 devstack@placement-api.service[104397]: INFO placement.requestlog [req-1a2b3d89-76f5-42f6-a5a0-aba35c74a677 req-0fc3bb25-4179-4657-a922-17f4ad9a907d service placement] 10.222.0.61 "GET /placement/allocation_candidates?limit=1000&resources=DISK_GB%3A1%2CMEMORY_MB%3A1024%2CVCPU%3A1&root_required=%21COMPUTE_STATUS_DISABLED" status: 200 len: 1309 microversion: 1.36
Feb 09 22:14:16.199035 n-d-792362-9 devstack@placement-api.service[104397]: [pid: 104397|app: 0|req: 566/1126] 10.222.0.61 () {60 vars in 1506 bytes} [Wed Feb 9 22:14:16 2022] GET /placement/allocation_candidates?limit=1000&resources=DISK_GB%3A1%2CMEMORY_MB%3A1024%2CVCPU%3A1&root_required=%21COMPUTE_STATUS_DISABLED => generated 1309 bytes in 152 msecs (HTTP/1.1 200) 8 headers in 297 bytes (1 switches on core 0)
Feb 09 22:14:16.258632 n-d-792362-9 devstack@placement-api.service[104398]: DEBUG placement.requestlog [req-1a2b3d89-76f5-42f6-a5a0-aba35c74a677 req-739b6787-584e-44bb-8b16-9209ba6539dc None None] Starting request: 10.222.0.61 "GET /placement/allocations/aed1100c-c03f-4de9-972c-b8dae4c57260" {{(pid=104398) __call__ /opt/stack/placement/placement/requestlog.py:55}}
Feb 09 22:14:16.269651 n-d-792362-9 devstack@placement-api.service[104398]: INFO placement.requestlog [req-1a2b3d89-76f5-42f6-a5a0-aba35c74a677 req-739b6787-584e-44bb-8b16-9209ba6539dc service placement] 10.222.0.61 "GET /placement/allocations/aed1100c-c03f-4de9-972c-b8dae4c57260" status: 200 len: 19 microversion: 1.28
Feb 09 22:14:16.269993 n-d-792362-9 devstack@placement-api.service[104398]: [pid: 104398|app: 0|req: 561/1127] 10.222.0.61 () {60 vars in 1380 bytes} [Wed Feb 9 22:14:16 2022] GET /placement/allocations/aed1100c-c03f-4de9-972c-b8dae4c57260 => generated 19 bytes in 12 msecs (HTTP/1.1 200) 8 headers in 295 bytes (1 switches on core 0)
Feb 09 22:14:16.276655 n-d-792362-9 devstack@placement-api.service[104397]: DEBUG placement.requestlog [req-1a2b3d89-76f5-42f6-a5a0-aba35c74a677 req-7664ed36-c96c-431c-a9a5-19a5e72494a8 None None] Starting request: 10.222.0.61 "PUT /placement/allocations/aed1100c-c03f-4de9-972c-b8dae4c57260" {{(pid=104397) __call__ /opt/stack/placement/placement/requestlog.py:55}}
Feb 09 22:14:16.558057 n-d-792362-9 devstack@placement-api.service[104397]: DEBUG placement.handlers.allocation [req-1a2b3d89-76f5-42f6-a5a0-aba35c74a677 req-7664ed36-c96c-431c-a9a5-19a5e72494a8 service placement] Successfully wrote allocations [, , ] {{(pid=104397) _update_consumers_and_create_allocations /opt/stack/placement/placement/handlers/allocation.py:462}}
Feb 09 22:14:16.618032 n-d-792362-9 devstack@placement-api.service[104397]: INFO placement.requestlog [req-1a2b3d89-76f5-42f6-a5a0-aba35c74a677 req-7664ed36-c96c-431c-a9a5-19a5e72494a8 service placement] 10.222.0.61 "PUT /placement/allocations/aed1100c-c03f-4de9-972c-b8dae4c57260" status: 204 len: 0 microversion: 1.36
Feb 09 22:14:16.618541 n-d-792362-9 devstack@placement-api.service[104397]: [pid: 104397|app: 0|req: 567/1128] 10.222.0.61 () {64 vars in 1433 bytes} [Wed Feb 9 22:14:16 2022] PUT /placement/allocations/aed1100c-c03f-4de9-972c-b8dae4c57260 => generated 0 bytes in 342 msecs (HTTP/1.1 204) 5 headers in 199 bytes (1 switches on core 0)
Feb 09 22:14:17.514663 n-d-792362-9 devstack@placement-api.service[104398]: DEBUG placement.requestlog [req-c1177fc6-06c3-4a10-a2bf-af1fc56db9d5 req-38e5eb98-0b00-4af0-9f3e-6defac831ca2 None None] Starting request: 10.222.0.48 "GET /placement/resource_providers/edb47645-6600-4b1f-bf94-472ba691b1f3/allocations" {{(pid=104398) __call__ /opt/stack/placement/placement/requestlog.py:55}}
Feb 09 22:14:17.579861 n-d-792362-9 devstack@placement-api.service[104397]: DEBUG placement.requestlog [req-1a2b3d89-76f5-42f6-a5a0-aba35c74a677 req-ff4fbfa1-bc55-4087-abd1-bbd6dbb69249 None None] Starting request: 10.222.0.60 "GET /placement/allocations/aed1100c-c03f-4de9-972c-b8dae4c57260" {{(pid=104397) __call__ /opt/stack/placement/placement/requestlog.py:55}}
Feb 09 22:14:17.606667 n-d-792362-9 devstack@placement-api.service[104398]: INFO placement.requestlog [req-c1177fc6-06c3-4a10-a2bf-af1fc56db9d5 req-38e5eb98-0b00-4af0-9f3e-6defac831ca2 service placement] 10.222.0.48 "GET /placement/resource_providers/edb47645-6600-4b1f-bf94-472ba691b1f3/allocations" status: 200 len: 141 microversion: 1.0
Feb 09 22:14:17.606667 n-d-792362-9 devstack@placement-api.service[104398]: [pid: 104398|app: 0|req: 562/1129] 10.222.0.48 () {58 vars in 1390 bytes} [Wed Feb 9 22:14:17 2022] GET /placement/resource_providers/edb47645-6600-4b1f-bf94-472ba691b1f3/allocations => generated 141 bytes in 91 msecs (HTTP/1.1 200) 6 headers in 224 bytes (1 switches on core 0)
Feb 09 22:14:17.606889 n-d-792362-9 devstack@placement-api.service[104397]: INFO placement.requestlog [req-1a2b3d89-76f5-42f6-a5a0-aba35c74a677 req-ff4fbfa1-bc55-4087-abd1-bbd6dbb69249 service placement] 10.222.0.60 "GET /placement/allocations/aed1100c-c03f-4de9-972c-b8dae4c57260" status: 200 len: 259 microversion: 1.28
Feb 09 22:14:17.606889 n-d-792362-9 devstack@placement-api.service[104397]: [pid: 104397|app: 0|req: 568/1130] 10.222.0.60 () {60 vars in 1377 bytes} [Wed Feb 9 22:14:17 2022] GET /placement/allocations/aed1100c-c03f-4de9-972c-b8dae4c57260 => generated 259 bytes in 27 msecs (HTTP/1.1 200) 8 headers in 296 bytes (2 switches on core 0)
Feb 09 22:14:17.708596 n-d-792362-9 devstack@placement-api.service[104398]: DEBUG placement.requestlog [req-c1177fc6-06c3-4a10-a2bf-af1fc56db9d5 req-8fba23d9-09e2-4c01-8753-f6418f28990f None None] Starting request: 10.222.0.48 "GET /placement/resource_providers?in_tree=edb47645-6600-4b1f-bf94-472ba691b1f3" {{(pid=104398) __call__ /opt/stack/placement/placement/requestlog.py:55}}
Feb 09 22:14:17.727429 n-d-792362-9 devstack@placement-api.service[104398]: INFO placement.requestlog [req-c1177fc6-06c3-4a10-a2bf-af1fc56db9d5 req-8fba23d9-09e2-4c01-8753-f6418f28990f service placement] 10.222.0.48 "GET /placement/resource_providers?in_tree=edb47645-6600-4b1f-bf94-472ba691b1f3" status: 200 len: 864 microversion: 1.14
Feb 09 22:14:17.728070 n-d-792362-9 devstack@placement-api.service[104398]: [pid: 104398|app: 0|req: 563/1131] 10.222.0.48 () {60 vars in 1376 bytes} [Wed Feb 9 22:14:17 2022] GET /placement/resource_providers?in_tree=edb47645-6600-4b1f-bf94-472ba691b1f3 => generated 864 bytes in 20 msecs (HTTP/1.1 200) 6 headers in 225 bytes (1 switches on core 0)
Feb 09 22:14:17.739033 n-d-792362-9 devstack@placement-api.service[104397]: DEBUG placement.requestlog [req-c1177fc6-06c3-4a10-a2bf-af1fc56db9d5 req-185c3b04-4bdb-4e3f-97fc-165522fe08dd None None] Starting request: 10.222.0.48 "GET /placement/resource_providers/edb47645-6600-4b1f-bf94-472ba691b1f3/inventories" {{(pid=104397) __call__ /opt/stack/placement/placement/requestlog.py:55}}
Feb 09 22:14:17.770760 n-d-792362-9 devstack@placement-api.service[104397]: INFO placement.requestlog [req-c1177fc6-06c3-4a10-a2bf-af1fc56db9d5 req-185c3b04-4bdb-4e3f-97fc-165522fe08dd service placement] 10.222.0.48 "GET /placement/resource_providers/edb47645-6600-4b1f-bf94-472ba691b1f3/inventories" status: 200 len: 399 microversion: 1.0
Feb 09 22:14:17.771301 n-d-792362-9 devstack@placement-api.service[104397]: [pid: 104397|app: 0|req: 569/1132] 10.222.0.48 () {58 vars in 1390 bytes} [Wed Feb 9 22:14:17 2022] GET /placement/resource_providers/edb47645-6600-4b1f-bf94-472ba691b1f3/inventories => generated 399 bytes in 33 msecs (HTTP/1.1 200) 6 headers in 224 bytes (1 switches on core 0)
Feb 09 22:14:17.780895 n-d-792362-9 devstack@placement-api.service[104398]: DEBUG placement.requestlog [req-c1177fc6-06c3-4a10-a2bf-af1fc56db9d5 req-0b57e378-3e5e-49aa-96fe-ad3a78888b1f None None] Starting request: 10.222.0.48 "GET /placement/resource_providers/edb47645-6600-4b1f-bf94-472ba691b1f3/aggregates" {{(pid=104398) __call__ /opt/stack/placement/placement/requestlog.py:55}}
Feb 09 22:14:17.797327 n-d-792362-9 devstack@placement-api.service[104398]: INFO placement.requestlog [req-c1177fc6-06c3-4a10-a2bf-af1fc56db9d5 req-0b57e378-3e5e-49aa-96fe-ad3a78888b1f service placement] 10.222.0.48 "GET /placement/resource_providers/edb47645-6600-4b1f-bf94-472ba691b1f3/aggregates" status: 200 len: 55 microversion: 1.19
Feb 09 22:14:17.797715 n-d-792362-9 devstack@placement-api.service[104398]: [pid: 104398|app: 0|req: 564/1133] 10.222.0.48 () {60 vars in 1431 bytes} [Wed Feb 9 22:14:17 2022] GET /placement/resource_providers/edb47645-6600-4b1f-bf94-472ba691b1f3/aggregates => generated 55 bytes in 17 msecs (HTTP/1.1 200) 8 headers in 295 bytes (1 switches on core 0)
Feb 09 22:14:17.808819 n-d-792362-9 devstack@placement-api.service[104397]: DEBUG placement.requestlog [req-c1177fc6-06c3-4a10-a2bf-af1fc56db9d5 req-ecaad39f-fa44-4d29-9ed6-3198ddb9bb35 None None] Starting request: 10.222.0.48 "GET /placement/resource_providers/edb47645-6600-4b1f-bf94-472ba691b1f3/traits" {{(pid=104397) __call__ /opt/stack/placement/placement/requestlog.py:55}}
Feb 09 22:14:17.842655 n-d-792362-9 devstack@placement-api.service[104397]: INFO placement.requestlog [req-c1177fc6-06c3-4a10-a2bf-af1fc56db9d5 req-ecaad39f-fa44-4d29-9ed6-3198ddb9bb35 service placement] 10.222.0.48 "GET /placement/resource_providers/edb47645-6600-4b1f-bf94-472ba691b1f3/traits" status: 200 len: 213 microversion: 1.6
Feb 09 22:14:17.843015 n-d-792362-9 devstack@placement-api.service[104397]: [pid: 104397|app: 0|req: 570/1134] 10.222.0.48 () {60 vars in 1418 bytes} [Wed Feb 9 22:14:17 2022] GET /placement/resource_providers/edb47645-6600-4b1f-bf94-472ba691b1f3/traits => generated 213 bytes in 35 msecs (HTTP/1.1 200) 6 headers in 224 bytes (2 switches on core 0)
Feb 09 22:15:12.910170 n-d-792362-9 devstack@placement-api.service[104398]: DEBUG placement.requestlog [req-74f7c892-976e-4303-8664-ab5585d1b251 req-54394846-9f52-4d7d-9b45-209f8639a86c None None] Starting request: 10.222.0.60 "GET /placement/resource_providers/6849bb1f-e377-4320-a742-eadc85aefc6d/allocations" {{(pid=104398) __call__ /opt/stack/placement/placement/requestlog.py:55}}
Feb 09 22:15:12.911782 n-d-792362-9 devstack@placement-api.service[104398]: INFO placement.requestlog [req-74f7c892-976e-4303-8664-ab5585d1b251 req-54394846-9f52-4d7d-9b45-209f8639a86c service placement] 10.222.0.60 "GET /placement/resource_providers/6849bb1f-e377-4320-a742-eadc85aefc6d/allocations" status: 200 len: 255 microversion: 1.0
Feb 09 22:15:12.912137 n-d-792362-9 devstack@placement-api.service[104398]: [pid: 104398|app: 0|req: 565/1135] 10.222.0.60 () {58 vars in 1390 bytes} [Wed Feb 9 22:15:12 2022] GET /placement/resource_providers/6849bb1f-e377-4320-a742-eadc85aefc6d/allocations => generated 255 bytes in 23 msecs (HTTP/1.1 200) 6 headers in 224 bytes (1 switches on core 0)
Feb 09 22:15:19.479725 n-d-792362-9 devstack@placement-api.service[104397]: DEBUG placement.requestlog [req-dcd50be0-6667-4028-9b87-117ce242ac95 req-47ca1f8c-86db-494c-a1d8-8419731b5310 None None] Starting request: 10.222.0.48 "GET /placement/resource_providers/edb47645-6600-4b1f-bf94-472ba691b1f3/allocations" {{(pid=104397) __call__ /opt/stack/placement/placement/requestlog.py:55}}
Feb 09 22:15:19.506038 n-d-792362-9 devstack@placement-api.service[104397]: INFO placement.requestlog [req-dcd50be0-6667-4028-9b87-117ce242ac95 req-47ca1f8c-86db-494c-a1d8-8419731b5310 service placement] 10.222.0.48 "GET /placement/resource_providers/edb47645-6600-4b1f-bf94-472ba691b1f3/allocations" status: 200 len: 141 microversion: 1.0
Feb 09 22:15:19.506689 n-d-792362-9 devstack@placement-api.service[104397]: [pid: 104397|app: 0|req: 571/1136] 10.222.0.48 () {58 vars in 1390 bytes} [Wed Feb 9 22:15:19 2022] GET /placement/resource_providers/edb47645-6600-4b1f-bf94-472ba691b1f3/allocations => generated 141 bytes in 27 msecs (HTTP/1.1 200) 6 headers in 224 bytes (1 switches on core 0)
Feb 09 22:15:45.058517 n-d-792362-9 devstack@placement-api.service[104398]: DEBUG placement.requestlog [req-30415f52-9e89-4fb6-be32-ee84ee67e75a req-eba1475e-1e11-4881-a93e-2750d1550b57 None None] Starting request: 10.222.0.61 "GET /placement/resource_providers/6849bb1f-e377-4320-a742-eadc85aefc6d/traits" {{(pid=104398) __call__ /opt/stack/placement/placement/requestlog.py:55}}
Feb 09 22:15:45.168754 n-d-792362-9 devstack@placement-api.service[104398]: INFO placement.requestlog [req-30415f52-9e89-4fb6-be32-ee84ee67e75a req-eba1475e-1e11-4881-a93e-2750d1550b57 service placement] 10.222.0.61 "GET /placement/resource_providers/6849bb1f-e377-4320-a742-eadc85aefc6d/traits" status: 200 len: 212 microversion: 1.6
Feb 09 22:15:45.169326 n-d-792362-9 devstack@placement-api.service[104398]: [pid: 104398|app: 0|req: 566/1137] 10.222.0.61 () {60 vars in 1412 bytes} [Wed Feb 9 22:15:45 2022] GET /placement/resource_providers/6849bb1f-e377-4320-a742-eadc85aefc6d/traits => generated 212 bytes in 111 msecs (HTTP/1.1 200) 6 headers in 224 bytes (1 switches on core 0)
Feb 09 22:15:46.107360 n-d-792362-9 devstack@placement-api.service[104397]: DEBUG placement.requestlog [None req-ad853163-dce1-47ac-b82d-0ac1c87be5cb None None] Starting request: 10.222.0.61 "GET /placement/" {{(pid=104397) __call__ /opt/stack/placement/placement/requestlog.py:55}}
Feb 09 22:15:46.108616 n-d-792362-9 devstack@placement-api.service[104397]: INFO placement.requestlog [None req-ad853163-dce1-47ac-b82d-0ac1c87be5cb None None] 10.222.0.61 "GET /placement/" status: 200 len: 136 microversion: 1.0
Feb 09 22:15:46.109169 n-d-792362-9 devstack@placement-api.service[104397]: [pid: 104397|app: 0|req: 572/1138] 10.222.0.61 () {54 vars in 916 bytes} [Wed Feb 9 22:15:46 2022] GET /placement => generated 136 bytes in 2 msecs (HTTP/1.1 200) 6 headers in 224 bytes (1 switches on core 0)
Feb 09 22:15:46.124359 n-d-792362-9 devstack@placement-api.service[104398]: DEBUG placement.requestlog [req-30415f52-9e89-4fb6-be32-ee84ee67e75a req-d0857fd8-c471-4023-9744-4b66cc5c1587 None None] Starting request: 10.222.0.61 "GET /placement/allocations/aed1100c-c03f-4de9-972c-b8dae4c57260" {{(pid=104398) __call__ /opt/stack/placement/placement/requestlog.py:55}}
Feb 09 22:15:46.213289 n-d-792362-9 devstack@placement-api.service[104398]: INFO placement.requestlog [req-30415f52-9e89-4fb6-be32-ee84ee67e75a req-d0857fd8-c471-4023-9744-4b66cc5c1587 service placement] 10.222.0.61 "GET /placement/allocations/aed1100c-c03f-4de9-972c-b8dae4c57260" status: 200 len: 259 microversion: 1.28
Feb 09 22:15:46.213958 n-d-792362-9 devstack@placement-api.service[104398]: [pid: 104398|app: 0|req: 567/1139] 10.222.0.61 () {60 vars in 1380 bytes} [Wed Feb 9 22:15:46 2022] GET /placement/allocations/aed1100c-c03f-4de9-972c-b8dae4c57260 => generated 259 bytes in 90 msecs (HTTP/1.1 200) 8 headers in 296 bytes (1 switches on core 0)
Feb 09 22:15:46.224795 n-d-792362-9 devstack@placement-api.service[104397]: DEBUG placement.requestlog [req-30415f52-9e89-4fb6-be32-ee84ee67e75a req-1216d105-a54d-47af-aa1c-37566dcec539 None None] Starting request: 10.222.0.61 "GET /placement/allocations/aed1100c-c03f-4de9-972c-b8dae4c57260" {{(pid=104397) __call__ /opt/stack/placement/placement/requestlog.py:55}}
Feb 09 22:15:46.254094 n-d-792362-9 devstack@placement-api.service[104397]: INFO placement.requestlog [req-30415f52-9e89-4fb6-be32-ee84ee67e75a req-1216d105-a54d-47af-aa1c-37566dcec539 service placement] 10.222.0.61 "GET /placement/allocations/aed1100c-c03f-4de9-972c-b8dae4c57260" status: 200 len: 259 microversion: 1.28
Feb 09 22:15:46.254685 n-d-792362-9 devstack@placement-api.service[104397]: [pid: 104397|app: 0|req: 573/1140] 10.222.0.61 () {60 vars in 1380 bytes} [Wed Feb 9 22:15:46 2022] GET /placement/allocations/aed1100c-c03f-4de9-972c-b8dae4c57260 => generated 259 bytes in 32 msecs (HTTP/1.1 200) 8 headers in 296 bytes (1 switches on core 0)
Feb 09 22:15:46.263623 n-d-792362-9 devstack@placement-api.service[104398]: DEBUG placement.requestlog [req-30415f52-9e89-4fb6-be32-ee84ee67e75a req-337148e4-2196-45aa-9808-8f0fb26e83dc None None] Starting request: 10.222.0.61 "GET /placement/allocations/bf98a1f1-01b2-4189-95de-28691129cc60" {{(pid=104398) __call__ /opt/stack/placement/placement/requestlog.py:55}}
Feb 09 22:15:46.279753 n-d-792362-9 devstack@placement-api.service[104398]: INFO placement.requestlog [req-30415f52-9e89-4fb6-be32-ee84ee67e75a req-337148e4-2196-45aa-9808-8f0fb26e83dc service placement] 10.222.0.61 "GET /placement/allocations/bf98a1f1-01b2-4189-95de-28691129cc60" status: 200 len: 19 microversion: 1.28
Feb 09 22:15:46.280114 n-d-792362-9 devstack@placement-api.service[104398]: [pid: 104398|app: 0|req: 568/1141] 10.222.0.61 () {60 vars in 1380 bytes} [Wed Feb 9 22:15:46 2022] GET /placement/allocations/bf98a1f1-01b2-4189-95de-28691129cc60 => generated 19 bytes in 17 msecs (HTTP/1.1 200) 8 headers in 295 bytes (1 switches on core 0)
Feb 09 22:15:46.286607 n-d-792362-9 devstack@placement-api.service[104397]: DEBUG placement.requestlog [req-30415f52-9e89-4fb6-be32-ee84ee67e75a req-e1c18342-0b82-4f5f-837a-4cbb249386a0 None None] Starting request: 10.222.0.61 "POST /placement/allocations" {{(pid=104397) __call__ /opt/stack/placement/placement/requestlog.py:55}}
Feb 09 22:15:46.510738 n-d-792362-9 devstack@placement-api.service[104397]: DEBUG placement.handlers.allocation [req-30415f52-9e89-4fb6-be32-ee84ee67e75a req-e1c18342-0b82-4f5f-837a-4cbb249386a0 service placement] Successfully wrote allocations [, , , , , ] {{(pid=104397) _update_consumers_and_create_allocations /opt/stack/placement/placement/handlers/allocation.py:572}}
Feb 09 22:15:46.650742 n-d-792362-9 devstack@placement-api.service[104397]: INFO placement.requestlog [req-30415f52-9e89-4fb6-be32-ee84ee67e75a req-e1c18342-0b82-4f5f-837a-4cbb249386a0 service placement] 10.222.0.61 "POST /placement/allocations" status: 204 len: 0 microversion: 1.28
Feb 09 22:15:46.660182 n-d-792362-9 devstack@placement-api.service[104397]: [pid: 104397|app: 0|req: 574/1142] 10.222.0.61 () {64 vars in 1323 bytes} [Wed Feb 9 22:15:46 2022] POST /placement/allocations => generated 0 bytes in 365 msecs (HTTP/1.1 204) 5 headers in 199 bytes (1 switches on core 0)
Feb 09 22:15:46.760204 n-d-792362-9 devstack@placement-api.service[104398]: DEBUG placement.requestlog [req-30415f52-9e89-4fb6-be32-ee84ee67e75a req-98c6b746-cc47-4b35-9949-0d3c4555e8d8 None None] Starting request: 10.222.0.61 "GET /placement/allocation_candidates?limit=1000&resources=DISK_GB%3A1%2CMEMORY_MB%3A1024%2CVCPU%3A1&root_required=%21COMPUTE_STATUS_DISABLED" {{(pid=104398) __call__ /opt/stack/placement/placement/requestlog.py:55}}
Feb 09 22:15:46.872426 n-d-792362-9 devstack@placement-api.service[104398]: DEBUG placement.objects.research_context [req-30415f52-9e89-4fb6-be32-ee84ee67e75a req-98c6b746-cc47-4b35-9949-0d3c4555e8d8 service placement] getting providers with 1 DISK_GB {{(pid=104398) __init__ /opt/stack/placement/placement/objects/research_context.py:126}}
Feb 09 22:15:46.881824 n-d-792362-9 devstack@placement-api.service[104398]: DEBUG placement.objects.research_context [req-30415f52-9e89-4fb6-be32-ee84ee67e75a req-98c6b746-cc47-4b35-9949-0d3c4555e8d8 service placement] getting providers with 1024 MEMORY_MB {{(pid=104398) __init__ /opt/stack/placement/placement/objects/research_context.py:126}}
