Feb 09 21:39:15.572711 n-d-792362-9 devstack@placement-api.service[104398]: DEBUG placement.objects.research_context [req-fbafb4d8-0e3d-4d81-9a6e-357c2a08a0b8 req-7056c696-88dd-4dfe-848a-944bbc73dae9 service placement] getting providers with 1024 MEMORY_MB {{(pid=104398) __init__ /opt/stack/placement/placement/objects/research_context.py:126}}
Feb 09 21:39:15.573436 n-d-792362-9 devstack@placement-api.service[104397]: DEBUG placement.requestlog [req-d373fe84-dc59-46a6-afb0-c1157e83e432 req-d9648ad1-6e2b-4c9e-b93c-2ba2fa09551d None None] Starting request: 10.222.0.61 "GET /placement/allocations/7daaaf10-0d08-4b6a-8acc-ea87f8d9e70a" {{(pid=104397) __call__ /opt/stack/placement/placement/requestlog.py:55}}
Feb 09 21:39:15.586630 n-d-792362-9 devstack@placement-api.service[104398]: DEBUG placement.objects.research_context [req-fbafb4d8-0e3d-4d81-9a6e-357c2a08a0b8 req-7056c696-88dd-4dfe-848a-944bbc73dae9 service placement] getting providers with 1 VCPU {{(pid=104398) __init__ /opt/stack/placement/placement/objects/research_context.py:126}}
Feb 09 21:39:15.600367 n-d-792362-9 devstack@placement-api.service[104398]: DEBUG placement.objects.research_context [req-fbafb4d8-0e3d-4d81-9a6e-357c2a08a0b8 req-7056c696-88dd-4dfe-848a-944bbc73dae9 service placement] found 2 providers with available 1 DISK_GB {{(pid=104398) get_provider_ids_matching /opt/stack/placement/placement/objects/research_context.py:549}}
Feb 09 21:39:15.602077 n-d-792362-9 devstack@placement-api.service[104398]: DEBUG placement.objects.research_context [req-fbafb4d8-0e3d-4d81-9a6e-357c2a08a0b8 req-7056c696-88dd-4dfe-848a-944bbc73dae9 service placement] found 2 providers with available 1024 MEMORY_MB {{(pid=104398) get_provider_ids_matching /opt/stack/placement/placement/objects/research_context.py:549}}
Feb 09 21:39:15.602370 n-d-792362-9 devstack@placement-api.service[104398]: DEBUG placement.objects.research_context [req-fbafb4d8-0e3d-4d81-9a6e-357c2a08a0b8 req-7056c696-88dd-4dfe-848a-944bbc73dae9 service placement] found 2 providers after filtering by previous result {{(pid=104398) get_provider_ids_matching /opt/stack/placement/placement/objects/research_context.py:580}}
Feb 09 21:39:15.602799 n-d-792362-9 devstack@placement-api.service[104398]: DEBUG placement.objects.research_context [req-fbafb4d8-0e3d-4d81-9a6e-357c2a08a0b8 req-7056c696-88dd-4dfe-848a-944bbc73dae9 service placement] found 2 providers with available 1 VCPU {{(pid=104398) get_provider_ids_matching /opt/stack/placement/placement/objects/research_context.py:549}}
Feb 09 21:39:15.606691 n-d-792362-9 devstack@placement-api.service[104398]: DEBUG placement.objects.research_context [req-fbafb4d8-0e3d-4d81-9a6e-357c2a08a0b8 req-7056c696-88dd-4dfe-848a-944bbc73dae9 service placement] found 2 providers after filtering by previous result {{(pid=104398) get_provider_ids_matching /opt/stack/placement/placement/objects/research_context.py:580}}
Feb 09 21:39:15.606870 n-d-792362-9 devstack@placement-api.service[104397]: INFO placement.requestlog [req-d373fe84-dc59-46a6-afb0-c1157e83e432 req-d9648ad1-6e2b-4c9e-b93c-2ba2fa09551d service placement] 10.222.0.61 "GET /placement/allocations/7daaaf10-0d08-4b6a-8acc-ea87f8d9e70a" status: 200 len: 19 microversion: 1.28
Feb 09 21:39:15.616831 n-d-792362-9 devstack@placement-api.service[104397]: [pid: 104397|app: 0|req: 297/586] 10.222.0.61 () {60 vars in 1380 bytes} [Wed Feb 9 21:39:15 2022] GET /placement/allocations/7daaaf10-0d08-4b6a-8acc-ea87f8d9e70a => generated 19 bytes in 42 msecs (HTTP/1.1 200) 8 headers in 295 bytes (1 switches on core 0)
Feb 09 21:39:15.619210 n-d-792362-9 devstack@placement-api.service[104397]: DEBUG placement.requestlog [req-d373fe84-dc59-46a6-afb0-c1157e83e432 req-8ce4285a-21ee-4a47-be54-65e216bbda65 None None] Starting request: 10.222.0.61 "PUT /placement/allocations/7daaaf10-0d08-4b6a-8acc-ea87f8d9e70a" {{(pid=104397) __call__ /opt/stack/placement/placement/requestlog.py:55}}
Feb 09 21:39:15.624031 n-d-792362-9 devstack@placement-api.service[104398]: DEBUG placement.objects.allocation_candidate [req-fbafb4d8-0e3d-4d81-9a6e-357c2a08a0b8 req-7056c696-88dd-4dfe-848a-944bbc73dae9 service placement] RequestGroup(use_same_provider=False, resources={DISK_GB:1, MEMORY_MB:1024, VCPU:1}, traits=[], aggregates=[]) (suffix '') returned 2 matches {{(pid=104398) _get_by_requests /opt/stack/placement/placement/objects/allocation_candidate.py:145}}
Feb 09 21:39:15.626133 n-d-792362-9 devstack@placement-api.service[104398]: DEBUG placement.objects.allocation_candidate [req-fbafb4d8-0e3d-4d81-9a6e-357c2a08a0b8 req-7056c696-88dd-4dfe-848a-944bbc73dae9 service placement] Merging candidates yields 2 allocation requests and 2 provider summaries {{(pid=104398) _merge_candidates /opt/stack/placement/placement/objects/allocation_candidate.py:783}}
Feb 09 21:39:15.628372 n-d-792362-9 devstack@placement-api.service[104398]: INFO placement.requestlog [req-fbafb4d8-0e3d-4d81-9a6e-357c2a08a0b8 req-7056c696-88dd-4dfe-848a-944bbc73dae9 service placement] 10.222.0.61 "GET /placement/allocation_candidates?limit=1000&resources=DISK_GB%3A1%2CMEMORY_MB%3A1024%2CVCPU%3A1&root_required=%21COMPUTE_STATUS_DISABLED" status: 200 len: 1309 microversion: 1.36
Feb 09 21:39:15.629293 n-d-792362-9 devstack@placement-api.service[104398]: [pid: 104398|app: 0|req: 290/587] 10.222.0.61 () {60 vars in 1506 bytes} [Wed Feb 9 21:39:15 2022] GET /placement/allocation_candidates?limit=1000&resources=DISK_GB%3A1%2CMEMORY_MB%3A1024%2CVCPU%3A1&root_required=%21COMPUTE_STATUS_DISABLED => generated 1309 bytes in 159 msecs (HTTP/1.1 200) 8 headers in 297 bytes (1 switches on core 0)
Feb 09 21:39:15.731811 n-d-792362-9 devstack@placement-api.service[104398]: DEBUG placement.requestlog [req-fbafb4d8-0e3d-4d81-9a6e-357c2a08a0b8 req-9e924082-ff5f-403f-a82e-df2ceb6db808 None None] Starting request: 10.222.0.61 "GET /placement/allocations/0cfda40d-9683-4ae3-9e1d-ccf9632a3735" {{(pid=104398) __call__ /opt/stack/placement/placement/requestlog.py:55}}
Feb 09 21:39:15.765305 n-d-792362-9 devstack@placement-api.service[104398]: INFO placement.requestlog [req-fbafb4d8-0e3d-4d81-9a6e-357c2a08a0b8 req-9e924082-ff5f-403f-a82e-df2ceb6db808 service placement] 10.222.0.61 "GET /placement/allocations/0cfda40d-9683-4ae3-9e1d-ccf9632a3735" status: 200 len: 19 microversion: 1.28
Feb 09 21:39:15.771478 n-d-792362-9 devstack@placement-api.service[104398]: [pid: 104398|app: 0|req: 291/588] 10.222.0.61 () {60 vars in 1380 bytes} [Wed Feb 9 21:39:15 2022] GET /placement/allocations/0cfda40d-9683-4ae3-9e1d-ccf9632a3735 => generated 19 bytes in 40 msecs (HTTP/1.1 200) 8 headers in 295 bytes (1 switches on core 0)
Feb 09 21:39:15.788884 n-d-792362-9 devstack@placement-api.service[104398]: DEBUG placement.requestlog [req-fbafb4d8-0e3d-4d81-9a6e-357c2a08a0b8 req-b3cf77df-70d1-407b-9f1d-d3fba42a8ab8 None None] Starting request: 10.222.0.61 "PUT /placement/allocations/0cfda40d-9683-4ae3-9e1d-ccf9632a3735" {{(pid=104398) __call__ /opt/stack/placement/placement/requestlog.py:55}}
Feb 09 21:39:16.000783 n-d-792362-9 devstack@placement-api.service[104397]: DEBUG placement.handlers.allocation [req-d373fe84-dc59-46a6-afb0-c1157e83e432 req-8ce4285a-21ee-4a47-be54-65e216bbda65 service placement] Successfully wrote allocations [, , ] {{(pid=104397) _update_consumers_and_create_allocations /opt/stack/placement/placement/handlers/allocation.py:462}}
Feb 09 21:39:16.089370 n-d-792362-9 devstack@placement-api.service[104397]: INFO placement.requestlog [req-d373fe84-dc59-46a6-afb0-c1157e83e432 req-8ce4285a-21ee-4a47-be54-65e216bbda65 service placement] 10.222.0.61 "PUT /placement/allocations/7daaaf10-0d08-4b6a-8acc-ea87f8d9e70a" status: 204 len: 0 microversion: 1.36
Feb 09 21:39:16.090671 n-d-792362-9 devstack@placement-api.service[104397]: [pid: 104397|app: 0|req: 298/589] 10.222.0.61 () {64 vars in 1433 bytes} [Wed Feb 9 21:39:15 2022] PUT /placement/allocations/7daaaf10-0d08-4b6a-8acc-ea87f8d9e70a => generated 0 bytes in 474 msecs (HTTP/1.1 204) 5 headers in 199 bytes (1 switches on core 0)
Feb 09 21:39:16.119091 n-d-792362-9 devstack@placement-api.service[104398]: DEBUG placement.handlers.allocation [req-fbafb4d8-0e3d-4d81-9a6e-357c2a08a0b8 req-b3cf77df-70d1-407b-9f1d-d3fba42a8ab8 service placement] Successfully wrote allocations [, , ] {{(pid=104398) _update_consumers_and_create_allocations /opt/stack/placement/placement/handlers/allocation.py:462}}
Feb 09 21:39:16.230820 n-d-792362-9 devstack@placement-api.service[104398]: INFO placement.requestlog [req-fbafb4d8-0e3d-4d81-9a6e-357c2a08a0b8 req-b3cf77df-70d1-407b-9f1d-d3fba42a8ab8 service placement] 10.222.0.61 "PUT /placement/allocations/0cfda40d-9683-4ae3-9e1d-ccf9632a3735" status: 204 len: 0 microversion: 1.36
Feb 09 21:39:16.230820 n-d-792362-9 devstack@placement-api.service[104398]: [pid: 104398|app: 0|req: 292/590] 10.222.0.61 () {64 vars in 1433 bytes} [Wed Feb 9 21:39:15 2022] PUT /placement/allocations/0cfda40d-9683-4ae3-9e1d-ccf9632a3735 => generated 0 bytes in 434 msecs (HTTP/1.1 204) 5 headers in 199 bytes (1 switches on core 0)
Feb 09 21:39:16.751254 n-d-792362-9 devstack@placement-api.service[104397]: DEBUG placement.requestlog [req-2b0db0d5-d7bc-42e0-a32a-5561f997a6a7 req-8d7a5cc2-a6fe-49da-8d48-2427fe589f8a None None] Starting request: 10.222.0.60 "GET /placement/allocations/847396b7-8e32-4866-bed9-58ac122e7d30" {{(pid=104397) __call__ /opt/stack/placement/placement/requestlog.py:55}}
Feb 09 21:39:16.788844 n-d-792362-9 devstack@placement-api.service[104397]: INFO placement.requestlog [req-2b0db0d5-d7bc-42e0-a32a-5561f997a6a7 req-8d7a5cc2-a6fe-49da-8d48-2427fe589f8a service placement] 10.222.0.60 "GET /placement/allocations/847396b7-8e32-4866-bed9-58ac122e7d30" status: 200 len: 259 microversion: 1.28
Feb 09 21:39:16.796638 n-d-792362-9 devstack@placement-api.service[104397]: [pid: 104397|app: 0|req: 299/591] 10.222.0.60 () {60 vars in 1377 bytes} [Wed Feb 9 21:39:16 2022] GET /placement/allocations/847396b7-8e32-4866-bed9-58ac122e7d30 => generated 259 bytes in 42 msecs (HTTP/1.1 200) 8 headers in 296 bytes (1 switches on core 0)
Feb 09 21:39:17.203721 n-d-792362-9 devstack@placement-api.service[104398]: DEBUG placement.requestlog [req-2b0db0d5-d7bc-42e0-a32a-5561f997a6a7 req-85f637fe-11f9-4e02-97be-9ce3d8ff1d4e None None] Starting request: 10.222.0.60 "GET /placement/allocations/edf93df8-7c65-4083-80d7-fff6bdc20806" {{(pid=104398) __call__ /opt/stack/placement/placement/requestlog.py:55}}
Feb 09 21:39:17.259807 n-d-792362-9 devstack@placement-api.service[104398]: INFO placement.requestlog [req-2b0db0d5-d7bc-42e0-a32a-5561f997a6a7 req-85f637fe-11f9-4e02-97be-9ce3d8ff1d4e service placement] 10.222.0.60 "GET /placement/allocations/edf93df8-7c65-4083-80d7-fff6bdc20806" status: 200 len: 259 microversion: 1.28
Feb 09 21:39:17.260858 n-d-792362-9 devstack@placement-api.service[104398]: [pid: 104398|app: 0|req: 293/592] 10.222.0.60 () {60 vars in 1377 bytes} [Wed Feb 9 21:39:17 2022] GET /placement/allocations/edf93df8-7c65-4083-80d7-fff6bdc20806 => generated 259 bytes in 58 msecs (HTTP/1.1 200) 8 headers in 296 bytes (2 switches on core 0)
Feb 09 21:39:17.714745 n-d-792362-9 devstack@placement-api.service[104397]: DEBUG placement.requestlog [req-d373fe84-dc59-46a6-afb0-c1157e83e432 req-ce4109c6-1ece-46a9-91c5-8004fa71ac4d None None] Starting request: 10.222.0.60 "GET /placement/allocations/7daaaf10-0d08-4b6a-8acc-ea87f8d9e70a" {{(pid=104397) __call__ /opt/stack/placement/placement/requestlog.py:55}}
Feb 09 21:39:17.811608 n-d-792362-9 devstack@placement-api.service[104397]: INFO placement.requestlog [req-d373fe84-dc59-46a6-afb0-c1157e83e432 req-ce4109c6-1ece-46a9-91c5-8004fa71ac4d service placement] 10.222.0.60 "GET /placement/allocations/7daaaf10-0d08-4b6a-8acc-ea87f8d9e70a" status: 200 len: 259 microversion: 1.28
Feb 09 21:39:17.812707 n-d-792362-9 devstack@placement-api.service[104397]: [pid: 104397|app: 0|req: 300/593] 10.222.0.60 () {60 vars in 1377 bytes} [Wed Feb 9 21:39:17 2022] GET /placement/allocations/7daaaf10-0d08-4b6a-8acc-ea87f8d9e70a => generated 259 bytes in 99 msecs (HTTP/1.1 200) 8 headers in 296 bytes (1 switches on core 0)
Feb 09 21:39:17.839899 n-d-792362-9 devstack@placement-api.service[104398]: DEBUG placement.requestlog [req-fbafb4d8-0e3d-4d81-9a6e-357c2a08a0b8 req-a0f1296c-a669-425f-9f94-d11b2b72ccf8 None None] Starting request: 10.222.0.60 "GET /placement/allocations/0cfda40d-9683-4ae3-9e1d-ccf9632a3735" {{(pid=104398) __call__ /opt/stack/placement/placement/requestlog.py:55}}
Feb 09 21:39:17.847733 n-d-792362-9 devstack@placement-api.service[104397]: DEBUG placement.requestlog [req-2b0db0d5-d7bc-42e0-a32a-5561f997a6a7 req-b93fc9aa-7379-42ac-bd19-685455dab98e None None] Starting request: 10.222.0.48 "GET /placement/allocations/479e025f-d916-41c7-adac-b8a1aa46f9c6" {{(pid=104397) __call__ /opt/stack/placement/placement/requestlog.py:55}}
Feb 09 21:39:17.913153 n-d-792362-9 devstack@placement-api.service[104398]: INFO placement.requestlog [req-fbafb4d8-0e3d-4d81-9a6e-357c2a08a0b8 req-a0f1296c-a669-425f-9f94-d11b2b72ccf8 service placement] 10.222.0.60 "GET /placement/allocations/0cfda40d-9683-4ae3-9e1d-ccf9632a3735" status: 200 len: 259 microversion: 1.28
Feb 09 21:39:17.914787 n-d-792362-9 devstack@placement-api.service[104398]: [pid: 104398|app: 0|req: 294/594] 10.222.0.60 () {60 vars in 1377 bytes} [Wed Feb 9 21:39:17 2022] GET /placement/allocations/0cfda40d-9683-4ae3-9e1d-ccf9632a3735 => generated 259 bytes in 75 msecs (HTTP/1.1 200) 8 headers in 296 bytes (1 switches on core 0)
Feb 09 21:39:17.919116 n-d-792362-9 devstack@placement-api.service[104397]: INFO placement.requestlog [req-2b0db0d5-d7bc-42e0-a32a-5561f997a6a7 req-b93fc9aa-7379-42ac-bd19-685455dab98e service placement] 10.222.0.48 "GET /placement/allocations/479e025f-d916-41c7-adac-b8a1aa46f9c6" status: 200 len: 259 microversion: 1.28
Feb 09 21:39:17.925264 n-d-792362-9 devstack@placement-api.service[104397]: [pid: 104397|app: 0|req: 301/595] 10.222.0.48 () {60 vars in 1377 bytes} [Wed Feb 9 21:39:17 2022] GET /placement/allocations/479e025f-d916-41c7-adac-b8a1aa46f9c6 => generated 259 bytes in 76 msecs (HTTP/1.1 200) 8 headers in 296 bytes (1 switches on core 0)
Feb 09 21:39:28.244098 n-d-792362-9 devstack@placement-api.service[104398]: DEBUG placement.requestlog [req-48efbb03-dd2b-4753-ae9d-5cbb5ccc3018 req-6655904f-5201-4d02-b74d-396f3ebd3dfd None None] Starting request: 10.222.0.48 "DELETE /placement/allocations/6c8dbfe6-2cae-4d59-8dd8-e6aac2328dd4" {{(pid=104398) __call__ /opt/stack/placement/placement/requestlog.py:55}}
Feb 09 21:39:28.546298 n-d-792362-9 devstack@placement-api.service[104398]: DEBUG placement.handlers.allocation [req-48efbb03-dd2b-4753-ae9d-5cbb5ccc3018 req-6655904f-5201-4d02-b74d-396f3ebd3dfd service placement] Successfully deleted allocations [, , ] {{(pid=104398) delete_allocations /opt/stack/placement/placement/handlers/allocation.py:627}}
Feb 09 21:39:28.546973 n-d-792362-9 devstack@placement-api.service[104398]: INFO placement.requestlog [req-48efbb03-dd2b-4753-ae9d-5cbb5ccc3018 req-6655904f-5201-4d02-b74d-396f3ebd3dfd service placement] 10.222.0.48 "DELETE /placement/allocations/6c8dbfe6-2cae-4d59-8dd8-e6aac2328dd4" status: 204 len: 0 microversion: 1.0
Feb 09 21:39:28.547626 n-d-792362-9 devstack@placement-api.service[104398]: [pid: 104398|app: 0|req: 295/596] 10.222.0.48 () {60 vars in 1355 bytes} [Wed Feb 9 21:39:28 2022] DELETE /placement/allocations/6c8dbfe6-2cae-4d59-8dd8-e6aac2328dd4 => generated 0 bytes in 304 msecs (HTTP/1.1 204) 5 headers in 198 bytes (1 switches on core 0)
Feb 09 21:39:34.011504 n-d-792362-9 devstack@placement-api.service[104397]: DEBUG placement.requestlog [req-f64f6c93-162e-465a-ad24-c71c5db50e29 req-f09fb8f1-138c-40d8-a060-c50e6266e5ef None None] Starting request: 10.222.0.60 "GET /placement/resource_providers/6849bb1f-e377-4320-a742-eadc85aefc6d/allocations" {{(pid=104397) __call__ /opt/stack/placement/placement/requestlog.py:55}}
Feb 09 21:39:34.098393 n-d-792362-9 devstack@placement-api.service[104397]: INFO placement.requestlog [req-f64f6c93-162e-465a-ad24-c71c5db50e29 req-f09fb8f1-138c-40d8-a060-c50e6266e5ef service placement] 10.222.0.60 "GET /placement/resource_providers/6849bb1f-e377-4320-a742-eadc85aefc6d/allocations" status: 200 len: 558 microversion: 1.0
Feb 09 21:39:34.101444 n-d-792362-9 devstack@placement-api.service[104397]: [pid: 104397|app: 0|req: 302/597] 10.222.0.60 () {58 vars in 1390 bytes} [Wed Feb 9 21:39:34 2022] GET /placement/resource_providers/6849bb1f-e377-4320-a742-eadc85aefc6d/allocations => generated 558 bytes in 91 msecs (HTTP/1.1 200) 6 headers in 224 bytes (1 switches on core 0)
Feb 09 21:39:36.637926 n-d-792362-9 devstack@placement-api.service[104398]: DEBUG placement.requestlog [req-852fa5ac-4895-41b2-a9bf-4c7bfcec1598 req-bccafc2f-da7f-412e-a1b4-74f634c1250a None None] Starting request: 10.222.0.48 "GET /placement/resource_providers/edb47645-6600-4b1f-bf94-472ba691b1f3/allocations" {{(pid=104398) __call__ /opt/stack/placement/placement/requestlog.py:55}}
Feb 09 21:39:36.687237 n-d-792362-9 devstack@placement-api.service[104398]: INFO placement.requestlog [req-852fa5ac-4895-41b2-a9bf-4c7bfcec1598 req-bccafc2f-da7f-412e-a1b4-74f634c1250a service placement] 10.222.0.48 "GET /placement/resource_providers/edb47645-6600-4b1f-bf94-472ba691b1f3/allocations" status: 200 len: 255 microversion: 1.0
Feb 09 21:39:36.688504 n-d-792362-9 devstack@placement-api.service[104398]: [pid: 104398|app: 0|req: 296/598] 10.222.0.48 () {58 vars in 1390 bytes} [Wed Feb 9 21:39:36 2022] GET /placement/resource_providers/edb47645-6600-4b1f-bf94-472ba691b1f3/allocations => generated 255 bytes in 51 msecs (HTTP/1.1 200) 6 headers in 224 bytes (1 switches on core 0)
Feb 09 21:39:37.935270 n-d-792362-9 devstack@placement-api.service[104397]: DEBUG placement.requestlog [req-4b7c51be-213f-4531-96b1-41b31249d190 req-4045cace-a8e0-4b5c-a4ad-bbdbf91fc9c3 None None] Starting request: 10.222.0.61 "GET /placement/allocation_candidates?limit=1000&resources=DISK_GB%3A1%2CMEMORY_MB%3A1024%2CVCPU%3A1&root_required=%21COMPUTE_STATUS_DISABLED" {{(pid=104397) __call__ /opt/stack/placement/placement/requestlog.py:55}}
Feb 09 21:39:38.057694 n-d-792362-9 devstack@placement-api.service[104397]: DEBUG placement.objects.research_context [req-4b7c51be-213f-4531-96b1-41b31249d190 req-4045cace-a8e0-4b5c-a4ad-bbdbf91fc9c3 service placement] getting providers with 1 DISK_GB {{(pid=104397) __init__ /opt/stack/placement/placement/objects/research_context.py:126}}
Feb 09 21:39:38.073767 n-d-792362-9 devstack@placement-api.service[104397]: DEBUG placement.objects.research_context [req-4b7c51be-213f-4531-96b1-41b31249d190 req-4045cace-a8e0-4b5c-a4ad-bbdbf91fc9c3 service placement] getting providers with 1024 MEMORY_MB {{(pid=104397) __init__ /opt/stack/placement/placement/objects/research_context.py:126}}
Feb 09 21:39:38.100060 n-d-792362-9 devstack@placement-api.service[104397]: DEBUG placement.objects.research_context [req-4b7c51be-213f-4531-96b1-41b31249d190 req-4045cace-a8e0-4b5c-a4ad-bbdbf91fc9c3 service placement] getting providers with 1 VCPU {{(pid=104397) __init__ /opt/stack/placement/placement/objects/research_context.py:126}}
Feb 09 21:39:38.121792 n-d-792362-9 devstack@placement-api.service[104397]: DEBUG placement.objects.research_context [req-4b7c51be-213f-4531-96b1-41b31249d190 req-4045cace-a8e0-4b5c-a4ad-bbdbf91fc9c3 service placement] found 2 providers with available 1 DISK_GB {{(pid=104397) get_provider_ids_matching /opt/stack/placement/placement/objects/research_context.py:549}}
Feb 09 21:39:38.122303 n-d-792362-9 devstack@placement-api.service[104397]: DEBUG placement.objects.research_context [req-4b7c51be-213f-4531-96b1-41b31249d190 req-4045cace-a8e0-4b5c-a4ad-bbdbf91fc9c3 service placement] found 2 providers with available 1024 MEMORY_MB {{(pid=104397) get_provider_ids_matching /opt/stack/placement/placement/objects/research_context.py:549}}
Feb 09 21:39:38.122731 n-d-792362-9 devstack@placement-api.service[104397]: DEBUG placement.objects.research_context [req-4b7c51be-213f-4531-96b1-41b31249d190 req-4045cace-a8e0-4b5c-a4ad-bbdbf91fc9c3 service placement] found 2 providers after filtering by previous result {{(pid=104397) get_provider_ids_matching /opt/stack/placement/placement/objects/research_context.py:580}}
Feb 09 21:39:38.123110 n-d-792362-9 devstack@placement-api.service[104397]: DEBUG placement.objects.research_context [req-4b7c51be-213f-4531-96b1-41b31249d190 req-4045cace-a8e0-4b5c-a4ad-bbdbf91fc9c3 service placement] found 2 providers with available 1 VCPU {{(pid=104397) get_provider_ids_matching /opt/stack/placement/placement/objects/research_context.py:549}}
Feb 09 21:39:38.123491 n-d-792362-9 devstack@placement-api.service[104397]: DEBUG placement.objects.research_context [req-4b7c51be-213f-4531-96b1-41b31249d190 req-4045cace-a8e0-4b5c-a4ad-bbdbf91fc9c3 service placement] found 2 providers after filtering by previous result {{(pid=104397) get_provider_ids_matching /opt/stack/placement/placement/objects/research_context.py:580}}
Feb 09 21:39:38.148588 n-d-792362-9 devstack@placement-api.service[104397]: DEBUG placement.objects.allocation_candidate [req-4b7c51be-213f-4531-96b1-41b31249d190 req-4045cace-a8e0-4b5c-a4ad-bbdbf91fc9c3 service placement] RequestGroup(use_same_provider=False, resources={DISK_GB:1, MEMORY_MB:1024, VCPU:1}, traits=[], aggregates=[]) (suffix '') returned 2 matches {{(pid=104397) _get_by_requests /opt/stack/placement/placement/objects/allocation_candidate.py:145}}
Feb 09 21:39:38.149200 n-d-792362-9 devstack@placement-api.service[104397]: DEBUG placement.objects.allocation_candidate [req-4b7c51be-213f-4531-96b1-41b31249d190 req-4045cace-a8e0-4b5c-a4ad-bbdbf91fc9c3 service placement] Merging candidates yields 2 allocation requests and 2 provider summaries {{(pid=104397) _merge_candidates /opt/stack/placement/placement/objects/allocation_candidate.py:783}}
Feb 09 21:39:38.151053 n-d-792362-9 devstack@placement-api.service[104397]: INFO placement.requestlog [req-4b7c51be-213f-4531-96b1-41b31249d190 req-4045cace-a8e0-4b5c-a4ad-bbdbf91fc9c3 service placement] 10.222.0.61 "GET /placement/allocation_candidates?limit=1000&resources=DISK_GB%3A1%2CMEMORY_MB%3A1024%2CVCPU%3A1&root_required=%21COMPUTE_STATUS_DISABLED" status: 200 len: 1309 microversion: 1.36
Feb 09 21:39:38.151585 n-d-792362-9 devstack@placement-api.service[104397]: [pid: 104397|app: 0|req: 303/599] 10.222.0.61 () {60 vars in 1506 bytes} [Wed Feb 9 21:39:37 2022] GET /placement/allocation_candidates?limit=1000&resources=DISK_GB%3A1%2CMEMORY_MB%3A1024%2CVCPU%3A1&root_required=%21COMPUTE_STATUS_DISABLED => generated 1309 bytes in 217 msecs (HTTP/1.1 200) 8 headers in 297 bytes (1 switches on core 0)
Feb 09 21:39:38.265636 n-d-792362-9 devstack@placement-api.service[104398]: DEBUG placement.requestlog [req-4b7c51be-213f-4531-96b1-41b31249d190 req-275b00e5-a787-4e58-a4a9-1dc05840268f None None] Starting request: 10.222.0.61 "GET /placement/allocations/31b56b5f-d719-4150-b3e1-87d39e54cb73" {{(pid=104398) __call__ /opt/stack/placement/placement/requestlog.py:55}}
Feb 09 21:39:38.280069 n-d-792362-9 devstack@placement-api.service[104398]: INFO placement.requestlog [req-4b7c51be-213f-4531-96b1-41b31249d190 req-275b00e5-a787-4e58-a4a9-1dc05840268f service placement] 10.222.0.61 "GET /placement/allocations/31b56b5f-d719-4150-b3e1-87d39e54cb73" status: 200 len: 19 microversion: 1.28
Feb 09 21:39:38.289750 n-d-792362-9 devstack@placement-api.service[104398]: [pid: 104398|app: 0|req: 297/600] 10.222.0.61 () {60 vars in 1380 bytes} [Wed Feb 9 21:39:38 2022] GET /placement/allocations/31b56b5f-d719-4150-b3e1-87d39e54cb73 => generated 19 bytes in 24 msecs (HTTP/1.1 200) 8 headers in 295 bytes (1 switches on core 0)
Feb 09 21:39:38.296795 n-d-792362-9 devstack@placement-api.service[104397]: DEBUG placement.requestlog [req-4b7c51be-213f-4531-96b1-41b31249d190 req-bbf221f7-e0ba-44c3-a9a1-bdcd1aab558d None None] Starting request: 10.222.0.61 "PUT /placement/allocations/31b56b5f-d719-4150-b3e1-87d39e54cb73" {{(pid=104397) __call__ /opt/stack/placement/placement/requestlog.py:55}}
Feb 09 21:39:38.497212 n-d-792362-9 devstack@placement-api.service[104397]: DEBUG placement.handlers.allocation [req-4b7c51be-213f-4531-96b1-41b31249d190 req-bbf221f7-e0ba-44c3-a9a1-bdcd1aab558d service placement] Successfully wrote allocations [, , ] {{(pid=104397) _update_consumers_and_create_allocations /opt/stack/placement/placement/handlers/allocation.py:462}}
Feb 09 21:39:38.584154 n-d-792362-9 devstack@placement-api.service[104397]: INFO placement.requestlog [req-4b7c51be-213f-4531-96b1-41b31249d190 req-bbf221f7-e0ba-44c3-a9a1-bdcd1aab558d service placement] 10.222.0.61 "PUT /placement/allocations/31b56b5f-d719-4150-b3e1-87d39e54cb73" status: 204 len: 0 microversion: 1.36
Feb 09 21:39:38.585964 n-d-792362-9 devstack@placement-api.service[104397]: [pid: 104397|app: 0|req: 304/601] 10.222.0.61 () {64 vars in 1433 bytes} [Wed Feb 9 21:39:38 2022] PUT /placement/allocations/31b56b5f-d719-4150-b3e1-87d39e54cb73 => generated 0 bytes in 289 msecs (HTTP/1.1 204) 5 headers in 199 bytes (1 switches on core 0)
Feb 09 21:39:39.918032 n-d-792362-9 devstack@placement-api.service[104398]: DEBUG placement.requestlog [req-4b7c51be-213f-4531-96b1-41b31249d190 req-06b1d98a-a3b2-41b0-9aeb-a6fa01bb5597 None None] Starting request: 10.222.0.48 "GET /placement/allocations/31b56b5f-d719-4150-b3e1-87d39e54cb73" {{(pid=104398) __call__ /opt/stack/placement/placement/requestlog.py:55}}
Feb 09 21:39:39.993680 n-d-792362-9 devstack@placement-api.service[104398]: INFO placement.requestlog [req-4b7c51be-213f-4531-96b1-41b31249d190 req-06b1d98a-a3b2-41b0-9aeb-a6fa01bb5597 service placement] 10.222.0.48 "GET /placement/allocations/31b56b5f-d719-4150-b3e1-87d39e54cb73" status: 200 len: 259 microversion: 1.28
Feb 09 21:39:39.994806 n-d-792362-9 devstack@placement-api.service[104398]: [pid: 104398|app: 0|req: 298/602] 10.222.0.48 () {60 vars in 1377 bytes} [Wed Feb 9 21:39:39 2022] GET /placement/allocations/31b56b5f-d719-4150-b3e1-87d39e54cb73 => generated 259 bytes in 77 msecs (HTTP/1.1 200) 8 headers in 296 bytes (1 switches on core 0)
Feb 09 21:39:42.894635 n-d-792362-9 devstack@placement-api.service[104397]: DEBUG placement.requestlog [req-33957d04-b41a-4806-a8b8-a783159b1d60 req-06cddafb-e95c-42ce-813c-e7ef731a5f00 None None] Starting request: 10.222.0.48 "DELETE /placement/allocations/f5e2209e-7a21-4e18-b1da-68702d23cbb7" {{(pid=104397) __call__ /opt/stack/placement/placement/requestlog.py:55}}
Feb 09 21:39:43.079075 n-d-792362-9 devstack@placement-api.service[104397]: DEBUG placement.handlers.allocation [req-33957d04-b41a-4806-a8b8-a783159b1d60 req-06cddafb-e95c-42ce-813c-e7ef731a5f00 service placement] Successfully deleted allocations [, , ] {{(pid=104397) delete_allocations /opt/stack/placement/placement/handlers/allocation.py:627}}
Feb 09 21:39:43.081286 n-d-792362-9 devstack@placement-api.service[104397]: INFO placement.requestlog [req-33957d04-b41a-4806-a8b8-a783159b1d60 req-06cddafb-e95c-42ce-813c-e7ef731a5f00 service placement] 10.222.0.48 "DELETE /placement/allocations/f5e2209e-7a21-4e18-b1da-68702d23cbb7" status: 204 len: 0 microversion: 1.0
Feb 09 21:39:43.083359 n-d-792362-9 devstack@placement-api.service[104397]: [pid: 104397|app: 0|req: 305/603] 10.222.0.48 () {60 vars in 1355 bytes} [Wed Feb 9 21:39:42 2022] DELETE /placement/allocations/f5e2209e-7a21-4e18-b1da-68702d23cbb7 => generated 0 bytes in 189 msecs (HTTP/1.1 204) 5 headers in 198 bytes (1 switches on core 0)
Feb 09 21:39:44.310638 n-d-792362-9 devstack@placement-api.service[104398]: DEBUG placement.requestlog [req-a192ca23-aea9-448b-88ba-fe672dee4120 req-fc586eba-4b21-4052-a21e-03e454ec0da4 None None] Starting request: 10.222.0.61 "GET /placement/allocation_candidates?limit=1000&resources=DISK_GB%3A1%2CMEMORY_MB%3A1024%2CVCPU%3A1&root_required=%21COMPUTE_STATUS_DISABLED" {{(pid=104398) __call__ /opt/stack/placement/placement/requestlog.py:55}}
Feb 09 21:39:44.355543 n-d-792362-9 devstack@placement-api.service[104398]: DEBUG placement.objects.research_context [req-a192ca23-aea9-448b-88ba-fe672dee4120 req-fc586eba-4b21-4052-a21e-03e454ec0da4 service placement] getting providers with 1 DISK_GB {{(pid=104398) __init__ /opt/stack/placement/placement/objects/research_context.py:126}}
Feb 09 21:39:44.368938 n-d-792362-9 devstack@placement-api.service[104398]: DEBUG placement.objects.research_context [req-a192ca23-aea9-448b-88ba-fe672dee4120 req-fc586eba-4b21-4052-a21e-03e454ec0da4 service placement] getting providers with 1024 MEMORY_MB {{(pid=104398) __init__ /opt/stack/placement/placement/objects/research_context.py:126}}
Feb 09 21:39:44.383681 n-d-792362-9 devstack@placement-api.service[104398]: DEBUG placement.objects.research_context [req-a192ca23-aea9-448b-88ba-fe672dee4120 req-fc586eba-4b21-4052-a21e-03e454ec0da4 service placement] getting providers with 1 VCPU {{(pid=104398) __init__ /opt/stack/placement/placement/objects/research_context.py:126}}
Feb 09 21:39:44.394651 n-d-792362-9 devstack@placement-api.service[104398]: DEBUG placement.objects.research_context [req-a192ca23-aea9-448b-88ba-fe672dee4120 req-fc586eba-4b21-4052-a21e-03e454ec0da4 service placement] found 2 providers with available 1 DISK_GB {{(pid=104398) get_provider_ids_matching /opt/stack/placement/placement/objects/research_context.py:549}}
Feb 09 21:39:44.395413 n-d-792362-9 devstack@placement-api.service[104398]: DEBUG placement.objects.research_context [req-a192ca23-aea9-448b-88ba-fe672dee4120 req-fc586eba-4b21-4052-a21e-03e454ec0da4 service placement] found 2 providers with available 1024 MEMORY_MB {{(pid=104398) get_provider_ids_matching /opt/stack/placement/placement/objects/research_context.py:549}}
Feb 09 21:39:44.396937 n-d-792362-9 devstack@placement-api.service[104398]: DEBUG placement.objects.research_context [req-a192ca23-aea9-448b-88ba-fe672dee4120 req-fc586eba-4b21-4052-a21e-03e454ec0da4 service placement] found 2 providers after filtering by previous result {{(pid=104398) get_provider_ids_matching /opt/stack/placement/placement/objects/research_context.py:580}}
Feb 09 21:39:44.397618 n-d-792362-9 devstack@placement-api.service[104398]: DEBUG placement.objects.research_context [req-a192ca23-aea9-448b-88ba-fe672dee4120 req-fc586eba-4b21-4052-a21e-03e454ec0da4 service placement] found 2 providers with available 1 VCPU {{(pid=104398) get_provider_ids_matching /opt/stack/placement/placement/objects/research_context.py:549}}
Feb 09 21:39:44.398232 n-d-792362-9 devstack@placement-api.service[104398]: DEBUG placement.objects.research_context [req-a192ca23-aea9-448b-88ba-fe672dee4120 req-fc586eba-4b21-4052-a21e-03e454ec0da4 service placement] found 2 providers after filtering by previous result {{(pid=104398) get_provider_ids_matching /opt/stack/placement/placement/objects/research_context.py:580}}
Feb 09 21:39:44.420745 n-d-792362-9 devstack@placement-api.service[104398]: DEBUG placement.objects.allocation_candidate [req-a192ca23-aea9-448b-88ba-fe672dee4120 req-fc586eba-4b21-4052-a21e-03e454ec0da4 service placement] RequestGroup(use_same_provider=False, resources={DISK_GB:1, MEMORY_MB:1024, VCPU:1}, traits=[], aggregates=[]) (suffix '') returned 2 matches {{(pid=104398) _get_by_requests /opt/stack/placement/placement/objects/allocation_candidate.py:145}}
Feb 09 21:39:44.421606 n-d-792362-9 devstack@placement-api.service[104398]: DEBUG placement.objects.allocation_candidate [req-a192ca23-aea9-448b-88ba-fe672dee4120 req-fc586eba-4b21-4052-a21e-03e454ec0da4 service placement] Merging candidates yields 2 allocation requests and 2 provider summaries {{(pid=104398) _merge_candidates /opt/stack/placement/placement/objects/allocation_candidate.py:783}}
Feb 09 21:39:44.425089 n-d-792362-9 devstack@placement-api.service[104398]: INFO placement.requestlog [req-a192ca23-aea9-448b-88ba-fe672dee4120 req-fc586eba-4b21-4052-a21e-03e454ec0da4 service placement] 10.222.0.61 "GET /placement/allocation_candidates?limit=1000&resources=DISK_GB%3A1%2CMEMORY_MB%3A1024%2CVCPU%3A1&root_required=%21COMPUTE_STATUS_DISABLED" status: 200 len: 1309 microversion: 1.36
Feb 09 21:39:44.426400 n-d-792362-9 devstack@placement-api.service[104398]: [pid: 104398|app: 0|req: 299/604] 10.222.0.61 () {60 vars in 1506 bytes} [Wed Feb 9 21:39:44 2022] GET /placement/allocation_candidates?limit=1000&resources=DISK_GB%3A1%2CMEMORY_MB%3A1024%2CVCPU%3A1&root_required=%21COMPUTE_STATUS_DISABLED => generated 1309 bytes in 116 msecs (HTTP/1.1 200) 8 headers in 297 bytes (1 switches on core 0)
Feb 09 21:39:44.479149 n-d-792362-9 devstack@placement-api.service[104397]: DEBUG placement.requestlog [req-f2496df6-ab3d-473c-acfa-8f7d58e73bae req-4cb6d598-2ef2-4485-b77a-818c0436e8ce None None] Starting request: 10.222.0.61 "GET /placement/allocation_candidates?limit=1000&resources=DISK_GB%3A1%2CMEMORY_MB%3A1024%2CVCPU%3A1&root_required=%21COMPUTE_STATUS_DISABLED" {{(pid=104397) __call__ /opt/stack/placement/placement/requestlog.py:55}}
Feb 09 21:39:44.568306 n-d-792362-9 devstack@placement-api.service[104397]: DEBUG placement.objects.research_context [req-f2496df6-ab3d-473c-acfa-8f7d58e73bae req-4cb6d598-2ef2-4485-b77a-818c0436e8ce service placement] getting providers with 1 DISK_GB {{(pid=104397) __init__ /opt/stack/placement/placement/objects/research_context.py:126}}
Feb 09 21:39:44.568306 n-d-792362-9 devstack@placement-api.service[104397]: DEBUG placement.objects.research_context [req-f2496df6-ab3d-473c-acfa-8f7d58e73bae req-4cb6d598-2ef2-4485-b77a-818c0436e8ce service placement] getting providers with 1024 MEMORY_MB {{(pid=104397) __init__ /opt/stack/placement/placement/objects/research_context.py:126}}
Feb 09 21:39:44.568615 n-d-792362-9 devstack@placement-api.service[104398]: DEBUG placement.requestlog [req-a192ca23-aea9-448b-88ba-fe672dee4120 req-b3d9f3ee-5ca3-4fd6-888b-d67736c96691 None None] Starting request: 10.222.0.61 "GET /placement/allocations/5d819739-2baf-4ed2-9e98-03ff60054fc4" {{(pid=104398) __call__ /opt/stack/placement/placement/requestlog.py:55}}
Feb 09 21:39:44.581645 n-d-792362-9 devstack@placement-api.service[104397]: DEBUG placement.objects.research_context [req-f2496df6-ab3d-473c-acfa-8f7d58e73bae req-4cb6d598-2ef2-4485-b77a-818c0436e8ce service placement] getting providers with 1 VCPU {{(pid=104397) __init__ /opt/stack/placement/placement/objects/research_context.py:126}}
Feb 09 21:39:44.600896 n-d-792362-9 devstack@placement-api.service[104398]: INFO placement.requestlog [req-a192ca23-aea9-448b-88ba-fe672dee4120 req-b3d9f3ee-5ca3-4fd6-888b-d67736c96691 service placement] 10.222.0.61 "GET /placement/allocations/5d819739-2baf-4ed2-9e98-03ff60054fc4" status: 200 len: 19 microversion: 1.28
Feb 09 21:39:44.606057 n-d-792362-9 devstack@placement-api.service[104398]: [pid: 104398|app: 0|req: 300/605] 10.222.0.61 () {60 vars in 1380 bytes} [Wed Feb 9 21:39:44 2022] GET /placement/allocations/5d819739-2baf-4ed2-9e98-03ff60054fc4 => generated 19 bytes in 46 msecs (HTTP/1.1 200) 8 headers in 295 bytes (1 switches on core 0)
Feb 09 21:39:44.609565 n-d-792362-9 devstack@placement-api.service[104397]: DEBUG placement.objects.research_context [req-f2496df6-ab3d-473c-acfa-8f7d58e73bae req-4cb6d598-2ef2-4485-b77a-818c0436e8ce service placement] found 2 providers with available 1 DISK_GB {{(pid=104397) get_provider_ids_matching /opt/stack/placement/placement/objects/research_context.py:549}}
Feb 09 21:39:44.609990 n-d-792362-9 devstack@placement-api.service[104398]: DEBUG placement.requestlog [req-a192ca23-aea9-448b-88ba-fe672dee4120 req-2ad75f39-45aa-4bf2-b6fb-15b13c18ff37 None None] Starting request: 10.222.0.61 "PUT /placement/allocations/5d819739-2baf-4ed2-9e98-03ff60054fc4" {{(pid=104398) __call__ /opt/stack/placement/placement/requestlog.py:55}}
Feb 09 21:39:44.610877 n-d-792362-9 devstack@placement-api.service[104397]: DEBUG placement.objects.research_context [req-f2496df6-ab3d-473c-acfa-8f7d58e73bae req-4cb6d598-2ef2-4485-b77a-818c0436e8ce service placement] found 2 providers with available 1024 MEMORY_MB {{(pid=104397) get_provider_ids_matching /opt/stack/placement/placement/objects/research_context.py:549}}
Feb 09 21:39:44.611406 n-d-792362-9 devstack@placement-api.service[104397]: DEBUG placement.objects.research_context [req-f2496df6-ab3d-473c-acfa-8f7d58e73bae req-4cb6d598-2ef2-4485-b77a-818c0436e8ce service placement] found 2 providers after filtering by previous result {{(pid=104397) get_provider_ids_matching /opt/stack/placement/placement/objects/research_context.py:580}}
Feb 09 21:39:44.611813 n-d-792362-9 devstack@placement-api.service[104397]: DEBUG placement.objects.research_context [req-f2496df6-ab3d-473c-acfa-8f7d58e73bae req-4cb6d598-2ef2-4485-b77a-818c0436e8ce service placement] found 2 providers with available 1 VCPU {{(pid=104397) get_provider_ids_matching /opt/stack/placement/placement/objects/research_context.py:549}}
Feb 09 21:39:44.612430 n-d-792362-9 devstack@placement-api.service[104397]: DEBUG placement.objects.research_context [req-f2496df6-ab3d-473c-acfa-8f7d58e73bae req-4cb6d598-2ef2-4485-b77a-818c0436e8ce service placement] found 2 providers after filtering by previous result {{(pid=104397) get_provider_ids_matching /opt/stack/placement/placement/objects/research_context.py:580}}
Feb 09 21:39:44.628002 n-d-792362-9 devstack@placement-api.service[104397]: DEBUG placement.objects.allocation_candidate [req-f2496df6-ab3d-473c-acfa-8f7d58e73bae req-4cb6d598-2ef2-4485-b77a-818c0436e8ce service placement] RequestGroup(use_same_provider=False, resources={DISK_GB:1, MEMORY_MB:1024, VCPU:1}, traits=[], aggregates=[]) (suffix '') returned 2 matches {{(pid=104397) _get_by_requests /opt/stack/placement/placement/objects/allocation_candidate.py:145}}
Feb 09 21:39:44.635967 n-d-792362-9 devstack@placement-api.service[104397]: DEBUG placement.objects.allocation_candidate [req-f2496df6-ab3d-473c-acfa-8f7d58e73bae req-4cb6d598-2ef2-4485-b77a-818c0436e8ce service placement] Merging candidates yields 2 allocation requests and 2 provider summaries {{(pid=104397) _merge_candidates /opt/stack/placement/placement/objects/allocation_candidate.py:783}}
Feb 09 21:39:44.635967 n-d-792362-9 devstack@placement-api.service[104397]: INFO placement.requestlog [req-f2496df6-ab3d-473c-acfa-8f7d58e73bae req-4cb6d598-2ef2-4485-b77a-818c0436e8ce service placement] 10.222.0.61 "GET /placement/allocation_candidates?limit=1000&resources=DISK_GB%3A1%2CMEMORY_MB%3A1024%2CVCPU%3A1&root_required=%21COMPUTE_STATUS_DISABLED" status: 200 len: 1309 microversion: 1.36
Feb 09 21:39:44.635967 n-d-792362-9 devstack@placement-api.service[104397]: [pid: 104397|app: 0|req: 306/606] 10.222.0.61 () {60 vars in 1506 bytes} [Wed Feb 9 21:39:44 2022] GET /placement/allocation_candidates?limit=1000&resources=DISK_GB%3A1%2CMEMORY_MB%3A1024%2CVCPU%3A1&root_required=%21COMPUTE_STATUS_DISABLED => generated 1309 bytes in 154 msecs (HTTP/1.1 200) 8 headers in 297 bytes (1 switches on core 0)
Feb 09 21:39:44.699622 n-d-792362-9 devstack@placement-api.service[104397]: DEBUG placement.requestlog [req-f2496df6-ab3d-473c-acfa-8f7d58e73bae req-440c3802-c240-4c13-b16c-f562fda0ea8b None None] Starting request: 10.222.0.61 "GET /placement/allocations/6157128a-bc61-4dfa-bb6e-bc02948728aa" {{(pid=104397) __call__ /opt/stack/placement/placement/requestlog.py:55}}
Feb 09 21:39:44.714866 n-d-792362-9 devstack@placement-api.service[104397]: INFO placement.requestlog [req-f2496df6-ab3d-473c-acfa-8f7d58e73bae req-440c3802-c240-4c13-b16c-f562fda0ea8b service placement] 10.222.0.61 "GET /placement/allocations/6157128a-bc61-4dfa-bb6e-bc02948728aa" status: 200 len: 19 microversion: 1.28
Feb 09 21:39:44.715490 n-d-792362-9 devstack@placement-api.service[104397]: [pid: 104397|app: 0|req: 307/607] 10.222.0.61 () {60 vars in 1380 bytes} [Wed Feb 9 21:39:44 2022] GET /placement/allocations/6157128a-bc61-4dfa-bb6e-bc02948728aa => generated 19 bytes in 16 msecs (HTTP/1.1 200) 8 headers in 295 bytes (2 switches on core 0)
Feb 09 21:39:44.724454 n-d-792362-9 devstack@placement-api.service[104397]: DEBUG placement.requestlog [req-f2496df6-ab3d-473c-acfa-8f7d58e73bae req-2d61b65b-a476-4f86-b959-8f0007bc7a5e None None] Starting request: 10.222.0.61 "PUT /placement/allocations/6157128a-bc61-4dfa-bb6e-bc02948728aa" {{(pid=104397) __call__ /opt/stack/placement/placement/requestlog.py:55}}
Feb 09 21:39:45.034078 n-d-792362-9 devstack@placement-api.service[104398]: DEBUG placement.handlers.allocation [req-a192ca23-aea9-448b-88ba-fe672dee4120 req-2ad75f39-45aa-4bf2-b6fb-15b13c18ff37 service placement] Successfully wrote allocations [, , ] {{(pid=104398) _update_consumers_and_create_allocations /opt/stack/placement/placement/handlers/allocation.py:462}}
Feb 09 21:39:45.170130 n-d-792362-9 devstack@placement-api.service[104398]: INFO placement.requestlog [req-a192ca23-aea9-448b-88ba-fe672dee4120 req-2ad75f39-45aa-4bf2-b6fb-15b13c18ff37 service placement] 10.222.0.61 "PUT /placement/allocations/5d819739-2baf-4ed2-9e98-03ff60054fc4" status: 204 len: 0 microversion: 1.36
Feb 09 21:39:45.176859 n-d-792362-9 devstack@placement-api.service[104398]: [pid: 104398|app: 0|req: 301/608] 10.222.0.61 () {64 vars in 1433 bytes} [Wed Feb 9 21:39:44 2022] PUT /placement/allocations/5d819739-2baf-4ed2-9e98-03ff60054fc4 => generated 0 bytes in 564 msecs (HTTP/1.1 204) 5 headers in 199 bytes (1 switches on core 0)
Feb 09 21:39:45.302373 n-d-792362-9 devstack@placement-api.service[104397]: DEBUG placement.handlers.allocation [req-f2496df6-ab3d-473c-acfa-8f7d58e73bae req-2d61b65b-a476-4f86-b959-8f0007bc7a5e service placement] Successfully wrote allocations [, , ] {{(pid=104397) _update_consumers_and_create_allocations /opt/stack/placement/placement/handlers/allocation.py:462}}
Feb 09 21:39:45.402769 n-d-792362-9 devstack@placement-api.service[104397]: INFO placement.requestlog [req-f2496df6-ab3d-473c-acfa-8f7d58e73bae req-2d61b65b-a476-4f86-b959-8f0007bc7a5e service placement] 10.222.0.61 "PUT /placement/allocations/6157128a-bc61-4dfa-bb6e-bc02948728aa" status: 204 len: 0 microversion: 1.36
Feb 09 21:39:45.403479 n-d-792362-9 devstack@placement-api.service[104397]: [pid: 104397|app: 0|req: 308/609] 10.222.0.61 () {64 vars in 1433 bytes} [Wed Feb 9 21:39:44 2022] PUT /placement/allocations/6157128a-bc61-4dfa-bb6e-bc02948728aa => generated 0 bytes in 679 msecs (HTTP/1.1 204) 5 headers in 199 bytes (1 switches on core 0)
Feb 09 21:39:46.882723 n-d-792362-9 devstack@placement-api.service[104398]: DEBUG placement.requestlog [req-a192ca23-aea9-448b-88ba-fe672dee4120 req-51db1696-ba9e-4a51-819e-78f2a154f6c2 None None] Starting request: 10.222.0.48 "GET /placement/allocations/5d819739-2baf-4ed2-9e98-03ff60054fc4" {{(pid=104398) __call__ /opt/stack/placement/placement/requestlog.py:55}}
Feb 09 21:39:46.929741 n-d-792362-9 devstack@placement-api.service[104397]: DEBUG placement.requestlog [req-f2496df6-ab3d-473c-acfa-8f7d58e73bae req-c8df8612-36e8-4eda-bd61-16b3d60a1d37 None None] Starting request: 10.222.0.48 "GET /placement/allocations/6157128a-bc61-4dfa-bb6e-bc02948728aa" {{(pid=104397) __call__ /opt/stack/placement/placement/requestlog.py:55}}
Feb 09 21:39:46.932692 n-d-792362-9 devstack@placement-api.service[104398]: INFO placement.requestlog [req-a192ca23-aea9-448b-88ba-fe672dee4120 req-51db1696-ba9e-4a51-819e-78f2a154f6c2 service placement] 10.222.0.48 "GET /placement/allocations/5d819739-2baf-4ed2-9e98-03ff60054fc4" status: 200 len: 259 microversion: 1.28
Feb 09 21:39:46.933358 n-d-792362-9 devstack@placement-api.service[104398]: [pid: 104398|app: 0|req: 302/610] 10.222.0.48 () {60 vars in 1377 bytes} [Wed Feb 9 21:39:46 2022] GET /placement/allocations/5d819739-2baf-4ed2-9e98-03ff60054fc4 => generated 259 bytes in 52 msecs (HTTP/1.1 200) 8 headers in 296 bytes (2 switches on core 0)
Feb 09 21:39:46.962918 n-d-792362-9 devstack@placement-api.service[104397]: INFO placement.requestlog [req-f2496df6-ab3d-473c-acfa-8f7d58e73bae req-c8df8612-36e8-4eda-bd61-16b3d60a1d37 service placement] 10.222.0.48 "GET /placement/allocations/6157128a-bc61-4dfa-bb6e-bc02948728aa" status: 200 len: 259 microversion: 1.28
Feb 09 21:39:46.964269 n-d-792362-9 devstack@placement-api.service[104397]: [pid: 104397|app: 0|req: 309/611] 10.222.0.48 () {60 vars in 1377 bytes} [Wed Feb 9 21:39:46 2022] GET /placement/allocations/6157128a-bc61-4dfa-bb6e-bc02948728aa => generated 259 bytes in 35 msecs (HTTP/1.1 200) 8 headers in 296 bytes (1 switches on core 0)
Feb 09 21:39:47.072327 n-d-792362-9 devstack@placement-api.service[104398]: DEBUG placement.requestlog [req-73623a3c-fede-40e5-8cfc-e4cacae93146 req-1f7a06bd-b717-4bb4-b531-44e73b365c70 None None] Starting request: 10.222.0.61 "GET /placement/allocation_candidates?limit=1000&resources=DISK_GB%3A1%2CMEMORY_MB%3A1024%2CVCPU%3A1&root_required=%21COMPUTE_STATUS_DISABLED" {{(pid=104398) __call__ /opt/stack/placement/placement/requestlog.py:55}}
Feb 09 21:39:47.112686 n-d-792362-9 devstack@placement-api.service[104398]: DEBUG placement.objects.research_context [req-73623a3c-fede-40e5-8cfc-e4cacae93146 req-1f7a06bd-b717-4bb4-b531-44e73b365c70 service placement] getting providers with 1 DISK_GB {{(pid=104398) __init__ /opt/stack/placement/placement/objects/research_context.py:126}}
Feb 09 21:39:47.136326 n-d-792362-9 devstack@placement-api.service[104398]: DEBUG placement.objects.research_context [req-73623a3c-fede-40e5-8cfc-e4cacae93146 req-1f7a06bd-b717-4bb4-b531-44e73b365c70 service placement] getting providers with 1024 MEMORY_MB {{(pid=104398) __init__ /opt/stack/placement/placement/objects/research_context.py:126}}
Feb 09 21:39:47.150905 n-d-792362-9 devstack@placement-api.service[104398]: DEBUG placement.objects.research_context [req-73623a3c-fede-40e5-8cfc-e4cacae93146 req-1f7a06bd-b717-4bb4-b531-44e73b365c70 service placement] getting providers with 1 VCPU {{(pid=104398) __init__ /opt/stack/placement/placement/objects/research_context.py:126}}
Feb 09 21:39:47.157707 n-d-792362-9 devstack@placement-api.service[104398]: DEBUG placement.objects.research_context [req-73623a3c-fede-40e5-8cfc-e4cacae93146 req-1f7a06bd-b717-4bb4-b531-44e73b365c70 service placement] found 2 providers with available 1 DISK_GB {{(pid=104398) get_provider_ids_matching /opt/stack/placement/placement/objects/research_context.py:549}}
Feb 09 21:39:47.158309 n-d-792362-9 devstack@placement-api.service[104398]: DEBUG placement.objects.research_context [req-73623a3c-fede-40e5-8cfc-e4cacae93146 req-1f7a06bd-b717-4bb4-b531-44e73b365c70 service placement] found 2 providers with available 1024 MEMORY_MB {{(pid=104398) get_provider_ids_matching /opt/stack/placement/placement/objects/research_context.py:549}}
Feb 09 21:39:47.158735 n-d-792362-9 devstack@placement-api.service[104398]: DEBUG placement.objects.research_context [req-73623a3c-fede-40e5-8cfc-e4cacae93146 req-1f7a06bd-b717-4bb4-b531-44e73b365c70 service placement] found 2 providers after filtering by previous result {{(pid=104398) get_provider_ids_matching /opt/stack/placement/placement/objects/research_context.py:580}}
Feb 09 21:39:47.159134 n-d-792362-9 devstack@placement-api.service[104398]: DEBUG placement.objects.research_context [req-73623a3c-fede-40e5-8cfc-e4cacae93146 req-1f7a06bd-b717-4bb4-b531-44e73b365c70 service placement] found 2 providers with available 1 VCPU {{(pid=104398) get_provider_ids_matching /opt/stack/placement/placement/objects/research_context.py:549}}
Feb 09 21:39:47.159569 n-d-792362-9 devstack@placement-api.service[104398]: DEBUG placement.objects.research_context [req-73623a3c-fede-40e5-8cfc-e4cacae93146 req-1f7a06bd-b717-4bb4-b531-44e73b365c70 service placement] found 2 providers after filtering by previous result {{(pid=104398) get_provider_ids_matching /opt/stack/placement/placement/objects/research_context.py:580}}
Feb 09 21:39:47.174498 n-d-792362-9 devstack@placement-api.service[104398]: DEBUG placement.objects.allocation_candidate [req-73623a3c-fede-40e5-8cfc-e4cacae93146 req-1f7a06bd-b717-4bb4-b531-44e73b365c70 service placement] RequestGroup(use_same_provider=False, resources={DISK_GB:1, MEMORY_MB:1024, VCPU:1}, traits=[], aggregates=[]) (suffix '') returned 2 matches {{(pid=104398) _get_by_requests /opt/stack/placement/placement/objects/allocation_candidate.py:145}}
Feb 09 21:39:47.174906 n-d-792362-9 devstack@placement-api.service[104398]: DEBUG placement.objects.allocation_candidate [req-73623a3c-fede-40e5-8cfc-e4cacae93146 req-1f7a06bd-b717-4bb4-b531-44e73b365c70 service placement] Merging candidates yields 2 allocation requests and 2 provider summaries {{(pid=104398) _merge_candidates /opt/stack/placement/placement/objects/allocation_candidate.py:783}}
Feb 09 21:39:47.183888 n-d-792362-9 devstack@placement-api.service[104398]: INFO placement.requestlog [req-73623a3c-fede-40e5-8cfc-e4cacae93146 req-1f7a06bd-b717-4bb4-b531-44e73b365c70 service placement] 10.222.0.61 "GET /placement/allocation_candidates?limit=1000&resources=DISK_GB%3A1%2CMEMORY_MB%3A1024%2CVCPU%3A1&root_required=%21COMPUTE_STATUS_DISABLED" status: 200 len: 1309 microversion: 1.36
Feb 09 21:39:47.189211 n-d-792362-9 devstack@placement-api.service[104398]: [pid: 104398|app: 0|req: 303/612] 10.222.0.61 () {60 vars in 1506 bytes} [Wed Feb 9 21:39:47 2022] GET /placement/allocation_candidates?limit=1000&resources=DISK_GB%3A1%2CMEMORY_MB%3A1024%2CVCPU%3A1&root_required=%21COMPUTE_STATUS_DISABLED => generated 1309 bytes in 117 msecs (HTTP/1.1 200) 8 headers in 297 bytes (2 switches on core 0)
Feb 09 21:39:47.256227 n-d-792362-9 devstack@placement-api.service[104397]: DEBUG placement.requestlog [req-73623a3c-fede-40e5-8cfc-e4cacae93146 req-a455f91b-6ff1-4f46-821e-a1ebbebd5792 None None] Starting request: 10.222.0.61 "GET /placement/allocations/2328084d-a653-4157-ad01-e68111735826" {{(pid=104397) __call__ /opt/stack/placement/placement/requestlog.py:55}}
