Feb 09 21:38:37.070709 n-d-792362-9 devstack@placement-api.service[104398]: [pid: 104398|app: 0|req: 276/558] 10.222.0.61 () {60 vars in 1380 bytes} [Wed Feb 9 21:38:37 2022] GET /placement/allocations/f5e2209e-7a21-4e18-b1da-68702d23cbb7 => generated 19 bytes in 25 msecs (HTTP/1.1 200) 8 headers in 295 bytes (1 switches on core 0)
Feb 09 21:38:37.077357 n-d-792362-9 devstack@placement-api.service[104397]: DEBUG placement.requestlog [req-4c8d3ac1-5754-4e59-a653-e544c8faf2dc req-8528439b-f290-4445-ad6c-eabc02474c29 None None] Starting request: 10.222.0.61 "PUT /placement/allocations/f5e2209e-7a21-4e18-b1da-68702d23cbb7" {{(pid=104397) __call__ /opt/stack/placement/placement/requestlog.py:55}}
Feb 09 21:38:37.171344 n-d-792362-9 devstack@placement-api.service[104398]: DEBUG placement.requestlog [req-8b381a0f-22b6-4ac7-bcfe-65b259b38d9c req-c380cb25-dc3c-41a5-9464-1f190ae05c23 None None] Starting request: 10.222.0.48 "GET /placement/resource_providers/edb47645-6600-4b1f-bf94-472ba691b1f3/allocations" {{(pid=104398) __call__ /opt/stack/placement/placement/requestlog.py:55}}
Feb 09 21:38:37.211612 n-d-792362-9 devstack@placement-api.service[104398]: INFO placement.requestlog [req-8b381a0f-22b6-4ac7-bcfe-65b259b38d9c req-c380cb25-dc3c-41a5-9464-1f190ae05c23 service placement] 10.222.0.48 "GET /placement/resource_providers/edb47645-6600-4b1f-bf94-472ba691b1f3/allocations" status: 200 len: 457 microversion: 1.0
Feb 09 21:38:37.213494 n-d-792362-9 devstack@placement-api.service[104398]: [pid: 104398|app: 0|req: 277/559] 10.222.0.48 () {58 vars in 1390 bytes} [Wed Feb 9 21:38:37 2022] GET /placement/resource_providers/edb47645-6600-4b1f-bf94-472ba691b1f3/allocations => generated 457 bytes in 43 msecs (HTTP/1.1 200) 6 headers in 224 bytes (1 switches on core 0)
Feb 09 21:38:37.347560 n-d-792362-9 devstack@placement-api.service[104397]: DEBUG placement.handlers.allocation [req-4c8d3ac1-5754-4e59-a653-e544c8faf2dc req-8528439b-f290-4445-ad6c-eabc02474c29 service placement] Successfully wrote allocations [, , ] {{(pid=104397) _update_consumers_and_create_allocations /opt/stack/placement/placement/handlers/allocation.py:462}}
Feb 09 21:38:37.438885 n-d-792362-9 devstack@placement-api.service[104397]: INFO placement.requestlog [req-4c8d3ac1-5754-4e59-a653-e544c8faf2dc req-8528439b-f290-4445-ad6c-eabc02474c29 service placement] 10.222.0.61 "PUT /placement/allocations/f5e2209e-7a21-4e18-b1da-68702d23cbb7" status: 204 len: 0 microversion: 1.36
Feb 09 21:38:37.440123 n-d-792362-9 devstack@placement-api.service[104397]: [pid: 104397|app: 0|req: 283/560] 10.222.0.61 () {64 vars in 1433 bytes} [Wed Feb 9 21:38:37 2022] PUT /placement/allocations/f5e2209e-7a21-4e18-b1da-68702d23cbb7 => generated 0 bytes in 363 msecs (HTTP/1.1 204) 5 headers in 199 bytes (1 switches on core 0)
Feb 09 21:38:38.643090 n-d-792362-9 devstack@placement-api.service[104398]: DEBUG placement.requestlog [req-35df8d11-01da-4e2d-81b2-8c864f48e755 req-5953ffac-a9de-4702-824b-a0e9aa6b9d23 None None] Starting request: 10.222.0.48 "DELETE /placement/allocations/8d66e34d-2b1d-4346-a137-39e836b97e91" {{(pid=104398) __call__ /opt/stack/placement/placement/requestlog.py:55}}
Feb 09 21:38:38.677390 n-d-792362-9 devstack@placement-api.service[104397]: DEBUG placement.requestlog [req-4c8d3ac1-5754-4e59-a653-e544c8faf2dc req-a6d933c7-ab7e-4b7e-936e-4621c47d67c7 None None] Starting request: 10.222.0.48 "GET /placement/allocations/f5e2209e-7a21-4e18-b1da-68702d23cbb7" {{(pid=104397) __call__ /opt/stack/placement/placement/requestlog.py:55}}
Feb 09 21:38:38.719472 n-d-792362-9 devstack@placement-api.service[104397]: INFO placement.requestlog [req-4c8d3ac1-5754-4e59-a653-e544c8faf2dc req-a6d933c7-ab7e-4b7e-936e-4621c47d67c7 service placement] 10.222.0.48 "GET /placement/allocations/f5e2209e-7a21-4e18-b1da-68702d23cbb7" status: 200 len: 259 microversion: 1.28
Feb 09 21:38:38.719845 n-d-792362-9 devstack@placement-api.service[104397]: [pid: 104397|app: 0|req: 284/561] 10.222.0.48 () {60 vars in 1377 bytes} [Wed Feb 9 21:38:38 2022] GET /placement/allocations/f5e2209e-7a21-4e18-b1da-68702d23cbb7 => generated 259 bytes in 43 msecs (HTTP/1.1 200) 8 headers in 296 bytes (1 switches on core 0)
Feb 09 21:38:38.918689 n-d-792362-9 devstack@placement-api.service[104398]: DEBUG placement.handlers.allocation [req-35df8d11-01da-4e2d-81b2-8c864f48e755 req-5953ffac-a9de-4702-824b-a0e9aa6b9d23 service placement] Successfully deleted allocations [, , ] {{(pid=104398) delete_allocations /opt/stack/placement/placement/handlers/allocation.py:627}}
Feb 09 21:38:38.919207 n-d-792362-9 devstack@placement-api.service[104398]: INFO placement.requestlog [req-35df8d11-01da-4e2d-81b2-8c864f48e755 req-5953ffac-a9de-4702-824b-a0e9aa6b9d23 service placement] 10.222.0.48 "DELETE /placement/allocations/8d66e34d-2b1d-4346-a137-39e836b97e91" status: 204 len: 0 microversion: 1.0
Feb 09 21:38:38.920256 n-d-792362-9 devstack@placement-api.service[104398]: [pid: 104398|app: 0|req: 278/562] 10.222.0.48 () {60 vars in 1355 bytes} [Wed Feb 9 21:38:38 2022] DELETE /placement/allocations/8d66e34d-2b1d-4346-a137-39e836b97e91 => generated 0 bytes in 277 msecs (HTTP/1.1 204) 5 headers in 198 bytes (1 switches on core 0)
Feb 09 21:38:40.262182 n-d-792362-9 devstack@placement-api.service[104397]: DEBUG placement.requestlog [req-01cf5a91-270e-4827-933c-9274320d192b req-0ff4712a-aefd-4817-96cc-d08ef623dfa7 None None] Starting request: 10.222.0.60 "DELETE /placement/allocations/7240bdbb-bd26-4d2e-bc42-830358474402" {{(pid=104397) __call__ /opt/stack/placement/placement/requestlog.py:55}}
Feb 09 21:38:40.508804 n-d-792362-9 devstack@placement-api.service[104397]: DEBUG placement.handlers.allocation [req-01cf5a91-270e-4827-933c-9274320d192b req-0ff4712a-aefd-4817-96cc-d08ef623dfa7 service placement] Successfully deleted allocations [, , ] {{(pid=104397) delete_allocations /opt/stack/placement/placement/handlers/allocation.py:627}}
Feb 09 21:38:40.509656 n-d-792362-9 devstack@placement-api.service[104397]: INFO placement.requestlog [req-01cf5a91-270e-4827-933c-9274320d192b req-0ff4712a-aefd-4817-96cc-d08ef623dfa7 service placement] 10.222.0.60 "DELETE /placement/allocations/7240bdbb-bd26-4d2e-bc42-830358474402" status: 204 len: 0 microversion: 1.0
Feb 09 21:38:40.510330 n-d-792362-9 devstack@placement-api.service[104397]: [pid: 104397|app: 0|req: 285/563] 10.222.0.60 () {60 vars in 1355 bytes} [Wed Feb 9 21:38:40 2022] DELETE /placement/allocations/7240bdbb-bd26-4d2e-bc42-830358474402 => generated 0 bytes in 248 msecs (HTTP/1.1 204) 5 headers in 198 bytes (1 switches on core 0)
Feb 09 21:38:44.436754 n-d-792362-9 devstack@placement-api.service[104398]: DEBUG placement.requestlog [req-7f239b89-3720-4977-a0ff-a779bf936459 req-2df4a76e-1df2-49a0-a0f4-3766122a1cf6 None None] Starting request: 10.222.0.48 "DELETE /placement/allocations/cf3c845c-d7a7-49f3-91d4-ea55916f6253" {{(pid=104398) __call__ /opt/stack/placement/placement/requestlog.py:55}}
Feb 09 21:38:44.707798 n-d-792362-9 devstack@placement-api.service[104398]: DEBUG placement.handlers.allocation [req-7f239b89-3720-4977-a0ff-a779bf936459 req-2df4a76e-1df2-49a0-a0f4-3766122a1cf6 service placement] Successfully deleted allocations [, , ] {{(pid=104398) delete_allocations /opt/stack/placement/placement/handlers/allocation.py:627}}
Feb 09 21:38:44.708875 n-d-792362-9 devstack@placement-api.service[104398]: INFO placement.requestlog [req-7f239b89-3720-4977-a0ff-a779bf936459 req-2df4a76e-1df2-49a0-a0f4-3766122a1cf6 service placement] 10.222.0.48 "DELETE /placement/allocations/cf3c845c-d7a7-49f3-91d4-ea55916f6253" status: 204 len: 0 microversion: 1.0
Feb 09 21:38:44.709762 n-d-792362-9 devstack@placement-api.service[104398]: [pid: 104398|app: 0|req: 279/564] 10.222.0.48 () {60 vars in 1355 bytes} [Wed Feb 9 21:38:44 2022] DELETE /placement/allocations/cf3c845c-d7a7-49f3-91d4-ea55916f6253 => generated 0 bytes in 275 msecs (HTTP/1.1 204) 5 headers in 198 bytes (1 switches on core 0)
Feb 09 21:38:51.515948 n-d-792362-9 devstack@placement-api.service[104397]: DEBUG placement.requestlog [req-89b40bde-6aeb-445d-9044-751be061fe71 req-5fef333b-fd85-41fa-b361-f5838daeb003 None None] Starting request: 10.222.0.61 "GET /placement/allocation_candidates?limit=1000&resources=DISK_GB%3A1%2CMEMORY_MB%3A1024%2CVCPU%3A1&root_required=%21COMPUTE_STATUS_DISABLED" {{(pid=104397) __call__ /opt/stack/placement/placement/requestlog.py:55}}
Feb 09 21:38:51.604910 n-d-792362-9 devstack@placement-api.service[104397]: DEBUG placement.objects.research_context [req-89b40bde-6aeb-445d-9044-751be061fe71 req-5fef333b-fd85-41fa-b361-f5838daeb003 service placement] getting providers with 1 DISK_GB {{(pid=104397) __init__ /opt/stack/placement/placement/objects/research_context.py:126}}
Feb 09 21:38:51.642631 n-d-792362-9 devstack@placement-api.service[104397]: DEBUG placement.objects.research_context [req-89b40bde-6aeb-445d-9044-751be061fe71 req-5fef333b-fd85-41fa-b361-f5838daeb003 service placement] getting providers with 1024 MEMORY_MB {{(pid=104397) __init__ /opt/stack/placement/placement/objects/research_context.py:126}}
Feb 09 21:38:51.660803 n-d-792362-9 devstack@placement-api.service[104397]: DEBUG placement.objects.research_context [req-89b40bde-6aeb-445d-9044-751be061fe71 req-5fef333b-fd85-41fa-b361-f5838daeb003 service placement] getting providers with 1 VCPU {{(pid=104397) __init__ /opt/stack/placement/placement/objects/research_context.py:126}}
Feb 09 21:38:51.672501 n-d-792362-9 devstack@placement-api.service[104397]: DEBUG placement.objects.research_context [req-89b40bde-6aeb-445d-9044-751be061fe71 req-5fef333b-fd85-41fa-b361-f5838daeb003 service placement] found 2 providers with available 1 DISK_GB {{(pid=104397) get_provider_ids_matching /opt/stack/placement/placement/objects/research_context.py:549}}
Feb 09 21:38:51.672501 n-d-792362-9 devstack@placement-api.service[104397]: DEBUG placement.objects.research_context [req-89b40bde-6aeb-445d-9044-751be061fe71 req-5fef333b-fd85-41fa-b361-f5838daeb003 service placement] found 2 providers with available 1024 MEMORY_MB {{(pid=104397) get_provider_ids_matching /opt/stack/placement/placement/objects/research_context.py:549}}
Feb 09 21:38:51.672863 n-d-792362-9 devstack@placement-api.service[104397]: DEBUG placement.objects.research_context [req-89b40bde-6aeb-445d-9044-751be061fe71 req-5fef333b-fd85-41fa-b361-f5838daeb003 service placement] found 2 providers after filtering by previous result {{(pid=104397) get_provider_ids_matching /opt/stack/placement/placement/objects/research_context.py:580}}
Feb 09 21:38:51.673048 n-d-792362-9 devstack@placement-api.service[104397]: DEBUG placement.objects.research_context [req-89b40bde-6aeb-445d-9044-751be061fe71 req-5fef333b-fd85-41fa-b361-f5838daeb003 service placement] found 2 providers with available 1 VCPU {{(pid=104397) get_provider_ids_matching /opt/stack/placement/placement/objects/research_context.py:549}}
Feb 09 21:38:51.673321 n-d-792362-9 devstack@placement-api.service[104397]: DEBUG placement.objects.research_context [req-89b40bde-6aeb-445d-9044-751be061fe71 req-5fef333b-fd85-41fa-b361-f5838daeb003 service placement] found 2 providers after filtering by previous result {{(pid=104397) get_provider_ids_matching /opt/stack/placement/placement/objects/research_context.py:580}}
Feb 09 21:38:51.696863 n-d-792362-9 devstack@placement-api.service[104397]: DEBUG placement.objects.allocation_candidate [req-89b40bde-6aeb-445d-9044-751be061fe71 req-5fef333b-fd85-41fa-b361-f5838daeb003 service placement] RequestGroup(use_same_provider=False, resources={DISK_GB:1, MEMORY_MB:1024, VCPU:1}, traits=[], aggregates=[]) (suffix '') returned 2 matches {{(pid=104397) _get_by_requests /opt/stack/placement/placement/objects/allocation_candidate.py:145}}
Feb 09 21:38:51.697705 n-d-792362-9 devstack@placement-api.service[104397]: DEBUG placement.objects.allocation_candidate [req-89b40bde-6aeb-445d-9044-751be061fe71 req-5fef333b-fd85-41fa-b361-f5838daeb003 service placement] Merging candidates yields 2 allocation requests and 2 provider summaries {{(pid=104397) _merge_candidates /opt/stack/placement/placement/objects/allocation_candidate.py:783}}
Feb 09 21:38:51.699637 n-d-792362-9 devstack@placement-api.service[104397]: INFO placement.requestlog [req-89b40bde-6aeb-445d-9044-751be061fe71 req-5fef333b-fd85-41fa-b361-f5838daeb003 service placement] 10.222.0.61 "GET /placement/allocation_candidates?limit=1000&resources=DISK_GB%3A1%2CMEMORY_MB%3A1024%2CVCPU%3A1&root_required=%21COMPUTE_STATUS_DISABLED" status: 200 len: 1309 microversion: 1.36
Feb 09 21:38:51.701448 n-d-792362-9 devstack@placement-api.service[104397]: [pid: 104397|app: 0|req: 286/565] 10.222.0.61 () {60 vars in 1506 bytes} [Wed Feb 9 21:38:51 2022] GET /placement/allocation_candidates?limit=1000&resources=DISK_GB%3A1%2CMEMORY_MB%3A1024%2CVCPU%3A1&root_required=%21COMPUTE_STATUS_DISABLED => generated 1309 bytes in 187 msecs (HTTP/1.1 200) 8 headers in 297 bytes (1 switches on core 0)
Feb 09 21:38:51.789065 n-d-792362-9 devstack@placement-api.service[104398]: DEBUG placement.requestlog [req-89b40bde-6aeb-445d-9044-751be061fe71 req-2b3227e5-e64c-4623-842d-250a9fcca195 None None] Starting request: 10.222.0.61 "GET /placement/allocations/6c8dbfe6-2cae-4d59-8dd8-e6aac2328dd4" {{(pid=104398) __call__ /opt/stack/placement/placement/requestlog.py:55}}
Feb 09 21:38:51.801956 n-d-792362-9 devstack@placement-api.service[104398]: INFO placement.requestlog [req-89b40bde-6aeb-445d-9044-751be061fe71 req-2b3227e5-e64c-4623-842d-250a9fcca195 service placement] 10.222.0.61 "GET /placement/allocations/6c8dbfe6-2cae-4d59-8dd8-e6aac2328dd4" status: 200 len: 19 microversion: 1.28
Feb 09 21:38:51.806377 n-d-792362-9 devstack@placement-api.service[104398]: [pid: 104398|app: 0|req: 280/566] 10.222.0.61 () {60 vars in 1380 bytes} [Wed Feb 9 21:38:51 2022] GET /placement/allocations/6c8dbfe6-2cae-4d59-8dd8-e6aac2328dd4 => generated 19 bytes in 17 msecs (HTTP/1.1 200) 8 headers in 295 bytes (1 switches on core 0)
Feb 09 21:38:51.810918 n-d-792362-9 devstack@placement-api.service[104397]: DEBUG placement.requestlog [req-89b40bde-6aeb-445d-9044-751be061fe71 req-4ee8a314-d36f-4748-a682-3add54618afa None None] Starting request: 10.222.0.61 "PUT /placement/allocations/6c8dbfe6-2cae-4d59-8dd8-e6aac2328dd4" {{(pid=104397) __call__ /opt/stack/placement/placement/requestlog.py:55}}
Feb 09 21:38:52.047199 n-d-792362-9 devstack@placement-api.service[104397]: DEBUG placement.handlers.allocation [req-89b40bde-6aeb-445d-9044-751be061fe71 req-4ee8a314-d36f-4748-a682-3add54618afa service placement] Successfully wrote allocations [, , ] {{(pid=104397) _update_consumers_and_create_allocations /opt/stack/placement/placement/handlers/allocation.py:462}}
Feb 09 21:38:52.163609 n-d-792362-9 devstack@placement-api.service[104397]: INFO placement.requestlog [req-89b40bde-6aeb-445d-9044-751be061fe71 req-4ee8a314-d36f-4748-a682-3add54618afa service placement] 10.222.0.61 "PUT /placement/allocations/6c8dbfe6-2cae-4d59-8dd8-e6aac2328dd4" status: 204 len: 0 microversion: 1.36
Feb 09 21:38:52.163815 n-d-792362-9 devstack@placement-api.service[104397]: [pid: 104397|app: 0|req: 287/567] 10.222.0.61 () {64 vars in 1433 bytes} [Wed Feb 9 21:38:51 2022] PUT /placement/allocations/6c8dbfe6-2cae-4d59-8dd8-e6aac2328dd4 => generated 0 bytes in 354 msecs (HTTP/1.1 204) 5 headers in 199 bytes (1 switches on core 0)
Feb 09 21:38:53.286357 n-d-792362-9 devstack@placement-api.service[104398]: DEBUG placement.requestlog [req-07d93029-5511-4dd0-9dac-e19384a61a6d req-dd3ccb4e-378f-4da0-929b-50cad83f879d None None] Starting request: 10.222.0.60 "DELETE /placement/allocations/d313b078-9d26-4880-8b63-fa72ef0f81a9" {{(pid=104398) __call__ /opt/stack/placement/placement/requestlog.py:55}}
Feb 09 21:38:53.547273 n-d-792362-9 devstack@placement-api.service[104398]: DEBUG placement.handlers.allocation [req-07d93029-5511-4dd0-9dac-e19384a61a6d req-dd3ccb4e-378f-4da0-929b-50cad83f879d service placement] Successfully deleted allocations [, , ] {{(pid=104398) delete_allocations /opt/stack/placement/placement/handlers/allocation.py:627}}
Feb 09 21:38:53.547948 n-d-792362-9 devstack@placement-api.service[104398]: INFO placement.requestlog [req-07d93029-5511-4dd0-9dac-e19384a61a6d req-dd3ccb4e-378f-4da0-929b-50cad83f879d service placement] 10.222.0.60 "DELETE /placement/allocations/d313b078-9d26-4880-8b63-fa72ef0f81a9" status: 204 len: 0 microversion: 1.0
Feb 09 21:38:53.548881 n-d-792362-9 devstack@placement-api.service[104398]: [pid: 104398|app: 0|req: 281/568] 10.222.0.60 () {60 vars in 1355 bytes} [Wed Feb 9 21:38:53 2022] DELETE /placement/allocations/d313b078-9d26-4880-8b63-fa72ef0f81a9 => generated 0 bytes in 263 msecs (HTTP/1.1 204) 5 headers in 198 bytes (1 switches on core 0)
Feb 09 21:38:53.603343 n-d-792362-9 devstack@placement-api.service[104397]: DEBUG placement.requestlog [req-89b40bde-6aeb-445d-9044-751be061fe71 req-0d58ef73-8647-4ac2-8d9f-221cc6b6a830 None None] Starting request: 10.222.0.48 "GET /placement/allocations/6c8dbfe6-2cae-4d59-8dd8-e6aac2328dd4" {{(pid=104397) __call__ /opt/stack/placement/placement/requestlog.py:55}}
Feb 09 21:38:53.651808 n-d-792362-9 devstack@placement-api.service[104397]: INFO placement.requestlog [req-89b40bde-6aeb-445d-9044-751be061fe71 req-0d58ef73-8647-4ac2-8d9f-221cc6b6a830 service placement] 10.222.0.48 "GET /placement/allocations/6c8dbfe6-2cae-4d59-8dd8-e6aac2328dd4" status: 200 len: 259 microversion: 1.28
Feb 09 21:38:53.652480 n-d-792362-9 devstack@placement-api.service[104397]: [pid: 104397|app: 0|req: 288/569] 10.222.0.48 () {60 vars in 1377 bytes} [Wed Feb 9 21:38:53 2022] GET /placement/allocations/6c8dbfe6-2cae-4d59-8dd8-e6aac2328dd4 => generated 259 bytes in 49 msecs (HTTP/1.1 200) 8 headers in 296 bytes (1 switches on core 0)
Feb 09 21:38:55.734479 n-d-792362-9 devstack@placement-api.service[104398]: DEBUG placement.requestlog [req-a054c4fb-82a6-48f8-b1cf-b83ebb658b7d req-89a493dd-9bd3-4a13-a510-434e869fa42d None None] Starting request: 10.222.0.48 "DELETE /placement/allocations/aecbc355-4cd6-4bbb-940f-f85a6c6c98c9" {{(pid=104398) __call__ /opt/stack/placement/placement/requestlog.py:55}}
Feb 09 21:38:55.906099 n-d-792362-9 devstack@placement-api.service[104398]: DEBUG placement.handlers.allocation [req-a054c4fb-82a6-48f8-b1cf-b83ebb658b7d req-89a493dd-9bd3-4a13-a510-434e869fa42d service placement] Successfully deleted allocations [, , ] {{(pid=104398) delete_allocations /opt/stack/placement/placement/handlers/allocation.py:627}}
Feb 09 21:38:55.906595 n-d-792362-9 devstack@placement-api.service[104398]: INFO placement.requestlog [req-a054c4fb-82a6-48f8-b1cf-b83ebb658b7d req-89a493dd-9bd3-4a13-a510-434e869fa42d service placement] 10.222.0.48 "DELETE /placement/allocations/aecbc355-4cd6-4bbb-940f-f85a6c6c98c9" status: 204 len: 0 microversion: 1.0
Feb 09 21:38:55.906982 n-d-792362-9 devstack@placement-api.service[104398]: [pid: 104398|app: 0|req: 282/570] 10.222.0.48 () {60 vars in 1355 bytes} [Wed Feb 9 21:38:54 2022] DELETE /placement/allocations/aecbc355-4cd6-4bbb-940f-f85a6c6c98c9 => generated 0 bytes in 1211 msecs (HTTP/1.1 204) 5 headers in 198 bytes (1 switches on core 0)
Feb 09 21:38:57.146192 n-d-792362-9 devstack@placement-api.service[104397]: DEBUG placement.requestlog [req-805f589a-2588-4b84-95e7-c328ca836a9c req-59523908-3ec4-4e6b-8194-ecc12e8f3d65 None None] Starting request: 10.222.0.60 "DELETE /placement/allocations/0d7cb6bd-1337-4ee2-ba37-2319776fbf17" {{(pid=104397) __call__ /opt/stack/placement/placement/requestlog.py:55}}
Feb 09 21:38:57.320401 n-d-792362-9 devstack@placement-api.service[104397]: DEBUG placement.handlers.allocation [req-805f589a-2588-4b84-95e7-c328ca836a9c req-59523908-3ec4-4e6b-8194-ecc12e8f3d65 service placement] Successfully deleted allocations [, , ] {{(pid=104397) delete_allocations /opt/stack/placement/placement/handlers/allocation.py:627}}
Feb 09 21:38:57.321147 n-d-792362-9 devstack@placement-api.service[104397]: INFO placement.requestlog [req-805f589a-2588-4b84-95e7-c328ca836a9c req-59523908-3ec4-4e6b-8194-ecc12e8f3d65 service placement] 10.222.0.60 "DELETE /placement/allocations/0d7cb6bd-1337-4ee2-ba37-2319776fbf17" status: 204 len: 0 microversion: 1.0
Feb 09 21:38:57.321534 n-d-792362-9 devstack@placement-api.service[104397]: [pid: 104397|app: 0|req: 289/571] 10.222.0.60 () {60 vars in 1355 bytes} [Wed Feb 9 21:38:57 2022] DELETE /placement/allocations/0d7cb6bd-1337-4ee2-ba37-2319776fbf17 => generated 0 bytes in 176 msecs (HTTP/1.1 204) 5 headers in 198 bytes (1 switches on core 0)
Feb 09 21:38:59.669859 n-d-792362-9 devstack@placement-api.service[104398]: DEBUG placement.requestlog [req-e6421801-1b38-435c-a1e4-3a2f292f27bb req-92c87437-edee-4e05-bbd3-d5b82cbd2ce0 None None] Starting request: 10.222.0.60 "DELETE /placement/allocations/31d8af41-7b9b-4974-9707-d9249a74e840" {{(pid=104398) __call__ /opt/stack/placement/placement/requestlog.py:55}}
Feb 09 21:38:59.889781 n-d-792362-9 devstack@placement-api.service[104398]: DEBUG placement.handlers.allocation [req-e6421801-1b38-435c-a1e4-3a2f292f27bb req-92c87437-edee-4e05-bbd3-d5b82cbd2ce0 service placement] Successfully deleted allocations [, , ] {{(pid=104398) delete_allocations /opt/stack/placement/placement/handlers/allocation.py:627}}
Feb 09 21:38:59.890291 n-d-792362-9 devstack@placement-api.service[104398]: INFO placement.requestlog [req-e6421801-1b38-435c-a1e4-3a2f292f27bb req-92c87437-edee-4e05-bbd3-d5b82cbd2ce0 service placement] 10.222.0.60 "DELETE /placement/allocations/31d8af41-7b9b-4974-9707-d9249a74e840" status: 204 len: 0 microversion: 1.0
Feb 09 21:38:59.890993 n-d-792362-9 devstack@placement-api.service[104398]: [pid: 104398|app: 0|req: 283/572] 10.222.0.60 () {60 vars in 1355 bytes} [Wed Feb 9 21:38:59 2022] DELETE /placement/allocations/31d8af41-7b9b-4974-9707-d9249a74e840 => generated 0 bytes in 221 msecs (HTTP/1.1 204) 5 headers in 198 bytes (1 switches on core 0)
Feb 09 21:39:00.630076 n-d-792362-9 devstack@placement-api.service[104397]: DEBUG placement.requestlog [req-f6e1e194-9654-4e52-9747-7c2fa413c6e7 req-f35be75f-32c0-48fd-91fc-d5a87c4ec133 None None] Starting request: 10.222.0.48 "DELETE /placement/allocations/f181fc51-2e13-42ec-9bf5-4c5f1cb3a778" {{(pid=104397) __call__ /opt/stack/placement/placement/requestlog.py:55}}
Feb 09 21:39:00.877240 n-d-792362-9 devstack@placement-api.service[104397]: DEBUG placement.handlers.allocation [req-f6e1e194-9654-4e52-9747-7c2fa413c6e7 req-f35be75f-32c0-48fd-91fc-d5a87c4ec133 service placement] Successfully deleted allocations [, , ] {{(pid=104397) delete_allocations /opt/stack/placement/placement/handlers/allocation.py:627}}
Feb 09 21:39:00.882503 n-d-792362-9 devstack@placement-api.service[104397]: INFO placement.requestlog [req-f6e1e194-9654-4e52-9747-7c2fa413c6e7 req-f35be75f-32c0-48fd-91fc-d5a87c4ec133 service placement] 10.222.0.48 "DELETE /placement/allocations/f181fc51-2e13-42ec-9bf5-4c5f1cb3a778" status: 204 len: 0 microversion: 1.0
Feb 09 21:39:00.883076 n-d-792362-9 devstack@placement-api.service[104397]: [pid: 104397|app: 0|req: 290/573] 10.222.0.48 () {60 vars in 1355 bytes} [Wed Feb 9 21:39:00 2022] DELETE /placement/allocations/f181fc51-2e13-42ec-9bf5-4c5f1cb3a778 => generated 0 bytes in 253 msecs (HTTP/1.1 204) 5 headers in 198 bytes (1 switches on core 0)
Feb 09 21:39:03.183308 n-d-792362-9 devstack@placement-api.service[104398]: DEBUG placement.requestlog [req-9897c3fd-b4a7-4df7-8c06-7054e4992b08 req-97ecbb0b-6502-4332-84b8-a4951e3d8623 None None] Starting request: 10.222.0.61 "GET /placement/allocation_candidates?limit=1000&resources=DISK_GB%3A1%2CMEMORY_MB%3A1024%2CVCPU%3A1&root_required=%21COMPUTE_STATUS_DISABLED" {{(pid=104398) __call__ /opt/stack/placement/placement/requestlog.py:55}}
Feb 09 21:39:03.231807 n-d-792362-9 devstack@placement-api.service[104398]: DEBUG placement.objects.research_context [req-9897c3fd-b4a7-4df7-8c06-7054e4992b08 req-97ecbb0b-6502-4332-84b8-a4951e3d8623 service placement] getting providers with 1 DISK_GB {{(pid=104398) __init__ /opt/stack/placement/placement/objects/research_context.py:126}}
Feb 09 21:39:03.238905 n-d-792362-9 devstack@placement-api.service[104398]: DEBUG placement.objects.research_context [req-9897c3fd-b4a7-4df7-8c06-7054e4992b08 req-97ecbb0b-6502-4332-84b8-a4951e3d8623 service placement] getting providers with 1024 MEMORY_MB {{(pid=104398) __init__ /opt/stack/placement/placement/objects/research_context.py:126}}
Feb 09 21:39:03.244886 n-d-792362-9 devstack@placement-api.service[104398]: DEBUG placement.objects.research_context [req-9897c3fd-b4a7-4df7-8c06-7054e4992b08 req-97ecbb0b-6502-4332-84b8-a4951e3d8623 service placement] getting providers with 1 VCPU {{(pid=104398) __init__ /opt/stack/placement/placement/objects/research_context.py:126}}
Feb 09 21:39:03.250781 n-d-792362-9 devstack@placement-api.service[104398]: DEBUG placement.objects.research_context [req-9897c3fd-b4a7-4df7-8c06-7054e4992b08 req-97ecbb0b-6502-4332-84b8-a4951e3d8623 service placement] found 2 providers with available 1 DISK_GB {{(pid=104398) get_provider_ids_matching /opt/stack/placement/placement/objects/research_context.py:549}}
Feb 09 21:39:03.250976 n-d-792362-9 devstack@placement-api.service[104398]: DEBUG placement.objects.research_context [req-9897c3fd-b4a7-4df7-8c06-7054e4992b08 req-97ecbb0b-6502-4332-84b8-a4951e3d8623 service placement] found 2 providers with available 1024 MEMORY_MB {{(pid=104398) get_provider_ids_matching /opt/stack/placement/placement/objects/research_context.py:549}}
Feb 09 21:39:03.251430 n-d-792362-9 devstack@placement-api.service[104398]: DEBUG placement.objects.research_context [req-9897c3fd-b4a7-4df7-8c06-7054e4992b08 req-97ecbb0b-6502-4332-84b8-a4951e3d8623 service placement] found 2 providers after filtering by previous result {{(pid=104398) get_provider_ids_matching /opt/stack/placement/placement/objects/research_context.py:580}}
Feb 09 21:39:03.251682 n-d-792362-9 devstack@placement-api.service[104398]: DEBUG placement.objects.research_context [req-9897c3fd-b4a7-4df7-8c06-7054e4992b08 req-97ecbb0b-6502-4332-84b8-a4951e3d8623 service placement] found 2 providers with available 1 VCPU {{(pid=104398) get_provider_ids_matching /opt/stack/placement/placement/objects/research_context.py:549}}
Feb 09 21:39:03.251929 n-d-792362-9 devstack@placement-api.service[104398]: DEBUG placement.objects.research_context [req-9897c3fd-b4a7-4df7-8c06-7054e4992b08 req-97ecbb0b-6502-4332-84b8-a4951e3d8623 service placement] found 2 providers after filtering by previous result {{(pid=104398) get_provider_ids_matching /opt/stack/placement/placement/objects/research_context.py:580}}
Feb 09 21:39:03.265398 n-d-792362-9 devstack@placement-api.service[104398]: DEBUG placement.objects.allocation_candidate [req-9897c3fd-b4a7-4df7-8c06-7054e4992b08 req-97ecbb0b-6502-4332-84b8-a4951e3d8623 service placement] RequestGroup(use_same_provider=False, resources={DISK_GB:1, MEMORY_MB:1024, VCPU:1}, traits=[], aggregates=[]) (suffix '') returned 2 matches {{(pid=104398) _get_by_requests /opt/stack/placement/placement/objects/allocation_candidate.py:145}}
Feb 09 21:39:03.266623 n-d-792362-9 devstack@placement-api.service[104398]: DEBUG placement.objects.allocation_candidate [req-9897c3fd-b4a7-4df7-8c06-7054e4992b08 req-97ecbb0b-6502-4332-84b8-a4951e3d8623 service placement] Merging candidates yields 2 allocation requests and 2 provider summaries {{(pid=104398) _merge_candidates /opt/stack/placement/placement/objects/allocation_candidate.py:783}}
Feb 09 21:39:03.270169 n-d-792362-9 devstack@placement-api.service[104398]: INFO placement.requestlog [req-9897c3fd-b4a7-4df7-8c06-7054e4992b08 req-97ecbb0b-6502-4332-84b8-a4951e3d8623 service placement] 10.222.0.61 "GET /placement/allocation_candidates?limit=1000&resources=DISK_GB%3A1%2CMEMORY_MB%3A1024%2CVCPU%3A1&root_required=%21COMPUTE_STATUS_DISABLED" status: 200 len: 1306 microversion: 1.36
Feb 09 21:39:03.271064 n-d-792362-9 devstack@placement-api.service[104398]: [pid: 104398|app: 0|req: 284/574] 10.222.0.61 () {60 vars in 1506 bytes} [Wed Feb 9 21:39:03 2022] GET /placement/allocation_candidates?limit=1000&resources=DISK_GB%3A1%2CMEMORY_MB%3A1024%2CVCPU%3A1&root_required=%21COMPUTE_STATUS_DISABLED => generated 1306 bytes in 88 msecs (HTTP/1.1 200) 8 headers in 297 bytes (1 switches on core 0)
Feb 09 21:39:03.358653 n-d-792362-9 devstack@placement-api.service[104397]: DEBUG placement.requestlog [req-9897c3fd-b4a7-4df7-8c06-7054e4992b08 req-d8a3a626-1320-4551-bdc6-d05b42e9751f None None] Starting request: 10.222.0.61 "GET /placement/allocations/1227785e-4951-46de-af0e-09d94141c4fd" {{(pid=104397) __call__ /opt/stack/placement/placement/requestlog.py:55}}
Feb 09 21:39:03.377027 n-d-792362-9 devstack@placement-api.service[104397]: INFO placement.requestlog [req-9897c3fd-b4a7-4df7-8c06-7054e4992b08 req-d8a3a626-1320-4551-bdc6-d05b42e9751f service placement] 10.222.0.61 "GET /placement/allocations/1227785e-4951-46de-af0e-09d94141c4fd" status: 200 len: 19 microversion: 1.28
Feb 09 21:39:03.377027 n-d-792362-9 devstack@placement-api.service[104397]: [pid: 104397|app: 0|req: 291/575] 10.222.0.61 () {60 vars in 1380 bytes} [Wed Feb 9 21:39:03 2022] GET /placement/allocations/1227785e-4951-46de-af0e-09d94141c4fd => generated 19 bytes in 13 msecs (HTTP/1.1 200) 8 headers in 295 bytes (1 switches on core 0)
Feb 09 21:39:03.377512 n-d-792362-9 devstack@placement-api.service[104398]: DEBUG placement.requestlog [req-9897c3fd-b4a7-4df7-8c06-7054e4992b08 req-f0e00d74-9da9-4876-9dab-8226bfaec2e9 None None] Starting request: 10.222.0.61 "PUT /placement/allocations/1227785e-4951-46de-af0e-09d94141c4fd" {{(pid=104398) __call__ /opt/stack/placement/placement/requestlog.py:55}}
Feb 09 21:39:03.770539 n-d-792362-9 devstack@placement-api.service[104398]: DEBUG placement.handlers.allocation [req-9897c3fd-b4a7-4df7-8c06-7054e4992b08 req-f0e00d74-9da9-4876-9dab-8226bfaec2e9 service placement] Successfully wrote allocations [, , ] {{(pid=104398) _update_consumers_and_create_allocations /opt/stack/placement/placement/handlers/allocation.py:462}}
Feb 09 21:39:03.838824 n-d-792362-9 devstack@placement-api.service[104398]: INFO placement.requestlog [req-9897c3fd-b4a7-4df7-8c06-7054e4992b08 req-f0e00d74-9da9-4876-9dab-8226bfaec2e9 service placement] 10.222.0.61 "PUT /placement/allocations/1227785e-4951-46de-af0e-09d94141c4fd" status: 204 len: 0 microversion: 1.36
Feb 09 21:39:03.840594 n-d-792362-9 devstack@placement-api.service[104398]: [pid: 104398|app: 0|req: 285/576] 10.222.0.61 () {64 vars in 1433 bytes} [Wed Feb 9 21:39:03 2022] PUT /placement/allocations/1227785e-4951-46de-af0e-09d94141c4fd => generated 0 bytes in 463 msecs (HTTP/1.1 204) 5 headers in 199 bytes (1 switches on core 0)
Feb 09 21:39:05.323441 n-d-792362-9 devstack@placement-api.service[104397]: DEBUG placement.requestlog [req-9897c3fd-b4a7-4df7-8c06-7054e4992b08 req-fd01e347-f00f-42f4-bf8a-b6708fbb0053 None None] Starting request: 10.222.0.60 "GET /placement/allocations/1227785e-4951-46de-af0e-09d94141c4fd" {{(pid=104397) __call__ /opt/stack/placement/placement/requestlog.py:55}}
Feb 09 21:39:05.351606 n-d-792362-9 devstack@placement-api.service[104397]: INFO placement.requestlog [req-9897c3fd-b4a7-4df7-8c06-7054e4992b08 req-fd01e347-f00f-42f4-bf8a-b6708fbb0053 service placement] 10.222.0.60 "GET /placement/allocations/1227785e-4951-46de-af0e-09d94141c4fd" status: 200 len: 259 microversion: 1.28
Feb 09 21:39:05.359294 n-d-792362-9 devstack@placement-api.service[104397]: [pid: 104397|app: 0|req: 292/577] 10.222.0.60 () {60 vars in 1377 bytes} [Wed Feb 9 21:39:05 2022] GET /placement/allocations/1227785e-4951-46de-af0e-09d94141c4fd => generated 259 bytes in 36 msecs (HTTP/1.1 200) 8 headers in 296 bytes (1 switches on core 0)
Feb 09 21:39:12.860755 n-d-792362-9 devstack@placement-api.service[104398]: DEBUG placement.requestlog [req-2b0db0d5-d7bc-42e0-a32a-5561f997a6a7 req-02304a59-6ef6-4330-92c4-17ed3fad4685 None None] Starting request: 10.222.0.61 "GET /placement/allocation_candidates?limit=1000&resources=DISK_GB%3A1%2CMEMORY_MB%3A1024%2CVCPU%3A1&root_required=%21COMPUTE_STATUS_DISABLED" {{(pid=104398) __call__ /opt/stack/placement/placement/requestlog.py:55}}
Feb 09 21:39:12.942272 n-d-792362-9 devstack@placement-api.service[104398]: DEBUG placement.objects.research_context [req-2b0db0d5-d7bc-42e0-a32a-5561f997a6a7 req-02304a59-6ef6-4330-92c4-17ed3fad4685 service placement] getting providers with 1 DISK_GB {{(pid=104398) __init__ /opt/stack/placement/placement/objects/research_context.py:126}}
Feb 09 21:39:12.957840 n-d-792362-9 devstack@placement-api.service[104398]: DEBUG placement.objects.research_context [req-2b0db0d5-d7bc-42e0-a32a-5561f997a6a7 req-02304a59-6ef6-4330-92c4-17ed3fad4685 service placement] getting providers with 1024 MEMORY_MB {{(pid=104398) __init__ /opt/stack/placement/placement/objects/research_context.py:126}}
Feb 09 21:39:12.974055 n-d-792362-9 devstack@placement-api.service[104398]: DEBUG placement.objects.research_context [req-2b0db0d5-d7bc-42e0-a32a-5561f997a6a7 req-02304a59-6ef6-4330-92c4-17ed3fad4685 service placement] getting providers with 1 VCPU {{(pid=104398) __init__ /opt/stack/placement/placement/objects/research_context.py:126}}
Feb 09 21:39:12.985904 n-d-792362-9 devstack@placement-api.service[104398]: DEBUG placement.objects.research_context [req-2b0db0d5-d7bc-42e0-a32a-5561f997a6a7 req-02304a59-6ef6-4330-92c4-17ed3fad4685 service placement] found 2 providers with available 1 DISK_GB {{(pid=104398) get_provider_ids_matching /opt/stack/placement/placement/objects/research_context.py:549}}
Feb 09 21:39:12.987281 n-d-792362-9 devstack@placement-api.service[104398]: DEBUG placement.objects.research_context [req-2b0db0d5-d7bc-42e0-a32a-5561f997a6a7 req-02304a59-6ef6-4330-92c4-17ed3fad4685 service placement] found 2 providers with available 1024 MEMORY_MB {{(pid=104398) get_provider_ids_matching /opt/stack/placement/placement/objects/research_context.py:549}}
Feb 09 21:39:12.988469 n-d-792362-9 devstack@placement-api.service[104398]: DEBUG placement.objects.research_context [req-2b0db0d5-d7bc-42e0-a32a-5561f997a6a7 req-02304a59-6ef6-4330-92c4-17ed3fad4685 service placement] found 2 providers after filtering by previous result {{(pid=104398) get_provider_ids_matching /opt/stack/placement/placement/objects/research_context.py:580}}
Feb 09 21:39:12.989319 n-d-792362-9 devstack@placement-api.service[104398]: DEBUG placement.objects.research_context [req-2b0db0d5-d7bc-42e0-a32a-5561f997a6a7 req-02304a59-6ef6-4330-92c4-17ed3fad4685 service placement] found 2 providers with available 1 VCPU {{(pid=104398) get_provider_ids_matching /opt/stack/placement/placement/objects/research_context.py:549}}
Feb 09 21:39:12.989876 n-d-792362-9 devstack@placement-api.service[104398]: DEBUG placement.objects.research_context [req-2b0db0d5-d7bc-42e0-a32a-5561f997a6a7 req-02304a59-6ef6-4330-92c4-17ed3fad4685 service placement] found 2 providers after filtering by previous result {{(pid=104398) get_provider_ids_matching /opt/stack/placement/placement/objects/research_context.py:580}}
Feb 09 21:39:13.081851 n-d-792362-9 devstack@placement-api.service[104398]: DEBUG placement.objects.allocation_candidate [req-2b0db0d5-d7bc-42e0-a32a-5561f997a6a7 req-02304a59-6ef6-4330-92c4-17ed3fad4685 service placement] RequestGroup(use_same_provider=False, resources={DISK_GB:1, MEMORY_MB:1024, VCPU:1}, traits=[], aggregates=[]) (suffix '') returned 2 matches {{(pid=104398) _get_by_requests /opt/stack/placement/placement/objects/allocation_candidate.py:145}}
Feb 09 21:39:13.086058 n-d-792362-9 devstack@placement-api.service[104398]: DEBUG placement.objects.allocation_candidate [req-2b0db0d5-d7bc-42e0-a32a-5561f997a6a7 req-02304a59-6ef6-4330-92c4-17ed3fad4685 service placement] Merging candidates yields 2 allocation requests and 2 provider summaries {{(pid=104398) _merge_candidates /opt/stack/placement/placement/objects/allocation_candidate.py:783}}
Feb 09 21:39:13.089266 n-d-792362-9 devstack@placement-api.service[104398]: INFO placement.requestlog [req-2b0db0d5-d7bc-42e0-a32a-5561f997a6a7 req-02304a59-6ef6-4330-92c4-17ed3fad4685 service placement] 10.222.0.61 "GET /placement/allocation_candidates?limit=1000&resources=DISK_GB%3A1%2CMEMORY_MB%3A1024%2CVCPU%3A1&root_required=%21COMPUTE_STATUS_DISABLED" status: 200 len: 1309 microversion: 1.36
Feb 09 21:39:13.091036 n-d-792362-9 devstack@placement-api.service[104398]: [pid: 104398|app: 0|req: 286/578] 10.222.0.61 () {60 vars in 1506 bytes} [Wed Feb 9 21:39:12 2022] GET /placement/allocation_candidates?limit=1000&resources=DISK_GB%3A1%2CMEMORY_MB%3A1024%2CVCPU%3A1&root_required=%21COMPUTE_STATUS_DISABLED => generated 1309 bytes in 231 msecs (HTTP/1.1 200) 8 headers in 297 bytes (1 switches on core 0)
Feb 09 21:39:13.178313 n-d-792362-9 devstack@placement-api.service[104397]: DEBUG placement.requestlog [req-2b0db0d5-d7bc-42e0-a32a-5561f997a6a7 req-ee210b3d-1784-414e-a02d-82c7499813ad None None] Starting request: 10.222.0.61 "GET /placement/allocations/847396b7-8e32-4866-bed9-58ac122e7d30" {{(pid=104397) __call__ /opt/stack/placement/placement/requestlog.py:55}}
Feb 09 21:39:13.209310 n-d-792362-9 devstack@placement-api.service[104397]: INFO placement.requestlog [req-2b0db0d5-d7bc-42e0-a32a-5561f997a6a7 req-ee210b3d-1784-414e-a02d-82c7499813ad service placement] 10.222.0.61 "GET /placement/allocations/847396b7-8e32-4866-bed9-58ac122e7d30" status: 200 len: 19 microversion: 1.28
Feb 09 21:39:13.211186 n-d-792362-9 devstack@placement-api.service[104397]: [pid: 104397|app: 0|req: 293/579] 10.222.0.61 () {60 vars in 1380 bytes} [Wed Feb 9 21:39:13 2022] GET /placement/allocations/847396b7-8e32-4866-bed9-58ac122e7d30 => generated 19 bytes in 32 msecs (HTTP/1.1 200) 8 headers in 295 bytes (1 switches on core 0)
Feb 09 21:39:13.218605 n-d-792362-9 devstack@placement-api.service[104398]: DEBUG placement.requestlog [req-2b0db0d5-d7bc-42e0-a32a-5561f997a6a7 req-00363277-b405-4c95-a8f8-fd0e2a22ee29 None None] Starting request: 10.222.0.61 "PUT /placement/allocations/847396b7-8e32-4866-bed9-58ac122e7d30" {{(pid=104398) __call__ /opt/stack/placement/placement/requestlog.py:55}}
Feb 09 21:39:13.764789 n-d-792362-9 devstack@placement-api.service[104398]: DEBUG placement.handlers.allocation [req-2b0db0d5-d7bc-42e0-a32a-5561f997a6a7 req-00363277-b405-4c95-a8f8-fd0e2a22ee29 service placement] Successfully wrote allocations [, , ] {{(pid=104398) _update_consumers_and_create_allocations /opt/stack/placement/placement/handlers/allocation.py:462}}
Feb 09 21:39:13.992330 n-d-792362-9 devstack@placement-api.service[104398]: INFO placement.requestlog [req-2b0db0d5-d7bc-42e0-a32a-5561f997a6a7 req-00363277-b405-4c95-a8f8-fd0e2a22ee29 service placement] 10.222.0.61 "PUT /placement/allocations/847396b7-8e32-4866-bed9-58ac122e7d30" status: 204 len: 0 microversion: 1.36
Feb 09 21:39:13.996986 n-d-792362-9 devstack@placement-api.service[104398]: [pid: 104398|app: 0|req: 287/580] 10.222.0.61 () {64 vars in 1433 bytes} [Wed Feb 9 21:39:13 2022] PUT /placement/allocations/847396b7-8e32-4866-bed9-58ac122e7d30 => generated 0 bytes in 776 msecs (HTTP/1.1 204) 5 headers in 199 bytes (1 switches on core 0)
Feb 09 21:39:14.011850 n-d-792362-9 devstack@placement-api.service[104397]: DEBUG placement.requestlog [req-2b0db0d5-d7bc-42e0-a32a-5561f997a6a7 req-fa2930db-0e50-4952-9d4f-1f3d0cfd4164 None None] Starting request: 10.222.0.61 "GET /placement/allocations/edf93df8-7c65-4083-80d7-fff6bdc20806" {{(pid=104397) __call__ /opt/stack/placement/placement/requestlog.py:55}}
Feb 09 21:39:14.028511 n-d-792362-9 devstack@placement-api.service[104397]: INFO placement.requestlog [req-2b0db0d5-d7bc-42e0-a32a-5561f997a6a7 req-fa2930db-0e50-4952-9d4f-1f3d0cfd4164 service placement] 10.222.0.61 "GET /placement/allocations/edf93df8-7c65-4083-80d7-fff6bdc20806" status: 200 len: 19 microversion: 1.28
Feb 09 21:39:14.034986 n-d-792362-9 devstack@placement-api.service[104397]: [pid: 104397|app: 0|req: 294/581] 10.222.0.61 () {60 vars in 1380 bytes} [Wed Feb 9 21:39:14 2022] GET /placement/allocations/edf93df8-7c65-4083-80d7-fff6bdc20806 => generated 19 bytes in 23 msecs (HTTP/1.1 200) 8 headers in 295 bytes (1 switches on core 0)
Feb 09 21:39:14.038814 n-d-792362-9 devstack@placement-api.service[104398]: DEBUG placement.requestlog [req-2b0db0d5-d7bc-42e0-a32a-5561f997a6a7 req-3ba6421a-b80e-4cfe-833e-5b57bb8979c9 None None] Starting request: 10.222.0.61 "PUT /placement/allocations/edf93df8-7c65-4083-80d7-fff6bdc20806" {{(pid=104398) __call__ /opt/stack/placement/placement/requestlog.py:55}}
Feb 09 21:39:14.280105 n-d-792362-9 devstack@placement-api.service[104398]: DEBUG placement.handlers.allocation [req-2b0db0d5-d7bc-42e0-a32a-5561f997a6a7 req-3ba6421a-b80e-4cfe-833e-5b57bb8979c9 service placement] Successfully wrote allocations [, , ] {{(pid=104398) _update_consumers_and_create_allocations /opt/stack/placement/placement/handlers/allocation.py:462}}
Feb 09 21:39:14.416265 n-d-792362-9 devstack@placement-api.service[104398]: INFO placement.requestlog [req-2b0db0d5-d7bc-42e0-a32a-5561f997a6a7 req-3ba6421a-b80e-4cfe-833e-5b57bb8979c9 service placement] 10.222.0.61 "PUT /placement/allocations/edf93df8-7c65-4083-80d7-fff6bdc20806" status: 204 len: 0 microversion: 1.36
Feb 09 21:39:14.417089 n-d-792362-9 devstack@placement-api.service[104398]: [pid: 104398|app: 0|req: 288/582] 10.222.0.61 () {64 vars in 1433 bytes} [Wed Feb 9 21:39:14 2022] PUT /placement/allocations/edf93df8-7c65-4083-80d7-fff6bdc20806 => generated 0 bytes in 380 msecs (HTTP/1.1 204) 5 headers in 199 bytes (1 switches on core 0)
Feb 09 21:39:14.432654 n-d-792362-9 devstack@placement-api.service[104397]: DEBUG placement.requestlog [req-2b0db0d5-d7bc-42e0-a32a-5561f997a6a7 req-cd228d00-504e-4feb-9f78-bb21373032ca None None] Starting request: 10.222.0.61 "GET /placement/allocations/479e025f-d916-41c7-adac-b8a1aa46f9c6" {{(pid=104397) __call__ /opt/stack/placement/placement/requestlog.py:55}}
Feb 09 21:39:14.458083 n-d-792362-9 devstack@placement-api.service[104397]: INFO placement.requestlog [req-2b0db0d5-d7bc-42e0-a32a-5561f997a6a7 req-cd228d00-504e-4feb-9f78-bb21373032ca service placement] 10.222.0.61 "GET /placement/allocations/479e025f-d916-41c7-adac-b8a1aa46f9c6" status: 200 len: 19 microversion: 1.28
Feb 09 21:39:14.459127 n-d-792362-9 devstack@placement-api.service[104397]: [pid: 104397|app: 0|req: 295/583] 10.222.0.61 () {60 vars in 1380 bytes} [Wed Feb 9 21:39:14 2022] GET /placement/allocations/479e025f-d916-41c7-adac-b8a1aa46f9c6 => generated 19 bytes in 27 msecs (HTTP/1.1 200) 8 headers in 295 bytes (1 switches on core 0)
Feb 09 21:39:14.466017 n-d-792362-9 devstack@placement-api.service[104398]: DEBUG placement.requestlog [req-2b0db0d5-d7bc-42e0-a32a-5561f997a6a7 req-f2d9a1d5-f8b0-46b2-9d71-2f6bc622c3ca None None] Starting request: 10.222.0.61 "PUT /placement/allocations/479e025f-d916-41c7-adac-b8a1aa46f9c6" {{(pid=104398) __call__ /opt/stack/placement/placement/requestlog.py:55}}
Feb 09 21:39:14.650725 n-d-792362-9 devstack@placement-api.service[104398]: DEBUG placement.handlers.allocation [req-2b0db0d5-d7bc-42e0-a32a-5561f997a6a7 req-f2d9a1d5-f8b0-46b2-9d71-2f6bc622c3ca service placement] Successfully wrote allocations [, , ] {{(pid=104398) _update_consumers_and_create_allocations /opt/stack/placement/placement/handlers/allocation.py:462}}
Feb 09 21:39:14.740542 n-d-792362-9 devstack@placement-api.service[104398]: INFO placement.requestlog [req-2b0db0d5-d7bc-42e0-a32a-5561f997a6a7 req-f2d9a1d5-f8b0-46b2-9d71-2f6bc622c3ca service placement] 10.222.0.61 "PUT /placement/allocations/479e025f-d916-41c7-adac-b8a1aa46f9c6" status: 204 len: 0 microversion: 1.36
Feb 09 21:39:14.741361 n-d-792362-9 devstack@placement-api.service[104398]: [pid: 104398|app: 0|req: 289/584] 10.222.0.61 () {64 vars in 1433 bytes} [Wed Feb 9 21:39:14 2022] PUT /placement/allocations/479e025f-d916-41c7-adac-b8a1aa46f9c6 => generated 0 bytes in 276 msecs (HTTP/1.1 204) 5 headers in 199 bytes (1 switches on core 0)
Feb 09 21:39:15.214658 n-d-792362-9 devstack@placement-api.service[104397]: DEBUG placement.requestlog [req-d373fe84-dc59-46a6-afb0-c1157e83e432 req-fede76ff-556e-4489-81ee-9e9b4eb08172 None None] Starting request: 10.222.0.61 "GET /placement/allocation_candidates?limit=1000&resources=DISK_GB%3A1%2CMEMORY_MB%3A1024%2CVCPU%3A1&root_required=%21COMPUTE_STATUS_DISABLED" {{(pid=104397) __call__ /opt/stack/placement/placement/requestlog.py:55}}
Feb 09 21:39:15.292113 n-d-792362-9 devstack@placement-api.service[104397]: DEBUG placement.objects.research_context [req-d373fe84-dc59-46a6-afb0-c1157e83e432 req-fede76ff-556e-4489-81ee-9e9b4eb08172 service placement] getting providers with 1 DISK_GB {{(pid=104397) __init__ /opt/stack/placement/placement/objects/research_context.py:126}}
Feb 09 21:39:15.310571 n-d-792362-9 devstack@placement-api.service[104397]: DEBUG placement.objects.research_context [req-d373fe84-dc59-46a6-afb0-c1157e83e432 req-fede76ff-556e-4489-81ee-9e9b4eb08172 service placement] getting providers with 1024 MEMORY_MB {{(pid=104397) __init__ /opt/stack/placement/placement/objects/research_context.py:126}}
Feb 09 21:39:15.331440 n-d-792362-9 devstack@placement-api.service[104397]: DEBUG placement.objects.research_context [req-d373fe84-dc59-46a6-afb0-c1157e83e432 req-fede76ff-556e-4489-81ee-9e9b4eb08172 service placement] getting providers with 1 VCPU {{(pid=104397) __init__ /opt/stack/placement/placement/objects/research_context.py:126}}
Feb 09 21:39:15.347146 n-d-792362-9 devstack@placement-api.service[104397]: DEBUG placement.objects.research_context [req-d373fe84-dc59-46a6-afb0-c1157e83e432 req-fede76ff-556e-4489-81ee-9e9b4eb08172 service placement] found 2 providers with available 1 DISK_GB {{(pid=104397) get_provider_ids_matching /opt/stack/placement/placement/objects/research_context.py:549}}
Feb 09 21:39:15.347424 n-d-792362-9 devstack@placement-api.service[104397]: DEBUG placement.objects.research_context [req-d373fe84-dc59-46a6-afb0-c1157e83e432 req-fede76ff-556e-4489-81ee-9e9b4eb08172 service placement] found 2 providers with available 1024 MEMORY_MB {{(pid=104397) get_provider_ids_matching /opt/stack/placement/placement/objects/research_context.py:549}}
Feb 09 21:39:15.347863 n-d-792362-9 devstack@placement-api.service[104397]: DEBUG placement.objects.research_context [req-d373fe84-dc59-46a6-afb0-c1157e83e432 req-fede76ff-556e-4489-81ee-9e9b4eb08172 service placement] found 2 providers after filtering by previous result {{(pid=104397) get_provider_ids_matching /opt/stack/placement/placement/objects/research_context.py:580}}
Feb 09 21:39:15.348276 n-d-792362-9 devstack@placement-api.service[104397]: DEBUG placement.objects.research_context [req-d373fe84-dc59-46a6-afb0-c1157e83e432 req-fede76ff-556e-4489-81ee-9e9b4eb08172 service placement] found 2 providers with available 1 VCPU {{(pid=104397) get_provider_ids_matching /opt/stack/placement/placement/objects/research_context.py:549}}
Feb 09 21:39:15.348720 n-d-792362-9 devstack@placement-api.service[104397]: DEBUG placement.objects.research_context [req-d373fe84-dc59-46a6-afb0-c1157e83e432 req-fede76ff-556e-4489-81ee-9e9b4eb08172 service placement] found 2 providers after filtering by previous result {{(pid=104397) get_provider_ids_matching /opt/stack/placement/placement/objects/research_context.py:580}}
Feb 09 21:39:15.379068 n-d-792362-9 devstack@placement-api.service[104397]: DEBUG placement.objects.allocation_candidate [req-d373fe84-dc59-46a6-afb0-c1157e83e432 req-fede76ff-556e-4489-81ee-9e9b4eb08172 service placement] RequestGroup(use_same_provider=False, resources={DISK_GB:1, MEMORY_MB:1024, VCPU:1}, traits=[], aggregates=[]) (suffix '') returned 2 matches {{(pid=104397) _get_by_requests /opt/stack/placement/placement/objects/allocation_candidate.py:145}}
Feb 09 21:39:15.381337 n-d-792362-9 devstack@placement-api.service[104397]: DEBUG placement.objects.allocation_candidate [req-d373fe84-dc59-46a6-afb0-c1157e83e432 req-fede76ff-556e-4489-81ee-9e9b4eb08172 service placement] Merging candidates yields 2 allocation requests and 2 provider summaries {{(pid=104397) _merge_candidates /opt/stack/placement/placement/objects/allocation_candidate.py:783}}
Feb 09 21:39:15.384431 n-d-792362-9 devstack@placement-api.service[104397]: INFO placement.requestlog [req-d373fe84-dc59-46a6-afb0-c1157e83e432 req-fede76ff-556e-4489-81ee-9e9b4eb08172 service placement] 10.222.0.61 "GET /placement/allocation_candidates?limit=1000&resources=DISK_GB%3A1%2CMEMORY_MB%3A1024%2CVCPU%3A1&root_required=%21COMPUTE_STATUS_DISABLED" status: 200 len: 1309 microversion: 1.36
Feb 09 21:39:15.388787 n-d-792362-9 devstack@placement-api.service[104397]: [pid: 104397|app: 0|req: 296/585] 10.222.0.61 () {60 vars in 1506 bytes} [Wed Feb 9 21:39:15 2022] GET /placement/allocation_candidates?limit=1000&resources=DISK_GB%3A1%2CMEMORY_MB%3A1024%2CVCPU%3A1&root_required=%21COMPUTE_STATUS_DISABLED => generated 1309 bytes in 175 msecs (HTTP/1.1 200) 8 headers in 297 bytes (1 switches on core 0)
Feb 09 21:39:15.470095 n-d-792362-9 devstack@placement-api.service[104398]: DEBUG placement.requestlog [req-fbafb4d8-0e3d-4d81-9a6e-357c2a08a0b8 req-7056c696-88dd-4dfe-848a-944bbc73dae9 None None] Starting request: 10.222.0.61 "GET /placement/allocation_candidates?limit=1000&resources=DISK_GB%3A1%2CMEMORY_MB%3A1024%2CVCPU%3A1&root_required=%21COMPUTE_STATUS_DISABLED" {{(pid=104398) __call__ /opt/stack/placement/placement/requestlog.py:55}}
Feb 09 21:39:15.545948 n-d-792362-9 devstack@placement-api.service[104398]: DEBUG placement.objects.research_context [req-fbafb4d8-0e3d-4d81-9a6e-357c2a08a0b8 req-7056c696-88dd-4dfe-848a-944bbc73dae9 service placement] getting providers with 1 DISK_GB {{(pid=104398) __init__ /opt/stack/placement/placement/objects/research_context.py:126}}
