Feb 04 18:25:24.604222 n-d-792362-8 devstack@n-api.service[118526]: INFO nova.api.openstack.requestlog [None req-1d1eecbd-e967-4f13-8558-75ba6cfe2aec tempest-FlavorsExtraSpecsTestJSON-1205527121 tempest-FlavorsExtraSpecsTestJSON-1205527121-project-admin] 10.222.0.47 "GET /compute/v2.1/flavors/detail" status: 200 len: 4991 microversion: 2.1 time: 0.021992
Feb 04 18:25:24.604825 n-d-792362-8 devstack@n-api.service[118526]: [pid: 118526|app: 0|req: 27/40] 10.222.0.47 () {58 vars in 1145 bytes} [Fri Feb 4 18:25:24 2022] GET /compute/v2.1/flavors/detail => generated 4991 bytes in 24 msecs (HTTP/1.1 200) 9 headers in 358 bytes (1 switches on core 0)
Feb 04 18:25:24.724159 n-d-792362-8 devstack@n-api.service[118527]: DEBUG nova.policy [None req-4fecedf3-7607-44e2-a31d-4306bbd2b966 tempest-DeleteServersAdminTestJSON-1026714045 tempest-DeleteServersAdminTestJSON-1026714045-project] Policy check for os_compute_api:os-extended-server-attributes failed with credentials {'is_admin': False, 'user_id': 'c12daaa77c6b4c04a06ee88b747eff0d', 'user_domain_id': 'default', 'system_scope': None, 'domain_id': None, 'project_id': '3fe4efd75bf24d85baf9fd18405e5739', 'project_domain_id': 'default', 'roles': ['member', 'reader'], 'is_admin_project': True, 'service_user_id': None, 'service_user_domain_id': None, 'service_project_id': None, 'service_project_domain_id': None, 'service_roles': []} {{(pid=118527) authorize /opt/stack/nova/nova/policy.py:199}}
Feb 04 18:25:24.763056 n-d-792362-8 devstack@n-api.service[118527]: INFO nova.api.openstack.requestlog [None req-4fecedf3-7607-44e2-a31d-4306bbd2b966 tempest-DeleteServersAdminTestJSON-1026714045 tempest-DeleteServersAdminTestJSON-1026714045-project] 10.222.0.47 "GET /compute/v2.1/servers/71ca1c53-7f46-490e-ab7c-d7186c6d6022" status: 200 len: 1245 microversion: 2.1 time: 0.272036
Feb 04 18:25:24.765980 n-d-792362-8 devstack@n-api.service[118527]: [pid: 118527|app: 0|req: 14/41] 10.222.0.47 () {58 vars in 1235 bytes} [Fri Feb 4 18:25:24 2022] GET /compute/v2.1/servers/71ca1c53-7f46-490e-ab7c-d7186c6d6022 => generated 1245 bytes in 276 msecs (HTTP/1.1 200) 9 headers in 358 bytes (1 switches on core 0)
Feb 04 18:25:24.973438 n-d-792362-8 devstack@n-api.service[118526]: DEBUG nova.api.openstack.wsgi [None req-289576f7-67dd-4a61-bcb6-364d83c00234 tempest-FlavorsAccessNegativeTestJSON-1979134140 tempest-FlavorsAccessNegativeTestJSON-1979134140-project] Action: 'action', calling method: >, body: {"addTenantAccess": {"tenant": "6be0677867914394846f0cfe6f49ab97"}} {{(pid=118526) _process_stack /opt/stack/nova/nova/api/openstack/wsgi.py:511}}
Feb 04 18:25:24.974578 n-d-792362-8 devstack@n-api.service[118526]: /usr/local/lib/python3.8/dist-packages/oslo_policy/policy.py:1119: UserWarning: Policy "os_compute_api:os-flavor-access:add_tenant_access": "rule:system_admin_api" failed scope check. The token used to make the request was project scoped but the policy requires ['system'] scope. This behavior may change in the future where using the intended scope is required
Feb 04 18:25:24.974578 n-d-792362-8 devstack@n-api.service[118526]: warnings.warn(msg)
Feb 04 18:25:24.975555 n-d-792362-8 devstack@n-api.service[118526]: DEBUG nova.policy [None req-289576f7-67dd-4a61-bcb6-364d83c00234 tempest-FlavorsAccessNegativeTestJSON-1979134140 tempest-FlavorsAccessNegativeTestJSON-1979134140-project] Policy check for os_compute_api:os-flavor-access:add_tenant_access failed with credentials {'is_admin': False, 'user_id': '2930f4e56dd74d149905b3a6822f56d6', 'user_domain_id': 'default', 'system_scope': None, 'domain_id': None, 'project_id': '6be0677867914394846f0cfe6f49ab97', 'project_domain_id': 'default', 'roles': ['member', 'reader'], 'is_admin_project': True, 'service_user_id': None, 'service_user_domain_id': None, 'service_project_id': None, 'service_project_domain_id': None, 'service_roles': []} {{(pid=118526) authorize /opt/stack/nova/nova/policy.py:199}}
Feb 04 18:25:24.976497 n-d-792362-8 devstack@n-api.service[118526]: DEBUG nova.api.openstack.wsgi [None req-289576f7-67dd-4a61-bcb6-364d83c00234 tempest-FlavorsAccessNegativeTestJSON-1979134140 tempest-FlavorsAccessNegativeTestJSON-1979134140-project] Returning 403 to user: Policy doesn't allow os_compute_api:os-flavor-access:add_tenant_access to be performed. {{(pid=118526) __call__ /opt/stack/nova/nova/api/openstack/wsgi.py:936}}
Feb 04 18:25:24.977449 n-d-792362-8 devstack@n-api.service[118526]: INFO nova.api.openstack.requestlog [None req-289576f7-67dd-4a61-bcb6-364d83c00234 tempest-FlavorsAccessNegativeTestJSON-1979134140 tempest-FlavorsAccessNegativeTestJSON-1979134140-project] 10.222.0.47 "POST /compute/v2.1/flavors/1015112444/action" status: 403 len: 130 microversion: 2.1 time: 0.371370
Feb 04 18:25:24.977978 n-d-792362-8 devstack@n-api.service[118526]: [pid: 118526|app: 0|req: 28/42] 10.222.0.47 () {60 vars in 1199 bytes} [Fri Feb 4 18:25:24 2022] POST /compute/v2.1/flavors/1015112444/action => generated 130 bytes in 372 msecs (HTTP/1.1 403) 9 headers in 379 bytes (1 switches on core 0)
Feb 04 18:25:24.986032 n-d-792362-8 devstack@n-api.service[118527]: DEBUG nova.api.openstack.wsgi [None req-ae7078cc-2e72-45d0-9a92-c3c398cf96c1 tempest-FlavorsAccessNegativeTestJSON-1880341568 tempest-FlavorsAccessNegativeTestJSON-1880341568-project-admin] Calling method '>' {{(pid=118527) _process_stack /opt/stack/nova/nova/api/openstack/wsgi.py:513}}
Feb 04 18:25:24.988202 n-d-792362-8 devstack@n-api.service[118527]: /usr/local/lib/python3.8/dist-packages/oslo_policy/policy.py:1119: UserWarning: Policy "os_compute_api:os-flavor-manage:delete": "rule:system_admin_api" failed scope check. The token used to make the request was project scoped but the policy requires ['system'] scope. This behavior may change in the future where using the intended scope is required
Feb 04 18:25:24.988202 n-d-792362-8 devstack@n-api.service[118527]: warnings.warn(msg)
Feb 04 18:25:25.102869 n-d-792362-8 devstack@n-api.service[118527]: INFO nova.api.openstack.requestlog [None req-ae7078cc-2e72-45d0-9a92-c3c398cf96c1 tempest-FlavorsAccessNegativeTestJSON-1880341568 tempest-FlavorsAccessNegativeTestJSON-1880341568-project-admin] 10.222.0.47 "DELETE /compute/v2.1/flavors/1015112444" status: 202 len: 0 microversion: 2.1 time: 0.120058
Feb 04 18:25:25.103972 n-d-792362-8 devstack@n-api.service[118527]: [pid: 118527|app: 0|req: 15/43] 10.222.0.47 () {58 vars in 1160 bytes} [Fri Feb 4 18:25:24 2022] DELETE /compute/v2.1/flavors/1015112444 => generated 0 bytes in 122 msecs (HTTP/1.1 202) 9 headers in 361 bytes (2 switches on core 0)
Feb 04 18:25:25.114856 n-d-792362-8 devstack@n-api.service[118526]: DEBUG nova.api.openstack.wsgi [None req-299b1b6f-7808-4619-8ad2-939bd44a233d tempest-FlavorsAccessNegativeTestJSON-1880341568 tempest-FlavorsAccessNegativeTestJSON-1880341568-project-admin] Calling method '>' {{(pid=118526) _process_stack /opt/stack/nova/nova/api/openstack/wsgi.py:513}}
Feb 04 18:25:25.136911 n-d-792362-8 devstack@n-api.service[118526]: INFO nova.api.openstack.requestlog [None req-299b1b6f-7808-4619-8ad2-939bd44a233d tempest-FlavorsAccessNegativeTestJSON-1880341568 tempest-FlavorsAccessNegativeTestJSON-1880341568-project-admin] 10.222.0.47 "GET /compute/v2.1/flavors/detail" status: 200 len: 4991 microversion: 2.1 time: 0.026721
Feb 04 18:25:25.154925 n-d-792362-8 devstack@n-api.service[118527]: DEBUG nova.api.openstack.wsgi [None req-7b835aa3-1e39-4b9a-a6a7-f5df31f1af03 tempest-FlavorsAccessNegativeTestJSON-1880341568 tempest-FlavorsAccessNegativeTestJSON-1880341568-project-admin] Action: 'create', calling method: >, body: {"flavor": {"ram": 512, "vcpus": 1, "disk": 10, "name": "tempest-FlavorsAccessNegativeTestJSON-flavor-503273757", "id": 1041449141, "os-flavor-access:is_public": "False"}} {{(pid=118527) _process_stack /opt/stack/nova/nova/api/openstack/wsgi.py:511}}
Feb 04 18:25:25.156537 n-d-792362-8 devstack@n-api.service[118527]: /usr/local/lib/python3.8/dist-packages/oslo_policy/policy.py:1119: UserWarning: Policy "os_compute_api:os-flavor-manage:create": "rule:system_admin_api" failed scope check. The token used to make the request was project scoped but the policy requires ['system'] scope. This behavior may change in the future where using the intended scope is required
Feb 04 18:25:25.156537 n-d-792362-8 devstack@n-api.service[118527]: warnings.warn(msg)
Feb 04 18:25:25.160377 n-d-792362-8 devstack@n-api.service[118526]: [pid: 118526|app: 0|req: 29/44] 10.222.0.47 () {58 vars in 1145 bytes} [Fri Feb 4 18:25:25 2022] GET /compute/v2.1/flavors/detail => generated 4991 bytes in 51 msecs (HTTP/1.1 200) 9 headers in 358 bytes (1 switches on core 0)
Feb 04 18:25:25.274806 n-d-792362-8 devstack@n-api.service[118527]: INFO nova.api.openstack.requestlog [None req-7b835aa3-1e39-4b9a-a6a7-f5df31f1af03 tempest-FlavorsAccessNegativeTestJSON-1880341568 tempest-FlavorsAccessNegativeTestJSON-1880341568-project-admin] 10.222.0.47 "POST /compute/v2.1/flavors" status: 200 len: 438 microversion: 2.1 time: 0.119807
Feb 04 18:25:25.274806 n-d-792362-8 devstack@n-api.service[118527]: [pid: 118527|app: 0|req: 16/45] 10.222.0.47 () {60 vars in 1146 bytes} [Fri Feb 4 18:25:25 2022] POST /compute/v2.1/flavors => generated 438 bytes in 122 msecs (HTTP/1.1 200) 9 headers in 357 bytes (1 switches on core 0)
Feb 04 18:25:25.284035 n-d-792362-8 devstack@n-api.service[118526]: DEBUG nova.api.openstack.wsgi [None req-c2ddf0e0-5c73-4b86-8596-7dc8d12e6299 tempest-FlavorsAccessNegativeTestJSON-1880341568 tempest-FlavorsAccessNegativeTestJSON-1880341568-project-admin] Action: 'action', calling method: >, body: {"addTenantAccess": {"tenant": "6be0677867914394846f0cfe6f49ab97"}} {{(pid=118526) _process_stack /opt/stack/nova/nova/api/openstack/wsgi.py:511}}
Feb 04 18:25:25.495139 n-d-792362-8 devstack@n-api.service[118527]: DEBUG nova.api.openstack.wsgi [None req-0a8496b9-d0c6-4617-9dbd-48d53879b2eb tempest-AggregatesAdminTestJSON-1240356327 tempest-AggregatesAdminTestJSON-1240356327-project] Calling method '>' {{(pid=118527) _process_stack /opt/stack/nova/nova/api/openstack/wsgi.py:513}}
Feb 04 18:25:25.495139 n-d-792362-8 devstack@n-api.service[118527]: DEBUG nova.compute.api [None req-0a8496b9-d0c6-4617-9dbd-48d53879b2eb tempest-AggregatesAdminTestJSON-1240356327 tempest-AggregatesAdminTestJSON-1240356327-project] [instance: 14c300d0-1f65-4142-85e6-02219b7da557] Fetching instance by UUID {{(pid=118527) get /opt/stack/nova/nova/compute/api.py:2866}}
Feb 04 18:25:25.584746 n-d-792362-8 devstack@n-api.service[118527]: DEBUG nova.policy [None req-0a8496b9-d0c6-4617-9dbd-48d53879b2eb tempest-AggregatesAdminTestJSON-1240356327 tempest-AggregatesAdminTestJSON-1240356327-project] Policy check for os_compute_api:os-extended-server-attributes failed with credentials {'is_admin': False, 'user_id': 'e523687021ee428b9ea9fffa93d3317a', 'user_domain_id': 'default', 'system_scope': None, 'domain_id': None, 'project_id': 'dccde0711dc94c1390d1078c7be5bac4', 'project_domain_id': 'default', 'roles': ['member', 'reader'], 'is_admin_project': True, 'service_user_id': None, 'service_user_domain_id': None, 'service_project_id': None, 'service_project_domain_id': None, 'service_roles': []} {{(pid=118527) authorize /opt/stack/nova/nova/policy.py:199}}
Feb 04 18:25:25.598584 n-d-792362-8 devstack@n-api.service[118527]: INFO nova.api.openstack.requestlog [None req-0a8496b9-d0c6-4617-9dbd-48d53879b2eb tempest-AggregatesAdminTestJSON-1240356327 tempest-AggregatesAdminTestJSON-1240356327-project] 10.222.0.47 "GET /compute/v2.1/servers/14c300d0-1f65-4142-85e6-02219b7da557" status: 200 len: 1242 microversion: 2.1 time: 0.114686
Feb 04 18:25:25.599443 n-d-792362-8 devstack@n-api.service[118527]: [pid: 118527|app: 0|req: 17/46] 10.222.0.47 () {58 vars in 1235 bytes} [Fri Feb 4 18:25:25 2022] GET /compute/v2.1/servers/14c300d0-1f65-4142-85e6-02219b7da557 => generated 1242 bytes in 116 msecs (HTTP/1.1 200) 9 headers in 358 bytes (2 switches on core 0)
Feb 04 18:25:25.784188 n-d-792362-8 devstack@n-api.service[118527]: DEBUG nova.api.openstack.wsgi [None req-8a0afe72-3c06-46e8-89fc-74cc5b98b76f tempest-DeleteServersAdminTestJSON-1026714045 tempest-DeleteServersAdminTestJSON-1026714045-project] Calling method '>' {{(pid=118527) _process_stack /opt/stack/nova/nova/api/openstack/wsgi.py:513}}
Feb 04 18:25:25.784795 n-d-792362-8 devstack@n-api.service[118527]: DEBUG nova.compute.api [None req-8a0afe72-3c06-46e8-89fc-74cc5b98b76f tempest-DeleteServersAdminTestJSON-1026714045 tempest-DeleteServersAdminTestJSON-1026714045-project] [instance: 71ca1c53-7f46-490e-ab7c-d7186c6d6022] Fetching instance by UUID {{(pid=118527) get /opt/stack/nova/nova/compute/api.py:2866}}
Feb 04 18:25:25.790656 n-d-792362-8 devstack@n-api.service[118527]: DEBUG oslo_concurrency.lockutils [None req-8a0afe72-3c06-46e8-89fc-74cc5b98b76f tempest-DeleteServersAdminTestJSON-1026714045 tempest-DeleteServersAdminTestJSON-1026714045-project] Lock "7439e5f9-78d3-41af-89d5-0147b0aa01d3" acquired by "nova.context.set_target_cell..get_or_set_cached_cell_and_set_connections" :: waited 0.000s {{(pid=118527) inner /usr/local/lib/python3.8/dist-packages/oslo_concurrency/lockutils.py:386}}
Feb 04 18:25:25.791349 n-d-792362-8 devstack@n-api.service[118527]: DEBUG oslo_concurrency.lockutils [None req-8a0afe72-3c06-46e8-89fc-74cc5b98b76f tempest-DeleteServersAdminTestJSON-1026714045 tempest-DeleteServersAdminTestJSON-1026714045-project] Lock "7439e5f9-78d3-41af-89d5-0147b0aa01d3" "released" by "nova.context.set_target_cell..get_or_set_cached_cell_and_set_connections" :: held 0.001s {{(pid=118527) inner /usr/local/lib/python3.8/dist-packages/oslo_concurrency/lockutils.py:400}}
Feb 04 18:25:25.792298 n-d-792362-8 devstack@n-api.service[118527]: DEBUG oslo_concurrency.lockutils [None req-8a0afe72-3c06-46e8-89fc-74cc5b98b76f tempest-DeleteServersAdminTestJSON-1026714045 tempest-DeleteServersAdminTestJSON-1026714045-project] Lock "7439e5f9-78d3-41af-89d5-0147b0aa01d3" acquired by "nova.context.set_target_cell..get_or_set_cached_cell_and_set_connections" :: waited 0.000s {{(pid=118527) inner /usr/local/lib/python3.8/dist-packages/oslo_concurrency/lockutils.py:386}}
Feb 04 18:25:25.792742 n-d-792362-8 devstack@n-api.service[118527]: DEBUG oslo_concurrency.lockutils [None req-8a0afe72-3c06-46e8-89fc-74cc5b98b76f tempest-DeleteServersAdminTestJSON-1026714045 tempest-DeleteServersAdminTestJSON-1026714045-project] Lock "7439e5f9-78d3-41af-89d5-0147b0aa01d3" "released" by "nova.context.set_target_cell..get_or_set_cached_cell_and_set_connections" :: held 0.000s {{(pid=118527) inner /usr/local/lib/python3.8/dist-packages/oslo_concurrency/lockutils.py:400}}
Feb 04 18:25:25.899736 n-d-792362-8 devstack@n-api.service[118527]: DEBUG nova.policy [None req-8a0afe72-3c06-46e8-89fc-74cc5b98b76f tempest-DeleteServersAdminTestJSON-1026714045 tempest-DeleteServersAdminTestJSON-1026714045-project] Policy check for os_compute_api:os-extended-server-attributes failed with credentials {'is_admin': False, 'user_id': 'c12daaa77c6b4c04a06ee88b747eff0d', 'user_domain_id': 'default', 'system_scope': None, 'domain_id': None, 'project_id': '3fe4efd75bf24d85baf9fd18405e5739', 'project_domain_id': 'default', 'roles': ['member', 'reader'], 'is_admin_project': True, 'service_user_id': None, 'service_user_domain_id': None, 'service_project_id': None, 'service_project_domain_id': None, 'service_roles': []} {{(pid=118527) authorize /opt/stack/nova/nova/policy.py:199}}
Feb 04 18:25:25.907300 n-d-792362-8 devstack@n-api.service[118527]: INFO nova.api.openstack.requestlog [None req-8a0afe72-3c06-46e8-89fc-74cc5b98b76f tempest-DeleteServersAdminTestJSON-1026714045 tempest-DeleteServersAdminTestJSON-1026714045-project] 10.222.0.47 "GET /compute/v2.1/servers/71ca1c53-7f46-490e-ab7c-d7186c6d6022" status: 200 len: 1293 microversion: 2.1 time: 0.128699
Feb 04 18:25:25.910332 n-d-792362-8 devstack@n-api.service[118527]: [pid: 118527|app: 0|req: 18/47] 10.222.0.47 () {58 vars in 1235 bytes} [Fri Feb 4 18:25:25 2022] GET /compute/v2.1/servers/71ca1c53-7f46-490e-ab7c-d7186c6d6022 => generated 1293 bytes in 133 msecs (HTTP/1.1 200) 9 headers in 358 bytes (2 switches on core 0)
Feb 04 18:25:26.070434 n-d-792362-8 devstack@n-api.service[118526]: INFO nova.api.openstack.requestlog [None req-c2ddf0e0-5c73-4b86-8596-7dc8d12e6299 tempest-FlavorsAccessNegativeTestJSON-1880341568 tempest-FlavorsAccessNegativeTestJSON-1880341568-project-admin] 10.222.0.47 "POST /compute/v2.1/flavors/1041449141/action" status: 200 len: 97 microversion: 2.1 time: 0.655310
Feb 04 18:25:26.070434 n-d-792362-8 devstack@n-api.service[118526]: [pid: 118526|app: 0|req: 30/48] 10.222.0.47 () {60 vars in 1199 bytes} [Fri Feb 4 18:25:25 2022] POST /compute/v2.1/flavors/1041449141/action => generated 97 bytes in 657 msecs (HTTP/1.1 200) 9 headers in 356 bytes (1 switches on core 0)
Feb 04 18:25:26.071300 n-d-792362-8 devstack@n-api.service[118527]: DEBUG nova.api.openstack.wsgi [None req-c9923dd7-b471-42b1-80ed-4536128dfd77 tempest-FlavorsAccessNegativeTestJSON-1979134140 tempest-FlavorsAccessNegativeTestJSON-1979134140-project] Action: 'action', calling method: >, body: {"removeTenantAccess": {"tenant": "6be0677867914394846f0cfe6f49ab97"}} {{(pid=118527) _process_stack /opt/stack/nova/nova/api/openstack/wsgi.py:511}}
Feb 04 18:25:26.071300 n-d-792362-8 devstack@n-api.service[118527]: /usr/local/lib/python3.8/dist-packages/oslo_policy/policy.py:1119: UserWarning: Policy "os_compute_api:os-flavor-access:remove_tenant_access": "rule:system_admin_api" failed scope check. The token used to make the request was project scoped but the policy requires ['system'] scope. This behavior may change in the future where using the intended scope is required
Feb 04 18:25:26.071300 n-d-792362-8 devstack@n-api.service[118527]: warnings.warn(msg)
Feb 04 18:25:26.071300 n-d-792362-8 devstack@n-api.service[118527]: DEBUG nova.policy [None req-c9923dd7-b471-42b1-80ed-4536128dfd77 tempest-FlavorsAccessNegativeTestJSON-1979134140 tempest-FlavorsAccessNegativeTestJSON-1979134140-project] Policy check for os_compute_api:os-flavor-access:remove_tenant_access failed with credentials {'is_admin': False, 'user_id': '2930f4e56dd74d149905b3a6822f56d6', 'user_domain_id': 'default', 'system_scope': None, 'domain_id': None, 'project_id': '6be0677867914394846f0cfe6f49ab97', 'project_domain_id': 'default', 'roles': ['member', 'reader'], 'is_admin_project': True, 'service_user_id': None, 'service_user_domain_id': None, 'service_project_id': None, 'service_project_domain_id': None, 'service_roles': []} {{(pid=118527) authorize /opt/stack/nova/nova/policy.py:199}}
Feb 04 18:25:26.071757 n-d-792362-8 devstack@n-api.service[118527]: DEBUG nova.api.openstack.wsgi [None req-c9923dd7-b471-42b1-80ed-4536128dfd77 tempest-FlavorsAccessNegativeTestJSON-1979134140 tempest-FlavorsAccessNegativeTestJSON-1979134140-project] Returning 403 to user: Policy doesn't allow os_compute_api:os-flavor-access:remove_tenant_access to be performed. {{(pid=118527) __call__ /opt/stack/nova/nova/api/openstack/wsgi.py:936}}
Feb 04 18:25:26.071757 n-d-792362-8 devstack@n-api.service[118527]: INFO nova.api.openstack.requestlog [None req-c9923dd7-b471-42b1-80ed-4536128dfd77 tempest-FlavorsAccessNegativeTestJSON-1979134140 tempest-FlavorsAccessNegativeTestJSON-1979134140-project] 10.222.0.47 "POST /compute/v2.1/flavors/1041449141/action" status: 403 len: 133 microversion: 2.1 time: 0.009737
Feb 04 18:25:26.071883 n-d-792362-8 devstack@n-api.service[118526]: DEBUG nova.api.openstack.wsgi [None req-643feda0-de69-4f4a-9d31-7082c24587dd tempest-FlavorsAccessNegativeTestJSON-1880341568 tempest-FlavorsAccessNegativeTestJSON-1880341568-project-admin] Action: 'action', calling method: >, body: {"removeTenantAccess": {"tenant": "6be0677867914394846f0cfe6f49ab97"}} {{(pid=118526) _process_stack /opt/stack/nova/nova/api/openstack/wsgi.py:511}}
Feb 04 18:25:26.071883 n-d-792362-8 devstack@n-api.service[118526]: /usr/local/lib/python3.8/dist-packages/oslo_policy/policy.py:1119: UserWarning: Policy "os_compute_api:os-flavor-access:remove_tenant_access": "rule:system_admin_api" failed scope check. The token used to make the request was project scoped but the policy requires ['system'] scope. This behavior may change in the future where using the intended scope is required
Feb 04 18:25:26.071883 n-d-792362-8 devstack@n-api.service[118526]: warnings.warn(msg)
Feb 04 18:25:26.072061 n-d-792362-8 devstack@n-api.service[118527]: [pid: 118527|app: 0|req: 19/49] 10.222.0.47 () {60 vars in 1199 bytes} [Fri Feb 4 18:25:25 2022] POST /compute/v2.1/flavors/1041449141/action => generated 133 bytes in 15 msecs (HTTP/1.1 403) 9 headers in 379 bytes (1 switches on core 0)
Feb 04 18:25:26.616155 n-d-792362-8 devstack@n-api.service[118527]: DEBUG nova.api.openstack.wsgi [None req-3cbbfb37-878c-46be-af62-3f360f2f5397 tempest-AggregatesAdminTestJSON-1240356327 tempest-AggregatesAdminTestJSON-1240356327-project] Calling method '>' {{(pid=118527) _process_stack /opt/stack/nova/nova/api/openstack/wsgi.py:513}}
Feb 04 18:25:26.617610 n-d-792362-8 devstack@n-api.service[118527]: DEBUG nova.compute.api [None req-3cbbfb37-878c-46be-af62-3f360f2f5397 tempest-AggregatesAdminTestJSON-1240356327 tempest-AggregatesAdminTestJSON-1240356327-project] [instance: 14c300d0-1f65-4142-85e6-02219b7da557] Fetching instance by UUID {{(pid=118527) get /opt/stack/nova/nova/compute/api.py:2866}}
Feb 04 18:25:26.624804 n-d-792362-8 devstack@n-api.service[118527]: DEBUG oslo_concurrency.lockutils [None req-3cbbfb37-878c-46be-af62-3f360f2f5397 tempest-AggregatesAdminTestJSON-1240356327 tempest-AggregatesAdminTestJSON-1240356327-project] Lock "7439e5f9-78d3-41af-89d5-0147b0aa01d3" acquired by "nova.context.set_target_cell..get_or_set_cached_cell_and_set_connections" :: waited 0.000s {{(pid=118527) inner /usr/local/lib/python3.8/dist-packages/oslo_concurrency/lockutils.py:386}}
Feb 04 18:25:26.625294 n-d-792362-8 devstack@n-api.service[118527]: DEBUG oslo_concurrency.lockutils [None req-3cbbfb37-878c-46be-af62-3f360f2f5397 tempest-AggregatesAdminTestJSON-1240356327 tempest-AggregatesAdminTestJSON-1240356327-project] Lock "7439e5f9-78d3-41af-89d5-0147b0aa01d3" "released" by "nova.context.set_target_cell..get_or_set_cached_cell_and_set_connections" :: held 0.001s {{(pid=118527) inner /usr/local/lib/python3.8/dist-packages/oslo_concurrency/lockutils.py:400}}
Feb 04 18:25:26.626313 n-d-792362-8 devstack@n-api.service[118527]: DEBUG oslo_concurrency.lockutils [None req-3cbbfb37-878c-46be-af62-3f360f2f5397 tempest-AggregatesAdminTestJSON-1240356327 tempest-AggregatesAdminTestJSON-1240356327-project] Lock "7439e5f9-78d3-41af-89d5-0147b0aa01d3" acquired by "nova.context.set_target_cell..get_or_set_cached_cell_and_set_connections" :: waited 0.000s {{(pid=118527) inner /usr/local/lib/python3.8/dist-packages/oslo_concurrency/lockutils.py:386}}
Feb 04 18:25:26.626759 n-d-792362-8 devstack@n-api.service[118527]: DEBUG oslo_concurrency.lockutils [None req-3cbbfb37-878c-46be-af62-3f360f2f5397 tempest-AggregatesAdminTestJSON-1240356327 tempest-AggregatesAdminTestJSON-1240356327-project] Lock "7439e5f9-78d3-41af-89d5-0147b0aa01d3" "released" by "nova.context.set_target_cell..get_or_set_cached_cell_and_set_connections" :: held 0.000s {{(pid=118527) inner /usr/local/lib/python3.8/dist-packages/oslo_concurrency/lockutils.py:400}}
Feb 04 18:25:26.705643 n-d-792362-8 devstack@n-api.service[118527]: DEBUG nova.policy [None req-3cbbfb37-878c-46be-af62-3f360f2f5397 tempest-AggregatesAdminTestJSON-1240356327 tempest-AggregatesAdminTestJSON-1240356327-project] Policy check for os_compute_api:os-extended-server-attributes failed with credentials {'is_admin': False, 'user_id': 'e523687021ee428b9ea9fffa93d3317a', 'user_domain_id': 'default', 'system_scope': None, 'domain_id': None, 'project_id': 'dccde0711dc94c1390d1078c7be5bac4', 'project_domain_id': 'default', 'roles': ['member', 'reader'], 'is_admin_project': True, 'service_user_id': None, 'service_user_domain_id': None, 'service_project_id': None, 'service_project_domain_id': None, 'service_roles': []} {{(pid=118527) authorize /opt/stack/nova/nova/policy.py:199}}
Feb 04 18:25:26.714114 n-d-792362-8 devstack@n-api.service[118527]: INFO nova.api.openstack.requestlog [None req-3cbbfb37-878c-46be-af62-3f360f2f5397 tempest-AggregatesAdminTestJSON-1240356327 tempest-AggregatesAdminTestJSON-1240356327-project] 10.222.0.47 "GET /compute/v2.1/servers/14c300d0-1f65-4142-85e6-02219b7da557" status: 200 len: 1234 microversion: 2.1 time: 0.101573
Feb 04 18:25:26.728370 n-d-792362-8 devstack@n-api.service[118527]: [pid: 118527|app: 0|req: 20/50] 10.222.0.47 () {58 vars in 1235 bytes} [Fri Feb 4 18:25:26 2022] GET /compute/v2.1/servers/14c300d0-1f65-4142-85e6-02219b7da557 => generated 1234 bytes in 103 msecs (HTTP/1.1 200) 9 headers in 358 bytes (2 switches on core 0)
Feb 04 18:25:26.754751 n-d-792362-8 devstack@n-api.service[118526]: INFO nova.api.openstack.requestlog [None req-643feda0-de69-4f4a-9d31-7082c24587dd tempest-FlavorsAccessNegativeTestJSON-1880341568 tempest-FlavorsAccessNegativeTestJSON-1880341568-project-admin] 10.222.0.47 "POST /compute/v2.1/flavors/1041449141/action" status: 200 len: 21 microversion: 2.1 time: 0.795975
Feb 04 18:25:26.761075 n-d-792362-8 devstack@n-api.service[118526]: [pid: 118526|app: 0|req: 31/51] 10.222.0.47 () {60 vars in 1199 bytes} [Fri Feb 4 18:25:25 2022] POST /compute/v2.1/flavors/1041449141/action => generated 21 bytes in 799 msecs (HTTP/1.1 200) 9 headers in 356 bytes (2 switches on core 0)
Feb 04 18:25:26.767228 n-d-792362-8 devstack@n-api.service[118527]: DEBUG nova.api.openstack.wsgi [None req-be2a9a3c-4b3d-4c12-a31e-11aa00de34c6 tempest-FlavorsAccessNegativeTestJSON-1880341568 tempest-FlavorsAccessNegativeTestJSON-1880341568-project-admin] Calling method '>' {{(pid=118527) _process_stack /opt/stack/nova/nova/api/openstack/wsgi.py:513}}
Feb 04 18:25:26.768107 n-d-792362-8 devstack@n-api.service[118527]: /usr/local/lib/python3.8/dist-packages/oslo_policy/policy.py:1119: UserWarning: Policy "os_compute_api:os-flavor-manage:delete": "rule:system_admin_api" failed scope check. The token used to make the request was project scoped but the policy requires ['system'] scope. This behavior may change in the future where using the intended scope is required
Feb 04 18:25:26.768107 n-d-792362-8 devstack@n-api.service[118527]: warnings.warn(msg)
Feb 04 18:25:26.927837 n-d-792362-8 devstack@n-api.service[118526]: DEBUG nova.api.openstack.wsgi [None req-4571f8fa-5dc9-47e6-9249-1f3556f55fb6 tempest-DeleteServersAdminTestJSON-1026714045 tempest-DeleteServersAdminTestJSON-1026714045-project] Calling method '>' {{(pid=118526) _process_stack /opt/stack/nova/nova/api/openstack/wsgi.py:513}}
Feb 04 18:25:26.928526 n-d-792362-8 devstack@n-api.service[118526]: DEBUG nova.compute.api [None req-4571f8fa-5dc9-47e6-9249-1f3556f55fb6 tempest-DeleteServersAdminTestJSON-1026714045 tempest-DeleteServersAdminTestJSON-1026714045-project] [instance: 71ca1c53-7f46-490e-ab7c-d7186c6d6022] Fetching instance by UUID {{(pid=118526) get /opt/stack/nova/nova/compute/api.py:2866}}
Feb 04 18:25:26.934905 n-d-792362-8 devstack@n-api.service[118526]: DEBUG oslo_concurrency.lockutils [None req-4571f8fa-5dc9-47e6-9249-1f3556f55fb6 tempest-DeleteServersAdminTestJSON-1026714045 tempest-DeleteServersAdminTestJSON-1026714045-project] Lock "7439e5f9-78d3-41af-89d5-0147b0aa01d3" acquired by "nova.context.set_target_cell..get_or_set_cached_cell_and_set_connections" :: waited 0.000s {{(pid=118526) inner /usr/local/lib/python3.8/dist-packages/oslo_concurrency/lockutils.py:386}}
Feb 04 18:25:26.937691 n-d-792362-8 devstack@n-api.service[118526]: DEBUG oslo_concurrency.lockutils [None req-4571f8fa-5dc9-47e6-9249-1f3556f55fb6 tempest-DeleteServersAdminTestJSON-1026714045 tempest-DeleteServersAdminTestJSON-1026714045-project] Lock "7439e5f9-78d3-41af-89d5-0147b0aa01d3" "released" by "nova.context.set_target_cell..get_or_set_cached_cell_and_set_connections" :: held 0.001s {{(pid=118526) inner /usr/local/lib/python3.8/dist-packages/oslo_concurrency/lockutils.py:400}}
Feb 04 18:25:26.937691 n-d-792362-8 devstack@n-api.service[118526]: DEBUG oslo_concurrency.lockutils [None req-4571f8fa-5dc9-47e6-9249-1f3556f55fb6 tempest-DeleteServersAdminTestJSON-1026714045 tempest-DeleteServersAdminTestJSON-1026714045-project] Lock "7439e5f9-78d3-41af-89d5-0147b0aa01d3" acquired by "nova.context.set_target_cell..get_or_set_cached_cell_and_set_connections" :: waited 0.000s {{(pid=118526) inner /usr/local/lib/python3.8/dist-packages/oslo_concurrency/lockutils.py:386}}
Feb 04 18:25:26.937691 n-d-792362-8 devstack@n-api.service[118526]: DEBUG oslo_concurrency.lockutils [None req-4571f8fa-5dc9-47e6-9249-1f3556f55fb6 tempest-DeleteServersAdminTestJSON-1026714045 tempest-DeleteServersAdminTestJSON-1026714045-project] Lock "7439e5f9-78d3-41af-89d5-0147b0aa01d3" "released" by "nova.context.set_target_cell..get_or_set_cached_cell_and_set_connections" :: held 0.000s {{(pid=118526) inner /usr/local/lib/python3.8/dist-packages/oslo_concurrency/lockutils.py:400}}
Feb 04 18:25:26.963241 n-d-792362-8 devstack@n-api.service[118527]: INFO nova.api.openstack.requestlog [None req-be2a9a3c-4b3d-4c12-a31e-11aa00de34c6 tempest-FlavorsAccessNegativeTestJSON-1880341568 tempest-FlavorsAccessNegativeTestJSON-1880341568-project-admin] 10.222.0.47 "DELETE /compute/v2.1/flavors/1041449141" status: 202 len: 0 microversion: 2.1 time: 0.200294
Feb 04 18:25:26.964017 n-d-792362-8 devstack@n-api.service[118527]: [pid: 118527|app: 0|req: 21/52] 10.222.0.47 () {58 vars in 1160 bytes} [Fri Feb 4 18:25:26 2022] DELETE /compute/v2.1/flavors/1041449141 => generated 0 bytes in 202 msecs (HTTP/1.1 202) 9 headers in 361 bytes (1 switches on core 0)
Feb 04 18:25:26.977351 n-d-792362-8 devstack@n-api.service[118527]: DEBUG nova.api.openstack.wsgi [None req-e778fded-72ce-43f5-84e1-0eaa82dab469 tempest-FlavorsAccessNegativeTestJSON-1880341568 tempest-FlavorsAccessNegativeTestJSON-1880341568-project-admin] Calling method '>' {{(pid=118527) _process_stack /opt/stack/nova/nova/api/openstack/wsgi.py:513}}
Feb 04 18:25:27.019739 n-d-792362-8 devstack@n-api.service[118527]: INFO nova.api.openstack.requestlog [None req-e778fded-72ce-43f5-84e1-0eaa82dab469 tempest-FlavorsAccessNegativeTestJSON-1880341568 tempest-FlavorsAccessNegativeTestJSON-1880341568-project-admin] 10.222.0.47 "GET /compute/v2.1/flavors/detail" status: 200 len: 4991 microversion: 2.1 time: 0.050618
Feb 04 18:25:27.021007 n-d-792362-8 devstack@n-api.service[118527]: [pid: 118527|app: 0|req: 22/53] 10.222.0.47 () {58 vars in 1145 bytes} [Fri Feb 4 18:25:26 2022] GET /compute/v2.1/flavors/detail => generated 4991 bytes in 53 msecs (HTTP/1.1 200) 9 headers in 358 bytes (1 switches on core 0)
Feb 04 18:25:27.041463 n-d-792362-8 devstack@n-api.service[118527]: DEBUG nova.api.openstack.wsgi [None req-97b83f62-0d1e-4142-a03f-9051160ff73f tempest-FlavorsAccessNegativeTestJSON-1880341568 tempest-FlavorsAccessNegativeTestJSON-1880341568-project-admin] Action: 'create', calling method: >, body: {"flavor": {"ram": 512, "vcpus": 1, "disk": 10, "name": "tempest-FlavorsAccessNegativeTestJSON-flavor-209370944", "id": 777935902, "os-flavor-access:is_public": "False"}} {{(pid=118527) _process_stack /opt/stack/nova/nova/api/openstack/wsgi.py:511}}
Feb 04 18:25:27.043207 n-d-792362-8 devstack@n-api.service[118527]: /usr/local/lib/python3.8/dist-packages/oslo_policy/policy.py:1119: UserWarning: Policy "os_compute_api:os-flavor-manage:create": "rule:system_admin_api" failed scope check. The token used to make the request was project scoped but the policy requires ['system'] scope. This behavior may change in the future where using the intended scope is required
Feb 04 18:25:27.043207 n-d-792362-8 devstack@n-api.service[118527]: warnings.warn(msg)
Feb 04 18:25:27.160817 n-d-792362-8 devstack@n-api.service[118527]: INFO nova.api.openstack.requestlog [None req-97b83f62-0d1e-4142-a03f-9051160ff73f tempest-FlavorsAccessNegativeTestJSON-1880341568 tempest-FlavorsAccessNegativeTestJSON-1880341568-project-admin] 10.222.0.47 "POST /compute/v2.1/flavors" status: 200 len: 435 microversion: 2.1 time: 0.116569
Feb 04 18:25:27.160817 n-d-792362-8 devstack@n-api.service[118527]: [pid: 118527|app: 0|req: 23/54] 10.222.0.47 () {60 vars in 1146 bytes} [Fri Feb 4 18:25:27 2022] POST /compute/v2.1/flavors => generated 435 bytes in 119 msecs (HTTP/1.1 200) 9 headers in 357 bytes (2 switches on core 0)
Feb 04 18:25:27.170882 n-d-792362-8 devstack@n-api.service[118527]: DEBUG nova.api.openstack.wsgi [None req-01809336-603c-482d-b22e-dfe07a9bbd0b tempest-FlavorsAccessNegativeTestJSON-1880341568 tempest-FlavorsAccessNegativeTestJSON-1880341568-project-admin] Action: 'action', calling method: >, body: {"removeTenantAccess": {"tenant": "f8971fd4cd714f889743dd54d390e12b"}} {{(pid=118527) _process_stack /opt/stack/nova/nova/api/openstack/wsgi.py:511}}
Feb 04 18:25:27.173957 n-d-792362-8 devstack@n-api.service[118527]: /usr/local/lib/python3.8/dist-packages/oslo_policy/policy.py:1119: UserWarning: Policy "os_compute_api:os-flavor-access:remove_tenant_access": "rule:system_admin_api" failed scope check. The token used to make the request was project scoped but the policy requires ['system'] scope. This behavior may change in the future where using the intended scope is required
Feb 04 18:25:27.173957 n-d-792362-8 devstack@n-api.service[118527]: warnings.warn(msg)
Feb 04 18:25:27.181955 n-d-792362-8 devstack@n-api.service[118526]: DEBUG nova.policy [None req-4571f8fa-5dc9-47e6-9249-1f3556f55fb6 tempest-DeleteServersAdminTestJSON-1026714045 tempest-DeleteServersAdminTestJSON-1026714045-project] Policy check for os_compute_api:os-extended-server-attributes failed with credentials {'is_admin': False, 'user_id': 'c12daaa77c6b4c04a06ee88b747eff0d', 'user_domain_id': 'default', 'system_scope': None, 'domain_id': None, 'project_id': '3fe4efd75bf24d85baf9fd18405e5739', 'project_domain_id': 'default', 'roles': ['member', 'reader'], 'is_admin_project': True, 'service_user_id': None, 'service_user_domain_id': None, 'service_project_id': None, 'service_project_domain_id': None, 'service_roles': []} {{(pid=118526) authorize /opt/stack/nova/nova/policy.py:199}}
Feb 04 18:25:27.201556 n-d-792362-8 devstack@n-api.service[118526]: INFO nova.api.openstack.requestlog [None req-4571f8fa-5dc9-47e6-9249-1f3556f55fb6 tempest-DeleteServersAdminTestJSON-1026714045 tempest-DeleteServersAdminTestJSON-1026714045-project] 10.222.0.47 "GET /compute/v2.1/servers/71ca1c53-7f46-490e-ab7c-d7186c6d6022" status: 200 len: 1299 microversion: 2.1 time: 0.277944
Feb 04 18:25:27.205554 n-d-792362-8 devstack@n-api.service[118526]: [pid: 118526|app: 0|req: 32/55] 10.222.0.47 () {58 vars in 1235 bytes} [Fri Feb 4 18:25:26 2022] GET /compute/v2.1/servers/71ca1c53-7f46-490e-ab7c-d7186c6d6022 => generated 1299 bytes in 283 msecs (HTTP/1.1 200) 9 headers in 358 bytes (2 switches on core 0)
Feb 04 18:25:27.716087 n-d-792362-8 devstack@n-api.service[118527]: INFO nova.api.openstack.wsgi [None req-01809336-603c-482d-b22e-dfe07a9bbd0b tempest-FlavorsAccessNegativeTestJSON-1880341568 tempest-FlavorsAccessNegativeTestJSON-1880341568-project-admin] HTTP exception thrown: Flavor access not found for 20 / f8971fd4cd714f889743dd54d390e12b combination.
Feb 04 18:25:27.716087 n-d-792362-8 devstack@n-api.service[118527]: DEBUG nova.api.openstack.wsgi [None req-01809336-603c-482d-b22e-dfe07a9bbd0b tempest-FlavorsAccessNegativeTestJSON-1880341568 tempest-FlavorsAccessNegativeTestJSON-1880341568-project-admin] Returning 404 to user: Flavor access not found for 20 / f8971fd4cd714f889743dd54d390e12b combination. {{(pid=118527) __call__ /opt/stack/nova/nova/api/openstack/wsgi.py:936}}
Feb 04 18:25:27.716087 n-d-792362-8 devstack@n-api.service[118527]: INFO nova.api.openstack.requestlog [None req-01809336-603c-482d-b22e-dfe07a9bbd0b tempest-FlavorsAccessNegativeTestJSON-1880341568 tempest-FlavorsAccessNegativeTestJSON-1880341568-project-admin] 10.222.0.47 "POST /compute/v2.1/flavors/777935902/action" status: 404 len: 124 microversion: 2.1 time: 0.518076
Feb 04 18:25:27.716087 n-d-792362-8 devstack@n-api.service[118527]: [pid: 118527|app: 0|req: 24/56] 10.222.0.47 () {60 vars in 1196 bytes} [Fri Feb 4 18:25:27 2022] POST /compute/v2.1/flavors/777935902/action => generated 124 bytes in 529 msecs (HTTP/1.1 404) 9 headers in 379 bytes (1 switches on core 0)
Feb 04 18:25:27.717151 n-d-792362-8 devstack@n-api.service[118526]: DEBUG nova.api.openstack.wsgi [None req-db26d98f-2724-46fc-8964-a3a96f3d6781 tempest-FlavorsAccessNegativeTestJSON-1880341568 tempest-FlavorsAccessNegativeTestJSON-1880341568-project-admin] Calling method '>' {{(pid=118526) _process_stack /opt/stack/nova/nova/api/openstack/wsgi.py:513}}
Feb 04 18:25:27.717151 n-d-792362-8 devstack@n-api.service[118526]: /usr/local/lib/python3.8/dist-packages/oslo_policy/policy.py:1119: UserWarning: Policy "os_compute_api:os-flavor-manage:delete": "rule:system_admin_api" failed scope check. The token used to make the request was project scoped but the policy requires ['system'] scope. This behavior may change in the future where using the intended scope is required
Feb 04 18:25:27.717151 n-d-792362-8 devstack@n-api.service[118526]: warnings.warn(msg)
Feb 04 18:25:27.737935 n-d-792362-8 devstack@n-api.service[118527]: DEBUG nova.api.openstack.wsgi [None req-b13821cf-be86-4771-80c4-03899c6cac04 tempest-AggregatesAdminTestJSON-1240356327 tempest-AggregatesAdminTestJSON-1240356327-project] Calling method '>' {{(pid=118527) _process_stack /opt/stack/nova/nova/api/openstack/wsgi.py:513}}
Feb 04 18:25:27.738570 n-d-792362-8 devstack@n-api.service[118527]: DEBUG nova.compute.api [None req-b13821cf-be86-4771-80c4-03899c6cac04 tempest-AggregatesAdminTestJSON-1240356327 tempest-AggregatesAdminTestJSON-1240356327-project] [instance: 14c300d0-1f65-4142-85e6-02219b7da557] Fetching instance by UUID {{(pid=118527) get /opt/stack/nova/nova/compute/api.py:2866}}
Feb 04 18:25:27.748264 n-d-792362-8 devstack@n-api.service[118527]: DEBUG oslo_concurrency.lockutils [None req-b13821cf-be86-4771-80c4-03899c6cac04 tempest-AggregatesAdminTestJSON-1240356327 tempest-AggregatesAdminTestJSON-1240356327-project] Lock "7439e5f9-78d3-41af-89d5-0147b0aa01d3" acquired by "nova.context.set_target_cell..get_or_set_cached_cell_and_set_connections" :: waited 0.000s {{(pid=118527) inner /usr/local/lib/python3.8/dist-packages/oslo_concurrency/lockutils.py:386}}
Feb 04 18:25:27.748734 n-d-792362-8 devstack@n-api.service[118527]: DEBUG oslo_concurrency.lockutils [None req-b13821cf-be86-4771-80c4-03899c6cac04 tempest-AggregatesAdminTestJSON-1240356327 tempest-AggregatesAdminTestJSON-1240356327-project] Lock "7439e5f9-78d3-41af-89d5-0147b0aa01d3" "released" by "nova.context.set_target_cell..get_or_set_cached_cell_and_set_connections" :: held 0.001s {{(pid=118527) inner /usr/local/lib/python3.8/dist-packages/oslo_concurrency/lockutils.py:400}}
Feb 04 18:25:27.752776 n-d-792362-8 devstack@n-api.service[118527]: DEBUG oslo_concurrency.lockutils [None req-b13821cf-be86-4771-80c4-03899c6cac04 tempest-AggregatesAdminTestJSON-1240356327 tempest-AggregatesAdminTestJSON-1240356327-project] Lock "7439e5f9-78d3-41af-89d5-0147b0aa01d3" acquired by "nova.context.set_target_cell..get_or_set_cached_cell_and_set_connections" :: waited 0.000s {{(pid=118527) inner /usr/local/lib/python3.8/dist-packages/oslo_concurrency/lockutils.py:386}}
Feb 04 18:25:27.753249 n-d-792362-8 devstack@n-api.service[118527]: DEBUG oslo_concurrency.lockutils [None req-b13821cf-be86-4771-80c4-03899c6cac04 tempest-AggregatesAdminTestJSON-1240356327 tempest-AggregatesAdminTestJSON-1240356327-project] Lock "7439e5f9-78d3-41af-89d5-0147b0aa01d3" "released" by "nova.context.set_target_cell..get_or_set_cached_cell_and_set_connections" :: held 0.001s {{(pid=118527) inner /usr/local/lib/python3.8/dist-packages/oslo_concurrency/lockutils.py:400}}
Feb 04 18:25:27.796139 n-d-792362-8 devstack@n-api.service[118526]: INFO nova.api.openstack.requestlog [None req-db26d98f-2724-46fc-8964-a3a96f3d6781 tempest-FlavorsAccessNegativeTestJSON-1880341568 tempest-FlavorsAccessNegativeTestJSON-1880341568-project-admin] 10.222.0.47 "DELETE /compute/v2.1/flavors/777935902" status: 202 len: 0 microversion: 2.1 time: 0.109203
Feb 04 18:25:27.798154 n-d-792362-8 devstack@n-api.service[118526]: [pid: 118526|app: 0|req: 33/57] 10.222.0.47 () {58 vars in 1157 bytes} [Fri Feb 4 18:25:27 2022] DELETE /compute/v2.1/flavors/777935902 => generated 0 bytes in 112 msecs (HTTP/1.1 202) 9 headers in 361 bytes (1 switches on core 0)
Feb 04 18:25:27.811331 n-d-792362-8 devstack@n-api.service[118526]: DEBUG nova.api.openstack.wsgi [None req-178a1999-1ee7-4552-8f45-92d7d47b6416 tempest-FlavorsAccessNegativeTestJSON-1880341568 tempest-FlavorsAccessNegativeTestJSON-1880341568-project-admin] Calling method '>' {{(pid=118526) _process_stack /opt/stack/nova/nova/api/openstack/wsgi.py:513}}
Feb 04 18:25:27.908167 n-d-792362-8 devstack@n-api.service[118526]: INFO nova.api.openstack.requestlog [None req-178a1999-1ee7-4552-8f45-92d7d47b6416 tempest-FlavorsAccessNegativeTestJSON-1880341568 tempest-FlavorsAccessNegativeTestJSON-1880341568-project-admin] 10.222.0.47 "GET /compute/v2.1/flavors/detail" status: 200 len: 4991 microversion: 2.1 time: 0.101650
Feb 04 18:25:27.909815 n-d-792362-8 devstack@n-api.service[118526]: [pid: 118526|app: 0|req: 34/58] 10.222.0.47 () {58 vars in 1145 bytes} [Fri Feb 4 18:25:27 2022] GET /compute/v2.1/flavors/detail => generated 4991 bytes in 107 msecs (HTTP/1.1 200) 9 headers in 358 bytes (2 switches on core 0)
Feb 04 18:25:28.207390 n-d-792362-8 devstack@n-api.service[118527]: DEBUG nova.policy [None req-b13821cf-be86-4771-80c4-03899c6cac04 tempest-AggregatesAdminTestJSON-1240356327 tempest-AggregatesAdminTestJSON-1240356327-project] Policy check for os_compute_api:os-extended-server-attributes failed with credentials {'is_admin': False, 'user_id': 'e523687021ee428b9ea9fffa93d3317a', 'user_domain_id': 'default', 'system_scope': None, 'domain_id': None, 'project_id': 'dccde0711dc94c1390d1078c7be5bac4', 'project_domain_id': 'default', 'roles': ['member', 'reader'], 'is_admin_project': True, 'service_user_id': None, 'service_user_domain_id': None, 'service_project_id': None, 'service_project_domain_id': None, 'service_roles': []} {{(pid=118527) authorize /opt/stack/nova/nova/policy.py:199}}
Feb 04 18:25:28.222546 n-d-792362-8 devstack@n-api.service[118526]: DEBUG nova.api.openstack.wsgi [None req-dc3237e6-a35e-43d3-8454-50520231f6e6 tempest-DeleteServersAdminTestJSON-1026714045 tempest-DeleteServersAdminTestJSON-1026714045-project] Calling method '>' {{(pid=118526) _process_stack /opt/stack/nova/nova/api/openstack/wsgi.py:513}}
Feb 04 18:25:28.223299 n-d-792362-8 devstack@n-api.service[118527]: INFO nova.api.openstack.requestlog [None req-b13821cf-be86-4771-80c4-03899c6cac04 tempest-AggregatesAdminTestJSON-1240356327 tempest-AggregatesAdminTestJSON-1240356327-project] 10.222.0.47 "GET /compute/v2.1/servers/14c300d0-1f65-4142-85e6-02219b7da557" status: 200 len: 1298 microversion: 2.1 time: 0.489259
Feb 04 18:25:28.223537 n-d-792362-8 devstack@n-api.service[118526]: DEBUG nova.compute.api [None req-dc3237e6-a35e-43d3-8454-50520231f6e6 tempest-DeleteServersAdminTestJSON-1026714045 tempest-DeleteServersAdminTestJSON-1026714045-project] [instance: 71ca1c53-7f46-490e-ab7c-d7186c6d6022] Fetching instance by UUID {{(pid=118526) get /opt/stack/nova/nova/compute/api.py:2866}}
Feb 04 18:25:28.224526 n-d-792362-8 devstack@n-api.service[118527]: [pid: 118527|app: 0|req: 25/59] 10.222.0.47 () {58 vars in 1235 bytes} [Fri Feb 4 18:25:27 2022] GET /compute/v2.1/servers/14c300d0-1f65-4142-85e6-02219b7da557 => generated 1298 bytes in 492 msecs (HTTP/1.1 200) 9 headers in 358 bytes (1 switches on core 0)
Feb 04 18:25:28.233650 n-d-792362-8 devstack@n-api.service[118526]: DEBUG oslo_concurrency.lockutils [None req-dc3237e6-a35e-43d3-8454-50520231f6e6 tempest-DeleteServersAdminTestJSON-1026714045 tempest-DeleteServersAdminTestJSON-1026714045-project] Lock "7439e5f9-78d3-41af-89d5-0147b0aa01d3" acquired by "nova.context.set_target_cell..get_or_set_cached_cell_and_set_connections" :: waited 0.000s {{(pid=118526) inner /usr/local/lib/python3.8/dist-packages/oslo_concurrency/lockutils.py:386}}
Feb 04 18:25:28.234127 n-d-792362-8 devstack@n-api.service[118526]: DEBUG oslo_concurrency.lockutils [None req-dc3237e6-a35e-43d3-8454-50520231f6e6 tempest-DeleteServersAdminTestJSON-1026714045 tempest-DeleteServersAdminTestJSON-1026714045-project] Lock "7439e5f9-78d3-41af-89d5-0147b0aa01d3" "released" by "nova.context.set_target_cell..get_or_set_cached_cell_and_set_connections" :: held 0.001s {{(pid=118526) inner /usr/local/lib/python3.8/dist-packages/oslo_concurrency/lockutils.py:400}}
Feb 04 18:25:28.235534 n-d-792362-8 devstack@n-api.service[118526]: DEBUG oslo_concurrency.lockutils [None req-dc3237e6-a35e-43d3-8454-50520231f6e6 tempest-DeleteServersAdminTestJSON-1026714045 tempest-DeleteServersAdminTestJSON-1026714045-project] Lock "7439e5f9-78d3-41af-89d5-0147b0aa01d3" acquired by "nova.context.set_target_cell..get_or_set_cached_cell_and_set_connections" :: waited 0.000s {{(pid=118526) inner /usr/local/lib/python3.8/dist-packages/oslo_concurrency/lockutils.py:386}}
Feb 04 18:25:28.235984 n-d-792362-8 devstack@n-api.service[118526]: DEBUG oslo_concurrency.lockutils [None req-dc3237e6-a35e-43d3-8454-50520231f6e6 tempest-DeleteServersAdminTestJSON-1026714045 tempest-DeleteServersAdminTestJSON-1026714045-project] Lock "7439e5f9-78d3-41af-89d5-0147b0aa01d3" "released" by "nova.context.set_target_cell..get_or_set_cached_cell_and_set_connections" :: held 0.001s {{(pid=118526) inner /usr/local/lib/python3.8/dist-packages/oslo_concurrency/lockutils.py:400}}
Feb 04 18:25:28.561856 n-d-792362-8 devstack@n-api.service[118526]: DEBUG nova.policy [None req-dc3237e6-a35e-43d3-8454-50520231f6e6 tempest-DeleteServersAdminTestJSON-1026714045 tempest-DeleteServersAdminTestJSON-1026714045-project] Policy check for os_compute_api:os-extended-server-attributes failed with credentials {'is_admin': False, 'user_id': 'c12daaa77c6b4c04a06ee88b747eff0d', 'user_domain_id': 'default', 'system_scope': None, 'domain_id': None, 'project_id': '3fe4efd75bf24d85baf9fd18405e5739', 'project_domain_id': 'default', 'roles': ['member', 'reader'], 'is_admin_project': True, 'service_user_id': None, 'service_user_domain_id': None, 'service_project_id': None, 'service_project_domain_id': None, 'service_roles': []} {{(pid=118526) authorize /opt/stack/nova/nova/policy.py:199}}
Feb 04 18:25:28.589790 n-d-792362-8 devstack@n-api.service[118526]: INFO nova.api.openstack.requestlog [None req-dc3237e6-a35e-43d3-8454-50520231f6e6 tempest-DeleteServersAdminTestJSON-1026714045 tempest-DeleteServersAdminTestJSON-1026714045-project] 10.222.0.47 "GET /compute/v2.1/servers/71ca1c53-7f46-490e-ab7c-d7186c6d6022" status: 200 len: 1341 microversion: 2.1 time: 0.371758
Feb 04 18:25:28.590678 n-d-792362-8 devstack@n-api.service[118526]: [pid: 118526|app: 0|req: 35/60] 10.222.0.47 () {58 vars in 1235 bytes} [Fri Feb 4 18:25:28 2022] GET /compute/v2.1/servers/71ca1c53-7f46-490e-ab7c-d7186c6d6022 => generated 1341 bytes in 373 msecs (HTTP/1.1 200) 9 headers in 358 bytes (2 switches on core 0)
Feb 04 18:25:29.264086 n-d-792362-8 devstack@n-api.service[118527]: DEBUG nova.api.openstack.wsgi [None req-1bf09a9e-1271-4ccd-bb43-b60a2a85cefb tempest-AggregatesAdminTestJSON-1240356327 tempest-AggregatesAdminTestJSON-1240356327-project] Calling method '>' {{(pid=118527) _process_stack /opt/stack/nova/nova/api/openstack/wsgi.py:513}}
Feb 04 18:25:29.265284 n-d-792362-8 devstack@n-api.service[118527]: DEBUG nova.compute.api [None req-1bf09a9e-1271-4ccd-bb43-b60a2a85cefb tempest-AggregatesAdminTestJSON-1240356327 tempest-AggregatesAdminTestJSON-1240356327-project] [instance: 14c300d0-1f65-4142-85e6-02219b7da557] Fetching instance by UUID {{(pid=118527) get /opt/stack/nova/nova/compute/api.py:2866}}
Feb 04 18:25:29.273134 n-d-792362-8 devstack@n-api.service[118527]: DEBUG oslo_concurrency.lockutils [None req-1bf09a9e-1271-4ccd-bb43-b60a2a85cefb tempest-AggregatesAdminTestJSON-1240356327 tempest-AggregatesAdminTestJSON-1240356327-project] Lock "7439e5f9-78d3-41af-89d5-0147b0aa01d3" acquired by "nova.context.set_target_cell..get_or_set_cached_cell_and_set_connections" :: waited 0.000s {{(pid=118527) inner /usr/local/lib/python3.8/dist-packages/oslo_concurrency/lockutils.py:386}}
Feb 04 18:25:29.273846 n-d-792362-8 devstack@n-api.service[118527]: DEBUG oslo_concurrency.lockutils [None req-1bf09a9e-1271-4ccd-bb43-b60a2a85cefb tempest-AggregatesAdminTestJSON-1240356327 tempest-AggregatesAdminTestJSON-1240356327-project] Lock "7439e5f9-78d3-41af-89d5-0147b0aa01d3" "released" by "nova.context.set_target_cell..get_or_set_cached_cell_and_set_connections" :: held 0.002s {{(pid=118527) inner /usr/local/lib/python3.8/dist-packages/oslo_concurrency/lockutils.py:400}}
Feb 04 18:25:29.275776 n-d-792362-8 devstack@n-api.service[118527]: DEBUG oslo_concurrency.lockutils [None req-1bf09a9e-1271-4ccd-bb43-b60a2a85cefb tempest-AggregatesAdminTestJSON-1240356327 tempest-AggregatesAdminTestJSON-1240356327-project] Lock "7439e5f9-78d3-41af-89d5-0147b0aa01d3" acquired by "nova.context.set_target_cell..get_or_set_cached_cell_and_set_connections" :: waited 0.000s {{(pid=118527) inner /usr/local/lib/python3.8/dist-packages/oslo_concurrency/lockutils.py:386}}
Feb 04 18:25:29.276378 n-d-792362-8 devstack@n-api.service[118527]: DEBUG oslo_concurrency.lockutils [None req-1bf09a9e-1271-4ccd-bb43-b60a2a85cefb tempest-AggregatesAdminTestJSON-1240356327 tempest-AggregatesAdminTestJSON-1240356327-project] Lock "7439e5f9-78d3-41af-89d5-0147b0aa01d3" "released" by "nova.context.set_target_cell..get_or_set_cached_cell_and_set_connections" :: held 0.001s {{(pid=118527) inner /usr/local/lib/python3.8/dist-packages/oslo_concurrency/lockutils.py:400}}
