Feb 03 13:35:57.050156 n-d-792356-8 devstack@placement-api.service[104356]: [pid: 104356|app: 0|req: 246/496] 10.222.0.60 () {58 vars in 1390 bytes} [Thu Feb 3 13:35:57 2022] GET /placement/resource_providers/e6cfdcb7-3312-4af2-93a5-0979b73a6ebd/allocations => generated 530 bytes in 48 msecs (HTTP/1.1 200) 6 headers in 224 bytes (2 switches on core 0)
Feb 03 13:35:59.889961 n-d-792356-8 devstack@placement-api.service[104357]: DEBUG placement.requestlog [req-d7110461-42b2-4320-bf32-0fe9a9272ea1 req-44818258-ec5d-4422-9a95-ccc8fd5056da None None] Starting request: 10.222.0.75 "GET /placement/allocations/23370539-7a17-4640-a133-91582b8813b7" {{(pid=104357) __call__ /opt/stack/placement/placement/requestlog.py:55}}
Feb 03 13:35:59.914412 n-d-792356-8 devstack@placement-api.service[104357]: INFO placement.requestlog [req-d7110461-42b2-4320-bf32-0fe9a9272ea1 req-44818258-ec5d-4422-9a95-ccc8fd5056da service placement] 10.222.0.75 "GET /placement/allocations/23370539-7a17-4640-a133-91582b8813b7" status: 200 len: 259 microversion: 1.28
Feb 03 13:35:59.917442 n-d-792356-8 devstack@placement-api.service[104357]: [pid: 104357|app: 0|req: 251/497] 10.222.0.75 () {60 vars in 1377 bytes} [Thu Feb 3 13:35:59 2022] GET /placement/allocations/23370539-7a17-4640-a133-91582b8813b7 => generated 259 bytes in 28 msecs (HTTP/1.1 200) 8 headers in 296 bytes (2 switches on core 0)
Feb 03 13:36:03.720910 n-d-792356-8 devstack@placement-api.service[104356]: DEBUG placement.requestlog [req-30d3f319-9762-4847-a4dc-7f1c8cf3292c req-d4b6904c-d033-474f-82ab-67afb6ffee20 None None] Starting request: 10.222.0.60 "DELETE /placement/allocations/e1b365f6-72af-454d-9bf1-8c9b21685ca0" {{(pid=104356) __call__ /opt/stack/placement/placement/requestlog.py:55}}
Feb 03 13:36:04.209939 n-d-792356-8 devstack@placement-api.service[104356]: DEBUG placement.handlers.allocation [req-30d3f319-9762-4847-a4dc-7f1c8cf3292c req-d4b6904c-d033-474f-82ab-67afb6ffee20 service placement] Successfully deleted allocations [, , ] {{(pid=104356) delete_allocations /opt/stack/placement/placement/handlers/allocation.py:627}}
Feb 03 13:36:04.214784 n-d-792356-8 devstack@placement-api.service[104356]: INFO placement.requestlog [req-30d3f319-9762-4847-a4dc-7f1c8cf3292c req-d4b6904c-d033-474f-82ab-67afb6ffee20 service placement] 10.222.0.60 "DELETE /placement/allocations/e1b365f6-72af-454d-9bf1-8c9b21685ca0" status: 204 len: 0 microversion: 1.0
Feb 03 13:36:04.215014 n-d-792356-8 devstack@placement-api.service[104356]: [pid: 104356|app: 0|req: 247/498] 10.222.0.60 () {60 vars in 1355 bytes} [Thu Feb 3 13:36:03 2022] DELETE /placement/allocations/e1b365f6-72af-454d-9bf1-8c9b21685ca0 => generated 0 bytes in 494 msecs (HTTP/1.1 204) 5 headers in 198 bytes (1 switches on core 0)
Feb 03 13:36:15.281783 n-d-792356-8 devstack@placement-api.service[104357]: DEBUG placement.requestlog [req-66d175c1-3938-4f1e-8ad9-0803ad80c8b9 req-e4653be7-89f6-4d98-99f4-779414ae6a40 None None] Starting request: 10.222.0.95 "GET /placement/allocation_candidates?limit=1000&resources=DISK_GB%3A1%2CMEMORY_MB%3A1024%2CVCPU%3A1&root_required=%21COMPUTE_STATUS_DISABLED" {{(pid=104357) __call__ /opt/stack/placement/placement/requestlog.py:55}}
Feb 03 13:36:15.375700 n-d-792356-8 devstack@placement-api.service[104357]: DEBUG placement.objects.research_context [req-66d175c1-3938-4f1e-8ad9-0803ad80c8b9 req-e4653be7-89f6-4d98-99f4-779414ae6a40 service placement] getting providers with 1 DISK_GB {{(pid=104357) __init__ /opt/stack/placement/placement/objects/research_context.py:126}}
Feb 03 13:36:15.404596 n-d-792356-8 devstack@placement-api.service[104357]: DEBUG placement.objects.research_context [req-66d175c1-3938-4f1e-8ad9-0803ad80c8b9 req-e4653be7-89f6-4d98-99f4-779414ae6a40 service placement] getting providers with 1024 MEMORY_MB {{(pid=104357) __init__ /opt/stack/placement/placement/objects/research_context.py:126}}
Feb 03 13:36:15.426334 n-d-792356-8 devstack@placement-api.service[104357]: DEBUG placement.objects.research_context [req-66d175c1-3938-4f1e-8ad9-0803ad80c8b9 req-e4653be7-89f6-4d98-99f4-779414ae6a40 service placement] getting providers with 1 VCPU {{(pid=104357) __init__ /opt/stack/placement/placement/objects/research_context.py:126}}
Feb 03 13:36:15.440568 n-d-792356-8 devstack@placement-api.service[104357]: DEBUG placement.objects.research_context [req-66d175c1-3938-4f1e-8ad9-0803ad80c8b9 req-e4653be7-89f6-4d98-99f4-779414ae6a40 service placement] found 2 providers with available 1 DISK_GB {{(pid=104357) get_provider_ids_matching /opt/stack/placement/placement/objects/research_context.py:549}}
Feb 03 13:36:15.442993 n-d-792356-8 devstack@placement-api.service[104357]: DEBUG placement.objects.research_context [req-66d175c1-3938-4f1e-8ad9-0803ad80c8b9 req-e4653be7-89f6-4d98-99f4-779414ae6a40 service placement] found 2 providers with available 1024 MEMORY_MB {{(pid=104357) get_provider_ids_matching /opt/stack/placement/placement/objects/research_context.py:549}}
Feb 03 13:36:15.443487 n-d-792356-8 devstack@placement-api.service[104357]: DEBUG placement.objects.research_context [req-66d175c1-3938-4f1e-8ad9-0803ad80c8b9 req-e4653be7-89f6-4d98-99f4-779414ae6a40 service placement] found 2 providers after filtering by previous result {{(pid=104357) get_provider_ids_matching /opt/stack/placement/placement/objects/research_context.py:580}}
Feb 03 13:36:15.443930 n-d-792356-8 devstack@placement-api.service[104357]: DEBUG placement.objects.research_context [req-66d175c1-3938-4f1e-8ad9-0803ad80c8b9 req-e4653be7-89f6-4d98-99f4-779414ae6a40 service placement] found 2 providers with available 1 VCPU {{(pid=104357) get_provider_ids_matching /opt/stack/placement/placement/objects/research_context.py:549}}
Feb 03 13:36:15.448133 n-d-792356-8 devstack@placement-api.service[104357]: DEBUG placement.objects.research_context [req-66d175c1-3938-4f1e-8ad9-0803ad80c8b9 req-e4653be7-89f6-4d98-99f4-779414ae6a40 service placement] found 2 providers after filtering by previous result {{(pid=104357) get_provider_ids_matching /opt/stack/placement/placement/objects/research_context.py:580}}
Feb 03 13:36:15.490053 n-d-792356-8 devstack@placement-api.service[104357]: DEBUG placement.objects.allocation_candidate [req-66d175c1-3938-4f1e-8ad9-0803ad80c8b9 req-e4653be7-89f6-4d98-99f4-779414ae6a40 service placement] RequestGroup(use_same_provider=False, resources={DISK_GB:1, MEMORY_MB:1024, VCPU:1}, traits=[], aggregates=[]) (suffix '') returned 2 matches {{(pid=104357) _get_by_requests /opt/stack/placement/placement/objects/allocation_candidate.py:145}}
Feb 03 13:36:15.490434 n-d-792356-8 devstack@placement-api.service[104357]: DEBUG placement.objects.allocation_candidate [req-66d175c1-3938-4f1e-8ad9-0803ad80c8b9 req-e4653be7-89f6-4d98-99f4-779414ae6a40 service placement] Merging candidates yields 2 allocation requests and 2 provider summaries {{(pid=104357) _merge_candidates /opt/stack/placement/placement/objects/allocation_candidate.py:783}}
Feb 03 13:36:15.492751 n-d-792356-8 devstack@placement-api.service[104357]: INFO placement.requestlog [req-66d175c1-3938-4f1e-8ad9-0803ad80c8b9 req-e4653be7-89f6-4d98-99f4-779414ae6a40 service placement] 10.222.0.95 "GET /placement/allocation_candidates?limit=1000&resources=DISK_GB%3A1%2CMEMORY_MB%3A1024%2CVCPU%3A1&root_required=%21COMPUTE_STATUS_DISABLED" status: 200 len: 1309 microversion: 1.36
Feb 03 13:36:15.498184 n-d-792356-8 devstack@placement-api.service[104357]: [pid: 104357|app: 0|req: 252/499] 10.222.0.95 () {60 vars in 1506 bytes} [Thu Feb 3 13:36:15 2022] GET /placement/allocation_candidates?limit=1000&resources=DISK_GB%3A1%2CMEMORY_MB%3A1024%2CVCPU%3A1&root_required=%21COMPUTE_STATUS_DISABLED => generated 1309 bytes in 217 msecs (HTTP/1.1 200) 8 headers in 297 bytes (2 switches on core 0)
Feb 03 13:36:15.604614 n-d-792356-8 devstack@placement-api.service[104356]: DEBUG placement.requestlog [req-66d175c1-3938-4f1e-8ad9-0803ad80c8b9 req-d845ddfe-781e-4f68-b951-d8da875ad965 None None] Starting request: 10.222.0.95 "GET /placement/allocations/510477d2-ff43-4f87-a5fb-b64f8e8884b1" {{(pid=104356) __call__ /opt/stack/placement/placement/requestlog.py:55}}
Feb 03 13:36:15.620327 n-d-792356-8 devstack@placement-api.service[104356]: INFO placement.requestlog [req-66d175c1-3938-4f1e-8ad9-0803ad80c8b9 req-d845ddfe-781e-4f68-b951-d8da875ad965 service placement] 10.222.0.95 "GET /placement/allocations/510477d2-ff43-4f87-a5fb-b64f8e8884b1" status: 200 len: 19 microversion: 1.28
Feb 03 13:36:15.620987 n-d-792356-8 devstack@placement-api.service[104356]: [pid: 104356|app: 0|req: 248/500] 10.222.0.95 () {60 vars in 1380 bytes} [Thu Feb 3 13:36:15 2022] GET /placement/allocations/510477d2-ff43-4f87-a5fb-b64f8e8884b1 => generated 19 bytes in 17 msecs (HTTP/1.1 200) 8 headers in 295 bytes (1 switches on core 0)
Feb 03 13:36:15.630504 n-d-792356-8 devstack@placement-api.service[104357]: DEBUG placement.requestlog [req-66d175c1-3938-4f1e-8ad9-0803ad80c8b9 req-959d6686-b12e-496f-9276-42f75e8f9ce9 None None] Starting request: 10.222.0.95 "PUT /placement/allocations/510477d2-ff43-4f87-a5fb-b64f8e8884b1" {{(pid=104357) __call__ /opt/stack/placement/placement/requestlog.py:55}}
Feb 03 13:36:15.982619 n-d-792356-8 devstack@placement-api.service[104357]: DEBUG placement.handlers.allocation [req-66d175c1-3938-4f1e-8ad9-0803ad80c8b9 req-959d6686-b12e-496f-9276-42f75e8f9ce9 service placement] Successfully wrote allocations [, , ] {{(pid=104357) _update_consumers_and_create_allocations /opt/stack/placement/placement/handlers/allocation.py:462}}
Feb 03 13:36:16.113887 n-d-792356-8 devstack@placement-api.service[104357]: INFO placement.requestlog [req-66d175c1-3938-4f1e-8ad9-0803ad80c8b9 req-959d6686-b12e-496f-9276-42f75e8f9ce9 service placement] 10.222.0.95 "PUT /placement/allocations/510477d2-ff43-4f87-a5fb-b64f8e8884b1" status: 204 len: 0 microversion: 1.36
Feb 03 13:36:16.114664 n-d-792356-8 devstack@placement-api.service[104357]: [pid: 104357|app: 0|req: 253/501] 10.222.0.95 () {64 vars in 1433 bytes} [Thu Feb 3 13:36:15 2022] PUT /placement/allocations/510477d2-ff43-4f87-a5fb-b64f8e8884b1 => generated 0 bytes in 485 msecs (HTTP/1.1 204) 5 headers in 199 bytes (1 switches on core 0)
Feb 03 13:36:18.233240 n-d-792356-8 devstack@placement-api.service[104356]: DEBUG placement.requestlog [req-66d175c1-3938-4f1e-8ad9-0803ad80c8b9 req-5e3aad9d-22e6-49ff-9b72-b3a56ff50feb None None] Starting request: 10.222.0.60 "GET /placement/allocations/510477d2-ff43-4f87-a5fb-b64f8e8884b1" {{(pid=104356) __call__ /opt/stack/placement/placement/requestlog.py:55}}
Feb 03 13:36:18.269564 n-d-792356-8 devstack@placement-api.service[104356]: INFO placement.requestlog [req-66d175c1-3938-4f1e-8ad9-0803ad80c8b9 req-5e3aad9d-22e6-49ff-9b72-b3a56ff50feb service placement] 10.222.0.60 "GET /placement/allocations/510477d2-ff43-4f87-a5fb-b64f8e8884b1" status: 200 len: 259 microversion: 1.28
Feb 03 13:36:18.273656 n-d-792356-8 devstack@placement-api.service[104356]: [pid: 104356|app: 0|req: 249/502] 10.222.0.60 () {60 vars in 1377 bytes} [Thu Feb 3 13:36:18 2022] GET /placement/allocations/510477d2-ff43-4f87-a5fb-b64f8e8884b1 => generated 259 bytes in 39 msecs (HTTP/1.1 200) 8 headers in 296 bytes (1 switches on core 0)
Feb 03 13:36:20.514455 n-d-792356-8 devstack@placement-api.service[104357]: DEBUG placement.requestlog [req-54cb550d-bc87-4c51-a4f5-cfed1da6ada4 req-8707c0c2-23bd-4a34-a4b2-3b71e11b1c0e None None] Starting request: 10.222.0.95 "GET /placement/allocation_candidates?limit=1000&resources=DISK_GB%3A1%2CMEMORY_MB%3A1024%2CVCPU%3A1&root_required=%21COMPUTE_STATUS_DISABLED" {{(pid=104357) __call__ /opt/stack/placement/placement/requestlog.py:55}}
Feb 03 13:36:20.584955 n-d-792356-8 devstack@placement-api.service[104357]: DEBUG placement.objects.research_context [req-54cb550d-bc87-4c51-a4f5-cfed1da6ada4 req-8707c0c2-23bd-4a34-a4b2-3b71e11b1c0e service placement] getting providers with 1 DISK_GB {{(pid=104357) __init__ /opt/stack/placement/placement/objects/research_context.py:126}}
Feb 03 13:36:20.592208 n-d-792356-8 devstack@placement-api.service[104357]: DEBUG placement.objects.research_context [req-54cb550d-bc87-4c51-a4f5-cfed1da6ada4 req-8707c0c2-23bd-4a34-a4b2-3b71e11b1c0e service placement] getting providers with 1024 MEMORY_MB {{(pid=104357) __init__ /opt/stack/placement/placement/objects/research_context.py:126}}
Feb 03 13:36:20.598082 n-d-792356-8 devstack@placement-api.service[104357]: DEBUG placement.objects.research_context [req-54cb550d-bc87-4c51-a4f5-cfed1da6ada4 req-8707c0c2-23bd-4a34-a4b2-3b71e11b1c0e service placement] getting providers with 1 VCPU {{(pid=104357) __init__ /opt/stack/placement/placement/objects/research_context.py:126}}
Feb 03 13:36:20.606579 n-d-792356-8 devstack@placement-api.service[104357]: DEBUG placement.objects.research_context [req-54cb550d-bc87-4c51-a4f5-cfed1da6ada4 req-8707c0c2-23bd-4a34-a4b2-3b71e11b1c0e service placement] found 2 providers with available 1 DISK_GB {{(pid=104357) get_provider_ids_matching /opt/stack/placement/placement/objects/research_context.py:549}}
Feb 03 13:36:20.607092 n-d-792356-8 devstack@placement-api.service[104357]: DEBUG placement.objects.research_context [req-54cb550d-bc87-4c51-a4f5-cfed1da6ada4 req-8707c0c2-23bd-4a34-a4b2-3b71e11b1c0e service placement] found 2 providers with available 1024 MEMORY_MB {{(pid=104357) get_provider_ids_matching /opt/stack/placement/placement/objects/research_context.py:549}}
Feb 03 13:36:20.607585 n-d-792356-8 devstack@placement-api.service[104357]: DEBUG placement.objects.research_context [req-54cb550d-bc87-4c51-a4f5-cfed1da6ada4 req-8707c0c2-23bd-4a34-a4b2-3b71e11b1c0e service placement] found 2 providers after filtering by previous result {{(pid=104357) get_provider_ids_matching /opt/stack/placement/placement/objects/research_context.py:580}}
Feb 03 13:36:20.608091 n-d-792356-8 devstack@placement-api.service[104357]: DEBUG placement.objects.research_context [req-54cb550d-bc87-4c51-a4f5-cfed1da6ada4 req-8707c0c2-23bd-4a34-a4b2-3b71e11b1c0e service placement] found 2 providers with available 1 VCPU {{(pid=104357) get_provider_ids_matching /opt/stack/placement/placement/objects/research_context.py:549}}
Feb 03 13:36:20.608578 n-d-792356-8 devstack@placement-api.service[104357]: DEBUG placement.objects.research_context [req-54cb550d-bc87-4c51-a4f5-cfed1da6ada4 req-8707c0c2-23bd-4a34-a4b2-3b71e11b1c0e service placement] found 2 providers after filtering by previous result {{(pid=104357) get_provider_ids_matching /opt/stack/placement/placement/objects/research_context.py:580}}
Feb 03 13:36:20.621885 n-d-792356-8 devstack@placement-api.service[104357]: DEBUG placement.objects.allocation_candidate [req-54cb550d-bc87-4c51-a4f5-cfed1da6ada4 req-8707c0c2-23bd-4a34-a4b2-3b71e11b1c0e service placement] RequestGroup(use_same_provider=False, resources={DISK_GB:1, MEMORY_MB:1024, VCPU:1}, traits=[], aggregates=[]) (suffix '') returned 2 matches {{(pid=104357) _get_by_requests /opt/stack/placement/placement/objects/allocation_candidate.py:145}}
Feb 03 13:36:20.622467 n-d-792356-8 devstack@placement-api.service[104357]: DEBUG placement.objects.allocation_candidate [req-54cb550d-bc87-4c51-a4f5-cfed1da6ada4 req-8707c0c2-23bd-4a34-a4b2-3b71e11b1c0e service placement] Merging candidates yields 2 allocation requests and 2 provider summaries {{(pid=104357) _merge_candidates /opt/stack/placement/placement/objects/allocation_candidate.py:783}}
Feb 03 13:36:20.624423 n-d-792356-8 devstack@placement-api.service[104357]: INFO placement.requestlog [req-54cb550d-bc87-4c51-a4f5-cfed1da6ada4 req-8707c0c2-23bd-4a34-a4b2-3b71e11b1c0e service placement] 10.222.0.95 "GET /placement/allocation_candidates?limit=1000&resources=DISK_GB%3A1%2CMEMORY_MB%3A1024%2CVCPU%3A1&root_required=%21COMPUTE_STATUS_DISABLED" status: 200 len: 1309 microversion: 1.36
Feb 03 13:36:20.636707 n-d-792356-8 devstack@placement-api.service[104357]: [pid: 104357|app: 0|req: 254/503] 10.222.0.95 () {60 vars in 1506 bytes} [Thu Feb 3 13:36:20 2022] GET /placement/allocation_candidates?limit=1000&resources=DISK_GB%3A1%2CMEMORY_MB%3A1024%2CVCPU%3A1&root_required=%21COMPUTE_STATUS_DISABLED => generated 1309 bytes in 115 msecs (HTTP/1.1 200) 8 headers in 297 bytes (1 switches on core 0)
Feb 03 13:36:20.688393 n-d-792356-8 devstack@placement-api.service[104356]: DEBUG placement.requestlog [req-54cb550d-bc87-4c51-a4f5-cfed1da6ada4 req-3cf6baa9-228e-4a8b-bb18-6b1d28b327cd None None] Starting request: 10.222.0.95 "GET /placement/allocations/b8d20a4e-8030-477a-b7a7-be8fe93b7dd7" {{(pid=104356) __call__ /opt/stack/placement/placement/requestlog.py:55}}
Feb 03 13:36:20.702072 n-d-792356-8 devstack@placement-api.service[104356]: INFO placement.requestlog [req-54cb550d-bc87-4c51-a4f5-cfed1da6ada4 req-3cf6baa9-228e-4a8b-bb18-6b1d28b327cd service placement] 10.222.0.95 "GET /placement/allocations/b8d20a4e-8030-477a-b7a7-be8fe93b7dd7" status: 200 len: 19 microversion: 1.28
Feb 03 13:36:20.706146 n-d-792356-8 devstack@placement-api.service[104356]: [pid: 104356|app: 0|req: 250/504] 10.222.0.95 () {60 vars in 1380 bytes} [Thu Feb 3 13:36:20 2022] GET /placement/allocations/b8d20a4e-8030-477a-b7a7-be8fe93b7dd7 => generated 19 bytes in 14 msecs (HTTP/1.1 200) 8 headers in 295 bytes (1 switches on core 0)
Feb 03 13:36:20.709102 n-d-792356-8 devstack@placement-api.service[104357]: DEBUG placement.requestlog [req-54cb550d-bc87-4c51-a4f5-cfed1da6ada4 req-87ee38ce-7365-426e-b7df-12ff1f2d6ddd None None] Starting request: 10.222.0.95 "PUT /placement/allocations/b8d20a4e-8030-477a-b7a7-be8fe93b7dd7" {{(pid=104357) __call__ /opt/stack/placement/placement/requestlog.py:55}}
Feb 03 13:36:21.089379 n-d-792356-8 devstack@placement-api.service[104357]: DEBUG placement.handlers.allocation [req-54cb550d-bc87-4c51-a4f5-cfed1da6ada4 req-87ee38ce-7365-426e-b7df-12ff1f2d6ddd service placement] Successfully wrote allocations [, , ] {{(pid=104357) _update_consumers_and_create_allocations /opt/stack/placement/placement/handlers/allocation.py:462}}
Feb 03 13:36:21.192923 n-d-792356-8 devstack@placement-api.service[104357]: INFO placement.requestlog [req-54cb550d-bc87-4c51-a4f5-cfed1da6ada4 req-87ee38ce-7365-426e-b7df-12ff1f2d6ddd service placement] 10.222.0.95 "PUT /placement/allocations/b8d20a4e-8030-477a-b7a7-be8fe93b7dd7" status: 204 len: 0 microversion: 1.36
Feb 03 13:36:21.193333 n-d-792356-8 devstack@placement-api.service[104357]: [pid: 104357|app: 0|req: 255/505] 10.222.0.95 () {64 vars in 1433 bytes} [Thu Feb 3 13:36:20 2022] PUT /placement/allocations/b8d20a4e-8030-477a-b7a7-be8fe93b7dd7 => generated 0 bytes in 485 msecs (HTTP/1.1 204) 5 headers in 199 bytes (1 switches on core 0)
Feb 03 13:36:21.210516 n-d-792356-8 devstack@placement-api.service[104356]: DEBUG placement.requestlog [req-54cb550d-bc87-4c51-a4f5-cfed1da6ada4 req-fb5031e9-ada6-4a5b-831d-180f8148aee1 None None] Starting request: 10.222.0.95 "GET /placement/allocations/fba851f4-d819-45ed-a11d-1c76945848af" {{(pid=104356) __call__ /opt/stack/placement/placement/requestlog.py:55}}
Feb 03 13:36:21.231751 n-d-792356-8 devstack@placement-api.service[104356]: INFO placement.requestlog [req-54cb550d-bc87-4c51-a4f5-cfed1da6ada4 req-fb5031e9-ada6-4a5b-831d-180f8148aee1 service placement] 10.222.0.95 "GET /placement/allocations/fba851f4-d819-45ed-a11d-1c76945848af" status: 200 len: 19 microversion: 1.28
Feb 03 13:36:21.232078 n-d-792356-8 devstack@placement-api.service[104356]: [pid: 104356|app: 0|req: 251/506] 10.222.0.95 () {60 vars in 1380 bytes} [Thu Feb 3 13:36:21 2022] GET /placement/allocations/fba851f4-d819-45ed-a11d-1c76945848af => generated 19 bytes in 24 msecs (HTTP/1.1 200) 8 headers in 295 bytes (1 switches on core 0)
Feb 03 13:36:21.242310 n-d-792356-8 devstack@placement-api.service[104357]: DEBUG placement.requestlog [req-54cb550d-bc87-4c51-a4f5-cfed1da6ada4 req-3138177d-f576-4cc9-8384-e1ace9242a38 None None] Starting request: 10.222.0.95 "PUT /placement/allocations/fba851f4-d819-45ed-a11d-1c76945848af" {{(pid=104357) __call__ /opt/stack/placement/placement/requestlog.py:55}}
Feb 03 13:36:21.457010 n-d-792356-8 devstack@placement-api.service[104357]: DEBUG placement.handlers.allocation [req-54cb550d-bc87-4c51-a4f5-cfed1da6ada4 req-3138177d-f576-4cc9-8384-e1ace9242a38 service placement] Successfully wrote allocations [, , ] {{(pid=104357) _update_consumers_and_create_allocations /opt/stack/placement/placement/handlers/allocation.py:462}}
Feb 03 13:36:21.535185 n-d-792356-8 devstack@placement-api.service[104357]: INFO placement.requestlog [req-54cb550d-bc87-4c51-a4f5-cfed1da6ada4 req-3138177d-f576-4cc9-8384-e1ace9242a38 service placement] 10.222.0.95 "PUT /placement/allocations/fba851f4-d819-45ed-a11d-1c76945848af" status: 204 len: 0 microversion: 1.36
Feb 03 13:36:21.540175 n-d-792356-8 devstack@placement-api.service[104357]: [pid: 104357|app: 0|req: 256/507] 10.222.0.95 () {64 vars in 1433 bytes} [Thu Feb 3 13:36:21 2022] PUT /placement/allocations/fba851f4-d819-45ed-a11d-1c76945848af => generated 0 bytes in 294 msecs (HTTP/1.1 204) 5 headers in 199 bytes (1 switches on core 0)
Feb 03 13:36:22.521304 n-d-792356-8 devstack@placement-api.service[104356]: DEBUG placement.requestlog [req-66f2dece-de83-4e08-ac33-4a9da5ca81c5 req-fa358792-391a-4906-beaa-615e169b78bb None None] Starting request: 10.222.0.60 "DELETE /placement/allocations/e63cf3a1-25e3-4c9d-aa83-a69cb9fbf3e2" {{(pid=104356) __call__ /opt/stack/placement/placement/requestlog.py:55}}
Feb 03 13:36:22.821175 n-d-792356-8 devstack@placement-api.service[104356]: DEBUG placement.handlers.allocation [req-66f2dece-de83-4e08-ac33-4a9da5ca81c5 req-fa358792-391a-4906-beaa-615e169b78bb service placement] Successfully deleted allocations [, ] {{(pid=104356) delete_allocations /opt/stack/placement/placement/handlers/allocation.py:627}}
Feb 03 13:36:22.822022 n-d-792356-8 devstack@placement-api.service[104356]: INFO placement.requestlog [req-66f2dece-de83-4e08-ac33-4a9da5ca81c5 req-fa358792-391a-4906-beaa-615e169b78bb service placement] 10.222.0.60 "DELETE /placement/allocations/e63cf3a1-25e3-4c9d-aa83-a69cb9fbf3e2" status: 204 len: 0 microversion: 1.0
Feb 03 13:36:22.822897 n-d-792356-8 devstack@placement-api.service[104356]: [pid: 104356|app: 0|req: 252/508] 10.222.0.60 () {60 vars in 1355 bytes} [Thu Feb 3 13:36:22 2022] DELETE /placement/allocations/e63cf3a1-25e3-4c9d-aa83-a69cb9fbf3e2 => generated 0 bytes in 302 msecs (HTTP/1.1 204) 5 headers in 198 bytes (1 switches on core 0)
Feb 03 13:36:23.191978 n-d-792356-8 devstack@placement-api.service[104357]: DEBUG placement.requestlog [req-54cb550d-bc87-4c51-a4f5-cfed1da6ada4 req-001402e2-b4be-4e74-b426-a2ca39374e06 None None] Starting request: 10.222.0.75 "GET /placement/allocations/b8d20a4e-8030-477a-b7a7-be8fe93b7dd7" {{(pid=104357) __call__ /opt/stack/placement/placement/requestlog.py:55}}
Feb 03 13:36:23.251835 n-d-792356-8 devstack@placement-api.service[104357]: INFO placement.requestlog [req-54cb550d-bc87-4c51-a4f5-cfed1da6ada4 req-001402e2-b4be-4e74-b426-a2ca39374e06 service placement] 10.222.0.75 "GET /placement/allocations/b8d20a4e-8030-477a-b7a7-be8fe93b7dd7" status: 200 len: 259 microversion: 1.28
Feb 03 13:36:23.252568 n-d-792356-8 devstack@placement-api.service[104357]: [pid: 104357|app: 0|req: 257/509] 10.222.0.75 () {60 vars in 1377 bytes} [Thu Feb 3 13:36:23 2022] GET /placement/allocations/b8d20a4e-8030-477a-b7a7-be8fe93b7dd7 => generated 259 bytes in 61 msecs (HTTP/1.1 200) 8 headers in 296 bytes (1 switches on core 0)
Feb 03 13:36:23.724324 n-d-792356-8 devstack@placement-api.service[104356]: DEBUG placement.requestlog [req-54cb550d-bc87-4c51-a4f5-cfed1da6ada4 req-af584e90-482e-4cc5-9494-53ba31cf49e3 None None] Starting request: 10.222.0.60 "GET /placement/allocations/fba851f4-d819-45ed-a11d-1c76945848af" {{(pid=104356) __call__ /opt/stack/placement/placement/requestlog.py:55}}
Feb 03 13:36:23.761121 n-d-792356-8 devstack@placement-api.service[104356]: INFO placement.requestlog [req-54cb550d-bc87-4c51-a4f5-cfed1da6ada4 req-af584e90-482e-4cc5-9494-53ba31cf49e3 service placement] 10.222.0.60 "GET /placement/allocations/fba851f4-d819-45ed-a11d-1c76945848af" status: 200 len: 259 microversion: 1.28
Feb 03 13:36:23.763808 n-d-792356-8 devstack@placement-api.service[104356]: [pid: 104356|app: 0|req: 253/510] 10.222.0.60 () {60 vars in 1377 bytes} [Thu Feb 3 13:36:23 2022] GET /placement/allocations/fba851f4-d819-45ed-a11d-1c76945848af => generated 259 bytes in 39 msecs (HTTP/1.1 200) 8 headers in 296 bytes (1 switches on core 0)
Feb 03 13:36:31.245720 n-d-792356-8 devstack@placement-api.service[104357]: DEBUG placement.requestlog [req-eb653679-00fd-4f31-99b6-6a3d68d226ea req-e72e2981-622a-4769-947b-039a47724d02 None None] Starting request: 10.222.0.75 "GET /placement/allocations/23370539-7a17-4640-a133-91582b8813b7" {{(pid=104357) __call__ /opt/stack/placement/placement/requestlog.py:55}}
Feb 03 13:36:31.268230 n-d-792356-8 devstack@placement-api.service[104357]: INFO placement.requestlog [req-eb653679-00fd-4f31-99b6-6a3d68d226ea req-e72e2981-622a-4769-947b-039a47724d02 service placement] 10.222.0.75 "GET /placement/allocations/23370539-7a17-4640-a133-91582b8813b7" status: 200 len: 259 microversion: 1.28
Feb 03 13:36:31.270724 n-d-792356-8 devstack@placement-api.service[104357]: [pid: 104357|app: 0|req: 258/511] 10.222.0.75 () {60 vars in 1377 bytes} [Thu Feb 3 13:36:31 2022] GET /placement/allocations/23370539-7a17-4640-a133-91582b8813b7 => generated 259 bytes in 25 msecs (HTTP/1.1 200) 8 headers in 296 bytes (1 switches on core 0)
Feb 03 13:36:36.277507 n-d-792356-8 devstack@placement-api.service[104356]: DEBUG placement.requestlog [req-5a7d6aa1-0410-40d8-865f-13403d0c477c req-d88a113e-d713-45aa-8777-1ccbffb5a669 None None] Starting request: 10.222.0.95 "GET /placement/allocation_candidates?limit=1000&resources=DISK_GB%3A1%2CMEMORY_MB%3A1024%2CVCPU%3A1&root_required=%21COMPUTE_STATUS_DISABLED" {{(pid=104356) __call__ /opt/stack/placement/placement/requestlog.py:55}}
Feb 03 13:36:36.607140 n-d-792356-8 devstack@placement-api.service[104356]: DEBUG placement.objects.research_context [req-5a7d6aa1-0410-40d8-865f-13403d0c477c req-d88a113e-d713-45aa-8777-1ccbffb5a669 service placement] getting providers with 1 DISK_GB {{(pid=104356) __init__ /opt/stack/placement/placement/objects/research_context.py:126}}
Feb 03 13:36:36.622599 n-d-792356-8 devstack@placement-api.service[104356]: DEBUG placement.objects.research_context [req-5a7d6aa1-0410-40d8-865f-13403d0c477c req-d88a113e-d713-45aa-8777-1ccbffb5a669 service placement] getting providers with 1024 MEMORY_MB {{(pid=104356) __init__ /opt/stack/placement/placement/objects/research_context.py:126}}
Feb 03 13:36:36.641031 n-d-792356-8 devstack@placement-api.service[104356]: DEBUG placement.objects.research_context [req-5a7d6aa1-0410-40d8-865f-13403d0c477c req-d88a113e-d713-45aa-8777-1ccbffb5a669 service placement] getting providers with 1 VCPU {{(pid=104356) __init__ /opt/stack/placement/placement/objects/research_context.py:126}}
Feb 03 13:36:36.657295 n-d-792356-8 devstack@placement-api.service[104356]: DEBUG placement.objects.research_context [req-5a7d6aa1-0410-40d8-865f-13403d0c477c req-d88a113e-d713-45aa-8777-1ccbffb5a669 service placement] found 2 providers with available 1 DISK_GB {{(pid=104356) get_provider_ids_matching /opt/stack/placement/placement/objects/research_context.py:549}}
Feb 03 13:36:36.657724 n-d-792356-8 devstack@placement-api.service[104356]: DEBUG placement.objects.research_context [req-5a7d6aa1-0410-40d8-865f-13403d0c477c req-d88a113e-d713-45aa-8777-1ccbffb5a669 service placement] found 2 providers with available 1024 MEMORY_MB {{(pid=104356) get_provider_ids_matching /opt/stack/placement/placement/objects/research_context.py:549}}
Feb 03 13:36:36.658105 n-d-792356-8 devstack@placement-api.service[104356]: DEBUG placement.objects.research_context [req-5a7d6aa1-0410-40d8-865f-13403d0c477c req-d88a113e-d713-45aa-8777-1ccbffb5a669 service placement] found 2 providers after filtering by previous result {{(pid=104356) get_provider_ids_matching /opt/stack/placement/placement/objects/research_context.py:580}}
Feb 03 13:36:36.658819 n-d-792356-8 devstack@placement-api.service[104356]: DEBUG placement.objects.research_context [req-5a7d6aa1-0410-40d8-865f-13403d0c477c req-d88a113e-d713-45aa-8777-1ccbffb5a669 service placement] found 2 providers with available 1 VCPU {{(pid=104356) get_provider_ids_matching /opt/stack/placement/placement/objects/research_context.py:549}}
Feb 03 13:36:36.659943 n-d-792356-8 devstack@placement-api.service[104356]: DEBUG placement.objects.research_context [req-5a7d6aa1-0410-40d8-865f-13403d0c477c req-d88a113e-d713-45aa-8777-1ccbffb5a669 service placement] found 2 providers after filtering by previous result {{(pid=104356) get_provider_ids_matching /opt/stack/placement/placement/objects/research_context.py:580}}
Feb 03 13:36:36.692672 n-d-792356-8 devstack@placement-api.service[104356]: DEBUG placement.objects.allocation_candidate [req-5a7d6aa1-0410-40d8-865f-13403d0c477c req-d88a113e-d713-45aa-8777-1ccbffb5a669 service placement] RequestGroup(use_same_provider=False, resources={DISK_GB:1, MEMORY_MB:1024, VCPU:1}, traits=[], aggregates=[]) (suffix '') returned 2 matches {{(pid=104356) _get_by_requests /opt/stack/placement/placement/objects/allocation_candidate.py:145}}
Feb 03 13:36:36.694758 n-d-792356-8 devstack@placement-api.service[104356]: DEBUG placement.objects.allocation_candidate [req-5a7d6aa1-0410-40d8-865f-13403d0c477c req-d88a113e-d713-45aa-8777-1ccbffb5a669 service placement] Merging candidates yields 2 allocation requests and 2 provider summaries {{(pid=104356) _merge_candidates /opt/stack/placement/placement/objects/allocation_candidate.py:783}}
Feb 03 13:36:36.700059 n-d-792356-8 devstack@placement-api.service[104356]: INFO placement.requestlog [req-5a7d6aa1-0410-40d8-865f-13403d0c477c req-d88a113e-d713-45aa-8777-1ccbffb5a669 service placement] 10.222.0.95 "GET /placement/allocation_candidates?limit=1000&resources=DISK_GB%3A1%2CMEMORY_MB%3A1024%2CVCPU%3A1&root_required=%21COMPUTE_STATUS_DISABLED" status: 200 len: 1309 microversion: 1.36
Feb 03 13:36:36.700795 n-d-792356-8 devstack@placement-api.service[104356]: [pid: 104356|app: 0|req: 254/512] 10.222.0.95 () {60 vars in 1506 bytes} [Thu Feb 3 13:36:36 2022] GET /placement/allocation_candidates?limit=1000&resources=DISK_GB%3A1%2CMEMORY_MB%3A1024%2CVCPU%3A1&root_required=%21COMPUTE_STATUS_DISABLED => generated 1309 bytes in 424 msecs (HTTP/1.1 200) 8 headers in 297 bytes (2 switches on core 0)
Feb 03 13:36:36.854984 n-d-792356-8 devstack@placement-api.service[104357]: DEBUG placement.requestlog [req-5a7d6aa1-0410-40d8-865f-13403d0c477c req-9fb47efc-b08f-4b70-ae28-47699c94b6a9 None None] Starting request: 10.222.0.95 "GET /placement/allocations/6801563c-84e9-41a9-b26b-c7468e3e87d9" {{(pid=104357) __call__ /opt/stack/placement/placement/requestlog.py:55}}
Feb 03 13:36:36.872378 n-d-792356-8 devstack@placement-api.service[104357]: INFO placement.requestlog [req-5a7d6aa1-0410-40d8-865f-13403d0c477c req-9fb47efc-b08f-4b70-ae28-47699c94b6a9 service placement] 10.222.0.95 "GET /placement/allocations/6801563c-84e9-41a9-b26b-c7468e3e87d9" status: 200 len: 19 microversion: 1.28
Feb 03 13:36:36.873197 n-d-792356-8 devstack@placement-api.service[104357]: [pid: 104357|app: 0|req: 259/513] 10.222.0.95 () {60 vars in 1380 bytes} [Thu Feb 3 13:36:36 2022] GET /placement/allocations/6801563c-84e9-41a9-b26b-c7468e3e87d9 => generated 19 bytes in 19 msecs (HTTP/1.1 200) 8 headers in 295 bytes (1 switches on core 0)
Feb 03 13:36:36.879972 n-d-792356-8 devstack@placement-api.service[104356]: DEBUG placement.requestlog [req-5a7d6aa1-0410-40d8-865f-13403d0c477c req-f2044a18-b663-4c4c-a063-b97e93954cf7 None None] Starting request: 10.222.0.95 "PUT /placement/allocations/6801563c-84e9-41a9-b26b-c7468e3e87d9" {{(pid=104356) __call__ /opt/stack/placement/placement/requestlog.py:55}}
Feb 03 13:36:37.027349 n-d-792356-8 devstack@placement-api.service[104356]: DEBUG placement.handlers.allocation [req-5a7d6aa1-0410-40d8-865f-13403d0c477c req-f2044a18-b663-4c4c-a063-b97e93954cf7 service placement] Successfully wrote allocations [, , ] {{(pid=104356) _update_consumers_and_create_allocations /opt/stack/placement/placement/handlers/allocation.py:462}}
Feb 03 13:36:37.127340 n-d-792356-8 devstack@placement-api.service[104357]: DEBUG placement.requestlog [None req-0198e242-63bc-4854-a010-58fb3415a768 None None] Starting request: 10.222.0.95 "GET /placement/" {{(pid=104357) __call__ /opt/stack/placement/placement/requestlog.py:55}}
Feb 03 13:36:37.128041 n-d-792356-8 devstack@placement-api.service[104357]: INFO placement.requestlog [None req-0198e242-63bc-4854-a010-58fb3415a768 None None] 10.222.0.95 "GET /placement/" status: 200 len: 136 microversion: 1.0
Feb 03 13:36:37.128368 n-d-792356-8 devstack@placement-api.service[104357]: [pid: 104357|app: 0|req: 260/514] 10.222.0.95 () {54 vars in 907 bytes} [Thu Feb 3 13:36:37 2022] GET /placement => generated 136 bytes in 2 msecs (HTTP/1.1 200) 6 headers in 224 bytes (2 switches on core 0)
Feb 03 13:36:37.139957 n-d-792356-8 devstack@placement-api.service[104356]: INFO placement.requestlog [req-5a7d6aa1-0410-40d8-865f-13403d0c477c req-f2044a18-b663-4c4c-a063-b97e93954cf7 service placement] 10.222.0.95 "PUT /placement/allocations/6801563c-84e9-41a9-b26b-c7468e3e87d9" status: 204 len: 0 microversion: 1.36
Feb 03 13:36:37.140360 n-d-792356-8 devstack@placement-api.service[104356]: [pid: 104356|app: 0|req: 255/515] 10.222.0.95 () {64 vars in 1433 bytes} [Thu Feb 3 13:36:36 2022] PUT /placement/allocations/6801563c-84e9-41a9-b26b-c7468e3e87d9 => generated 0 bytes in 261 msecs (HTTP/1.1 204) 5 headers in 199 bytes (1 switches on core 0)
Feb 03 13:36:37.149769 n-d-792356-8 devstack@placement-api.service[104357]: DEBUG placement.requestlog [req-66408029-0970-4afa-aded-fddf769d852d req-8228fb59-f377-47e2-b700-d42751b85874 None None] Starting request: 10.222.0.95 "DELETE /placement/allocations/6801563c-84e9-41a9-b26b-c7468e3e87d9" {{(pid=104357) __call__ /opt/stack/placement/placement/requestlog.py:55}}
Feb 03 13:36:37.324524 n-d-792356-8 devstack@placement-api.service[104356]: DEBUG placement.requestlog [req-5a7d6aa1-0410-40d8-865f-13403d0c477c req-b16a0552-616a-4cb2-af90-ed2c84514ca2 None None] Starting request: 10.222.0.95 "DELETE /placement/allocations/6801563c-84e9-41a9-b26b-c7468e3e87d9" {{(pid=104356) __call__ /opt/stack/placement/placement/requestlog.py:55}}
Feb 03 13:36:37.455175 n-d-792356-8 devstack@placement-api.service[104356]: DEBUG placement.handlers.allocation [req-5a7d6aa1-0410-40d8-865f-13403d0c477c req-b16a0552-616a-4cb2-af90-ed2c84514ca2 service placement] Successfully deleted allocations [, , ] {{(pid=104356) delete_allocations /opt/stack/placement/placement/handlers/allocation.py:627}}
Feb 03 13:36:37.455978 n-d-792356-8 devstack@placement-api.service[104357]: DEBUG placement.handlers.allocation [req-66408029-0970-4afa-aded-fddf769d852d req-8228fb59-f377-47e2-b700-d42751b85874 service placement] Successfully deleted allocations [, , ] {{(pid=104357) delete_allocations /opt/stack/placement/placement/handlers/allocation.py:627}}
Feb 03 13:36:37.456154 n-d-792356-8 devstack@placement-api.service[104356]: INFO placement.requestlog [req-5a7d6aa1-0410-40d8-865f-13403d0c477c req-b16a0552-616a-4cb2-af90-ed2c84514ca2 service placement] 10.222.0.95 "DELETE /placement/allocations/6801563c-84e9-41a9-b26b-c7468e3e87d9" status: 204 len: 0 microversion: 1.0
Feb 03 13:36:37.456784 n-d-792356-8 devstack@placement-api.service[104357]: INFO placement.requestlog [req-66408029-0970-4afa-aded-fddf769d852d req-8228fb59-f377-47e2-b700-d42751b85874 service placement] 10.222.0.95 "DELETE /placement/allocations/6801563c-84e9-41a9-b26b-c7468e3e87d9" status: 204 len: 0 microversion: 1.0
Feb 03 13:36:37.462283 n-d-792356-8 devstack@placement-api.service[104357]: [pid: 104357|app: 0|req: 261/517] 10.222.0.95 () {60 vars in 1349 bytes} [Thu Feb 3 13:36:37 2022] DELETE /placement/allocations/6801563c-84e9-41a9-b26b-c7468e3e87d9 => generated 0 bytes in 313 msecs (HTTP/1.1 204) 5 headers in 198 bytes (2 switches on core 0)
Feb 03 13:36:37.463429 n-d-792356-8 devstack@placement-api.service[104356]: [pid: 104356|app: 0|req: 256/517] 10.222.0.95 () {60 vars in 1358 bytes} [Thu Feb 3 13:36:37 2022] DELETE /placement/allocations/6801563c-84e9-41a9-b26b-c7468e3e87d9 => generated 0 bytes in 133 msecs (HTTP/1.1 204) 5 headers in 198 bytes (1 switches on core 0)
Feb 03 13:36:39.551601 n-d-792356-8 devstack@placement-api.service[104357]: DEBUG placement.requestlog [req-babf9a22-659b-4642-9835-ac25a3a142c6 req-aa9723af-6df0-4a82-8880-74d1a92db9e7 None None] Starting request: 10.222.0.75 "DELETE /placement/allocations/c4d541bb-8592-4037-a71d-dbe263b830a9" {{(pid=104357) __call__ /opt/stack/placement/placement/requestlog.py:55}}
Feb 03 13:36:39.804151 n-d-792356-8 devstack@placement-api.service[104357]: DEBUG placement.handlers.allocation [req-babf9a22-659b-4642-9835-ac25a3a142c6 req-aa9723af-6df0-4a82-8880-74d1a92db9e7 service placement] Successfully deleted allocations [, , ] {{(pid=104357) delete_allocations /opt/stack/placement/placement/handlers/allocation.py:627}}
Feb 03 13:36:39.804151 n-d-792356-8 devstack@placement-api.service[104357]: INFO placement.requestlog [req-babf9a22-659b-4642-9835-ac25a3a142c6 req-aa9723af-6df0-4a82-8880-74d1a92db9e7 service placement] 10.222.0.75 "DELETE /placement/allocations/c4d541bb-8592-4037-a71d-dbe263b830a9" status: 204 len: 0 microversion: 1.0
Feb 03 13:36:39.804151 n-d-792356-8 devstack@placement-api.service[104357]: [pid: 104357|app: 0|req: 262/518] 10.222.0.75 () {60 vars in 1355 bytes} [Thu Feb 3 13:36:39 2022] DELETE /placement/allocations/c4d541bb-8592-4037-a71d-dbe263b830a9 => generated 0 bytes in 251 msecs (HTTP/1.1 204) 5 headers in 198 bytes (1 switches on core 0)
Feb 03 13:36:40.638586 n-d-792356-8 devstack@placement-api.service[104356]: DEBUG placement.requestlog [req-9f728bee-138b-4586-809d-1a713f551334 req-fa3e7aef-d26e-4442-9f5b-b8d540e0aa7b None None] Starting request: 10.222.0.95 "GET /placement/allocation_candidates?limit=1000&resources=DISK_GB%3A1%2CMEMORY_MB%3A1024%2CVCPU%3A1&root_required=%21COMPUTE_STATUS_DISABLED" {{(pid=104356) __call__ /opt/stack/placement/placement/requestlog.py:55}}
Feb 03 13:36:40.722538 n-d-792356-8 devstack@placement-api.service[104356]: DEBUG placement.objects.research_context [req-9f728bee-138b-4586-809d-1a713f551334 req-fa3e7aef-d26e-4442-9f5b-b8d540e0aa7b service placement] getting providers with 1 DISK_GB {{(pid=104356) __init__ /opt/stack/placement/placement/objects/research_context.py:126}}
Feb 03 13:36:40.738994 n-d-792356-8 devstack@placement-api.service[104356]: DEBUG placement.objects.research_context [req-9f728bee-138b-4586-809d-1a713f551334 req-fa3e7aef-d26e-4442-9f5b-b8d540e0aa7b service placement] getting providers with 1024 MEMORY_MB {{(pid=104356) __init__ /opt/stack/placement/placement/objects/research_context.py:126}}
Feb 03 13:36:40.761930 n-d-792356-8 devstack@placement-api.service[104356]: DEBUG placement.objects.research_context [req-9f728bee-138b-4586-809d-1a713f551334 req-fa3e7aef-d26e-4442-9f5b-b8d540e0aa7b service placement] getting providers with 1 VCPU {{(pid=104356) __init__ /opt/stack/placement/placement/objects/research_context.py:126}}
Feb 03 13:36:40.774912 n-d-792356-8 devstack@placement-api.service[104356]: DEBUG placement.objects.research_context [req-9f728bee-138b-4586-809d-1a713f551334 req-fa3e7aef-d26e-4442-9f5b-b8d540e0aa7b service placement] found 2 providers with available 1 DISK_GB {{(pid=104356) get_provider_ids_matching /opt/stack/placement/placement/objects/research_context.py:549}}
Feb 03 13:36:40.775438 n-d-792356-8 devstack@placement-api.service[104356]: DEBUG placement.objects.research_context [req-9f728bee-138b-4586-809d-1a713f551334 req-fa3e7aef-d26e-4442-9f5b-b8d540e0aa7b service placement] found 2 providers with available 1024 MEMORY_MB {{(pid=104356) get_provider_ids_matching /opt/stack/placement/placement/objects/research_context.py:549}}
Feb 03 13:36:40.775928 n-d-792356-8 devstack@placement-api.service[104356]: DEBUG placement.objects.research_context [req-9f728bee-138b-4586-809d-1a713f551334 req-fa3e7aef-d26e-4442-9f5b-b8d540e0aa7b service placement] found 2 providers after filtering by previous result {{(pid=104356) get_provider_ids_matching /opt/stack/placement/placement/objects/research_context.py:580}}
Feb 03 13:36:40.776406 n-d-792356-8 devstack@placement-api.service[104356]: DEBUG placement.objects.research_context [req-9f728bee-138b-4586-809d-1a713f551334 req-fa3e7aef-d26e-4442-9f5b-b8d540e0aa7b service placement] found 2 providers with available 1 VCPU {{(pid=104356) get_provider_ids_matching /opt/stack/placement/placement/objects/research_context.py:549}}
Feb 03 13:36:40.776909 n-d-792356-8 devstack@placement-api.service[104356]: DEBUG placement.objects.research_context [req-9f728bee-138b-4586-809d-1a713f551334 req-fa3e7aef-d26e-4442-9f5b-b8d540e0aa7b service placement] found 2 providers after filtering by previous result {{(pid=104356) get_provider_ids_matching /opt/stack/placement/placement/objects/research_context.py:580}}
Feb 03 13:36:40.789461 n-d-792356-8 devstack@placement-api.service[104356]: DEBUG placement.objects.allocation_candidate [req-9f728bee-138b-4586-809d-1a713f551334 req-fa3e7aef-d26e-4442-9f5b-b8d540e0aa7b service placement] RequestGroup(use_same_provider=False, resources={DISK_GB:1, MEMORY_MB:1024, VCPU:1}, traits=[], aggregates=[]) (suffix '') returned 2 matches {{(pid=104356) _get_by_requests /opt/stack/placement/placement/objects/allocation_candidate.py:145}}
Feb 03 13:36:40.790096 n-d-792356-8 devstack@placement-api.service[104356]: DEBUG placement.objects.allocation_candidate [req-9f728bee-138b-4586-809d-1a713f551334 req-fa3e7aef-d26e-4442-9f5b-b8d540e0aa7b service placement] Merging candidates yields 2 allocation requests and 2 provider summaries {{(pid=104356) _merge_candidates /opt/stack/placement/placement/objects/allocation_candidate.py:783}}
Feb 03 13:36:40.792959 n-d-792356-8 devstack@placement-api.service[104356]: INFO placement.requestlog [req-9f728bee-138b-4586-809d-1a713f551334 req-fa3e7aef-d26e-4442-9f5b-b8d540e0aa7b service placement] 10.222.0.95 "GET /placement/allocation_candidates?limit=1000&resources=DISK_GB%3A1%2CMEMORY_MB%3A1024%2CVCPU%3A1&root_required=%21COMPUTE_STATUS_DISABLED" status: 200 len: 1309 microversion: 1.36
Feb 03 13:36:40.796450 n-d-792356-8 devstack@placement-api.service[104356]: [pid: 104356|app: 0|req: 257/519] 10.222.0.95 () {60 vars in 1506 bytes} [Thu Feb 3 13:36:40 2022] GET /placement/allocation_candidates?limit=1000&resources=DISK_GB%3A1%2CMEMORY_MB%3A1024%2CVCPU%3A1&root_required=%21COMPUTE_STATUS_DISABLED => generated 1309 bytes in 158 msecs (HTTP/1.1 200) 8 headers in 297 bytes (1 switches on core 0)
Feb 03 13:36:40.903658 n-d-792356-8 devstack@placement-api.service[104357]: DEBUG placement.requestlog [req-9f728bee-138b-4586-809d-1a713f551334 req-348955d4-382a-4a61-a20c-8d71fa4a1b29 None None] Starting request: 10.222.0.95 "GET /placement/allocations/ce600ba7-47fa-452b-b905-9641f0039fdb" {{(pid=104357) __call__ /opt/stack/placement/placement/requestlog.py:55}}
Feb 03 13:36:40.929429 n-d-792356-8 devstack@placement-api.service[104357]: INFO placement.requestlog [req-9f728bee-138b-4586-809d-1a713f551334 req-348955d4-382a-4a61-a20c-8d71fa4a1b29 service placement] 10.222.0.95 "GET /placement/allocations/ce600ba7-47fa-452b-b905-9641f0039fdb" status: 200 len: 19 microversion: 1.28
Feb 03 13:36:40.965264 n-d-792356-8 devstack@placement-api.service[104356]: DEBUG placement.requestlog [req-9f728bee-138b-4586-809d-1a713f551334 req-47174dbb-eef5-4717-8288-cea793e98bbc None None] Starting request: 10.222.0.95 "PUT /placement/allocations/ce600ba7-47fa-452b-b905-9641f0039fdb" {{(pid=104356) __call__ /opt/stack/placement/placement/requestlog.py:55}}
Feb 03 13:36:40.967592 n-d-792356-8 devstack@placement-api.service[104357]: [pid: 104357|app: 0|req: 263/520] 10.222.0.95 () {60 vars in 1380 bytes} [Thu Feb 3 13:36:40 2022] GET /placement/allocations/ce600ba7-47fa-452b-b905-9641f0039fdb => generated 19 bytes in 64 msecs (HTTP/1.1 200) 8 headers in 295 bytes (1 switches on core 0)
Feb 03 13:36:41.243826 n-d-792356-8 devstack@placement-api.service[104356]: DEBUG placement.handlers.allocation [req-9f728bee-138b-4586-809d-1a713f551334 req-47174dbb-eef5-4717-8288-cea793e98bbc service placement] Successfully wrote allocations [, , ] {{(pid=104356) _update_consumers_and_create_allocations /opt/stack/placement/placement/handlers/allocation.py:462}}
Feb 03 13:36:41.369521 n-d-792356-8 devstack@placement-api.service[104356]: INFO placement.requestlog [req-9f728bee-138b-4586-809d-1a713f551334 req-47174dbb-eef5-4717-8288-cea793e98bbc service placement] 10.222.0.95 "PUT /placement/allocations/ce600ba7-47fa-452b-b905-9641f0039fdb" status: 204 len: 0 microversion: 1.36
Feb 03 13:36:41.370802 n-d-792356-8 devstack@placement-api.service[104356]: [pid: 104356|app: 0|req: 258/521] 10.222.0.95 () {64 vars in 1433 bytes} [Thu Feb 3 13:36:40 2022] PUT /placement/allocations/ce600ba7-47fa-452b-b905-9641f0039fdb => generated 0 bytes in 406 msecs (HTTP/1.1 204) 5 headers in 199 bytes (1 switches on core 0)
Feb 03 13:36:41.981890 n-d-792356-8 devstack@placement-api.service[104357]: DEBUG placement.requestlog [req-aea17da4-fb64-47d0-9d31-a21f3525594b req-f41adb19-87ea-4720-8a38-0e299c05bf9d None None] Starting request: 10.222.0.75 "DELETE /placement/allocations/7fe6cfa8-73e3-44c7-95df-99470ac2f4e4" {{(pid=104357) __call__ /opt/stack/placement/placement/requestlog.py:55}}
Feb 03 13:36:42.275060 n-d-792356-8 devstack@placement-api.service[104357]: DEBUG placement.handlers.allocation [req-aea17da4-fb64-47d0-9d31-a21f3525594b req-f41adb19-87ea-4720-8a38-0e299c05bf9d service placement] Successfully deleted allocations [, , ] {{(pid=104357) delete_allocations /opt/stack/placement/placement/handlers/allocation.py:627}}
Feb 03 13:36:42.275060 n-d-792356-8 devstack@placement-api.service[104357]: INFO placement.requestlog [req-aea17da4-fb64-47d0-9d31-a21f3525594b req-f41adb19-87ea-4720-8a38-0e299c05bf9d service placement] 10.222.0.75 "DELETE /placement/allocations/7fe6cfa8-73e3-44c7-95df-99470ac2f4e4" status: 204 len: 0 microversion: 1.0
Feb 03 13:36:42.275060 n-d-792356-8 devstack@placement-api.service[104357]: [pid: 104357|app: 0|req: 264/522] 10.222.0.75 () {60 vars in 1355 bytes} [Thu Feb 3 13:36:41 2022] DELETE /placement/allocations/7fe6cfa8-73e3-44c7-95df-99470ac2f4e4 => generated 0 bytes in 290 msecs (HTTP/1.1 204) 5 headers in 198 bytes (2 switches on core 0)
Feb 03 13:36:42.670133 n-d-792356-8 devstack@placement-api.service[104356]: DEBUG placement.requestlog [req-9f728bee-138b-4586-809d-1a713f551334 req-cb9e1c6d-1695-498f-8098-3641043a4c4d None None] Starting request: 10.222.0.75 "GET /placement/allocations/ce600ba7-47fa-452b-b905-9641f0039fdb" {{(pid=104356) __call__ /opt/stack/placement/placement/requestlog.py:55}}
Feb 03 13:36:42.688486 n-d-792356-8 devstack@placement-api.service[104356]: INFO placement.requestlog [req-9f728bee-138b-4586-809d-1a713f551334 req-cb9e1c6d-1695-498f-8098-3641043a4c4d service placement] 10.222.0.75 "GET /placement/allocations/ce600ba7-47fa-452b-b905-9641f0039fdb" status: 200 len: 259 microversion: 1.28
Feb 03 13:36:42.689442 n-d-792356-8 devstack@placement-api.service[104356]: [pid: 104356|app: 0|req: 259/523] 10.222.0.75 () {60 vars in 1377 bytes} [Thu Feb 3 13:36:42 2022] GET /placement/allocations/ce600ba7-47fa-452b-b905-9641f0039fdb => generated 259 bytes in 19 msecs (HTTP/1.1 200) 8 headers in 296 bytes (1 switches on core 0)
Feb 03 13:36:44.947593 n-d-792356-8 devstack@placement-api.service[104357]: DEBUG placement.requestlog [req-8a1f01e0-abdd-4bef-9cca-f9678b922b1f req-0e963e64-d976-4e88-ba1f-764783106fd4 None None] Starting request: 10.222.0.75 "DELETE /placement/allocations/5e65bb87-2824-42cf-8d17-36f540b6cd20" {{(pid=104357) __call__ /opt/stack/placement/placement/requestlog.py:55}}
Feb 03 13:36:45.175774 n-d-792356-8 devstack@placement-api.service[104357]: DEBUG placement.handlers.allocation [req-8a1f01e0-abdd-4bef-9cca-f9678b922b1f req-0e963e64-d976-4e88-ba1f-764783106fd4 service placement] Successfully deleted allocations [, , ] {{(pid=104357) delete_allocations /opt/stack/placement/placement/handlers/allocation.py:627}}
Feb 03 13:36:45.177008 n-d-792356-8 devstack@placement-api.service[104357]: INFO placement.requestlog [req-8a1f01e0-abdd-4bef-9cca-f9678b922b1f req-0e963e64-d976-4e88-ba1f-764783106fd4 service placement] 10.222.0.75 "DELETE /placement/allocations/5e65bb87-2824-42cf-8d17-36f540b6cd20" status: 204 len: 0 microversion: 1.0
Feb 03 13:36:45.177008 n-d-792356-8 devstack@placement-api.service[104357]: [pid: 104357|app: 0|req: 265/524] 10.222.0.75 () {60 vars in 1355 bytes} [Thu Feb 3 13:36:44 2022] DELETE /placement/allocations/5e65bb87-2824-42cf-8d17-36f540b6cd20 => generated 0 bytes in 230 msecs (HTTP/1.1 204) 5 headers in 198 bytes (1 switches on core 0)
Feb 03 13:36:47.062971 n-d-792356-8 devstack@placement-api.service[104356]: DEBUG placement.requestlog [req-ef723e25-e209-4b2a-88d2-2961b4d67e4b req-30af3370-922e-4136-afb4-c90386f44db8 None None] Starting request: 10.222.0.60 "DELETE /placement/allocations/40b4c69a-3156-4cc3-9de3-4b68920812a5" {{(pid=104356) __call__ /opt/stack/placement/placement/requestlog.py:55}}
Feb 03 13:36:47.277755 n-d-792356-8 devstack@placement-api.service[104356]: DEBUG placement.handlers.allocation [req-ef723e25-e209-4b2a-88d2-2961b4d67e4b req-30af3370-922e-4136-afb4-c90386f44db8 service placement] Successfully deleted allocations [, , ] {{(pid=104356) delete_allocations /opt/stack/placement/placement/handlers/allocation.py:627}}
