Aug 31 13:36:16.397709 n-d-792356-6 devstack@placement-api.service[95297]: DEBUG placement.objects.research_context [req-f91a061a-e1a5-47de-aed4-89c4104dc758 req-04475822-9b30-44f5-b1de-55360c60bcdb service placement] found 2 providers with available 1 VCPU {{(pid=95297) get_provider_ids_matching /opt/stack/placement/placement/objects/research_context.py:549}}
Aug 31 13:36:16.398125 n-d-792356-6 devstack@placement-api.service[95297]: DEBUG placement.objects.research_context [req-f91a061a-e1a5-47de-aed4-89c4104dc758 req-04475822-9b30-44f5-b1de-55360c60bcdb service placement] found 2 providers after filtering by previous result {{(pid=95297) get_provider_ids_matching /opt/stack/placement/placement/objects/research_context.py:580}}
Aug 31 13:36:16.429139 n-d-792356-6 devstack@placement-api.service[95297]: DEBUG placement.objects.allocation_candidate [req-f91a061a-e1a5-47de-aed4-89c4104dc758 req-04475822-9b30-44f5-b1de-55360c60bcdb service placement] RequestGroup(use_same_provider=False, resources={DISK_GB:1, MEMORY_MB:1024, VCPU:1}, traits=[], aggregates=[]) (suffix '') returned 2 matches {{(pid=95297) _get_by_requests /opt/stack/placement/placement/objects/allocation_candidate.py:145}}
Aug 31 13:36:16.429953 n-d-792356-6 devstack@placement-api.service[95297]: DEBUG placement.objects.allocation_candidate [req-f91a061a-e1a5-47de-aed4-89c4104dc758 req-04475822-9b30-44f5-b1de-55360c60bcdb service placement] Merging candidates yields 2 allocation requests and 2 provider summaries {{(pid=95297) _merge_candidates /opt/stack/placement/placement/objects/allocation_candidate.py:783}}
Aug 31 13:36:16.435352 n-d-792356-6 devstack@placement-api.service[95297]: INFO placement.requestlog [req-f91a061a-e1a5-47de-aed4-89c4104dc758 req-04475822-9b30-44f5-b1de-55360c60bcdb service placement] 10.222.0.42 "GET /placement/allocation_candidates?limit=1000&resources=DISK_GB%3A1%2CMEMORY_MB%3A1024%2CVCPU%3A1&root_required=%21COMPUTE_STATUS_DISABLED" status: 200 len: 1309 microversion: 1.36
Aug 31 13:36:16.439629 n-d-792356-6 devstack@placement-api.service[95297]: [pid: 95297|app: 0|req: 94/186] 10.222.0.42 () {60 vars in 1507 bytes} [Tue Aug 31 13:36:16 2021] GET /placement/allocation_candidates?limit=1000&resources=DISK_GB%3A1%2CMEMORY_MB%3A1024%2CVCPU%3A1&root_required=%21COMPUTE_STATUS_DISABLED => generated 1309 bytes in 186 msecs (HTTP/1.1 200) 8 headers in 297 bytes (1 switches on core 0)
Aug 31 13:36:16.518664 n-d-792356-6 devstack@placement-api.service[95296]: DEBUG placement.requestlog [req-f91a061a-e1a5-47de-aed4-89c4104dc758 req-6acd5d3e-c6f2-4dbd-9f69-e0bf0d0e9c7a None None] Starting request: 10.222.0.42 "GET /placement/allocations/b9b21b1e-1d96-4a1c-ab18-b62625bb6753" {{(pid=95296) __call__ /opt/stack/placement/placement/requestlog.py:55}}
Aug 31 13:36:16.533957 n-d-792356-6 devstack@placement-api.service[95296]: INFO placement.requestlog [req-f91a061a-e1a5-47de-aed4-89c4104dc758 req-6acd5d3e-c6f2-4dbd-9f69-e0bf0d0e9c7a service placement] 10.222.0.42 "GET /placement/allocations/b9b21b1e-1d96-4a1c-ab18-b62625bb6753" status: 200 len: 19 microversion: 1.28
Aug 31 13:36:16.538364 n-d-792356-6 devstack@placement-api.service[95296]: [pid: 95296|app: 0|req: 93/187] 10.222.0.42 () {60 vars in 1381 bytes} [Tue Aug 31 13:36:16 2021] GET /placement/allocations/b9b21b1e-1d96-4a1c-ab18-b62625bb6753 => generated 19 bytes in 20 msecs (HTTP/1.1 200) 8 headers in 295 bytes (1 switches on core 0)
Aug 31 13:36:16.543067 n-d-792356-6 devstack@placement-api.service[95297]: DEBUG placement.requestlog [req-f91a061a-e1a5-47de-aed4-89c4104dc758 req-3725dfa4-4973-42df-90d7-e0d6f78e70cd None None] Starting request: 10.222.0.42 "PUT /placement/allocations/b9b21b1e-1d96-4a1c-ab18-b62625bb6753" {{(pid=95297) __call__ /opt/stack/placement/placement/requestlog.py:55}}
Aug 31 13:36:16.625939 n-d-792356-6 devstack@placement-api.service[95297]: DEBUG placement.handlers.allocation [req-f91a061a-e1a5-47de-aed4-89c4104dc758 req-3725dfa4-4973-42df-90d7-e0d6f78e70cd service placement] Successfully wrote allocations [, , ] {{(pid=95297) _create_allocations /opt/stack/placement/placement/handlers/allocation.py:461}}
Aug 31 13:36:16.631373 n-d-792356-6 devstack@placement-api.service[95297]: INFO placement.requestlog [req-f91a061a-e1a5-47de-aed4-89c4104dc758 req-3725dfa4-4973-42df-90d7-e0d6f78e70cd service placement] 10.222.0.42 "PUT /placement/allocations/b9b21b1e-1d96-4a1c-ab18-b62625bb6753" status: 204 len: 0 microversion: 1.36
Aug 31 13:36:16.632199 n-d-792356-6 devstack@placement-api.service[95297]: [pid: 95297|app: 0|req: 95/188] 10.222.0.42 () {64 vars in 1434 bytes} [Tue Aug 31 13:36:16 2021] PUT /placement/allocations/b9b21b1e-1d96-4a1c-ab18-b62625bb6753 => generated 0 bytes in 89 msecs (HTTP/1.1 204) 5 headers in 199 bytes (2 switches on core 0)
Aug 31 13:36:17.015158 n-d-792356-6 devstack@placement-api.service[95296]: DEBUG placement.requestlog [req-f91a061a-e1a5-47de-aed4-89c4104dc758 req-12269e63-854a-47af-a505-bd8ef15b7a57 None None] Starting request: 10.222.0.84 "GET /placement/allocations/b9b21b1e-1d96-4a1c-ab18-b62625bb6753" {{(pid=95296) __call__ /opt/stack/placement/placement/requestlog.py:55}}
Aug 31 13:36:17.033997 n-d-792356-6 devstack@placement-api.service[95296]: INFO placement.requestlog [req-f91a061a-e1a5-47de-aed4-89c4104dc758 req-12269e63-854a-47af-a505-bd8ef15b7a57 service placement] 10.222.0.84 "GET /placement/allocations/b9b21b1e-1d96-4a1c-ab18-b62625bb6753" status: 200 len: 259 microversion: 1.28
Aug 31 13:36:17.034232 n-d-792356-6 devstack@placement-api.service[95296]: [pid: 95296|app: 0|req: 94/189] 10.222.0.84 () {60 vars in 1378 bytes} [Tue Aug 31 13:36:17 2021] GET /placement/allocations/b9b21b1e-1d96-4a1c-ab18-b62625bb6753 => generated 259 bytes in 20 msecs (HTTP/1.1 200) 8 headers in 296 bytes (2 switches on core 0)
Aug 31 13:36:24.676728 n-d-792356-6 devstack@placement-api.service[95297]: DEBUG placement.requestlog [req-67a800ec-298e-4563-b852-9e260a6be813 req-b0a00536-a7f3-464d-b8c3-607b09033d16 None None] Starting request: 10.222.0.42 "GET /placement/allocation_candidates?limit=1000&resources=DISK_GB%3A1%2CMEMORY_MB%3A1024%2CVCPU%3A1&root_required=%21COMPUTE_STATUS_DISABLED" {{(pid=95297) __call__ /opt/stack/placement/placement/requestlog.py:55}}
Aug 31 13:36:24.757461 n-d-792356-6 devstack@placement-api.service[95297]: DEBUG placement.objects.research_context [req-67a800ec-298e-4563-b852-9e260a6be813 req-b0a00536-a7f3-464d-b8c3-607b09033d16 service placement] getting providers with 1 DISK_GB {{(pid=95297) __init__ /opt/stack/placement/placement/objects/research_context.py:126}}
Aug 31 13:36:24.770886 n-d-792356-6 devstack@placement-api.service[95297]: DEBUG placement.objects.research_context [req-67a800ec-298e-4563-b852-9e260a6be813 req-b0a00536-a7f3-464d-b8c3-607b09033d16 service placement] getting providers with 1024 MEMORY_MB {{(pid=95297) __init__ /opt/stack/placement/placement/objects/research_context.py:126}}
Aug 31 13:36:24.786513 n-d-792356-6 devstack@placement-api.service[95297]: DEBUG placement.objects.research_context [req-67a800ec-298e-4563-b852-9e260a6be813 req-b0a00536-a7f3-464d-b8c3-607b09033d16 service placement] getting providers with 1 VCPU {{(pid=95297) __init__ /opt/stack/placement/placement/objects/research_context.py:126}}
Aug 31 13:36:24.797484 n-d-792356-6 devstack@placement-api.service[95297]: DEBUG placement.objects.research_context [req-67a800ec-298e-4563-b852-9e260a6be813 req-b0a00536-a7f3-464d-b8c3-607b09033d16 service placement] found 2 providers with available 1 DISK_GB {{(pid=95297) get_provider_ids_matching /opt/stack/placement/placement/objects/research_context.py:549}}
Aug 31 13:36:24.797911 n-d-792356-6 devstack@placement-api.service[95297]: DEBUG placement.objects.research_context [req-67a800ec-298e-4563-b852-9e260a6be813 req-b0a00536-a7f3-464d-b8c3-607b09033d16 service placement] found 2 providers with available 1024 MEMORY_MB {{(pid=95297) get_provider_ids_matching /opt/stack/placement/placement/objects/research_context.py:549}}
Aug 31 13:36:24.798305 n-d-792356-6 devstack@placement-api.service[95297]: DEBUG placement.objects.research_context [req-67a800ec-298e-4563-b852-9e260a6be813 req-b0a00536-a7f3-464d-b8c3-607b09033d16 service placement] found 2 providers after filtering by previous result {{(pid=95297) get_provider_ids_matching /opt/stack/placement/placement/objects/research_context.py:580}}
Aug 31 13:36:24.798658 n-d-792356-6 devstack@placement-api.service[95297]: DEBUG placement.objects.research_context [req-67a800ec-298e-4563-b852-9e260a6be813 req-b0a00536-a7f3-464d-b8c3-607b09033d16 service placement] found 2 providers with available 1 VCPU {{(pid=95297) get_provider_ids_matching /opt/stack/placement/placement/objects/research_context.py:549}}
Aug 31 13:36:24.799221 n-d-792356-6 devstack@placement-api.service[95297]: DEBUG placement.objects.research_context [req-67a800ec-298e-4563-b852-9e260a6be813 req-b0a00536-a7f3-464d-b8c3-607b09033d16 service placement] found 2 providers after filtering by previous result {{(pid=95297) get_provider_ids_matching /opt/stack/placement/placement/objects/research_context.py:580}}
Aug 31 13:36:24.830411 n-d-792356-6 devstack@placement-api.service[95297]: DEBUG placement.objects.allocation_candidate [req-67a800ec-298e-4563-b852-9e260a6be813 req-b0a00536-a7f3-464d-b8c3-607b09033d16 service placement] RequestGroup(use_same_provider=False, resources={DISK_GB:1, MEMORY_MB:1024, VCPU:1}, traits=[], aggregates=[]) (suffix '') returned 2 matches {{(pid=95297) _get_by_requests /opt/stack/placement/placement/objects/allocation_candidate.py:145}}
Aug 31 13:36:24.830920 n-d-792356-6 devstack@placement-api.service[95297]: DEBUG placement.objects.allocation_candidate [req-67a800ec-298e-4563-b852-9e260a6be813 req-b0a00536-a7f3-464d-b8c3-607b09033d16 service placement] Merging candidates yields 2 allocation requests and 2 provider summaries {{(pid=95297) _merge_candidates /opt/stack/placement/placement/objects/allocation_candidate.py:783}}
Aug 31 13:36:24.834631 n-d-792356-6 devstack@placement-api.service[95297]: INFO placement.requestlog [req-67a800ec-298e-4563-b852-9e260a6be813 req-b0a00536-a7f3-464d-b8c3-607b09033d16 service placement] 10.222.0.42 "GET /placement/allocation_candidates?limit=1000&resources=DISK_GB%3A1%2CMEMORY_MB%3A1024%2CVCPU%3A1&root_required=%21COMPUTE_STATUS_DISABLED" status: 200 len: 1309 microversion: 1.36
Aug 31 13:36:24.834965 n-d-792356-6 devstack@placement-api.service[95297]: [pid: 95297|app: 0|req: 96/190] 10.222.0.42 () {60 vars in 1507 bytes} [Tue Aug 31 13:36:24 2021] GET /placement/allocation_candidates?limit=1000&resources=DISK_GB%3A1%2CMEMORY_MB%3A1024%2CVCPU%3A1&root_required=%21COMPUTE_STATUS_DISABLED => generated 1309 bytes in 158 msecs (HTTP/1.1 200) 8 headers in 297 bytes (1 switches on core 0)
Aug 31 13:36:24.985602 n-d-792356-6 devstack@placement-api.service[95296]: DEBUG placement.requestlog [req-67a800ec-298e-4563-b852-9e260a6be813 req-99938bd6-503e-4566-b087-724c5e48c003 None None] Starting request: 10.222.0.42 "GET /placement/allocations/34aacc7b-4569-4511-9e42-a7ad69fb1212" {{(pid=95296) __call__ /opt/stack/placement/placement/requestlog.py:55}}
Aug 31 13:36:25.000806 n-d-792356-6 devstack@placement-api.service[95296]: INFO placement.requestlog [req-67a800ec-298e-4563-b852-9e260a6be813 req-99938bd6-503e-4566-b087-724c5e48c003 service placement] 10.222.0.42 "GET /placement/allocations/34aacc7b-4569-4511-9e42-a7ad69fb1212" status: 200 len: 19 microversion: 1.28
Aug 31 13:36:25.007914 n-d-792356-6 devstack@placement-api.service[95296]: [pid: 95296|app: 0|req: 95/191] 10.222.0.42 () {60 vars in 1381 bytes} [Tue Aug 31 13:36:24 2021] GET /placement/allocations/34aacc7b-4569-4511-9e42-a7ad69fb1212 => generated 19 bytes in 22 msecs (HTTP/1.1 200) 8 headers in 295 bytes (1 switches on core 0)
Aug 31 13:36:25.010418 n-d-792356-6 devstack@placement-api.service[95297]: DEBUG placement.requestlog [req-67a800ec-298e-4563-b852-9e260a6be813 req-ae53bdf9-e6f8-4d97-8489-737b07a74db1 None None] Starting request: 10.222.0.42 "PUT /placement/allocations/34aacc7b-4569-4511-9e42-a7ad69fb1212" {{(pid=95297) __call__ /opt/stack/placement/placement/requestlog.py:55}}
Aug 31 13:36:25.115121 n-d-792356-6 devstack@placement-api.service[95297]: DEBUG placement.handlers.allocation [req-67a800ec-298e-4563-b852-9e260a6be813 req-ae53bdf9-e6f8-4d97-8489-737b07a74db1 service placement] Successfully wrote allocations [, , ] {{(pid=95297) _create_allocations /opt/stack/placement/placement/handlers/allocation.py:461}}
Aug 31 13:36:25.131403 n-d-792356-6 devstack@placement-api.service[95297]: INFO placement.requestlog [req-67a800ec-298e-4563-b852-9e260a6be813 req-ae53bdf9-e6f8-4d97-8489-737b07a74db1 service placement] 10.222.0.42 "PUT /placement/allocations/34aacc7b-4569-4511-9e42-a7ad69fb1212" status: 204 len: 0 microversion: 1.36
Aug 31 13:36:25.132413 n-d-792356-6 devstack@placement-api.service[95297]: [pid: 95297|app: 0|req: 97/192] 10.222.0.42 () {64 vars in 1434 bytes} [Tue Aug 31 13:36:25 2021] PUT /placement/allocations/34aacc7b-4569-4511-9e42-a7ad69fb1212 => generated 0 bytes in 122 msecs (HTTP/1.1 204) 5 headers in 199 bytes (1 switches on core 0)
Aug 31 13:36:25.196022 n-d-792356-6 devstack@placement-api.service[95296]: DEBUG placement.requestlog [req-1682925d-7289-479f-8cfb-acaa37db3e8e req-6aca3785-a2c0-49bf-b35b-90bfbb41586b None None] Starting request: 10.222.0.84 "GET /placement/allocations/2b92d95c-72f2-43f5-96a1-40515216fd99" {{(pid=95296) __call__ /opt/stack/placement/placement/requestlog.py:55}}
Aug 31 13:36:25.230888 n-d-792356-6 devstack@placement-api.service[95296]: INFO placement.requestlog [req-1682925d-7289-479f-8cfb-acaa37db3e8e req-6aca3785-a2c0-49bf-b35b-90bfbb41586b service placement] 10.222.0.84 "GET /placement/allocations/2b92d95c-72f2-43f5-96a1-40515216fd99" status: 200 len: 258 microversion: 1.28
Aug 31 13:36:25.231139 n-d-792356-6 devstack@placement-api.service[95296]: [pid: 95296|app: 0|req: 96/193] 10.222.0.84 () {60 vars in 1378 bytes} [Tue Aug 31 13:36:25 2021] GET /placement/allocations/2b92d95c-72f2-43f5-96a1-40515216fd99 => generated 258 bytes in 35 msecs (HTTP/1.1 200) 8 headers in 296 bytes (1 switches on core 0)
Aug 31 13:36:25.634389 n-d-792356-6 devstack@placement-api.service[95297]: DEBUG placement.requestlog [req-67a800ec-298e-4563-b852-9e260a6be813 req-fa3041c7-f7a8-487e-961d-7321a34c3d0d None None] Starting request: 10.222.0.106 "GET /placement/allocations/34aacc7b-4569-4511-9e42-a7ad69fb1212" {{(pid=95297) __call__ /opt/stack/placement/placement/requestlog.py:55}}
Aug 31 13:36:25.660964 n-d-792356-6 devstack@placement-api.service[95297]: INFO placement.requestlog [req-67a800ec-298e-4563-b852-9e260a6be813 req-fa3041c7-f7a8-487e-961d-7321a34c3d0d service placement] 10.222.0.106 "GET /placement/allocations/34aacc7b-4569-4511-9e42-a7ad69fb1212" status: 200 len: 259 microversion: 1.28
Aug 31 13:36:25.661754 n-d-792356-6 devstack@placement-api.service[95297]: [pid: 95297|app: 0|req: 98/194] 10.222.0.106 () {60 vars in 1379 bytes} [Tue Aug 31 13:36:25 2021] GET /placement/allocations/34aacc7b-4569-4511-9e42-a7ad69fb1212 => generated 259 bytes in 28 msecs (HTTP/1.1 200) 8 headers in 296 bytes (1 switches on core 0)
Aug 31 13:36:28.693983 n-d-792356-6 devstack@placement-api.service[95296]: DEBUG placement.requestlog [req-0db9fefc-232b-4b84-b06e-c90e010fc9cf req-d2b3fac8-a713-4501-88c0-d8add2635601 None None] Starting request: 10.222.0.42 "GET /placement/allocation_candidates?limit=1000&resources=DISK_GB%3A1%2CMEMORY_MB%3A1024%2CVCPU%3A1&root_required=%21COMPUTE_STATUS_DISABLED" {{(pid=95296) __call__ /opt/stack/placement/placement/requestlog.py:55}}
Aug 31 13:36:28.811335 n-d-792356-6 devstack@placement-api.service[95296]: DEBUG placement.objects.research_context [req-0db9fefc-232b-4b84-b06e-c90e010fc9cf req-d2b3fac8-a713-4501-88c0-d8add2635601 service placement] getting providers with 1 DISK_GB {{(pid=95296) __init__ /opt/stack/placement/placement/objects/research_context.py:126}}
Aug 31 13:36:28.819021 n-d-792356-6 devstack@placement-api.service[95296]: DEBUG placement.objects.research_context [req-0db9fefc-232b-4b84-b06e-c90e010fc9cf req-d2b3fac8-a713-4501-88c0-d8add2635601 service placement] getting providers with 1024 MEMORY_MB {{(pid=95296) __init__ /opt/stack/placement/placement/objects/research_context.py:126}}
Aug 31 13:36:28.831734 n-d-792356-6 devstack@placement-api.service[95296]: DEBUG placement.objects.research_context [req-0db9fefc-232b-4b84-b06e-c90e010fc9cf req-d2b3fac8-a713-4501-88c0-d8add2635601 service placement] getting providers with 1 VCPU {{(pid=95296) __init__ /opt/stack/placement/placement/objects/research_context.py:126}}
Aug 31 13:36:28.841547 n-d-792356-6 devstack@placement-api.service[95296]: DEBUG placement.objects.research_context [req-0db9fefc-232b-4b84-b06e-c90e010fc9cf req-d2b3fac8-a713-4501-88c0-d8add2635601 service placement] found 2 providers with available 1 DISK_GB {{(pid=95296) get_provider_ids_matching /opt/stack/placement/placement/objects/research_context.py:549}}
Aug 31 13:36:28.843325 n-d-792356-6 devstack@placement-api.service[95296]: DEBUG placement.objects.research_context [req-0db9fefc-232b-4b84-b06e-c90e010fc9cf req-d2b3fac8-a713-4501-88c0-d8add2635601 service placement] found 2 providers with available 1024 MEMORY_MB {{(pid=95296) get_provider_ids_matching /opt/stack/placement/placement/objects/research_context.py:549}}
Aug 31 13:36:28.843827 n-d-792356-6 devstack@placement-api.service[95296]: DEBUG placement.objects.research_context [req-0db9fefc-232b-4b84-b06e-c90e010fc9cf req-d2b3fac8-a713-4501-88c0-d8add2635601 service placement] found 2 providers after filtering by previous result {{(pid=95296) get_provider_ids_matching /opt/stack/placement/placement/objects/research_context.py:580}}
Aug 31 13:36:28.844240 n-d-792356-6 devstack@placement-api.service[95296]: DEBUG placement.objects.research_context [req-0db9fefc-232b-4b84-b06e-c90e010fc9cf req-d2b3fac8-a713-4501-88c0-d8add2635601 service placement] found 2 providers with available 1 VCPU {{(pid=95296) get_provider_ids_matching /opt/stack/placement/placement/objects/research_context.py:549}}
Aug 31 13:36:28.844673 n-d-792356-6 devstack@placement-api.service[95296]: DEBUG placement.objects.research_context [req-0db9fefc-232b-4b84-b06e-c90e010fc9cf req-d2b3fac8-a713-4501-88c0-d8add2635601 service placement] found 2 providers after filtering by previous result {{(pid=95296) get_provider_ids_matching /opt/stack/placement/placement/objects/research_context.py:580}}
Aug 31 13:36:28.864588 n-d-792356-6 devstack@placement-api.service[95296]: DEBUG placement.objects.allocation_candidate [req-0db9fefc-232b-4b84-b06e-c90e010fc9cf req-d2b3fac8-a713-4501-88c0-d8add2635601 service placement] RequestGroup(use_same_provider=False, resources={DISK_GB:1, MEMORY_MB:1024, VCPU:1}, traits=[], aggregates=[]) (suffix '') returned 2 matches {{(pid=95296) _get_by_requests /opt/stack/placement/placement/objects/allocation_candidate.py:145}}
Aug 31 13:36:28.865226 n-d-792356-6 devstack@placement-api.service[95296]: DEBUG placement.objects.allocation_candidate [req-0db9fefc-232b-4b84-b06e-c90e010fc9cf req-d2b3fac8-a713-4501-88c0-d8add2635601 service placement] Merging candidates yields 2 allocation requests and 2 provider summaries {{(pid=95296) _merge_candidates /opt/stack/placement/placement/objects/allocation_candidate.py:783}}
Aug 31 13:36:28.867441 n-d-792356-6 devstack@placement-api.service[95296]: INFO placement.requestlog [req-0db9fefc-232b-4b84-b06e-c90e010fc9cf req-d2b3fac8-a713-4501-88c0-d8add2635601 service placement] 10.222.0.42 "GET /placement/allocation_candidates?limit=1000&resources=DISK_GB%3A1%2CMEMORY_MB%3A1024%2CVCPU%3A1&root_required=%21COMPUTE_STATUS_DISABLED" status: 200 len: 1309 microversion: 1.36
Aug 31 13:36:28.868514 n-d-792356-6 devstack@placement-api.service[95296]: [pid: 95296|app: 0|req: 97/195] 10.222.0.42 () {60 vars in 1507 bytes} [Tue Aug 31 13:36:28 2021] GET /placement/allocation_candidates?limit=1000&resources=DISK_GB%3A1%2CMEMORY_MB%3A1024%2CVCPU%3A1&root_required=%21COMPUTE_STATUS_DISABLED => generated 1309 bytes in 175 msecs (HTTP/1.1 200) 8 headers in 297 bytes (1 switches on core 0)
Aug 31 13:36:28.998043 n-d-792356-6 devstack@placement-api.service[95297]: DEBUG placement.requestlog [req-0db9fefc-232b-4b84-b06e-c90e010fc9cf req-b52f5437-e56f-4e56-8ff7-d64f2666b267 None None] Starting request: 10.222.0.42 "GET /placement/allocations/1f104566-3b42-4a24-874b-462f017fb932" {{(pid=95297) __call__ /opt/stack/placement/placement/requestlog.py:55}}
Aug 31 13:36:29.021263 n-d-792356-6 devstack@placement-api.service[95297]: INFO placement.requestlog [req-0db9fefc-232b-4b84-b06e-c90e010fc9cf req-b52f5437-e56f-4e56-8ff7-d64f2666b267 service placement] 10.222.0.42 "GET /placement/allocations/1f104566-3b42-4a24-874b-462f017fb932" status: 200 len: 19 microversion: 1.28
Aug 31 13:36:29.024021 n-d-792356-6 devstack@placement-api.service[95297]: [pid: 95297|app: 0|req: 99/196] 10.222.0.42 () {60 vars in 1381 bytes} [Tue Aug 31 13:36:28 2021] GET /placement/allocations/1f104566-3b42-4a24-874b-462f017fb932 => generated 19 bytes in 24 msecs (HTTP/1.1 200) 8 headers in 295 bytes (1 switches on core 0)
Aug 31 13:36:29.032991 n-d-792356-6 devstack@placement-api.service[95296]: DEBUG placement.requestlog [req-0db9fefc-232b-4b84-b06e-c90e010fc9cf req-54ffb893-ccd9-41ad-9d08-7a985cff4274 None None] Starting request: 10.222.0.42 "PUT /placement/allocations/1f104566-3b42-4a24-874b-462f017fb932" {{(pid=95296) __call__ /opt/stack/placement/placement/requestlog.py:55}}
Aug 31 13:36:29.144174 n-d-792356-6 devstack@placement-api.service[95296]: DEBUG placement.handlers.allocation [req-0db9fefc-232b-4b84-b06e-c90e010fc9cf req-54ffb893-ccd9-41ad-9d08-7a985cff4274 service placement] Successfully wrote allocations [, , ] {{(pid=95296) _create_allocations /opt/stack/placement/placement/handlers/allocation.py:461}}
Aug 31 13:36:29.150820 n-d-792356-6 devstack@placement-api.service[95296]: INFO placement.requestlog [req-0db9fefc-232b-4b84-b06e-c90e010fc9cf req-54ffb893-ccd9-41ad-9d08-7a985cff4274 service placement] 10.222.0.42 "PUT /placement/allocations/1f104566-3b42-4a24-874b-462f017fb932" status: 204 len: 0 microversion: 1.36
Aug 31 13:36:29.151771 n-d-792356-6 devstack@placement-api.service[95296]: [pid: 95296|app: 0|req: 98/197] 10.222.0.42 () {64 vars in 1434 bytes} [Tue Aug 31 13:36:29 2021] PUT /placement/allocations/1f104566-3b42-4a24-874b-462f017fb932 => generated 0 bytes in 119 msecs (HTTP/1.1 204) 5 headers in 199 bytes (1 switches on core 0)
Aug 31 13:36:29.673776 n-d-792356-6 devstack@placement-api.service[95297]: DEBUG placement.requestlog [req-0db9fefc-232b-4b84-b06e-c90e010fc9cf req-7594b8a8-d968-4ad7-8a99-09555ec47c98 None None] Starting request: 10.222.0.84 "GET /placement/allocations/1f104566-3b42-4a24-874b-462f017fb932" {{(pid=95297) __call__ /opt/stack/placement/placement/requestlog.py:55}}
Aug 31 13:36:29.708442 n-d-792356-6 devstack@placement-api.service[95297]: INFO placement.requestlog [req-0db9fefc-232b-4b84-b06e-c90e010fc9cf req-7594b8a8-d968-4ad7-8a99-09555ec47c98 service placement] 10.222.0.84 "GET /placement/allocations/1f104566-3b42-4a24-874b-462f017fb932" status: 200 len: 259 microversion: 1.28
Aug 31 13:36:29.709889 n-d-792356-6 devstack@placement-api.service[95297]: [pid: 95297|app: 0|req: 100/198] 10.222.0.84 () {60 vars in 1378 bytes} [Tue Aug 31 13:36:29 2021] GET /placement/allocations/1f104566-3b42-4a24-874b-462f017fb932 => generated 259 bytes in 37 msecs (HTTP/1.1 200) 8 headers in 296 bytes (1 switches on core 0)
Aug 31 13:36:33.195459 n-d-792356-6 devstack@placement-api.service[95296]: DEBUG placement.requestlog [req-af93bacb-6184-4aa0-8d19-72db498565ef req-e05b205c-8543-4204-9186-db2fd8e40f7e None None] Starting request: 10.222.0.84 "GET /placement/allocations/35aac191-d41c-4dd1-a870-155ece0fd0d1" {{(pid=95296) __call__ /opt/stack/placement/placement/requestlog.py:55}}
Aug 31 13:36:33.228654 n-d-792356-6 devstack@placement-api.service[95296]: INFO placement.requestlog [req-af93bacb-6184-4aa0-8d19-72db498565ef req-e05b205c-8543-4204-9186-db2fd8e40f7e service placement] 10.222.0.84 "GET /placement/allocations/35aac191-d41c-4dd1-a870-155ece0fd0d1" status: 200 len: 259 microversion: 1.28
Aug 31 13:36:33.229839 n-d-792356-6 devstack@placement-api.service[95296]: [pid: 95296|app: 0|req: 99/199] 10.222.0.84 () {60 vars in 1378 bytes} [Tue Aug 31 13:36:33 2021] GET /placement/allocations/35aac191-d41c-4dd1-a870-155ece0fd0d1 => generated 259 bytes in 35 msecs (HTTP/1.1 200) 8 headers in 296 bytes (1 switches on core 0)
Aug 31 13:36:33.238123 n-d-792356-6 devstack@placement-api.service[95297]: DEBUG placement.requestlog [req-af93bacb-6184-4aa0-8d19-72db498565ef req-7d7f953c-e120-4d0a-8047-e77770366e72 None None] Starting request: 10.222.0.84 "PUT /placement/allocations/35aac191-d41c-4dd1-a870-155ece0fd0d1" {{(pid=95297) __call__ /opt/stack/placement/placement/requestlog.py:55}}
Aug 31 13:36:33.320883 n-d-792356-6 devstack@placement-api.service[95297]: DEBUG placement.handlers.allocation [req-af93bacb-6184-4aa0-8d19-72db498565ef req-7d7f953c-e120-4d0a-8047-e77770366e72 service placement] Successfully wrote allocations [, , ] {{(pid=95297) _create_allocations /opt/stack/placement/placement/handlers/allocation.py:461}}
Aug 31 13:36:33.337883 n-d-792356-6 devstack@placement-api.service[95297]: INFO placement.requestlog [req-af93bacb-6184-4aa0-8d19-72db498565ef req-7d7f953c-e120-4d0a-8047-e77770366e72 service placement] 10.222.0.84 "PUT /placement/allocations/35aac191-d41c-4dd1-a870-155ece0fd0d1" status: 204 len: 0 microversion: 1.28
Aug 31 13:36:33.340282 n-d-792356-6 devstack@placement-api.service[95297]: [pid: 95297|app: 0|req: 101/200] 10.222.0.84 () {64 vars in 1431 bytes} [Tue Aug 31 13:36:33 2021] PUT /placement/allocations/35aac191-d41c-4dd1-a870-155ece0fd0d1 => generated 0 bytes in 102 msecs (HTTP/1.1 204) 5 headers in 199 bytes (1 switches on core 0)
Aug 31 13:36:38.569582 n-d-792356-6 devstack@placement-api.service[95296]: DEBUG placement.requestlog [req-048a2f8b-7d8d-4443-b3ea-e023cd07afab req-2a98b33c-21ca-4b66-9ab2-2e7ac987ba87 None None] Starting request: 10.222.0.42 "GET /placement/allocation_candidates?limit=1000&resources=DISK_GB%3A1%2CMEMORY_MB%3A1024%2CVCPU%3A1&root_required=%21COMPUTE_STATUS_DISABLED" {{(pid=95296) __call__ /opt/stack/placement/placement/requestlog.py:55}}
Aug 31 13:36:38.637138 n-d-792356-6 devstack@placement-api.service[95296]: DEBUG placement.objects.research_context [req-048a2f8b-7d8d-4443-b3ea-e023cd07afab req-2a98b33c-21ca-4b66-9ab2-2e7ac987ba87 service placement] getting providers with 1 DISK_GB {{(pid=95296) __init__ /opt/stack/placement/placement/objects/research_context.py:126}}
Aug 31 13:36:38.654257 n-d-792356-6 devstack@placement-api.service[95296]: DEBUG placement.objects.research_context [req-048a2f8b-7d8d-4443-b3ea-e023cd07afab req-2a98b33c-21ca-4b66-9ab2-2e7ac987ba87 service placement] getting providers with 1024 MEMORY_MB {{(pid=95296) __init__ /opt/stack/placement/placement/objects/research_context.py:126}}
Aug 31 13:36:38.660081 n-d-792356-6 devstack@placement-api.service[95296]: DEBUG placement.objects.research_context [req-048a2f8b-7d8d-4443-b3ea-e023cd07afab req-2a98b33c-21ca-4b66-9ab2-2e7ac987ba87 service placement] getting providers with 1 VCPU {{(pid=95296) __init__ /opt/stack/placement/placement/objects/research_context.py:126}}
Aug 31 13:36:38.666115 n-d-792356-6 devstack@placement-api.service[95296]: DEBUG placement.objects.research_context [req-048a2f8b-7d8d-4443-b3ea-e023cd07afab req-2a98b33c-21ca-4b66-9ab2-2e7ac987ba87 service placement] found 2 providers with available 1 DISK_GB {{(pid=95296) get_provider_ids_matching /opt/stack/placement/placement/objects/research_context.py:549}}
Aug 31 13:36:38.666703 n-d-792356-6 devstack@placement-api.service[95296]: DEBUG placement.objects.research_context [req-048a2f8b-7d8d-4443-b3ea-e023cd07afab req-2a98b33c-21ca-4b66-9ab2-2e7ac987ba87 service placement] found 2 providers with available 1024 MEMORY_MB {{(pid=95296) get_provider_ids_matching /opt/stack/placement/placement/objects/research_context.py:549}}
Aug 31 13:36:38.667209 n-d-792356-6 devstack@placement-api.service[95296]: DEBUG placement.objects.research_context [req-048a2f8b-7d8d-4443-b3ea-e023cd07afab req-2a98b33c-21ca-4b66-9ab2-2e7ac987ba87 service placement] found 2 providers after filtering by previous result {{(pid=95296) get_provider_ids_matching /opt/stack/placement/placement/objects/research_context.py:580}}
Aug 31 13:36:38.667758 n-d-792356-6 devstack@placement-api.service[95296]: DEBUG placement.objects.research_context [req-048a2f8b-7d8d-4443-b3ea-e023cd07afab req-2a98b33c-21ca-4b66-9ab2-2e7ac987ba87 service placement] found 2 providers with available 1 VCPU {{(pid=95296) get_provider_ids_matching /opt/stack/placement/placement/objects/research_context.py:549}}
Aug 31 13:36:38.668252 n-d-792356-6 devstack@placement-api.service[95296]: DEBUG placement.objects.research_context [req-048a2f8b-7d8d-4443-b3ea-e023cd07afab req-2a98b33c-21ca-4b66-9ab2-2e7ac987ba87 service placement] found 2 providers after filtering by previous result {{(pid=95296) get_provider_ids_matching /opt/stack/placement/placement/objects/research_context.py:580}}
Aug 31 13:36:38.685158 n-d-792356-6 devstack@placement-api.service[95296]: DEBUG placement.objects.allocation_candidate [req-048a2f8b-7d8d-4443-b3ea-e023cd07afab req-2a98b33c-21ca-4b66-9ab2-2e7ac987ba87 service placement] RequestGroup(use_same_provider=False, resources={DISK_GB:1, MEMORY_MB:1024, VCPU:1}, traits=[], aggregates=[]) (suffix '') returned 2 matches {{(pid=95296) _get_by_requests /opt/stack/placement/placement/objects/allocation_candidate.py:145}}
Aug 31 13:36:38.685586 n-d-792356-6 devstack@placement-api.service[95296]: DEBUG placement.objects.allocation_candidate [req-048a2f8b-7d8d-4443-b3ea-e023cd07afab req-2a98b33c-21ca-4b66-9ab2-2e7ac987ba87 service placement] Merging candidates yields 2 allocation requests and 2 provider summaries {{(pid=95296) _merge_candidates /opt/stack/placement/placement/objects/allocation_candidate.py:783}}
Aug 31 13:36:38.691268 n-d-792356-6 devstack@placement-api.service[95296]: INFO placement.requestlog [req-048a2f8b-7d8d-4443-b3ea-e023cd07afab req-2a98b33c-21ca-4b66-9ab2-2e7ac987ba87 service placement] 10.222.0.42 "GET /placement/allocation_candidates?limit=1000&resources=DISK_GB%3A1%2CMEMORY_MB%3A1024%2CVCPU%3A1&root_required=%21COMPUTE_STATUS_DISABLED" status: 200 len: 1309 microversion: 1.36
Aug 31 13:36:38.691894 n-d-792356-6 devstack@placement-api.service[95296]: [pid: 95296|app: 0|req: 100/201] 10.222.0.42 () {60 vars in 1507 bytes} [Tue Aug 31 13:36:38 2021] GET /placement/allocation_candidates?limit=1000&resources=DISK_GB%3A1%2CMEMORY_MB%3A1024%2CVCPU%3A1&root_required=%21COMPUTE_STATUS_DISABLED => generated 1309 bytes in 122 msecs (HTTP/1.1 200) 8 headers in 297 bytes (1 switches on core 0)
Aug 31 13:36:38.791135 n-d-792356-6 devstack@placement-api.service[95297]: DEBUG placement.requestlog [req-048a2f8b-7d8d-4443-b3ea-e023cd07afab req-ad1e795a-916b-4040-a56a-6ca054a8e761 None None] Starting request: 10.222.0.42 "GET /placement/allocations/dd5b6099-3ff0-4b9a-ae06-bd70a4691403" {{(pid=95297) __call__ /opt/stack/placement/placement/requestlog.py:55}}
Aug 31 13:36:38.806656 n-d-792356-6 devstack@placement-api.service[95297]: INFO placement.requestlog [req-048a2f8b-7d8d-4443-b3ea-e023cd07afab req-ad1e795a-916b-4040-a56a-6ca054a8e761 service placement] 10.222.0.42 "GET /placement/allocations/dd5b6099-3ff0-4b9a-ae06-bd70a4691403" status: 200 len: 19 microversion: 1.28
Aug 31 13:36:38.810526 n-d-792356-6 devstack@placement-api.service[95297]: [pid: 95297|app: 0|req: 102/202] 10.222.0.42 () {60 vars in 1381 bytes} [Tue Aug 31 13:36:38 2021] GET /placement/allocations/dd5b6099-3ff0-4b9a-ae06-bd70a4691403 => generated 19 bytes in 19 msecs (HTTP/1.1 200) 8 headers in 295 bytes (1 switches on core 0)
Aug 31 13:36:38.813974 n-d-792356-6 devstack@placement-api.service[95296]: DEBUG placement.requestlog [req-048a2f8b-7d8d-4443-b3ea-e023cd07afab req-95e3f90c-3c43-4eeb-b4d8-19cb6f2cdce1 None None] Starting request: 10.222.0.42 "PUT /placement/allocations/dd5b6099-3ff0-4b9a-ae06-bd70a4691403" {{(pid=95296) __call__ /opt/stack/placement/placement/requestlog.py:55}}
Aug 31 13:36:38.864652 n-d-792356-6 devstack@placement-api.service[95296]: DEBUG placement.handlers.allocation [req-048a2f8b-7d8d-4443-b3ea-e023cd07afab req-95e3f90c-3c43-4eeb-b4d8-19cb6f2cdce1 service placement] Successfully wrote allocations [, , ] {{(pid=95296) _create_allocations /opt/stack/placement/placement/handlers/allocation.py:461}}
Aug 31 13:36:38.870200 n-d-792356-6 devstack@placement-api.service[95296]: INFO placement.requestlog [req-048a2f8b-7d8d-4443-b3ea-e023cd07afab req-95e3f90c-3c43-4eeb-b4d8-19cb6f2cdce1 service placement] 10.222.0.42 "PUT /placement/allocations/dd5b6099-3ff0-4b9a-ae06-bd70a4691403" status: 204 len: 0 microversion: 1.36
Aug 31 13:36:38.871148 n-d-792356-6 devstack@placement-api.service[95296]: [pid: 95296|app: 0|req: 101/203] 10.222.0.42 () {64 vars in 1434 bytes} [Tue Aug 31 13:36:38 2021] PUT /placement/allocations/dd5b6099-3ff0-4b9a-ae06-bd70a4691403 => generated 0 bytes in 57 msecs (HTTP/1.1 204) 5 headers in 199 bytes (1 switches on core 0)
Aug 31 13:36:39.361435 n-d-792356-6 devstack@placement-api.service[95297]: DEBUG placement.requestlog [req-048a2f8b-7d8d-4443-b3ea-e023cd07afab req-a40c12ca-1c05-4f90-84e3-f5df7f46d5f4 None None] Starting request: 10.222.0.106 "GET /placement/allocations/dd5b6099-3ff0-4b9a-ae06-bd70a4691403" {{(pid=95297) __call__ /opt/stack/placement/placement/requestlog.py:55}}
Aug 31 13:36:39.390328 n-d-792356-6 devstack@placement-api.service[95297]: INFO placement.requestlog [req-048a2f8b-7d8d-4443-b3ea-e023cd07afab req-a40c12ca-1c05-4f90-84e3-f5df7f46d5f4 service placement] 10.222.0.106 "GET /placement/allocations/dd5b6099-3ff0-4b9a-ae06-bd70a4691403" status: 200 len: 259 microversion: 1.28
Aug 31 13:36:39.391322 n-d-792356-6 devstack@placement-api.service[95297]: [pid: 95297|app: 0|req: 103/204] 10.222.0.106 () {60 vars in 1379 bytes} [Tue Aug 31 13:36:39 2021] GET /placement/allocations/dd5b6099-3ff0-4b9a-ae06-bd70a4691403 => generated 259 bytes in 30 msecs (HTTP/1.1 200) 8 headers in 296 bytes (1 switches on core 0)
Aug 31 13:36:39.884580 n-d-792356-6 devstack@placement-api.service[95296]: DEBUG placement.requestlog [None req-f2fb7c3b-2b34-4433-8086-18171d4554f6 None None] Starting request: 10.222.0.42 "GET /placement/" {{(pid=95296) __call__ /opt/stack/placement/placement/requestlog.py:55}}
Aug 31 13:36:39.885598 n-d-792356-6 devstack@placement-api.service[95296]: INFO placement.requestlog [None req-f2fb7c3b-2b34-4433-8086-18171d4554f6 None None] 10.222.0.42 "GET /placement/" status: 200 len: 136 microversion: 1.0
Aug 31 13:36:39.885783 n-d-792356-6 devstack@placement-api.service[95296]: [pid: 95296|app: 0|req: 102/205] 10.222.0.42 () {54 vars in 916 bytes} [Tue Aug 31 13:36:39 2021] GET /placement => generated 136 bytes in 2 msecs (HTTP/1.1 200) 6 headers in 224 bytes (1 switches on core 0)
Aug 31 13:36:39.894093 n-d-792356-6 devstack@placement-api.service[95297]: DEBUG placement.requestlog [req-d9f98585-a6ad-4bc9-b9fc-c4c94af44bcd req-f344ecaf-8a4b-4bb2-b69d-5f1a0730f233 None None] Starting request: 10.222.0.42 "GET /placement/allocations/b9b21b1e-1d96-4a1c-ab18-b62625bb6753" {{(pid=95297) __call__ /opt/stack/placement/placement/requestlog.py:55}}
Aug 31 13:36:39.966621 n-d-792356-6 devstack@placement-api.service[95297]: INFO placement.requestlog [req-d9f98585-a6ad-4bc9-b9fc-c4c94af44bcd req-f344ecaf-8a4b-4bb2-b69d-5f1a0730f233 service placement] 10.222.0.42 "GET /placement/allocations/b9b21b1e-1d96-4a1c-ab18-b62625bb6753" status: 200 len: 259 microversion: 1.28
Aug 31 13:36:39.967113 n-d-792356-6 devstack@placement-api.service[95297]: [pid: 95297|app: 0|req: 104/206] 10.222.0.42 () {60 vars in 1381 bytes} [Tue Aug 31 13:36:39 2021] GET /placement/allocations/b9b21b1e-1d96-4a1c-ab18-b62625bb6753 => generated 259 bytes in 73 msecs (HTTP/1.1 200) 8 headers in 296 bytes (1 switches on core 0)
Aug 31 13:36:39.974322 n-d-792356-6 devstack@placement-api.service[95296]: DEBUG placement.requestlog [req-d9f98585-a6ad-4bc9-b9fc-c4c94af44bcd req-5ec365c9-385c-4b3f-a5df-c5e550ca5384 None None] Starting request: 10.222.0.42 "GET /placement/allocations/b9b21b1e-1d96-4a1c-ab18-b62625bb6753" {{(pid=95296) __call__ /opt/stack/placement/placement/requestlog.py:55}}
Aug 31 13:36:39.991976 n-d-792356-6 devstack@placement-api.service[95296]: INFO placement.requestlog [req-d9f98585-a6ad-4bc9-b9fc-c4c94af44bcd req-5ec365c9-385c-4b3f-a5df-c5e550ca5384 service placement] 10.222.0.42 "GET /placement/allocations/b9b21b1e-1d96-4a1c-ab18-b62625bb6753" status: 200 len: 259 microversion: 1.28
Aug 31 13:36:39.992589 n-d-792356-6 devstack@placement-api.service[95296]: [pid: 95296|app: 0|req: 103/207] 10.222.0.42 () {60 vars in 1381 bytes} [Tue Aug 31 13:36:39 2021] GET /placement/allocations/b9b21b1e-1d96-4a1c-ab18-b62625bb6753 => generated 259 bytes in 19 msecs (HTTP/1.1 200) 8 headers in 296 bytes (2 switches on core 0)
Aug 31 13:36:40.000598 n-d-792356-6 devstack@placement-api.service[95297]: DEBUG placement.requestlog [req-d9f98585-a6ad-4bc9-b9fc-c4c94af44bcd req-35ef4eef-7a73-46f4-babb-1e4d42903a7f None None] Starting request: 10.222.0.42 "GET /placement/allocations/142668eb-3974-4410-835d-3c20a2ee84d5" {{(pid=95297) __call__ /opt/stack/placement/placement/requestlog.py:55}}
Aug 31 13:36:40.012715 n-d-792356-6 devstack@placement-api.service[95297]: INFO placement.requestlog [req-d9f98585-a6ad-4bc9-b9fc-c4c94af44bcd req-35ef4eef-7a73-46f4-babb-1e4d42903a7f service placement] 10.222.0.42 "GET /placement/allocations/142668eb-3974-4410-835d-3c20a2ee84d5" status: 200 len: 19 microversion: 1.28
Aug 31 13:36:40.013215 n-d-792356-6 devstack@placement-api.service[95297]: [pid: 95297|app: 0|req: 105/208] 10.222.0.42 () {60 vars in 1381 bytes} [Tue Aug 31 13:36:39 2021] GET /placement/allocations/142668eb-3974-4410-835d-3c20a2ee84d5 => generated 19 bytes in 13 msecs (HTTP/1.1 200) 8 headers in 295 bytes (1 switches on core 0)
Aug 31 13:36:40.020056 n-d-792356-6 devstack@placement-api.service[95296]: DEBUG placement.requestlog [req-d9f98585-a6ad-4bc9-b9fc-c4c94af44bcd req-f2ed1f0a-e585-405e-b642-ae1f9a9fdf1b None None] Starting request: 10.222.0.42 "POST /placement/allocations" {{(pid=95296) __call__ /opt/stack/placement/placement/requestlog.py:55}}
Aug 31 13:36:40.126588 n-d-792356-6 devstack@placement-api.service[95296]: DEBUG placement.handlers.allocation [req-d9f98585-a6ad-4bc9-b9fc-c4c94af44bcd req-f2ed1f0a-e585-405e-b642-ae1f9a9fdf1b service placement] Successfully wrote allocations [, , , , , ] {{(pid=95296) _create_allocations /opt/stack/placement/placement/handlers/allocation.py:555}}
Aug 31 13:36:40.126588 n-d-792356-6 devstack@placement-api.service[95296]: INFO placement.requestlog [req-d9f98585-a6ad-4bc9-b9fc-c4c94af44bcd req-f2ed1f0a-e585-405e-b642-ae1f9a9fdf1b service placement] 10.222.0.42 "POST /placement/allocations" status: 204 len: 0 microversion: 1.28
Aug 31 13:36:40.126588 n-d-792356-6 devstack@placement-api.service[95296]: [pid: 95296|app: 0|req: 104/209] 10.222.0.42 () {64 vars in 1324 bytes} [Tue Aug 31 13:36:40 2021] POST /placement/allocations => generated 0 bytes in 100 msecs (HTTP/1.1 204) 5 headers in 199 bytes (2 switches on core 0)
Aug 31 13:36:40.167909 n-d-792356-6 devstack@placement-api.service[95297]: DEBUG placement.requestlog [req-d9f98585-a6ad-4bc9-b9fc-c4c94af44bcd req-722dfb2a-004c-4a20-8df0-13d91ea593b4 None None] Starting request: 10.222.0.42 "GET /placement/allocations/b9b21b1e-1d96-4a1c-ab18-b62625bb6753" {{(pid=95297) __call__ /opt/stack/placement/placement/requestlog.py:55}}
Aug 31 13:36:40.180324 n-d-792356-6 devstack@placement-api.service[95297]: INFO placement.requestlog [req-d9f98585-a6ad-4bc9-b9fc-c4c94af44bcd req-722dfb2a-004c-4a20-8df0-13d91ea593b4 service placement] 10.222.0.42 "GET /placement/allocations/b9b21b1e-1d96-4a1c-ab18-b62625bb6753" status: 200 len: 19 microversion: 1.28
Aug 31 13:36:40.181463 n-d-792356-6 devstack@placement-api.service[95297]: [pid: 95297|app: 0|req: 106/210] 10.222.0.42 () {60 vars in 1381 bytes} [Tue Aug 31 13:36:40 2021] GET /placement/allocations/b9b21b1e-1d96-4a1c-ab18-b62625bb6753 => generated 19 bytes in 18 msecs (HTTP/1.1 200) 8 headers in 295 bytes (1 switches on core 0)
Aug 31 13:36:40.192664 n-d-792356-6 devstack@placement-api.service[95296]: DEBUG placement.requestlog [req-d9f98585-a6ad-4bc9-b9fc-c4c94af44bcd req-3c1de8fe-3547-4cdc-966b-befe0f4afbe9 None None] Starting request: 10.222.0.42 "PUT /placement/allocations/b9b21b1e-1d96-4a1c-ab18-b62625bb6753" {{(pid=95296) __call__ /opt/stack/placement/placement/requestlog.py:55}}
Aug 31 13:36:40.233172 n-d-792356-6 devstack@placement-api.service[95296]: DEBUG placement.handlers.allocation [req-d9f98585-a6ad-4bc9-b9fc-c4c94af44bcd req-3c1de8fe-3547-4cdc-966b-befe0f4afbe9 service placement] Successfully wrote allocations [, , ] {{(pid=95296) _create_allocations /opt/stack/placement/placement/handlers/allocation.py:461}}
Aug 31 13:36:40.236928 n-d-792356-6 devstack@placement-api.service[95296]: INFO placement.requestlog [req-d9f98585-a6ad-4bc9-b9fc-c4c94af44bcd req-3c1de8fe-3547-4cdc-966b-befe0f4afbe9 service placement] 10.222.0.42 "PUT /placement/allocations/b9b21b1e-1d96-4a1c-ab18-b62625bb6753" status: 204 len: 0 microversion: 1.28
Aug 31 13:36:40.237325 n-d-792356-6 devstack@placement-api.service[95296]: [pid: 95296|app: 0|req: 105/211] 10.222.0.42 () {64 vars in 1434 bytes} [Tue Aug 31 13:36:40 2021] PUT /placement/allocations/b9b21b1e-1d96-4a1c-ab18-b62625bb6753 => generated 0 bytes in 45 msecs (HTTP/1.1 204) 5 headers in 199 bytes (1 switches on core 0)
Aug 31 13:36:40.439480 n-d-792356-6 devstack@placement-api.service[95297]: DEBUG placement.requestlog [req-d9f98585-a6ad-4bc9-b9fc-c4c94af44bcd req-db227f4b-a659-43bc-b462-7ba76564a873 None None] Starting request: 10.222.0.106 "GET /placement/allocations/b9b21b1e-1d96-4a1c-ab18-b62625bb6753" {{(pid=95297) __call__ /opt/stack/placement/placement/requestlog.py:55}}
Aug 31 13:36:40.465181 n-d-792356-6 devstack@placement-api.service[95297]: INFO placement.requestlog [req-d9f98585-a6ad-4bc9-b9fc-c4c94af44bcd req-db227f4b-a659-43bc-b462-7ba76564a873 service placement] 10.222.0.106 "GET /placement/allocations/b9b21b1e-1d96-4a1c-ab18-b62625bb6753" status: 200 len: 259 microversion: 1.28
Aug 31 13:36:40.465759 n-d-792356-6 devstack@placement-api.service[95297]: [pid: 95297|app: 0|req: 107/212] 10.222.0.106 () {60 vars in 1379 bytes} [Tue Aug 31 13:36:40 2021] GET /placement/allocations/b9b21b1e-1d96-4a1c-ab18-b62625bb6753 => generated 259 bytes in 27 msecs (HTTP/1.1 200) 8 headers in 296 bytes (1 switches on core 0)
Aug 31 13:36:47.862968 n-d-792356-6 devstack@placement-api.service[95296]: DEBUG placement.requestlog [req-7726d8af-a822-49fd-9e33-1674905588c1 req-bb36af6b-ab21-4e67-b9ff-e22dd8e8ac33 None None] Starting request: 10.222.0.42 "GET /placement/allocation_candidates?limit=1000&resources=DISK_GB%3A2%2CMEMORY_MB%3A1024%2CVCPU%3A1&root_required=%21COMPUTE_STATUS_DISABLED" {{(pid=95296) __call__ /opt/stack/placement/placement/requestlog.py:55}}
Aug 31 13:36:47.897748 n-d-792356-6 devstack@placement-api.service[95296]: DEBUG placement.objects.research_context [req-7726d8af-a822-49fd-9e33-1674905588c1 req-bb36af6b-ab21-4e67-b9ff-e22dd8e8ac33 service placement] getting providers with 2 DISK_GB {{(pid=95296) __init__ /opt/stack/placement/placement/objects/research_context.py:126}}
Aug 31 13:36:47.904113 n-d-792356-6 devstack@placement-api.service[95296]: DEBUG placement.objects.research_context [req-7726d8af-a822-49fd-9e33-1674905588c1 req-bb36af6b-ab21-4e67-b9ff-e22dd8e8ac33 service placement] getting providers with 1024 MEMORY_MB {{(pid=95296) __init__ /opt/stack/placement/placement/objects/research_context.py:126}}
Aug 31 13:36:47.911778 n-d-792356-6 devstack@placement-api.service[95296]: DEBUG placement.objects.research_context [req-7726d8af-a822-49fd-9e33-1674905588c1 req-bb36af6b-ab21-4e67-b9ff-e22dd8e8ac33 service placement] getting providers with 1 VCPU {{(pid=95296) __init__ /opt/stack/placement/placement/objects/research_context.py:126}}
Aug 31 13:36:47.920643 n-d-792356-6 devstack@placement-api.service[95296]: DEBUG placement.objects.research_context [req-7726d8af-a822-49fd-9e33-1674905588c1 req-bb36af6b-ab21-4e67-b9ff-e22dd8e8ac33 service placement] found 2 providers with available 2 DISK_GB {{(pid=95296) get_provider_ids_matching /opt/stack/placement/placement/objects/research_context.py:549}}
Aug 31 13:36:47.921303 n-d-792356-6 devstack@placement-api.service[95296]: DEBUG placement.objects.research_context [req-7726d8af-a822-49fd-9e33-1674905588c1 req-bb36af6b-ab21-4e67-b9ff-e22dd8e8ac33 service placement] found 2 providers with available 1024 MEMORY_MB {{(pid=95296) get_provider_ids_matching /opt/stack/placement/placement/objects/research_context.py:549}}
Aug 31 13:36:47.921815 n-d-792356-6 devstack@placement-api.service[95296]: DEBUG placement.objects.research_context [req-7726d8af-a822-49fd-9e33-1674905588c1 req-bb36af6b-ab21-4e67-b9ff-e22dd8e8ac33 service placement] found 2 providers after filtering by previous result {{(pid=95296) get_provider_ids_matching /opt/stack/placement/placement/objects/research_context.py:580}}
Aug 31 13:36:47.922308 n-d-792356-6 devstack@placement-api.service[95296]: DEBUG placement.objects.research_context [req-7726d8af-a822-49fd-9e33-1674905588c1 req-bb36af6b-ab21-4e67-b9ff-e22dd8e8ac33 service placement] found 2 providers with available 1 VCPU {{(pid=95296) get_provider_ids_matching /opt/stack/placement/placement/objects/research_context.py:549}}
Aug 31 13:36:47.922787 n-d-792356-6 devstack@placement-api.service[95296]: DEBUG placement.objects.research_context [req-7726d8af-a822-49fd-9e33-1674905588c1 req-bb36af6b-ab21-4e67-b9ff-e22dd8e8ac33 service placement] found 2 providers after filtering by previous result {{(pid=95296) get_provider_ids_matching /opt/stack/placement/placement/objects/research_context.py:580}}
Aug 31 13:36:47.938485 n-d-792356-6 devstack@placement-api.service[95296]: DEBUG placement.objects.allocation_candidate [req-7726d8af-a822-49fd-9e33-1674905588c1 req-bb36af6b-ab21-4e67-b9ff-e22dd8e8ac33 service placement] RequestGroup(use_same_provider=False, resources={DISK_GB:2, MEMORY_MB:1024, VCPU:1}, traits=[], aggregates=[]) (suffix '') returned 2 matches {{(pid=95296) _get_by_requests /opt/stack/placement/placement/objects/allocation_candidate.py:145}}
Aug 31 13:36:47.939344 n-d-792356-6 devstack@placement-api.service[95296]: DEBUG placement.objects.allocation_candidate [req-7726d8af-a822-49fd-9e33-1674905588c1 req-bb36af6b-ab21-4e67-b9ff-e22dd8e8ac33 service placement] Merging candidates yields 2 allocation requests and 2 provider summaries {{(pid=95296) _merge_candidates /opt/stack/placement/placement/objects/allocation_candidate.py:783}}
Aug 31 13:36:47.941433 n-d-792356-6 devstack@placement-api.service[95296]: INFO placement.requestlog [req-7726d8af-a822-49fd-9e33-1674905588c1 req-bb36af6b-ab21-4e67-b9ff-e22dd8e8ac33 service placement] 10.222.0.42 "GET /placement/allocation_candidates?limit=1000&resources=DISK_GB%3A2%2CMEMORY_MB%3A1024%2CVCPU%3A1&root_required=%21COMPUTE_STATUS_DISABLED" status: 200 len: 1309 microversion: 1.36
Aug 31 13:36:47.944464 n-d-792356-6 devstack@placement-api.service[95296]: [pid: 95296|app: 0|req: 106/213] 10.222.0.42 () {60 vars in 1507 bytes} [Tue Aug 31 13:36:47 2021] GET /placement/allocation_candidates?limit=1000&resources=DISK_GB%3A2%2CMEMORY_MB%3A1024%2CVCPU%3A1&root_required=%21COMPUTE_STATUS_DISABLED => generated 1309 bytes in 82 msecs (HTTP/1.1 200) 8 headers in 297 bytes (1 switches on core 0)
Aug 31 13:36:48.035955 n-d-792356-6 devstack@placement-api.service[95297]: DEBUG placement.requestlog [req-7726d8af-a822-49fd-9e33-1674905588c1 req-fc91e949-61d6-4d20-95bf-d22b5387c4ba None None] Starting request: 10.222.0.42 "GET /placement/allocations/0522655d-cd0e-48aa-b280-1d2442d43cf5" {{(pid=95297) __call__ /opt/stack/placement/placement/requestlog.py:55}}
Aug 31 13:36:48.064059 n-d-792356-6 devstack@placement-api.service[95297]: INFO placement.requestlog [req-7726d8af-a822-49fd-9e33-1674905588c1 req-fc91e949-61d6-4d20-95bf-d22b5387c4ba service placement] 10.222.0.42 "GET /placement/allocations/0522655d-cd0e-48aa-b280-1d2442d43cf5" status: 200 len: 19 microversion: 1.28
Aug 31 13:36:48.064978 n-d-792356-6 devstack@placement-api.service[95297]: [pid: 95297|app: 0|req: 108/214] 10.222.0.42 () {60 vars in 1381 bytes} [Tue Aug 31 13:36:48 2021] GET /placement/allocations/0522655d-cd0e-48aa-b280-1d2442d43cf5 => generated 19 bytes in 30 msecs (HTTP/1.1 200) 8 headers in 295 bytes (1 switches on core 0)
Aug 31 13:36:48.072531 n-d-792356-6 devstack@placement-api.service[95296]: DEBUG placement.requestlog [req-7726d8af-a822-49fd-9e33-1674905588c1 req-a27799c3-3cd0-450b-a9f3-51962fc1abea None None] Starting request: 10.222.0.42 "PUT /placement/allocations/0522655d-cd0e-48aa-b280-1d2442d43cf5" {{(pid=95296) __call__ /opt/stack/placement/placement/requestlog.py:55}}
Aug 31 13:36:48.118520 n-d-792356-6 devstack@placement-api.service[95296]: DEBUG placement.handlers.allocation [req-7726d8af-a822-49fd-9e33-1674905588c1 req-a27799c3-3cd0-450b-a9f3-51962fc1abea service placement] Successfully wrote allocations [, , ] {{(pid=95296) _create_allocations /opt/stack/placement/placement/handlers/allocation.py:461}}
Aug 31 13:36:48.135834 n-d-792356-6 devstack@placement-api.service[95296]: INFO placement.requestlog [req-7726d8af-a822-49fd-9e33-1674905588c1 req-a27799c3-3cd0-450b-a9f3-51962fc1abea service placement] 10.222.0.42 "PUT /placement/allocations/0522655d-cd0e-48aa-b280-1d2442d43cf5" status: 204 len: 0 microversion: 1.36
