May 25 17:03:09.751941 n-d-792356-3 devstack@n-api.service[92078]: DEBUG nova.api.openstack.wsgi_app [-] profiler.connection_string = messaging:// {{(pid=92078) log_opt_values /usr/local/lib/python3.8/dist-packages/oslo_config/cfg.py:2609}}
May 25 17:03:09.752183 n-d-792356-3 devstack@n-api.service[92078]: DEBUG nova.api.openstack.wsgi_app [-] profiler.enabled = False {{(pid=92078) log_opt_values /usr/local/lib/python3.8/dist-packages/oslo_config/cfg.py:2609}}
May 25 17:03:09.752269 n-d-792356-3 devstack@n-api.service[92079]: DEBUG nova.api.openstack.wsgi_app [-] oslo_messaging_rabbit.ssl_key_file = {{(pid=92079) log_opt_values /usr/local/lib/python3.8/dist-packages/oslo_config/cfg.py:2609}}
May 25 17:03:09.752516 n-d-792356-3 devstack@n-api.service[92079]: DEBUG nova.api.openstack.wsgi_app [-] oslo_messaging_rabbit.ssl_version = {{(pid=92079) log_opt_values /usr/local/lib/python3.8/dist-packages/oslo_config/cfg.py:2609}}
May 25 17:03:09.752619 n-d-792356-3 devstack@n-api.service[92078]: DEBUG nova.api.openstack.wsgi_app [-] profiler.es_doc_type = notification {{(pid=92078) log_opt_values /usr/local/lib/python3.8/dist-packages/oslo_config/cfg.py:2609}}
May 25 17:03:09.752835 n-d-792356-3 devstack@n-api.service[92078]: DEBUG nova.api.openstack.wsgi_app [-] profiler.es_scroll_size = 10000 {{(pid=92078) log_opt_values /usr/local/lib/python3.8/dist-packages/oslo_config/cfg.py:2609}}
May 25 17:03:09.752922 n-d-792356-3 devstack@n-api.service[92079]: DEBUG nova.api.openstack.wsgi_app [-] oslo_messaging_notifications.driver = ['messagingv2'] {{(pid=92079) log_opt_values /usr/local/lib/python3.8/dist-packages/oslo_config/cfg.py:2609}}
May 25 17:03:09.753170 n-d-792356-3 devstack@n-api.service[92078]: DEBUG nova.api.openstack.wsgi_app [-] profiler.es_scroll_time = 2m {{(pid=92078) log_opt_values /usr/local/lib/python3.8/dist-packages/oslo_config/cfg.py:2609}}
May 25 17:03:09.753256 n-d-792356-3 devstack@n-api.service[92079]: DEBUG nova.api.openstack.wsgi_app [-] oslo_messaging_notifications.retry = -1 {{(pid=92079) log_opt_values /usr/local/lib/python3.8/dist-packages/oslo_config/cfg.py:2609}}
May 25 17:03:09.753491 n-d-792356-3 devstack@n-api.service[92078]: DEBUG nova.api.openstack.wsgi_app [-] profiler.filter_error_trace = False {{(pid=92078) log_opt_values /usr/local/lib/python3.8/dist-packages/oslo_config/cfg.py:2609}}
May 25 17:03:09.753587 n-d-792356-3 devstack@n-api.service[92079]: DEBUG nova.api.openstack.wsgi_app [-] oslo_messaging_notifications.topics = ['notifications'] {{(pid=92079) log_opt_values /usr/local/lib/python3.8/dist-packages/oslo_config/cfg.py:2609}}
May 25 17:03:09.753825 n-d-792356-3 devstack@n-api.service[92078]: DEBUG nova.api.openstack.wsgi_app [-] profiler.hmac_keys = SECRET_KEY {{(pid=92078) log_opt_values /usr/local/lib/python3.8/dist-packages/oslo_config/cfg.py:2609}}
May 25 17:03:09.753913 n-d-792356-3 devstack@n-api.service[92079]: DEBUG nova.api.openstack.wsgi_app [-] oslo_messaging_notifications.transport_url = **** {{(pid=92079) log_opt_values /usr/local/lib/python3.8/dist-packages/oslo_config/cfg.py:2609}}
May 25 17:03:09.754099 n-d-792356-3 devstack@n-api.service[92079]: DEBUG nova.api.openstack.wsgi_app [-] ******************************************************************************** {{(pid=92079) log_opt_values /usr/local/lib/python3.8/dist-packages/oslo_config/cfg.py:2613}}
May 25 17:03:09.754199 n-d-792356-3 devstack@n-api.service[92078]: DEBUG nova.api.openstack.wsgi_app [-] profiler.sentinel_service_name = mymaster {{(pid=92078) log_opt_values /usr/local/lib/python3.8/dist-packages/oslo_config/cfg.py:2609}}
May 25 17:03:09.754512 n-d-792356-3 devstack@n-api.service[92078]: DEBUG nova.api.openstack.wsgi_app [-] profiler.socket_timeout = 0.1 {{(pid=92078) log_opt_values /usr/local/lib/python3.8/dist-packages/oslo_config/cfg.py:2609}}
May 25 17:03:09.754835 n-d-792356-3 devstack@n-api.service[92078]: DEBUG nova.api.openstack.wsgi_app [-] profiler.trace_sqlalchemy = False {{(pid=92078) log_opt_values /usr/local/lib/python3.8/dist-packages/oslo_config/cfg.py:2609}}
May 25 17:03:09.755178 n-d-792356-3 devstack@n-api.service[92078]: DEBUG nova.api.openstack.wsgi_app [-] oslo_messaging_rabbit.amqp_auto_delete = False {{(pid=92078) log_opt_values /usr/local/lib/python3.8/dist-packages/oslo_config/cfg.py:2609}}
May 25 17:03:09.755500 n-d-792356-3 devstack@n-api.service[92078]: DEBUG nova.api.openstack.wsgi_app [-] oslo_messaging_rabbit.amqp_durable_queues = False {{(pid=92078) log_opt_values /usr/local/lib/python3.8/dist-packages/oslo_config/cfg.py:2609}}
May 25 17:03:09.755822 n-d-792356-3 devstack@n-api.service[92078]: DEBUG nova.api.openstack.wsgi_app [-] oslo_messaging_rabbit.conn_pool_min_size = 2 {{(pid=92078) log_opt_values /usr/local/lib/python3.8/dist-packages/oslo_config/cfg.py:2609}}
May 25 17:03:09.756147 n-d-792356-3 devstack@n-api.service[92078]: DEBUG nova.api.openstack.wsgi_app [-] oslo_messaging_rabbit.conn_pool_ttl = 1200 {{(pid=92078) log_opt_values /usr/local/lib/python3.8/dist-packages/oslo_config/cfg.py:2609}}
May 25 17:03:09.756469 n-d-792356-3 devstack@n-api.service[92078]: DEBUG nova.api.openstack.wsgi_app [-] oslo_messaging_rabbit.direct_mandatory_flag = True {{(pid=92078) log_opt_values /usr/local/lib/python3.8/dist-packages/oslo_config/cfg.py:2609}}
May 25 17:03:09.756791 n-d-792356-3 devstack@n-api.service[92078]: DEBUG nova.api.openstack.wsgi_app [-] oslo_messaging_rabbit.enable_cancel_on_failover = False {{(pid=92078) log_opt_values /usr/local/lib/python3.8/dist-packages/oslo_config/cfg.py:2609}}
May 25 17:03:09.757114 n-d-792356-3 devstack@n-api.service[92078]: DEBUG nova.api.openstack.wsgi_app [-] oslo_messaging_rabbit.heartbeat_in_pthread = True {{(pid=92078) log_opt_values /usr/local/lib/python3.8/dist-packages/oslo_config/cfg.py:2609}}
May 25 17:03:09.757455 n-d-792356-3 devstack@n-api.service[92078]: DEBUG nova.api.openstack.wsgi_app [-] oslo_messaging_rabbit.heartbeat_rate = 3 {{(pid=92078) log_opt_values /usr/local/lib/python3.8/dist-packages/oslo_config/cfg.py:2609}}
May 25 17:03:09.757794 n-d-792356-3 devstack@n-api.service[92078]: DEBUG nova.api.openstack.wsgi_app [-] oslo_messaging_rabbit.heartbeat_timeout_threshold = 600 {{(pid=92078) log_opt_values /usr/local/lib/python3.8/dist-packages/oslo_config/cfg.py:2609}}
May 25 17:03:09.758138 n-d-792356-3 devstack@n-api.service[92078]: DEBUG nova.api.openstack.wsgi_app [-] oslo_messaging_rabbit.kombu_compression = None {{(pid=92078) log_opt_values /usr/local/lib/python3.8/dist-packages/oslo_config/cfg.py:2609}}
May 25 17:03:09.758479 n-d-792356-3 devstack@n-api.service[92078]: DEBUG nova.api.openstack.wsgi_app [-] oslo_messaging_rabbit.kombu_failover_strategy = round-robin {{(pid=92078) log_opt_values /usr/local/lib/python3.8/dist-packages/oslo_config/cfg.py:2609}}
May 25 17:03:09.758809 n-d-792356-3 devstack@n-api.service[92078]: DEBUG nova.api.openstack.wsgi_app [-] oslo_messaging_rabbit.kombu_missing_consumer_retry_timeout = 60 {{(pid=92078) log_opt_values /usr/local/lib/python3.8/dist-packages/oslo_config/cfg.py:2609}}
May 25 17:03:09.759143 n-d-792356-3 devstack@n-api.service[92078]: DEBUG nova.api.openstack.wsgi_app [-] oslo_messaging_rabbit.kombu_reconnect_delay = 1.0 {{(pid=92078) log_opt_values /usr/local/lib/python3.8/dist-packages/oslo_config/cfg.py:2609}}
May 25 17:03:09.759472 n-d-792356-3 devstack@n-api.service[92078]: DEBUG nova.api.openstack.wsgi_app [-] oslo_messaging_rabbit.rabbit_ha_queues = False {{(pid=92078) log_opt_values /usr/local/lib/python3.8/dist-packages/oslo_config/cfg.py:2609}}
May 25 17:03:09.759796 n-d-792356-3 devstack@n-api.service[92078]: DEBUG nova.api.openstack.wsgi_app [-] oslo_messaging_rabbit.rabbit_interval_max = 30 {{(pid=92078) log_opt_values /usr/local/lib/python3.8/dist-packages/oslo_config/cfg.py:2609}}
May 25 17:03:09.760144 n-d-792356-3 devstack@n-api.service[92078]: DEBUG nova.api.openstack.wsgi_app [-] oslo_messaging_rabbit.rabbit_login_method = AMQPLAIN {{(pid=92078) log_opt_values /usr/local/lib/python3.8/dist-packages/oslo_config/cfg.py:2609}}
May 25 17:03:09.760467 n-d-792356-3 devstack@n-api.service[92078]: DEBUG nova.api.openstack.wsgi_app [-] oslo_messaging_rabbit.rabbit_qos_prefetch_count = 0 {{(pid=92078) log_opt_values /usr/local/lib/python3.8/dist-packages/oslo_config/cfg.py:2609}}
May 25 17:03:09.760794 n-d-792356-3 devstack@n-api.service[92078]: DEBUG nova.api.openstack.wsgi_app [-] oslo_messaging_rabbit.rabbit_retry_backoff = 2 {{(pid=92078) log_opt_values /usr/local/lib/python3.8/dist-packages/oslo_config/cfg.py:2609}}
May 25 17:03:09.761674 n-d-792356-3 devstack@n-api.service[92078]: DEBUG nova.api.openstack.wsgi_app [-] oslo_messaging_rabbit.rabbit_retry_interval = 1 {{(pid=92078) log_opt_values /usr/local/lib/python3.8/dist-packages/oslo_config/cfg.py:2609}}
May 25 17:03:09.761998 n-d-792356-3 devstack@n-api.service[92078]: DEBUG nova.api.openstack.wsgi_app [-] oslo_messaging_rabbit.rabbit_transient_queues_ttl = 1800 {{(pid=92078) log_opt_values /usr/local/lib/python3.8/dist-packages/oslo_config/cfg.py:2609}}
May 25 17:03:09.762424 n-d-792356-3 devstack@n-api.service[92078]: DEBUG nova.api.openstack.wsgi_app [-] oslo_messaging_rabbit.rpc_conn_pool_size = 30 {{(pid=92078) log_opt_values /usr/local/lib/python3.8/dist-packages/oslo_config/cfg.py:2609}}
May 25 17:03:09.762704 n-d-792356-3 devstack@n-api.service[92078]: DEBUG nova.api.openstack.wsgi_app [-] oslo_messaging_rabbit.ssl = False {{(pid=92078) log_opt_values /usr/local/lib/python3.8/dist-packages/oslo_config/cfg.py:2609}}
May 25 17:03:09.763010 n-d-792356-3 devstack@n-api.service[92078]: DEBUG nova.api.openstack.wsgi_app [-] oslo_messaging_rabbit.ssl_ca_file = {{(pid=92078) log_opt_values /usr/local/lib/python3.8/dist-packages/oslo_config/cfg.py:2609}}
May 25 17:03:09.763349 n-d-792356-3 devstack@n-api.service[92078]: DEBUG nova.api.openstack.wsgi_app [-] oslo_messaging_rabbit.ssl_cert_file = {{(pid=92078) log_opt_values /usr/local/lib/python3.8/dist-packages/oslo_config/cfg.py:2609}}
May 25 17:03:09.763688 n-d-792356-3 devstack@n-api.service[92078]: DEBUG nova.api.openstack.wsgi_app [-] oslo_messaging_rabbit.ssl_key_file = {{(pid=92078) log_opt_values /usr/local/lib/python3.8/dist-packages/oslo_config/cfg.py:2609}}
May 25 17:03:09.764027 n-d-792356-3 devstack@n-api.service[92078]: DEBUG nova.api.openstack.wsgi_app [-] oslo_messaging_rabbit.ssl_version = {{(pid=92078) log_opt_values /usr/local/lib/python3.8/dist-packages/oslo_config/cfg.py:2609}}
May 25 17:03:09.764385 n-d-792356-3 devstack@n-api.service[92078]: DEBUG nova.api.openstack.wsgi_app [-] oslo_messaging_notifications.driver = ['messagingv2'] {{(pid=92078) log_opt_values /usr/local/lib/python3.8/dist-packages/oslo_config/cfg.py:2609}}
May 25 17:03:09.764709 n-d-792356-3 devstack@n-api.service[92078]: DEBUG nova.api.openstack.wsgi_app [-] oslo_messaging_notifications.retry = -1 {{(pid=92078) log_opt_values /usr/local/lib/python3.8/dist-packages/oslo_config/cfg.py:2609}}
May 25 17:03:09.765062 n-d-792356-3 devstack@n-api.service[92078]: DEBUG nova.api.openstack.wsgi_app [-] oslo_messaging_notifications.topics = ['notifications'] {{(pid=92078) log_opt_values /usr/local/lib/python3.8/dist-packages/oslo_config/cfg.py:2609}}
May 25 17:03:09.765401 n-d-792356-3 devstack@n-api.service[92078]: DEBUG nova.api.openstack.wsgi_app [-] oslo_messaging_notifications.transport_url = **** {{(pid=92078) log_opt_values /usr/local/lib/python3.8/dist-packages/oslo_config/cfg.py:2609}}
May 25 17:03:09.765655 n-d-792356-3 devstack@n-api.service[92078]: DEBUG nova.api.openstack.wsgi_app [-] ******************************************************************************** {{(pid=92078) log_opt_values /usr/local/lib/python3.8/dist-packages/oslo_config/cfg.py:2613}}
May 25 17:03:09.788597 n-d-792356-3 devstack@n-api.service[92079]: DEBUG oslo_db.sqlalchemy.engines [None req-6f4542ae-9b0b-4eb0-8e2b-a3566b9848a7 None None] MySQL server mode set to STRICT_TRANS_TABLES,STRICT_ALL_TABLES,NO_ZERO_IN_DATE,NO_ZERO_DATE,ERROR_FOR_DIVISION_BY_ZERO,TRADITIONAL,NO_ENGINE_SUBSTITUTION {{(pid=92079) _check_effective_sql_mode /usr/local/lib/python3.8/dist-packages/oslo_db/sqlalchemy/engines.py:314}}
May 25 17:03:09.797608 n-d-792356-3 devstack@n-api.service[92078]: DEBUG oslo_db.sqlalchemy.engines [None req-9eba9b27-66d6-490a-8a5b-493c957a1700 None None] MySQL server mode set to STRICT_TRANS_TABLES,STRICT_ALL_TABLES,NO_ZERO_IN_DATE,NO_ZERO_DATE,ERROR_FOR_DIVISION_BY_ZERO,TRADITIONAL,NO_ENGINE_SUBSTITUTION {{(pid=92078) _check_effective_sql_mode /usr/local/lib/python3.8/dist-packages/oslo_db/sqlalchemy/engines.py:314}}
May 25 17:03:10.036623 n-d-792356-3 devstack@n-api.service[92079]: DEBUG nova.context [None req-6f4542ae-9b0b-4eb0-8e2b-a3566b9848a7 None None] Found 2 cells: 00000000-0000-0000-0000-000000000000(cell0),411af4c6-f120-4546-a5f5-547e6daf1873(cell1) {{(pid=92079) load_cells /opt/stack/nova/nova/context.py:464}}
May 25 17:03:10.040855 n-d-792356-3 devstack@n-api.service[92079]: DEBUG oslo_concurrency.lockutils [None req-6f4542ae-9b0b-4eb0-8e2b-a3566b9848a7 None None] Lock "00000000-0000-0000-0000-000000000000" acquired by "nova.context.set_target_cell..get_or_set_cached_cell_and_set_connections" :: waited 0.000s {{(pid=92079) inner /usr/local/lib/python3.8/dist-packages/oslo_concurrency/lockutils.py:355}}
May 25 17:03:10.042572 n-d-792356-3 devstack@n-api.service[92079]: DEBUG oslo_concurrency.lockutils [None req-6f4542ae-9b0b-4eb0-8e2b-a3566b9848a7 None None] Lock "00000000-0000-0000-0000-000000000000" released by "nova.context.set_target_cell..get_or_set_cached_cell_and_set_connections" :: held 0.002s {{(pid=92079) inner /usr/local/lib/python3.8/dist-packages/oslo_concurrency/lockutils.py:367}}
May 25 17:03:10.043467 n-d-792356-3 devstack@n-api.service[92079]: DEBUG oslo_concurrency.lockutils [None req-6f4542ae-9b0b-4eb0-8e2b-a3566b9848a7 None None] Lock "411af4c6-f120-4546-a5f5-547e6daf1873" acquired by "nova.context.set_target_cell..get_or_set_cached_cell_and_set_connections" :: waited 0.000s {{(pid=92079) inner /usr/local/lib/python3.8/dist-packages/oslo_concurrency/lockutils.py:355}}
May 25 17:03:10.045526 n-d-792356-3 devstack@n-api.service[92079]: DEBUG oslo_concurrency.lockutils [None req-6f4542ae-9b0b-4eb0-8e2b-a3566b9848a7 None None] Lock "411af4c6-f120-4546-a5f5-547e6daf1873" released by "nova.context.set_target_cell..get_or_set_cached_cell_and_set_connections" :: held 0.002s {{(pid=92079) inner /usr/local/lib/python3.8/dist-packages/oslo_concurrency/lockutils.py:367}}
May 25 17:03:10.049810 n-d-792356-3 devstack@n-api.service[92078]: DEBUG nova.context [None req-9eba9b27-66d6-490a-8a5b-493c957a1700 None None] Found 2 cells: 00000000-0000-0000-0000-000000000000(cell0),411af4c6-f120-4546-a5f5-547e6daf1873(cell1) {{(pid=92078) load_cells /opt/stack/nova/nova/context.py:464}}
May 25 17:03:10.054113 n-d-792356-3 devstack@n-api.service[92078]: DEBUG oslo_concurrency.lockutils [None req-9eba9b27-66d6-490a-8a5b-493c957a1700 None None] Lock "00000000-0000-0000-0000-000000000000" acquired by "nova.context.set_target_cell..get_or_set_cached_cell_and_set_connections" :: waited 0.000s {{(pid=92078) inner /usr/local/lib/python3.8/dist-packages/oslo_concurrency/lockutils.py:355}}
May 25 17:03:10.055843 n-d-792356-3 devstack@n-api.service[92078]: DEBUG oslo_concurrency.lockutils [None req-9eba9b27-66d6-490a-8a5b-493c957a1700 None None] Lock "00000000-0000-0000-0000-000000000000" released by "nova.context.set_target_cell..get_or_set_cached_cell_and_set_connections" :: held 0.002s {{(pid=92078) inner /usr/local/lib/python3.8/dist-packages/oslo_concurrency/lockutils.py:367}}
May 25 17:03:10.056705 n-d-792356-3 devstack@n-api.service[92078]: DEBUG oslo_concurrency.lockutils [None req-9eba9b27-66d6-490a-8a5b-493c957a1700 None None] Lock "411af4c6-f120-4546-a5f5-547e6daf1873" acquired by "nova.context.set_target_cell..get_or_set_cached_cell_and_set_connections" :: waited 0.000s {{(pid=92078) inner /usr/local/lib/python3.8/dist-packages/oslo_concurrency/lockutils.py:355}}
May 25 17:03:10.058795 n-d-792356-3 devstack@n-api.service[92078]: DEBUG oslo_concurrency.lockutils [None req-9eba9b27-66d6-490a-8a5b-493c957a1700 None None] Lock "411af4c6-f120-4546-a5f5-547e6daf1873" released by "nova.context.set_target_cell..get_or_set_cached_cell_and_set_connections" :: held 0.002s {{(pid=92078) inner /usr/local/lib/python3.8/dist-packages/oslo_concurrency/lockutils.py:367}}
May 25 17:03:10.068477 n-d-792356-3 devstack@n-api.service[92079]: DEBUG oslo_db.sqlalchemy.engines [None req-6f4542ae-9b0b-4eb0-8e2b-a3566b9848a7 None None] MySQL server mode set to STRICT_TRANS_TABLES,STRICT_ALL_TABLES,NO_ZERO_IN_DATE,NO_ZERO_DATE,ERROR_FOR_DIVISION_BY_ZERO,TRADITIONAL,NO_ENGINE_SUBSTITUTION {{(pid=92079) _check_effective_sql_mode /usr/local/lib/python3.8/dist-packages/oslo_db/sqlalchemy/engines.py:314}}
May 25 17:03:10.076738 n-d-792356-3 devstack@n-api.service[92079]: DEBUG oslo_db.sqlalchemy.engines [None req-6f4542ae-9b0b-4eb0-8e2b-a3566b9848a7 None None] MySQL server mode set to STRICT_TRANS_TABLES,STRICT_ALL_TABLES,NO_ZERO_IN_DATE,NO_ZERO_DATE,ERROR_FOR_DIVISION_BY_ZERO,TRADITIONAL,NO_ENGINE_SUBSTITUTION {{(pid=92079) _check_effective_sql_mode /usr/local/lib/python3.8/dist-packages/oslo_db/sqlalchemy/engines.py:314}}
May 25 17:03:10.087286 n-d-792356-3 devstack@n-api.service[92078]: DEBUG oslo_db.sqlalchemy.engines [None req-9eba9b27-66d6-490a-8a5b-493c957a1700 None None] MySQL server mode set to STRICT_TRANS_TABLES,STRICT_ALL_TABLES,NO_ZERO_IN_DATE,NO_ZERO_DATE,ERROR_FOR_DIVISION_BY_ZERO,TRADITIONAL,NO_ENGINE_SUBSTITUTION {{(pid=92078) _check_effective_sql_mode /usr/local/lib/python3.8/dist-packages/oslo_db/sqlalchemy/engines.py:314}}
May 25 17:03:10.089852 n-d-792356-3 devstack@n-api.service[92078]: DEBUG oslo_db.sqlalchemy.engines [None req-9eba9b27-66d6-490a-8a5b-493c957a1700 None None] MySQL server mode set to STRICT_TRANS_TABLES,STRICT_ALL_TABLES,NO_ZERO_IN_DATE,NO_ZERO_DATE,ERROR_FOR_DIVISION_BY_ZERO,TRADITIONAL,NO_ENGINE_SUBSTITUTION {{(pid=92078) _check_effective_sql_mode /usr/local/lib/python3.8/dist-packages/oslo_db/sqlalchemy/engines.py:314}}
May 25 17:03:10.102494 n-d-792356-3 devstack@n-api.service[92079]: DEBUG oslo_db.sqlalchemy.engines [None req-6f4542ae-9b0b-4eb0-8e2b-a3566b9848a7 None None] MySQL server mode set to STRICT_TRANS_TABLES,STRICT_ALL_TABLES,NO_ZERO_IN_DATE,NO_ZERO_DATE,ERROR_FOR_DIVISION_BY_ZERO,TRADITIONAL,NO_ENGINE_SUBSTITUTION {{(pid=92079) _check_effective_sql_mode /usr/local/lib/python3.8/dist-packages/oslo_db/sqlalchemy/engines.py:314}}
May 25 17:03:10.118571 n-d-792356-3 devstack@n-api.service[92078]: DEBUG oslo_db.sqlalchemy.engines [None req-9eba9b27-66d6-490a-8a5b-493c957a1700 None None] MySQL server mode set to STRICT_TRANS_TABLES,STRICT_ALL_TABLES,NO_ZERO_IN_DATE,NO_ZERO_DATE,ERROR_FOR_DIVISION_BY_ZERO,TRADITIONAL,NO_ENGINE_SUBSTITUTION {{(pid=92078) _check_effective_sql_mode /usr/local/lib/python3.8/dist-packages/oslo_db/sqlalchemy/engines.py:314}}
May 25 17:03:10.539547 n-d-792356-3 devstack@n-api.service[92079]: WARNING keystonemiddleware.auth_token [None req-6f4542ae-9b0b-4eb0-8e2b-a3566b9848a7 None None] AuthToken middleware is set with keystone_authtoken.service_token_roles_required set to False. This is backwards compatible but deprecated behaviour. Please set this to True.
May 25 17:03:10.543116 n-d-792356-3 devstack@n-api.service[92078]: WARNING keystonemiddleware.auth_token [None req-9eba9b27-66d6-490a-8a5b-493c957a1700 None None] AuthToken middleware is set with keystone_authtoken.service_token_roles_required set to False. This is backwards compatible but deprecated behaviour. Please set this to True.
May 25 17:03:10.546571 n-d-792356-3 devstack@n-api.service[92079]: WARNING keystonemiddleware.auth_token [None req-6f4542ae-9b0b-4eb0-8e2b-a3566b9848a7 None None] Configuring www_authenticate_uri to point to the public identity endpoint is required; clients may not be able to authenticate against an admin endpoint
May 25 17:03:10.549800 n-d-792356-3 devstack@n-api.service[92078]: WARNING keystonemiddleware.auth_token [None req-9eba9b27-66d6-490a-8a5b-493c957a1700 None None] Configuring www_authenticate_uri to point to the public identity endpoint is required; clients may not be able to authenticate against an admin endpoint
May 25 17:03:10.774164 n-d-792356-3 devstack@n-api.service[92079]: WARNING keystonemiddleware.auth_token [None req-6f4542ae-9b0b-4eb0-8e2b-a3566b9848a7 None None] AuthToken middleware is set with keystone_authtoken.service_token_roles_required set to False. This is backwards compatible but deprecated behaviour. Please set this to True.
May 25 17:03:10.779258 n-d-792356-3 devstack@n-api.service[92078]: WARNING keystonemiddleware.auth_token [None req-9eba9b27-66d6-490a-8a5b-493c957a1700 None None] AuthToken middleware is set with keystone_authtoken.service_token_roles_required set to False. This is backwards compatible but deprecated behaviour. Please set this to True.
May 25 17:03:10.779908 n-d-792356-3 devstack@n-api.service[92079]: WARNING keystonemiddleware.auth_token [None req-6f4542ae-9b0b-4eb0-8e2b-a3566b9848a7 None None] Configuring www_authenticate_uri to point to the public identity endpoint is required; clients may not be able to authenticate against an admin endpoint
May 25 17:03:10.784600 n-d-792356-3 devstack@n-api.service[92078]: WARNING keystonemiddleware.auth_token [None req-9eba9b27-66d6-490a-8a5b-493c957a1700 None None] Configuring www_authenticate_uri to point to the public identity endpoint is required; clients may not be able to authenticate against an admin endpoint
May 25 17:03:10.785147 n-d-792356-3 devstack@n-api.service[92079]: WSGI app 0 (mountpoint='') ready in 5 seconds on interpreter 0x55a9ed4c69c0 pid: 92079 (default app)
May 25 17:03:10.787248 n-d-792356-3 devstack@n-api.service[92079]: DEBUG nova.api.openstack.wsgi [None req-6f4542ae-9b0b-4eb0-8e2b-a3566b9848a7 None None] Calling method '>' {{(pid=92079) _process_stack /opt/stack/nova/nova/api/openstack/wsgi.py:513}}
May 25 17:03:10.788367 n-d-792356-3 devstack@n-api.service[92079]: INFO nova.api.openstack.requestlog [None req-6f4542ae-9b0b-4eb0-8e2b-a3566b9848a7 None None] 10.222.0.101 "GET /compute/v2.1/" status: 200 len: 389 microversion: 2.1 time: 0.001657
May 25 17:03:10.788779 n-d-792356-3 devstack@n-api.service[92079]: [pid: 92079|app: 0|req: 1/1] 10.222.0.101 () {50 vars in 794 bytes} [Tue May 25 17:03:10 2021] GET /compute/v2.1/ => generated 389 bytes in 3 msecs (HTTP/1.1 200) 9 headers in 357 bytes (1 switches on core 0)
May 25 17:03:10.789784 n-d-792356-3 devstack@n-api.service[92078]: WSGI app 0 (mountpoint='') ready in 5 seconds on interpreter 0x55a9ed4c69c0 pid: 92078 (default app)
May 25 17:04:30.964833 n-d-792356-3 devstack@n-api.service[92079]: DEBUG nova.api.openstack.wsgi [None req-6f4542ae-9b0b-4eb0-8e2b-a3566b9848a7 None None] Calling method '>' {{(pid=92079) _process_stack /opt/stack/nova/nova/api/openstack/wsgi.py:513}}
May 25 17:04:30.966633 n-d-792356-3 devstack@n-api.service[92079]: INFO nova.api.openstack.requestlog [None req-6f4542ae-9b0b-4eb0-8e2b-a3566b9848a7 None None] 10.222.0.101 "GET /compute/v2.1" status: 200 len: 389 microversion: 2.1 time: 0.002274
May 25 17:04:30.967047 n-d-792356-3 devstack@n-api.service[92079]: [pid: 92079|app: 0|req: 2/2] 10.222.0.101 () {54 vars in 935 bytes} [Tue May 25 17:04:30 2021] GET /compute/v2.1 => generated 389 bytes in 3 msecs (HTTP/1.1 200) 9 headers in 357 bytes (1 switches on core 0)
May 25 17:04:31.545828 n-d-792356-3 devstack@n-api.service[92078]: DEBUG nova.api.openstack.wsgi [None req-b13714b6-4750-4876-875a-3129376498ab admin admin] Calling method '>' {{(pid=92078) _process_stack /opt/stack/nova/nova/api/openstack/wsgi.py:513}}
May 25 17:04:31.573420 n-d-792356-3 devstack@n-api.service[92078]: INFO nova.api.openstack.requestlog [None req-b13714b6-4750-4876-875a-3129376498ab admin admin] 10.222.0.101 "GET /compute/v2.1/flavors/detail?is_public=True" status: 200 len: 15 microversion: 2.61 time: 0.598920
May 25 17:04:31.574344 n-d-792356-3 devstack@n-api.service[92078]: [pid: 92078|app: 0|req: 1/3] 10.222.0.101 () {60 vars in 1296 bytes} [Tue May 25 17:04:30 2021] GET /compute/v2.1/flavors/detail?is_public=True => generated 15 bytes in 601 msecs (HTTP/1.1 200) 9 headers in 358 bytes (2 switches on core 0)
May 25 17:04:33.695563 n-d-792356-3 devstack@n-api.service[92079]: DEBUG nova.api.openstack.wsgi [None req-6f4542ae-9b0b-4eb0-8e2b-a3566b9848a7 None None] Calling method '>' {{(pid=92079) _process_stack /opt/stack/nova/nova/api/openstack/wsgi.py:513}}
May 25 17:04:33.696538 n-d-792356-3 devstack@n-api.service[92079]: INFO nova.api.openstack.requestlog [None req-6f4542ae-9b0b-4eb0-8e2b-a3566b9848a7 None None] 10.222.0.101 "GET /compute/v2.1" status: 200 len: 389 microversion: 2.1 time: 0.001413
May 25 17:04:33.697181 n-d-792356-3 devstack@n-api.service[92079]: [pid: 92079|app: 0|req: 3/4] 10.222.0.101 () {54 vars in 935 bytes} [Tue May 25 17:04:33 2021] GET /compute/v2.1 => generated 389 bytes in 2 msecs (HTTP/1.1 200) 9 headers in 357 bytes (1 switches on core 0)
May 25 17:04:33.768562 n-d-792356-3 devstack@n-api.service[92078]: DEBUG nova.api.openstack.wsgi [None req-bfba5e13-4131-4349-8679-430090dfde63 admin admin] Action: 'create', calling method: >, body: {"flavor": {"os-flavor-access:is_public": true, "name": "cirros256", "vcpus": 1, "rxtx_factor": 1.0, "id": "c1", "disk": 1, "ram": 256, "OS-FLV-EXT-DATA:ephemeral": 0, "swap": 0}} {{(pid=92078) _process_stack /opt/stack/nova/nova/api/openstack/wsgi.py:511}}
May 25 17:04:33.788722 n-d-792356-3 devstack@n-api.service[92078]: /usr/local/lib/python3.8/dist-packages/oslo_policy/policy.py:1064: UserWarning: Policy os_compute_api:os-flavor-manage:create failed scope check. The token used to make the request was project scoped but the policy requires ['system'] scope. This behavior may change in the future where using the intended scope is required
May 25 17:04:33.788722 n-d-792356-3 devstack@n-api.service[92078]: warnings.warn(msg)
May 25 17:04:33.818201 n-d-792356-3 devstack@n-api.service[92078]: INFO nova.api.openstack.requestlog [None req-bfba5e13-4131-4349-8679-430090dfde63 admin admin] 10.222.0.101 "POST /compute/v2.1/flavors" status: 200 len: 409 microversion: 2.61 time: 0.114753
May 25 17:04:33.819234 n-d-792356-3 devstack@n-api.service[92078]: [pid: 92078|app: 0|req: 2/5] 10.222.0.101 () {64 vars in 1287 bytes} [Tue May 25 17:04:33 2021] POST /compute/v2.1/flavors => generated 409 bytes in 117 msecs (HTTP/1.1 200) 9 headers in 359 bytes (1 switches on core 0)
May 25 17:04:34.155990 n-d-792356-3 devstack@n-api.service[92079]: DEBUG nova.api.openstack.wsgi [None req-e88edb5f-a3dd-48eb-a160-30113e8952d8 admin admin] Action: 'create', calling method: >, body: {"extra_specs": {"hw_rng:allowed": "True"}} {{(pid=92079) _process_stack /opt/stack/nova/nova/api/openstack/wsgi.py:511}}
May 25 17:04:34.158374 n-d-792356-3 devstack@n-api.service[92079]: /usr/local/lib/python3.8/dist-packages/oslo_policy/policy.py:1064: UserWarning: Policy os_compute_api:os-flavor-extra-specs:create failed scope check. The token used to make the request was project scoped but the policy requires ['system'] scope. This behavior may change in the future where using the intended scope is required
May 25 17:04:34.158374 n-d-792356-3 devstack@n-api.service[92079]: warnings.warn(msg)
May 25 17:04:34.201895 n-d-792356-3 devstack@n-api.service[92079]: INFO nova.api.openstack.requestlog [None req-e88edb5f-a3dd-48eb-a160-30113e8952d8 admin admin] 10.222.0.101 "POST /compute/v2.1/flavors/c1/os-extra_specs" status: 200 len: 43 microversion: 2.61 time: 0.374546
May 25 17:04:34.202714 n-d-792356-3 devstack@n-api.service[92079]: [pid: 92079|app: 0|req: 4/6] 10.222.0.101 () {64 vars in 1340 bytes} [Tue May 25 17:04:33 2021] POST /compute/v2.1/flavors/c1/os-extra_specs => generated 43 bytes in 376 msecs (HTTP/1.1 200) 9 headers in 358 bytes (2 switches on core 0)
May 25 17:04:36.345017 n-d-792356-3 devstack@n-api.service[92078]: DEBUG nova.api.openstack.wsgi [None req-bfba5e13-4131-4349-8679-430090dfde63 admin admin] Calling method '>' {{(pid=92078) _process_stack /opt/stack/nova/nova/api/openstack/wsgi.py:513}}
May 25 17:04:36.346251 n-d-792356-3 devstack@n-api.service[92078]: INFO nova.api.openstack.requestlog [None req-bfba5e13-4131-4349-8679-430090dfde63 admin admin] 10.222.0.101 "GET /compute/v2.1" status: 200 len: 389 microversion: 2.1 time: 0.001604
May 25 17:04:36.346884 n-d-792356-3 devstack@n-api.service[92078]: [pid: 92078|app: 0|req: 3/7] 10.222.0.101 () {54 vars in 935 bytes} [Tue May 25 17:04:36 2021] GET /compute/v2.1 => generated 389 bytes in 3 msecs (HTTP/1.1 200) 9 headers in 357 bytes (1 switches on core 0)
May 25 17:04:36.453171 n-d-792356-3 devstack@n-api.service[92079]: DEBUG nova.api.openstack.wsgi [None req-104d60dd-08e8-4d23-9384-55fc16042605 admin admin] Action: 'create', calling method: >, body: {"flavor": {"id": "d1", "ram": 512, "rxtx_factor": 1.0, "vcpus": 1, "OS-FLV-EXT-DATA:ephemeral": 0, "os-flavor-access:is_public": true, "name": "ds512M", "swap": 0, "disk": 5}} {{(pid=92079) _process_stack /opt/stack/nova/nova/api/openstack/wsgi.py:511}}
May 25 17:04:36.471331 n-d-792356-3 devstack@n-api.service[92079]: /usr/local/lib/python3.8/dist-packages/oslo_policy/policy.py:1064: UserWarning: Policy os_compute_api:os-flavor-manage:create failed scope check. The token used to make the request was project scoped but the policy requires ['system'] scope. This behavior may change in the future where using the intended scope is required
May 25 17:04:36.471331 n-d-792356-3 devstack@n-api.service[92079]: warnings.warn(msg)
May 25 17:04:36.495563 n-d-792356-3 devstack@n-api.service[92079]: INFO nova.api.openstack.requestlog [None req-104d60dd-08e8-4d23-9384-55fc16042605 admin admin] 10.222.0.101 "POST /compute/v2.1/flavors" status: 200 len: 406 microversion: 2.61 time: 0.143014
May 25 17:04:36.496126 n-d-792356-3 devstack@n-api.service[92079]: [pid: 92079|app: 0|req: 5/8] 10.222.0.101 () {64 vars in 1287 bytes} [Tue May 25 17:04:36 2021] POST /compute/v2.1/flavors => generated 406 bytes in 144 msecs (HTTP/1.1 200) 9 headers in 359 bytes (1 switches on core 0)
May 25 17:04:36.508356 n-d-792356-3 devstack@n-api.service[92078]: DEBUG nova.api.openstack.wsgi [None req-f6478624-252d-4a1d-b4d3-1664940cc2e2 admin admin] Action: 'create', calling method: >, body: {"extra_specs": {"hw_rng:allowed": "True"}} {{(pid=92078) _process_stack /opt/stack/nova/nova/api/openstack/wsgi.py:511}}
May 25 17:04:36.509864 n-d-792356-3 devstack@n-api.service[92078]: /usr/local/lib/python3.8/dist-packages/oslo_policy/policy.py:1064: UserWarning: Policy os_compute_api:os-flavor-extra-specs:create failed scope check. The token used to make the request was project scoped but the policy requires ['system'] scope. This behavior may change in the future where using the intended scope is required
May 25 17:04:36.509864 n-d-792356-3 devstack@n-api.service[92078]: warnings.warn(msg)
May 25 17:04:36.546718 n-d-792356-3 devstack@n-api.service[92078]: INFO nova.api.openstack.requestlog [None req-f6478624-252d-4a1d-b4d3-1664940cc2e2 admin admin] 10.222.0.101 "POST /compute/v2.1/flavors/d1/os-extra_specs" status: 200 len: 43 microversion: 2.61 time: 0.041906
May 25 17:04:36.547230 n-d-792356-3 devstack@n-api.service[92078]: [pid: 92078|app: 0|req: 4/9] 10.222.0.101 () {64 vars in 1340 bytes} [Tue May 25 17:04:36 2021] POST /compute/v2.1/flavors/d1/os-extra_specs => generated 43 bytes in 43 msecs (HTTP/1.1 200) 9 headers in 358 bytes (1 switches on core 0)
May 25 17:04:38.685249 n-d-792356-3 devstack@n-api.service[92079]: DEBUG nova.api.openstack.wsgi [None req-104d60dd-08e8-4d23-9384-55fc16042605 admin admin] Calling method '>' {{(pid=92079) _process_stack /opt/stack/nova/nova/api/openstack/wsgi.py:513}}
May 25 17:04:38.685889 n-d-792356-3 devstack@n-api.service[92079]: INFO nova.api.openstack.requestlog [None req-104d60dd-08e8-4d23-9384-55fc16042605 admin admin] 10.222.0.101 "GET /compute/v2.1" status: 200 len: 389 microversion: 2.1 time: 0.002223
May 25 17:04:38.686557 n-d-792356-3 devstack@n-api.service[92079]: [pid: 92079|app: 0|req: 6/10] 10.222.0.101 () {54 vars in 935 bytes} [Tue May 25 17:04:38 2021] GET /compute/v2.1 => generated 389 bytes in 5 msecs (HTTP/1.1 200) 9 headers in 357 bytes (1 switches on core 0)
May 25 17:04:38.764145 n-d-792356-3 devstack@n-api.service[92078]: DEBUG nova.api.openstack.wsgi [None req-7a4be54d-80c9-4d7b-a0af-76b6d3109dd7 admin admin] Action: 'create', calling method: >, body: {"flavor": {"name": "ds1G", "swap": 0, "vcpus": 1, "rxtx_factor": 1.0, "OS-FLV-EXT-DATA:ephemeral": 0, "os-flavor-access:is_public": true, "disk": 10, "id": "d2", "ram": 1024}} {{(pid=92078) _process_stack /opt/stack/nova/nova/api/openstack/wsgi.py:511}}
May 25 17:04:38.804350 n-d-792356-3 devstack@n-api.service[92078]: INFO nova.api.openstack.requestlog [None req-7a4be54d-80c9-4d7b-a0af-76b6d3109dd7 admin admin] 10.222.0.101 "POST /compute/v2.1/flavors" status: 200 len: 406 microversion: 2.61 time: 0.110634
May 25 17:04:38.805285 n-d-792356-3 devstack@n-api.service[92078]: [pid: 92078|app: 0|req: 5/11] 10.222.0.101 () {64 vars in 1287 bytes} [Tue May 25 17:04:38 2021] POST /compute/v2.1/flavors => generated 406 bytes in 112 msecs (HTTP/1.1 200) 9 headers in 359 bytes (1 switches on core 0)
May 25 17:04:38.817759 n-d-792356-3 devstack@n-api.service[92079]: DEBUG nova.api.openstack.wsgi [None req-b1a083ed-c31d-410f-9287-31224d3de831 admin admin] Action: 'create', calling method: >, body: {"extra_specs": {"hw_rng:allowed": "True"}} {{(pid=92079) _process_stack /opt/stack/nova/nova/api/openstack/wsgi.py:511}}
May 25 17:04:38.868362 n-d-792356-3 devstack@n-api.service[92079]: INFO nova.api.openstack.requestlog [None req-b1a083ed-c31d-410f-9287-31224d3de831 admin admin] 10.222.0.101 "POST /compute/v2.1/flavors/d2/os-extra_specs" status: 200 len: 43 microversion: 2.61 time: 0.054421
May 25 17:04:38.869246 n-d-792356-3 devstack@n-api.service[92079]: [pid: 92079|app: 0|req: 7/12] 10.222.0.101 () {64 vars in 1340 bytes} [Tue May 25 17:04:38 2021] POST /compute/v2.1/flavors/d2/os-extra_specs => generated 43 bytes in 56 msecs (HTTP/1.1 200) 9 headers in 358 bytes (1 switches on core 0)
May 25 17:04:41.179541 n-d-792356-3 devstack@n-api.service[92078]: DEBUG nova.api.openstack.wsgi [None req-7a4be54d-80c9-4d7b-a0af-76b6d3109dd7 admin admin] Calling method '>' {{(pid=92078) _process_stack /opt/stack/nova/nova/api/openstack/wsgi.py:513}}
May 25 17:04:41.180538 n-d-792356-3 devstack@n-api.service[92078]: INFO nova.api.openstack.requestlog [None req-7a4be54d-80c9-4d7b-a0af-76b6d3109dd7 admin admin] 10.222.0.101 "GET /compute/v2.1" status: 200 len: 389 microversion: 2.1 time: 0.001449
May 25 17:04:41.190093 n-d-792356-3 devstack@n-api.service[92078]: [pid: 92078|app: 0|req: 6/13] 10.222.0.101 () {54 vars in 935 bytes} [Tue May 25 17:04:41 2021] GET /compute/v2.1 => generated 389 bytes in 8 msecs (HTTP/1.1 200) 9 headers in 357 bytes (2 switches on core 0)
May 25 17:04:41.271959 n-d-792356-3 devstack@n-api.service[92079]: DEBUG nova.api.openstack.wsgi [None req-8ce63bdc-f8f2-4afe-ac32-e915a6eaafcc admin admin] Action: 'create', calling method: >, body: {"flavor": {"swap": 0, "OS-FLV-EXT-DATA:ephemeral": 0, "vcpus": 2, "disk": 10, "rxtx_factor": 1.0, "ram": 2048, "name": "ds2G", "id": "d3", "os-flavor-access:is_public": true}} {{(pid=92079) _process_stack /opt/stack/nova/nova/api/openstack/wsgi.py:511}}
May 25 17:04:41.300573 n-d-792356-3 devstack@n-api.service[92079]: INFO nova.api.openstack.requestlog [None req-8ce63bdc-f8f2-4afe-ac32-e915a6eaafcc admin admin] 10.222.0.101 "POST /compute/v2.1/flavors" status: 200 len: 406 microversion: 2.61 time: 0.113030
May 25 17:04:41.306628 n-d-792356-3 devstack@n-api.service[92079]: [pid: 92079|app: 0|req: 8/14] 10.222.0.101 () {64 vars in 1287 bytes} [Tue May 25 17:04:41 2021] POST /compute/v2.1/flavors => generated 406 bytes in 120 msecs (HTTP/1.1 200) 9 headers in 359 bytes (1 switches on core 0)
May 25 17:04:41.314321 n-d-792356-3 devstack@n-api.service[92078]: DEBUG nova.api.openstack.wsgi [None req-a0ba5e44-293b-47fc-b19c-8bca25150a2a admin admin] Action: 'create', calling method: >, body: {"extra_specs": {"hw_rng:allowed": "True"}} {{(pid=92078) _process_stack /opt/stack/nova/nova/api/openstack/wsgi.py:511}}
May 25 17:04:41.354477 n-d-792356-3 devstack@n-api.service[92078]: INFO nova.api.openstack.requestlog [None req-a0ba5e44-293b-47fc-b19c-8bca25150a2a admin admin] 10.222.0.101 "POST /compute/v2.1/flavors/d3/os-extra_specs" status: 200 len: 43 microversion: 2.61 time: 0.043757
May 25 17:04:41.367141 n-d-792356-3 devstack@n-api.service[92078]: [pid: 92078|app: 0|req: 7/15] 10.222.0.101 () {64 vars in 1340 bytes} [Tue May 25 17:04:41 2021] POST /compute/v2.1/flavors/d3/os-extra_specs => generated 43 bytes in 57 msecs (HTTP/1.1 200) 9 headers in 358 bytes (2 switches on core 0)
May 25 17:04:43.723381 n-d-792356-3 devstack@n-api.service[92079]: DEBUG nova.api.openstack.wsgi [None req-8ce63bdc-f8f2-4afe-ac32-e915a6eaafcc admin admin] Calling method '>' {{(pid=92079) _process_stack /opt/stack/nova/nova/api/openstack/wsgi.py:513}}
May 25 17:04:43.724387 n-d-792356-3 devstack@n-api.service[92079]: INFO nova.api.openstack.requestlog [None req-8ce63bdc-f8f2-4afe-ac32-e915a6eaafcc admin admin] 10.222.0.101 "GET /compute/v2.1" status: 200 len: 389 microversion: 2.1 time: 0.001485
May 25 17:04:43.724810 n-d-792356-3 devstack@n-api.service[92079]: [pid: 92079|app: 0|req: 9/16] 10.222.0.101 () {54 vars in 935 bytes} [Tue May 25 17:04:43 2021] GET /compute/v2.1 => generated 389 bytes in 3 msecs (HTTP/1.1 200) 9 headers in 357 bytes (1 switches on core 0)
May 25 17:04:43.793940 n-d-792356-3 devstack@n-api.service[92078]: DEBUG nova.api.openstack.wsgi [None req-7f41c32d-7458-423e-99cd-592a18e4138a admin admin] Action: 'create', calling method: >, body: {"flavor": {"disk": 20, "name": "ds4G", "vcpus": 4, "rxtx_factor": 1.0, "os-flavor-access:is_public": true, "id": "d4", "swap": 0, "OS-FLV-EXT-DATA:ephemeral": 0, "ram": 4096}} {{(pid=92078) _process_stack /opt/stack/nova/nova/api/openstack/wsgi.py:511}}
May 25 17:04:43.819331 n-d-792356-3 devstack@n-api.service[92078]: INFO nova.api.openstack.requestlog [None req-7f41c32d-7458-423e-99cd-592a18e4138a admin admin] 10.222.0.101 "POST /compute/v2.1/flavors" status: 200 len: 406 microversion: 2.61 time: 0.088502
May 25 17:04:43.820090 n-d-792356-3 devstack@n-api.service[92078]: [pid: 92078|app: 0|req: 8/17] 10.222.0.101 () {64 vars in 1287 bytes} [Tue May 25 17:04:43 2021] POST /compute/v2.1/flavors => generated 406 bytes in 90 msecs (HTTP/1.1 200) 9 headers in 359 bytes (1 switches on core 0)
May 25 17:04:43.831987 n-d-792356-3 devstack@n-api.service[92079]: DEBUG nova.api.openstack.wsgi [None req-3d2a6609-c05b-47db-8df8-0d3c2b067dc7 admin admin] Action: 'create', calling method: >, body: {"extra_specs": {"hw_rng:allowed": "True"}} {{(pid=92079) _process_stack /opt/stack/nova/nova/api/openstack/wsgi.py:511}}
May 25 17:04:43.872954 n-d-792356-3 devstack@n-api.service[92079]: INFO nova.api.openstack.requestlog [None req-3d2a6609-c05b-47db-8df8-0d3c2b067dc7 admin admin] 10.222.0.101 "POST /compute/v2.1/flavors/d4/os-extra_specs" status: 200 len: 43 microversion: 2.61 time: 0.043840
May 25 17:04:43.890606 n-d-792356-3 devstack@n-api.service[92079]: [pid: 92079|app: 0|req: 10/18] 10.222.0.101 () {64 vars in 1340 bytes} [Tue May 25 17:04:43 2021] POST /compute/v2.1/flavors/d4/os-extra_specs => generated 43 bytes in 62 msecs (HTTP/1.1 200) 9 headers in 358 bytes (1 switches on core 0)
May 25 17:04:46.054572 n-d-792356-3 devstack@n-api.service[92078]: DEBUG nova.api.openstack.wsgi [None req-7f41c32d-7458-423e-99cd-592a18e4138a admin admin] Calling method '>' {{(pid=92078) _process_stack /opt/stack/nova/nova/api/openstack/wsgi.py:513}}
May 25 17:04:46.056150 n-d-792356-3 devstack@n-api.service[92078]: INFO nova.api.openstack.requestlog [None req-7f41c32d-7458-423e-99cd-592a18e4138a admin admin] 10.222.0.101 "GET /compute/v2.1" status: 200 len: 389 microversion: 2.1 time: 0.002238
May 25 17:04:46.056764 n-d-792356-3 devstack@n-api.service[92078]: [pid: 92078|app: 0|req: 9/19] 10.222.0.101 () {54 vars in 935 bytes} [Tue May 25 17:04:46 2021] GET /compute/v2.1 => generated 389 bytes in 3 msecs (HTTP/1.1 200) 9 headers in 357 bytes (1 switches on core 0)
May 25 17:04:46.143682 n-d-792356-3 devstack@n-api.service[92079]: DEBUG nova.api.openstack.wsgi [None req-3e4364ed-a880-4e72-9bba-d5635b57dad9 admin admin] Calling method '>' {{(pid=92079) _process_stack /opt/stack/nova/nova/api/openstack/wsgi.py:513}}
May 25 17:04:46.168074 n-d-792356-3 devstack@n-api.service[92079]: INFO nova.api.openstack.requestlog [None req-3e4364ed-a880-4e72-9bba-d5635b57dad9 admin admin] 10.222.0.101 "GET /compute/v2.1/flavors/detail?is_public=True" status: 200 len: 2116 microversion: 2.61 time: 0.104481
May 25 17:04:46.169302 n-d-792356-3 devstack@n-api.service[92079]: [pid: 92079|app: 0|req: 11/20] 10.222.0.101 () {60 vars in 1296 bytes} [Tue May 25 17:04:46 2021] GET /compute/v2.1/flavors/detail?is_public=True => generated 2116 bytes in 106 msecs (HTTP/1.1 200) 9 headers in 360 bytes (1 switches on core 0)
May 25 17:04:48.343719 n-d-792356-3 devstack@n-api.service[92078]: DEBUG nova.api.openstack.wsgi [None req-7f41c32d-7458-423e-99cd-592a18e4138a admin admin] Calling method '>' {{(pid=92078) _process_stack /opt/stack/nova/nova/api/openstack/wsgi.py:513}}
May 25 17:04:48.345336 n-d-792356-3 devstack@n-api.service[92078]: INFO nova.api.openstack.requestlog [None req-7f41c32d-7458-423e-99cd-592a18e4138a admin admin] 10.222.0.101 "GET /compute/v2.1" status: 200 len: 389 microversion: 2.1 time: 0.002028
May 25 17:04:48.357549 n-d-792356-3 devstack@n-api.service[92078]: [pid: 92078|app: 0|req: 10/21] 10.222.0.101 () {54 vars in 935 bytes} [Tue May 25 17:04:48 2021] GET /compute/v2.1 => generated 389 bytes in 15 msecs (HTTP/1.1 200) 9 headers in 357 bytes (1 switches on core 0)
May 25 17:04:48.413626 n-d-792356-3 devstack@n-api.service[92079]: DEBUG nova.api.openstack.wsgi [None req-d30291f0-c03e-4c4b-ba91-ed8272480183 admin admin] Action: 'create', calling method: >, body: {"flavor": {"os-flavor-access:is_public": true, "OS-FLV-EXT-DATA:ephemeral": 0, "disk": 1, "ram": 512, "swap": 0, "name": "m1.tiny", "id": "1", "vcpus": 1, "rxtx_factor": 1.0}} {{(pid=92079) _process_stack /opt/stack/nova/nova/api/openstack/wsgi.py:511}}
May 25 17:04:48.445713 n-d-792356-3 devstack@n-api.service[92079]: INFO nova.api.openstack.requestlog [None req-d30291f0-c03e-4c4b-ba91-ed8272480183 admin admin] 10.222.0.101 "POST /compute/v2.1/flavors" status: 200 len: 404 microversion: 2.61 time: 0.093026
May 25 17:04:48.453676 n-d-792356-3 devstack@n-api.service[92079]: [pid: 92079|app: 0|req: 12/22] 10.222.0.101 () {64 vars in 1287 bytes} [Tue May 25 17:04:48 2021] POST /compute/v2.1/flavors => generated 404 bytes in 99 msecs (HTTP/1.1 200) 9 headers in 359 bytes (1 switches on core 0)
May 25 17:04:48.459860 n-d-792356-3 devstack@n-api.service[92078]: DEBUG nova.api.openstack.wsgi [None req-8b170a58-c6e2-4cc6-87c7-2e5df072a34c admin admin] Action: 'create', calling method: >, body: {"extra_specs": {"hw_rng:allowed": "True"}} {{(pid=92078) _process_stack /opt/stack/nova/nova/api/openstack/wsgi.py:511}}
May 25 17:04:48.509745 n-d-792356-3 devstack@n-api.service[92078]: INFO nova.api.openstack.requestlog [None req-8b170a58-c6e2-4cc6-87c7-2e5df072a34c admin admin] 10.222.0.101 "POST /compute/v2.1/flavors/1/os-extra_specs" status: 200 len: 43 microversion: 2.61 time: 0.053497
May 25 17:04:48.523083 n-d-792356-3 devstack@n-api.service[92078]: [pid: 92078|app: 0|req: 11/23] 10.222.0.101 () {64 vars in 1337 bytes} [Tue May 25 17:04:48 2021] POST /compute/v2.1/flavors/1/os-extra_specs => generated 43 bytes in 68 msecs (HTTP/1.1 200) 9 headers in 358 bytes (1 switches on core 0)
May 25 17:04:50.688072 n-d-792356-3 devstack@n-api.service[92079]: DEBUG nova.api.openstack.wsgi [None req-d30291f0-c03e-4c4b-ba91-ed8272480183 admin admin] Calling method '>' {{(pid=92079) _process_stack /opt/stack/nova/nova/api/openstack/wsgi.py:513}}
May 25 17:04:50.689656 n-d-792356-3 devstack@n-api.service[92079]: INFO nova.api.openstack.requestlog [None req-d30291f0-c03e-4c4b-ba91-ed8272480183 admin admin] 10.222.0.101 "GET /compute/v2.1" status: 200 len: 389 microversion: 2.1 time: 0.002050
May 25 17:04:50.690433 n-d-792356-3 devstack@n-api.service[92079]: [pid: 92079|app: 0|req: 13/24] 10.222.0.101 () {54 vars in 935 bytes} [Tue May 25 17:04:50 2021] GET /compute/v2.1 => generated 389 bytes in 3 msecs (HTTP/1.1 200) 9 headers in 357 bytes (1 switches on core 0)
May 25 17:04:50.755696 n-d-792356-3 devstack@n-api.service[92078]: DEBUG nova.api.openstack.wsgi [None req-52f32e06-2a36-49b6-84a4-9662cace2123 admin admin] Action: 'create', calling method: >, body: {"flavor": {"ram": 2048, "vcpus": 1, "OS-FLV-EXT-DATA:ephemeral": 0, "swap": 0, "name": "m1.small", "rxtx_factor": 1.0, "os-flavor-access:is_public": true, "id": "2", "disk": 20}} {{(pid=92078) _process_stack /opt/stack/nova/nova/api/openstack/wsgi.py:511}}
May 25 17:04:50.779978 n-d-792356-3 devstack@n-api.service[92078]: INFO nova.api.openstack.requestlog [None req-52f32e06-2a36-49b6-84a4-9662cace2123 admin admin] 10.222.0.101 "POST /compute/v2.1/flavors" status: 200 len: 407 microversion: 2.61 time: 0.083352
May 25 17:04:50.780592 n-d-792356-3 devstack@n-api.service[92078]: [pid: 92078|app: 0|req: 12/25] 10.222.0.101 () {64 vars in 1287 bytes} [Tue May 25 17:04:50 2021] POST /compute/v2.1/flavors => generated 407 bytes in 85 msecs (HTTP/1.1 200) 9 headers in 359 bytes (1 switches on core 0)
May 25 17:04:50.793801 n-d-792356-3 devstack@n-api.service[92079]: DEBUG nova.api.openstack.wsgi [None req-8dad7e05-3178-4e72-8c30-e83bca619a0b admin admin] Action: 'create', calling method: >, body: {"extra_specs": {"hw_rng:allowed": "True"}} {{(pid=92079) _process_stack /opt/stack/nova/nova/api/openstack/wsgi.py:511}}
May 25 17:04:50.840557 n-d-792356-3 devstack@n-api.service[92079]: INFO nova.api.openstack.requestlog [None req-8dad7e05-3178-4e72-8c30-e83bca619a0b admin admin] 10.222.0.101 "POST /compute/v2.1/flavors/2/os-extra_specs" status: 200 len: 43 microversion: 2.61 time: 0.051835
May 25 17:04:50.841161 n-d-792356-3 devstack@n-api.service[92079]: [pid: 92079|app: 0|req: 14/26] 10.222.0.101 () {64 vars in 1337 bytes} [Tue May 25 17:04:50 2021] POST /compute/v2.1/flavors/2/os-extra_specs => generated 43 bytes in 53 msecs (HTTP/1.1 200) 9 headers in 358 bytes (1 switches on core 0)
May 25 17:04:53.579025 n-d-792356-3 devstack@n-api.service[92078]: DEBUG nova.api.openstack.wsgi [None req-52f32e06-2a36-49b6-84a4-9662cace2123 admin admin] Calling method '>' {{(pid=92078) _process_stack /opt/stack/nova/nova/api/openstack/wsgi.py:513}}
May 25 17:04:53.580130 n-d-792356-3 devstack@n-api.service[92078]: INFO nova.api.openstack.requestlog [None req-52f32e06-2a36-49b6-84a4-9662cace2123 admin admin] 10.222.0.101 "GET /compute/v2.1" status: 200 len: 389 microversion: 2.1 time: 0.001526
May 25 17:04:53.580529 n-d-792356-3 devstack@n-api.service[92078]: [pid: 92078|app: 0|req: 13/27] 10.222.0.101 () {54 vars in 935 bytes} [Tue May 25 17:04:53 2021] GET /compute/v2.1 => generated 389 bytes in 3 msecs (HTTP/1.1 200) 9 headers in 357 bytes (1 switches on core 0)
May 25 17:04:53.641225 n-d-792356-3 devstack@n-api.service[92079]: DEBUG nova.api.openstack.wsgi [None req-31f961e6-7785-4598-b219-8c30ba675796 admin admin] Action: 'create', calling method: >, body: {"flavor": {"id": "3", "name": "m1.medium", "OS-FLV-EXT-DATA:ephemeral": 0, "vcpus": 2, "ram": 4096, "swap": 0, "rxtx_factor": 1.0, "disk": 40, "os-flavor-access:is_public": true}} {{(pid=92079) _process_stack /opt/stack/nova/nova/api/openstack/wsgi.py:511}}
May 25 17:04:53.672023 n-d-792356-3 devstack@n-api.service[92079]: INFO nova.api.openstack.requestlog [None req-31f961e6-7785-4598-b219-8c30ba675796 admin admin] 10.222.0.101 "POST /compute/v2.1/flavors" status: 200 len: 408 microversion: 2.61 time: 0.085202
May 25 17:04:53.672749 n-d-792356-3 devstack@n-api.service[92079]: [pid: 92079|app: 0|req: 15/28] 10.222.0.101 () {64 vars in 1287 bytes} [Tue May 25 17:04:53 2021] POST /compute/v2.1/flavors => generated 408 bytes in 87 msecs (HTTP/1.1 200) 9 headers in 359 bytes (1 switches on core 0)
May 25 17:04:53.686667 n-d-792356-3 devstack@n-api.service[92078]: DEBUG nova.api.openstack.wsgi [None req-c00d6433-6aea-4db3-8553-8f8e2b6655c4 admin admin] Action: 'create', calling method: >, body: {"extra_specs": {"hw_rng:allowed": "True"}} {{(pid=92078) _process_stack /opt/stack/nova/nova/api/openstack/wsgi.py:511}}
May 25 17:04:53.724839 n-d-792356-3 devstack@n-api.service[92078]: INFO nova.api.openstack.requestlog [None req-c00d6433-6aea-4db3-8553-8f8e2b6655c4 admin admin] 10.222.0.101 "POST /compute/v2.1/flavors/3/os-extra_specs" status: 200 len: 43 microversion: 2.61 time: 0.042423
May 25 17:04:53.725595 n-d-792356-3 devstack@n-api.service[92078]: [pid: 92078|app: 0|req: 14/29] 10.222.0.101 () {64 vars in 1337 bytes} [Tue May 25 17:04:53 2021] POST /compute/v2.1/flavors/3/os-extra_specs => generated 43 bytes in 44 msecs (HTTP/1.1 200) 9 headers in 358 bytes (2 switches on core 0)
May 25 17:04:55.829111 n-d-792356-3 devstack@n-api.service[92079]: DEBUG nova.api.openstack.wsgi [None req-31f961e6-7785-4598-b219-8c30ba675796 admin admin] Calling method '>' {{(pid=92079) _process_stack /opt/stack/nova/nova/api/openstack/wsgi.py:513}}
May 25 17:04:55.831026 n-d-792356-3 devstack@n-api.service[92079]: INFO nova.api.openstack.requestlog [None req-31f961e6-7785-4598-b219-8c30ba675796 admin admin] 10.222.0.101 "GET /compute/v2.1" status: 200 len: 389 microversion: 2.1 time: 0.002307
