May 19 14:26:36.838595 n-d-791506-3 devstack@n-api.service[107456]: DEBUG nova.policy [None req-fcd6e6db-6c7b-40a2-8723-7842a7d27cc6 tempest-LiveAutoBlockMigrationV225Test-76709634 tempest-LiveAutoBlockMigrationV225Test-76709634-project] Policy check for os_compute_api:servers:show:host_status:unknown-only failed with credentials {'is_admin': False, 'user_id': '63b8ffa4227c43f282a0518fc33430db', 'user_domain_id': 'default', 'system_scope': None, 'domain_id': None, 'project_id': '69844a8d31254b978a7a70f2cbc688e8', 'project_domain_id': 'default', 'roles': ['reader', 'member'], 'is_admin_project': True, 'service_user_id': None, 'service_user_domain_id': None, 'service_project_id': None, 'service_project_domain_id': None, 'service_roles': []} {{(pid=107456) authorize /opt/stack/nova/nova/policy.py:199}}
May 19 14:26:36.839923 n-d-791506-3 devstack@n-api.service[107456]: INFO nova.api.openstack.requestlog [None req-fcd6e6db-6c7b-40a2-8723-7842a7d27cc6 tempest-LiveAutoBlockMigrationV225Test-76709634 tempest-LiveAutoBlockMigrationV225Test-76709634-project] 10.222.0.85 "GET /compute/v2.1/servers/422a63e9-ac34-4c9b-9193-9bc611e570a1" status: 200 len: 1361 microversion: 2.25 time: 0.799614
May 19 14:26:36.844172 n-d-791506-3 devstack@n-api.service[107456]: [pid: 107456|app: 0|req: 108/236] 10.222.0.85 () {60 vars in 1277 bytes} [Wed May 19 14:26:36 2021] GET /compute/v2.1/servers/422a63e9-ac34-4c9b-9193-9bc611e570a1 => generated 1361 bytes in 810 msecs (HTTP/1.1 200) 9 headers in 360 bytes (1 switches on core 0)
May 19 14:26:36.852105 n-d-791506-3 devstack@n-api.service[107456]: DEBUG nova.api.openstack.wsgi [None req-2b036a76-a778-4584-9e5f-b428af035c99 tempest-AggregatesAdminTestJSON-410458326 tempest-AggregatesAdminTestJSON-410458326-project-admin] Action: 'action', calling method: >, body: {"add_host": {"host": "n-h1-791506-3"}} {{(pid=107456) _process_stack /opt/stack/nova/nova/api/openstack/wsgi.py:511}}
May 19 14:26:36.853464 n-d-791506-3 devstack@n-api.service[107456]: /usr/local/lib/python3.8/dist-packages/oslo_policy/policy.py:1064: UserWarning: Policy os_compute_api:os-aggregates:add_host failed scope check. The token used to make the request was project scoped but the policy requires ['system'] scope. This behavior may change in the future where using the intended scope is required
May 19 14:26:36.853464 n-d-791506-3 devstack@n-api.service[107456]: warnings.warn(msg)
May 19 14:26:36.859971 n-d-791506-3 devstack@n-api.service[107455]: DEBUG nova.policy [None req-df542982-e3d0-48a4-8e78-e8899e9e8a40 tempest-ServersOnMultiNodesTest-1440051997 tempest-ServersOnMultiNodesTest-1440051997-project] Policy check for os_compute_api:os-extended-server-attributes failed with credentials {'is_admin': False, 'user_id': '888988aa16e34f16b4aaa0abf74cf5a6', 'user_domain_id': 'default', 'system_scope': None, 'domain_id': None, 'project_id': '2d1c1d63ad834875af77029be5b42d85', 'project_domain_id': 'default', 'roles': ['reader', 'member'], 'is_admin_project': True, 'service_user_id': None, 'service_user_domain_id': None, 'service_project_id': None, 'service_project_domain_id': None, 'service_roles': []} {{(pid=107455) authorize /opt/stack/nova/nova/policy.py:199}}
May 19 14:26:36.871818 n-d-791506-3 devstack@n-api.service[107456]: DEBUG oslo_concurrency.lockutils [None req-2b036a76-a778-4584-9e5f-b428af035c99 tempest-AggregatesAdminTestJSON-410458326 tempest-AggregatesAdminTestJSON-410458326-project-admin] Lock "950c1bed-52b1-4fa2-81f4-0c687c600f30" acquired by "nova.context.set_target_cell..get_or_set_cached_cell_and_set_connections" :: waited 0.000s {{(pid=107456) inner /usr/local/lib/python3.8/dist-packages/oslo_concurrency/lockutils.py:355}}
May 19 14:26:36.872554 n-d-791506-3 devstack@n-api.service[107456]: DEBUG oslo_concurrency.lockutils [None req-2b036a76-a778-4584-9e5f-b428af035c99 tempest-AggregatesAdminTestJSON-410458326 tempest-AggregatesAdminTestJSON-410458326-project-admin] Lock "950c1bed-52b1-4fa2-81f4-0c687c600f30" released by "nova.context.set_target_cell..get_or_set_cached_cell_and_set_connections" :: held 0.001s {{(pid=107456) inner /usr/local/lib/python3.8/dist-packages/oslo_concurrency/lockutils.py:367}}
May 19 14:26:36.873676 n-d-791506-3 devstack@n-api.service[107455]: INFO nova.api.openstack.requestlog [None req-df542982-e3d0-48a4-8e78-e8899e9e8a40 tempest-ServersOnMultiNodesTest-1440051997 tempest-ServersOnMultiNodesTest-1440051997-project] 10.222.0.85 "GET /compute/v2.1/servers/75bda5da-51e3-4319-b510-762f8060917a" status: 200 len: 1317 microversion: 2.1 time: 0.704590
May 19 14:26:36.884098 n-d-791506-3 devstack@n-api.service[107455]: [pid: 107455|app: 0|req: 129/237] 10.222.0.85 () {58 vars in 1236 bytes} [Wed May 19 14:26:36 2021] GET /compute/v2.1/servers/75bda5da-51e3-4319-b510-762f8060917a => generated 1317 bytes in 715 msecs (HTTP/1.1 200) 9 headers in 358 bytes (1 switches on core 0)
May 19 14:26:37.034823 n-d-791506-3 devstack@n-api.service[107455]: DEBUG nova.api.openstack.wsgi [None req-81e1184b-bf93-418a-9dd4-a992a28c30a0 tempest-QuotasAdminNegativeTest-520799904 tempest-QuotasAdminNegativeTest-520799904-project] Action: 'create', calling method: >, body: {"server": {"name": "tempest-QuotasAdminNegativeTest-server-10404342", "imageRef": "39b59965-3004-44ca-8af5-39b8d2ae73d7", "flavorRef": "452"}} {{(pid=107455) _process_stack /opt/stack/nova/nova/api/openstack/wsgi.py:511}}
May 19 14:26:37.077567 n-d-791506-3 devstack@n-api.service[107456]: INFO nova.api.openstack.requestlog [None req-2b036a76-a778-4584-9e5f-b428af035c99 tempest-AggregatesAdminTestJSON-410458326 tempest-AggregatesAdminTestJSON-410458326-project-admin] 10.222.0.85 "POST /compute/v2.1/os-aggregates/11/action" status: 200 len: 243 microversion: 2.1 time: 0.232012
May 19 14:26:37.078782 n-d-791506-3 devstack@n-api.service[107456]: [pid: 107456|app: 0|req: 109/238] 10.222.0.85 () {60 vars in 1194 bytes} [Wed May 19 14:26:36 2021] POST /compute/v2.1/os-aggregates/11/action => generated 243 bytes in 234 msecs (HTTP/1.1 200) 9 headers in 357 bytes (1 switches on core 0)
May 19 14:26:37.089203 n-d-791506-3 devstack@n-api.service[107456]: DEBUG nova.api.openstack.wsgi [None req-7d358339-7a3f-4940-b7a0-241fe0acd79c tempest-DeleteServersAdminTestJSON-1502329805 tempest-DeleteServersAdminTestJSON-1502329805-project] Calling method '>' {{(pid=107456) _process_stack /opt/stack/nova/nova/api/openstack/wsgi.py:513}}
May 19 14:26:37.090089 n-d-791506-3 devstack@n-api.service[107456]: DEBUG nova.compute.api [None req-7d358339-7a3f-4940-b7a0-241fe0acd79c tempest-DeleteServersAdminTestJSON-1502329805 tempest-DeleteServersAdminTestJSON-1502329805-project] [instance: e650dbe7-d5af-40b5-8044-5584e0b5ed05] Fetching instance by UUID {{(pid=107456) get /opt/stack/nova/nova/compute/api.py:2790}}
May 19 14:26:37.101875 n-d-791506-3 devstack@n-api.service[107456]: DEBUG oslo_concurrency.lockutils [None req-7d358339-7a3f-4940-b7a0-241fe0acd79c tempest-DeleteServersAdminTestJSON-1502329805 tempest-DeleteServersAdminTestJSON-1502329805-project] Lock "950c1bed-52b1-4fa2-81f4-0c687c600f30" acquired by "nova.context.set_target_cell..get_or_set_cached_cell_and_set_connections" :: waited 0.000s {{(pid=107456) inner /usr/local/lib/python3.8/dist-packages/oslo_concurrency/lockutils.py:355}}
May 19 14:26:37.104514 n-d-791506-3 devstack@n-api.service[107456]: DEBUG oslo_concurrency.lockutils [None req-7d358339-7a3f-4940-b7a0-241fe0acd79c tempest-DeleteServersAdminTestJSON-1502329805 tempest-DeleteServersAdminTestJSON-1502329805-project] Lock "950c1bed-52b1-4fa2-81f4-0c687c600f30" released by "nova.context.set_target_cell..get_or_set_cached_cell_and_set_connections" :: held 0.003s {{(pid=107456) inner /usr/local/lib/python3.8/dist-packages/oslo_concurrency/lockutils.py:367}}
May 19 14:26:37.105377 n-d-791506-3 devstack@n-api.service[107456]: DEBUG oslo_concurrency.lockutils [None req-7d358339-7a3f-4940-b7a0-241fe0acd79c tempest-DeleteServersAdminTestJSON-1502329805 tempest-DeleteServersAdminTestJSON-1502329805-project] Lock "950c1bed-52b1-4fa2-81f4-0c687c600f30" acquired by "nova.context.set_target_cell..get_or_set_cached_cell_and_set_connections" :: waited 0.000s {{(pid=107456) inner /usr/local/lib/python3.8/dist-packages/oslo_concurrency/lockutils.py:355}}
May 19 14:26:37.105825 n-d-791506-3 devstack@n-api.service[107456]: DEBUG oslo_concurrency.lockutils [None req-7d358339-7a3f-4940-b7a0-241fe0acd79c tempest-DeleteServersAdminTestJSON-1502329805 tempest-DeleteServersAdminTestJSON-1502329805-project] Lock "950c1bed-52b1-4fa2-81f4-0c687c600f30" released by "nova.context.set_target_cell..get_or_set_cached_cell_and_set_connections" :: held 0.000s {{(pid=107456) inner /usr/local/lib/python3.8/dist-packages/oslo_concurrency/lockutils.py:367}}
May 19 14:26:37.124924 n-d-791506-3 devstack@n-api.service[107455]: DEBUG nova.network.neutron [None req-81e1184b-bf93-418a-9dd4-a992a28c30a0 tempest-QuotasAdminNegativeTest-520799904 tempest-QuotasAdminNegativeTest-520799904-project] validate_networks() for None {{(pid=107455) validate_networks /opt/stack/nova/nova/network/neutron.py:2374}}
May 19 14:26:38.206565 n-d-791506-3 devstack@n-api.service[107455]: DEBUG nova.virt.hardware [None req-81e1184b-bf93-418a-9dd4-a992a28c30a0 tempest-QuotasAdminNegativeTest-520799904 tempest-QuotasAdminNegativeTest-520799904-project] Flavor limits 0:0:0 {{(pid=107455) get_cpu_topology_constraints /opt/stack/nova/nova/virt/hardware.py:344}}
May 19 14:26:38.207189 n-d-791506-3 devstack@n-api.service[107455]: DEBUG nova.virt.hardware [None req-81e1184b-bf93-418a-9dd4-a992a28c30a0 tempest-QuotasAdminNegativeTest-520799904 tempest-QuotasAdminNegativeTest-520799904-project] Image limits 0:0:0 {{(pid=107455) get_cpu_topology_constraints /opt/stack/nova/nova/virt/hardware.py:348}}
May 19 14:26:38.207505 n-d-791506-3 devstack@n-api.service[107455]: DEBUG nova.virt.hardware [None req-81e1184b-bf93-418a-9dd4-a992a28c30a0 tempest-QuotasAdminNegativeTest-520799904 tempest-QuotasAdminNegativeTest-520799904-project] Flavor pref 0:0:0 {{(pid=107455) get_cpu_topology_constraints /opt/stack/nova/nova/virt/hardware.py:384}}
May 19 14:26:38.208443 n-d-791506-3 devstack@n-api.service[107455]: DEBUG nova.virt.hardware [None req-81e1184b-bf93-418a-9dd4-a992a28c30a0 tempest-QuotasAdminNegativeTest-520799904 tempest-QuotasAdminNegativeTest-520799904-project] Image pref 0:0:0 {{(pid=107455) get_cpu_topology_constraints /opt/stack/nova/nova/virt/hardware.py:388}}
May 19 14:26:38.209070 n-d-791506-3 devstack@n-api.service[107455]: DEBUG nova.virt.hardware [None req-81e1184b-bf93-418a-9dd4-a992a28c30a0 tempest-QuotasAdminNegativeTest-520799904 tempest-QuotasAdminNegativeTest-520799904-project] Chose sockets=0, cores=0, threads=0; limits were sockets=65536, cores=65536, threads=65536 {{(pid=107455) get_cpu_topology_constraints /opt/stack/nova/nova/virt/hardware.py:426}}
May 19 14:26:38.218446 n-d-791506-3 devstack@n-api.service[107455]: DEBUG oslo_concurrency.lockutils [None req-81e1184b-bf93-418a-9dd4-a992a28c30a0 tempest-QuotasAdminNegativeTest-520799904 tempest-QuotasAdminNegativeTest-520799904-project] Lock "00000000-0000-0000-0000-000000000000" acquired by "nova.context.set_target_cell..get_or_set_cached_cell_and_set_connections" :: waited 0.000s {{(pid=107455) inner /usr/local/lib/python3.8/dist-packages/oslo_concurrency/lockutils.py:355}}
May 19 14:26:38.218904 n-d-791506-3 devstack@n-api.service[107455]: DEBUG oslo_concurrency.lockutils [None req-81e1184b-bf93-418a-9dd4-a992a28c30a0 tempest-QuotasAdminNegativeTest-520799904 tempest-QuotasAdminNegativeTest-520799904-project] Lock "00000000-0000-0000-0000-000000000000" released by "nova.context.set_target_cell..get_or_set_cached_cell_and_set_connections" :: held 0.001s {{(pid=107455) inner /usr/local/lib/python3.8/dist-packages/oslo_concurrency/lockutils.py:367}}
May 19 14:26:38.219855 n-d-791506-3 devstack@n-api.service[107455]: DEBUG oslo_concurrency.lockutils [None req-81e1184b-bf93-418a-9dd4-a992a28c30a0 tempest-QuotasAdminNegativeTest-520799904 tempest-QuotasAdminNegativeTest-520799904-project] Lock "950c1bed-52b1-4fa2-81f4-0c687c600f30" acquired by "nova.context.set_target_cell..get_or_set_cached_cell_and_set_connections" :: waited 0.000s {{(pid=107455) inner /usr/local/lib/python3.8/dist-packages/oslo_concurrency/lockutils.py:355}}
May 19 14:26:38.220178 n-d-791506-3 devstack@n-api.service[107455]: DEBUG oslo_concurrency.lockutils [None req-81e1184b-bf93-418a-9dd4-a992a28c30a0 tempest-QuotasAdminNegativeTest-520799904 tempest-QuotasAdminNegativeTest-520799904-project] Lock "950c1bed-52b1-4fa2-81f4-0c687c600f30" released by "nova.context.set_target_cell..get_or_set_cached_cell_and_set_connections" :: held 0.000s {{(pid=107455) inner /usr/local/lib/python3.8/dist-packages/oslo_concurrency/lockutils.py:367}}
May 19 14:26:38.228463 n-d-791506-3 devstack@n-api.service[107456]: DEBUG nova.policy [None req-7d358339-7a3f-4940-b7a0-241fe0acd79c tempest-DeleteServersAdminTestJSON-1502329805 tempest-DeleteServersAdminTestJSON-1502329805-project] Policy check for os_compute_api:os-extended-server-attributes failed with credentials {'is_admin': False, 'user_id': '99f05decd7fe4733b104a438e0e8f2e9', 'user_domain_id': 'default', 'system_scope': None, 'domain_id': None, 'project_id': 'e2e2d1e0c2664627b4622fe494346416', 'project_domain_id': 'default', 'roles': ['reader', 'member'], 'is_admin_project': True, 'service_user_id': None, 'service_user_domain_id': None, 'service_project_id': None, 'service_project_domain_id': None, 'service_roles': []} {{(pid=107456) authorize /opt/stack/nova/nova/policy.py:199}}
May 19 14:26:38.242291 n-d-791506-3 devstack@n-api.service[107455]: DEBUG nova.quota [None req-81e1184b-bf93-418a-9dd4-a992a28c30a0 tempest-QuotasAdminNegativeTest-520799904 tempest-QuotasAdminNegativeTest-520799904-project] Getting quotas for project 3acb8caf4f6b4654af01662a70b81761. Resources: {'instances', 'ram', 'cores'} {{(pid=107455) _get_quotas /opt/stack/nova/nova/quota.py:387}}
May 19 14:26:38.242792 n-d-791506-3 devstack@n-api.service[107456]: INFO nova.api.openstack.requestlog [None req-7d358339-7a3f-4940-b7a0-241fe0acd79c tempest-DeleteServersAdminTestJSON-1502329805 tempest-DeleteServersAdminTestJSON-1502329805-project] 10.222.0.85 "GET /compute/v2.1/servers/e650dbe7-d5af-40b5-8044-5584e0b5ed05" status: 200 len: 1475 microversion: 2.1 time: 1.157585
May 19 14:26:38.244485 n-d-791506-3 devstack@n-api.service[107456]: [pid: 107456|app: 0|req: 110/239] 10.222.0.85 () {58 vars in 1236 bytes} [Wed May 19 14:26:37 2021] GET /compute/v2.1/servers/e650dbe7-d5af-40b5-8044-5584e0b5ed05 => generated 1475 bytes in 1160 msecs (HTTP/1.1 200) 9 headers in 358 bytes (1 switches on core 0)
May 19 14:26:38.255471 n-d-791506-3 devstack@n-api.service[107456]: DEBUG nova.api.openstack.wsgi [None req-255638b7-b892-4c0b-841e-3008de37ec04 tempest-LiveMigrationTest-402736482 tempest-LiveMigrationTest-402736482-project] Calling method '>' {{(pid=107456) _process_stack /opt/stack/nova/nova/api/openstack/wsgi.py:513}}
May 19 14:26:38.256976 n-d-791506-3 devstack@n-api.service[107456]: DEBUG nova.compute.api [None req-255638b7-b892-4c0b-841e-3008de37ec04 tempest-LiveMigrationTest-402736482 tempest-LiveMigrationTest-402736482-project] [instance: 65f068e9-f85e-4a09-bada-e7449afb0f4b] Fetching instance by UUID {{(pid=107456) get /opt/stack/nova/nova/compute/api.py:2790}}
May 19 14:26:38.259842 n-d-791506-3 devstack@n-api.service[107455]: DEBUG nova.quota [None req-81e1184b-bf93-418a-9dd4-a992a28c30a0 tempest-QuotasAdminNegativeTest-520799904 tempest-QuotasAdminNegativeTest-520799904-project] Getting quotas for user 3e08718539f24ccd8c86101aa143bf68 and project 3acb8caf4f6b4654af01662a70b81761. Resources: {'instances', 'ram', 'cores'} {{(pid=107455) _get_quotas /opt/stack/nova/nova/quota.py:377}}
May 19 14:26:38.267267 n-d-791506-3 devstack@n-api.service[107456]: DEBUG oslo_concurrency.lockutils [None req-255638b7-b892-4c0b-841e-3008de37ec04 tempest-LiveMigrationTest-402736482 tempest-LiveMigrationTest-402736482-project] Lock "950c1bed-52b1-4fa2-81f4-0c687c600f30" acquired by "nova.context.set_target_cell..get_or_set_cached_cell_and_set_connections" :: waited 0.000s {{(pid=107456) inner /usr/local/lib/python3.8/dist-packages/oslo_concurrency/lockutils.py:355}}
May 19 14:26:38.268105 n-d-791506-3 devstack@n-api.service[107456]: DEBUG oslo_concurrency.lockutils [None req-255638b7-b892-4c0b-841e-3008de37ec04 tempest-LiveMigrationTest-402736482 tempest-LiveMigrationTest-402736482-project] Lock "950c1bed-52b1-4fa2-81f4-0c687c600f30" released by "nova.context.set_target_cell..get_or_set_cached_cell_and_set_connections" :: held 0.001s {{(pid=107456) inner /usr/local/lib/python3.8/dist-packages/oslo_concurrency/lockutils.py:367}}
May 19 14:26:38.269892 n-d-791506-3 devstack@n-api.service[107456]: DEBUG oslo_concurrency.lockutils [None req-255638b7-b892-4c0b-841e-3008de37ec04 tempest-LiveMigrationTest-402736482 tempest-LiveMigrationTest-402736482-project] Lock "950c1bed-52b1-4fa2-81f4-0c687c600f30" acquired by "nova.context.set_target_cell..get_or_set_cached_cell_and_set_connections" :: waited 0.000s {{(pid=107456) inner /usr/local/lib/python3.8/dist-packages/oslo_concurrency/lockutils.py:355}}
May 19 14:26:38.270879 n-d-791506-3 devstack@n-api.service[107456]: DEBUG oslo_concurrency.lockutils [None req-255638b7-b892-4c0b-841e-3008de37ec04 tempest-LiveMigrationTest-402736482 tempest-LiveMigrationTest-402736482-project] Lock "950c1bed-52b1-4fa2-81f4-0c687c600f30" released by "nova.context.set_target_cell..get_or_set_cached_cell_and_set_connections" :: held 0.001s {{(pid=107456) inner /usr/local/lib/python3.8/dist-packages/oslo_concurrency/lockutils.py:367}}
May 19 14:26:38.277788 n-d-791506-3 devstack@n-api.service[107455]: DEBUG nova.compute.utils [None req-81e1184b-bf93-418a-9dd4-a992a28c30a0 tempest-QuotasAdminNegativeTest-520799904 tempest-QuotasAdminNegativeTest-520799904-project] cores quota exceeded for 3acb8caf4f6b4654af01662a70b81761, tried to run 1 instances. Cannot run any more instances of this type. {{(pid=107455) check_num_instances_quota /opt/stack/nova/nova/compute/utils.py:1168}}
May 19 14:26:38.278638 n-d-791506-3 devstack@n-api.service[107455]: INFO nova.api.openstack.wsgi [None req-81e1184b-bf93-418a-9dd4-a992a28c30a0 tempest-QuotasAdminNegativeTest-520799904 tempest-QuotasAdminNegativeTest-520799904-project] HTTP exception thrown: Quota exceeded for cores: Requested 1, but already used 0 of 0 cores
May 19 14:26:38.279698 n-d-791506-3 devstack@n-api.service[107455]: DEBUG nova.api.openstack.wsgi [None req-81e1184b-bf93-418a-9dd4-a992a28c30a0 tempest-QuotasAdminNegativeTest-520799904 tempest-QuotasAdminNegativeTest-520799904-project] Returning 403 to user: Quota exceeded for cores: Requested 1, but already used 0 of 0 cores {{(pid=107455) __call__ /opt/stack/nova/nova/api/openstack/wsgi.py:927}}
May 19 14:26:38.280575 n-d-791506-3 devstack@n-api.service[107455]: INFO nova.api.openstack.requestlog [None req-81e1184b-bf93-418a-9dd4-a992a28c30a0 tempest-QuotasAdminNegativeTest-520799904 tempest-QuotasAdminNegativeTest-520799904-project] 10.222.0.85 "POST /compute/v2.1/servers" status: 403 len: 111 microversion: 2.1 time: 1.393967
May 19 14:26:38.281606 n-d-791506-3 devstack@n-api.service[107455]: [pid: 107455|app: 0|req: 130/240] 10.222.0.85 () {60 vars in 1147 bytes} [Wed May 19 14:26:36 2021] POST /compute/v2.1/servers => generated 111 bytes in 1397 msecs (HTTP/1.1 403) 9 headers in 379 bytes (1 switches on core 0)
May 19 14:26:38.288026 n-d-791506-3 devstack@n-api.service[107455]: DEBUG nova.api.openstack.wsgi [None req-f096749f-cde9-4376-8bf9-ea92ffe9a9bf tempest-AggregatesAdminTestJSON-410458326 tempest-AggregatesAdminTestJSON-410458326-project-admin] Action: 'action', calling method: >, body: {"remove_host": {"host": "n-h1-791506-3"}} {{(pid=107455) _process_stack /opt/stack/nova/nova/api/openstack/wsgi.py:511}}
May 19 14:26:38.289414 n-d-791506-3 devstack@n-api.service[107455]: /usr/local/lib/python3.8/dist-packages/oslo_policy/policy.py:1064: UserWarning: Policy os_compute_api:os-aggregates:remove_host failed scope check. The token used to make the request was project scoped but the policy requires ['system'] scope. This behavior may change in the future where using the intended scope is required
May 19 14:26:38.289414 n-d-791506-3 devstack@n-api.service[107455]: warnings.warn(msg)
May 19 14:26:38.300555 n-d-791506-3 devstack@n-api.service[107455]: DEBUG oslo_concurrency.lockutils [None req-f096749f-cde9-4376-8bf9-ea92ffe9a9bf tempest-AggregatesAdminTestJSON-410458326 tempest-AggregatesAdminTestJSON-410458326-project-admin] Lock "950c1bed-52b1-4fa2-81f4-0c687c600f30" acquired by "nova.context.set_target_cell..get_or_set_cached_cell_and_set_connections" :: waited 0.000s {{(pid=107455) inner /usr/local/lib/python3.8/dist-packages/oslo_concurrency/lockutils.py:355}}
May 19 14:26:38.301050 n-d-791506-3 devstack@n-api.service[107455]: DEBUG oslo_concurrency.lockutils [None req-f096749f-cde9-4376-8bf9-ea92ffe9a9bf tempest-AggregatesAdminTestJSON-410458326 tempest-AggregatesAdminTestJSON-410458326-project-admin] Lock "950c1bed-52b1-4fa2-81f4-0c687c600f30" released by "nova.context.set_target_cell..get_or_set_cached_cell_and_set_connections" :: held 0.001s {{(pid=107455) inner /usr/local/lib/python3.8/dist-packages/oslo_concurrency/lockutils.py:367}}
May 19 14:26:38.515535 n-d-791506-3 devstack@n-api.service[107455]: INFO nova.api.openstack.requestlog [None req-f096749f-cde9-4376-8bf9-ea92ffe9a9bf tempest-AggregatesAdminTestJSON-410458326 tempest-AggregatesAdminTestJSON-410458326-project-admin] 10.222.0.85 "POST /compute/v2.1/os-aggregates/11/action" status: 200 len: 228 microversion: 2.1 time: 0.232023
May 19 14:26:38.516353 n-d-791506-3 devstack@n-api.service[107455]: [pid: 107455|app: 0|req: 131/241] 10.222.0.85 () {60 vars in 1194 bytes} [Wed May 19 14:26:38 2021] POST /compute/v2.1/os-aggregates/11/action => generated 228 bytes in 234 msecs (HTTP/1.1 200) 9 headers in 357 bytes (1 switches on core 0)
May 19 14:26:38.522354 n-d-791506-3 devstack@n-api.service[107455]: DEBUG nova.api.openstack.wsgi [None req-cbfba76c-26d0-4e20-a22b-aed5f3d0ba01 tempest-ServersWithSpecificFlavorTestJSON-779568378 tempest-ServersWithSpecificFlavorTestJSON-779568378-project] Calling method '>' {{(pid=107455) _process_stack /opt/stack/nova/nova/api/openstack/wsgi.py:513}}
May 19 14:26:38.522977 n-d-791506-3 devstack@n-api.service[107455]: DEBUG nova.compute.api [None req-cbfba76c-26d0-4e20-a22b-aed5f3d0ba01 tempest-ServersWithSpecificFlavorTestJSON-779568378 tempest-ServersWithSpecificFlavorTestJSON-779568378-project] [instance: 81e3cf21-a826-4262-9a91-29802629ec15] Fetching instance by UUID {{(pid=107455) get /opt/stack/nova/nova/compute/api.py:2790}}
May 19 14:26:38.530948 n-d-791506-3 devstack@n-api.service[107455]: DEBUG oslo_concurrency.lockutils [None req-cbfba76c-26d0-4e20-a22b-aed5f3d0ba01 tempest-ServersWithSpecificFlavorTestJSON-779568378 tempest-ServersWithSpecificFlavorTestJSON-779568378-project] Lock "950c1bed-52b1-4fa2-81f4-0c687c600f30" acquired by "nova.context.set_target_cell..get_or_set_cached_cell_and_set_connections" :: waited 0.000s {{(pid=107455) inner /usr/local/lib/python3.8/dist-packages/oslo_concurrency/lockutils.py:355}}
May 19 14:26:38.531396 n-d-791506-3 devstack@n-api.service[107455]: DEBUG oslo_concurrency.lockutils [None req-cbfba76c-26d0-4e20-a22b-aed5f3d0ba01 tempest-ServersWithSpecificFlavorTestJSON-779568378 tempest-ServersWithSpecificFlavorTestJSON-779568378-project] Lock "950c1bed-52b1-4fa2-81f4-0c687c600f30" released by "nova.context.set_target_cell..get_or_set_cached_cell_and_set_connections" :: held 0.001s {{(pid=107455) inner /usr/local/lib/python3.8/dist-packages/oslo_concurrency/lockutils.py:367}}
May 19 14:26:38.532269 n-d-791506-3 devstack@n-api.service[107455]: DEBUG oslo_concurrency.lockutils [None req-cbfba76c-26d0-4e20-a22b-aed5f3d0ba01 tempest-ServersWithSpecificFlavorTestJSON-779568378 tempest-ServersWithSpecificFlavorTestJSON-779568378-project] Lock "950c1bed-52b1-4fa2-81f4-0c687c600f30" acquired by "nova.context.set_target_cell..get_or_set_cached_cell_and_set_connections" :: waited 0.000s {{(pid=107455) inner /usr/local/lib/python3.8/dist-packages/oslo_concurrency/lockutils.py:355}}
May 19 14:26:38.532913 n-d-791506-3 devstack@n-api.service[107455]: DEBUG oslo_concurrency.lockutils [None req-cbfba76c-26d0-4e20-a22b-aed5f3d0ba01 tempest-ServersWithSpecificFlavorTestJSON-779568378 tempest-ServersWithSpecificFlavorTestJSON-779568378-project] Lock "950c1bed-52b1-4fa2-81f4-0c687c600f30" released by "nova.context.set_target_cell..get_or_set_cached_cell_and_set_connections" :: held 0.001s {{(pid=107455) inner /usr/local/lib/python3.8/dist-packages/oslo_concurrency/lockutils.py:367}}
May 19 14:26:39.000796 n-d-791506-3 devstack@n-api.service[107456]: DEBUG nova.policy [None req-255638b7-b892-4c0b-841e-3008de37ec04 tempest-LiveMigrationTest-402736482 tempest-LiveMigrationTest-402736482-project] Policy check for os_compute_api:os-extended-server-attributes failed with credentials {'is_admin': False, 'user_id': '70d03a6530d94d8195cc344f21ed8bd1', 'user_domain_id': 'default', 'system_scope': None, 'domain_id': None, 'project_id': '7522b4cd79b94c1c99b1ddd32753392d', 'project_domain_id': 'default', 'roles': ['reader', 'member'], 'is_admin_project': True, 'service_user_id': None, 'service_user_domain_id': None, 'service_project_id': None, 'service_project_domain_id': None, 'service_roles': []} {{(pid=107456) authorize /opt/stack/nova/nova/policy.py:199}}
May 19 14:26:39.009610 n-d-791506-3 devstack@n-api.service[107456]: INFO nova.api.openstack.requestlog [None req-255638b7-b892-4c0b-841e-3008de37ec04 tempest-LiveMigrationTest-402736482 tempest-LiveMigrationTest-402736482-project] 10.222.0.85 "GET /compute/v2.1/servers/65f068e9-f85e-4a09-bada-e7449afb0f4b" status: 200 len: 1311 microversion: 2.1 time: 0.762258
May 19 14:26:39.010197 n-d-791506-3 devstack@n-api.service[107456]: [pid: 107456|app: 0|req: 111/242] 10.222.0.85 () {58 vars in 1236 bytes} [Wed May 19 14:26:38 2021] GET /compute/v2.1/servers/65f068e9-f85e-4a09-bada-e7449afb0f4b => generated 1311 bytes in 764 msecs (HTTP/1.1 200) 9 headers in 358 bytes (1 switches on core 0)
May 19 14:26:39.016089 n-d-791506-3 devstack@n-api.service[107456]: DEBUG nova.api.openstack.wsgi [req-19ea3bd2-f8ea-4e8c-a534-79ac1a47e1ab req-6bdef182-97b8-4318-93c1-22fa9f515ea5 service nova] Action: 'create', calling method: >, body: {"events": [{"server_uuid": "75bda5da-51e3-4319-b510-762f8060917a", "name": "network-vif-plugged", "status": "completed", "tag": "b46a3c1a-a149-460e-83ab-949f4aaf4bff"}]} {{(pid=107456) _process_stack /opt/stack/nova/nova/api/openstack/wsgi.py:511}}
May 19 14:26:39.018884 n-d-791506-3 devstack@n-api.service[107456]: /usr/local/lib/python3.8/dist-packages/oslo_policy/policy.py:1064: UserWarning: Policy os_compute_api:os-server-external-events:create failed scope check. The token used to make the request was project scoped but the policy requires ['system'] scope. This behavior may change in the future where using the intended scope is required
May 19 14:26:39.018884 n-d-791506-3 devstack@n-api.service[107456]: warnings.warn(msg)
May 19 14:26:39.020240 n-d-791506-3 devstack@n-api.service[107455]: DEBUG nova.policy [None req-cbfba76c-26d0-4e20-a22b-aed5f3d0ba01 tempest-ServersWithSpecificFlavorTestJSON-779568378 tempest-ServersWithSpecificFlavorTestJSON-779568378-project] Policy check for os_compute_api:os-extended-server-attributes failed with credentials {'is_admin': False, 'user_id': '61af7c6f36e84250b117071da701eef0', 'user_domain_id': 'default', 'system_scope': None, 'domain_id': None, 'project_id': 'cd627cb78385420fb2ed7a0003dc06f3', 'project_domain_id': 'default', 'roles': ['reader', 'member'], 'is_admin_project': True, 'service_user_id': None, 'service_user_domain_id': None, 'service_project_id': None, 'service_project_domain_id': None, 'service_roles': []} {{(pid=107455) authorize /opt/stack/nova/nova/policy.py:199}}
May 19 14:26:39.028975 n-d-791506-3 devstack@n-api.service[107456]: DEBUG oslo_concurrency.lockutils [req-19ea3bd2-f8ea-4e8c-a534-79ac1a47e1ab req-6bdef182-97b8-4318-93c1-22fa9f515ea5 service nova] Lock "950c1bed-52b1-4fa2-81f4-0c687c600f30" acquired by "nova.context.set_target_cell..get_or_set_cached_cell_and_set_connections" :: waited 0.000s {{(pid=107456) inner /usr/local/lib/python3.8/dist-packages/oslo_concurrency/lockutils.py:355}}
May 19 14:26:39.029520 n-d-791506-3 devstack@n-api.service[107456]: DEBUG oslo_concurrency.lockutils [req-19ea3bd2-f8ea-4e8c-a534-79ac1a47e1ab req-6bdef182-97b8-4318-93c1-22fa9f515ea5 service nova] Lock "950c1bed-52b1-4fa2-81f4-0c687c600f30" released by "nova.context.set_target_cell..get_or_set_cached_cell_and_set_connections" :: held 0.001s {{(pid=107456) inner /usr/local/lib/python3.8/dist-packages/oslo_concurrency/lockutils.py:367}}
May 19 14:26:39.037998 n-d-791506-3 devstack@n-api.service[107455]: INFO nova.api.openstack.requestlog [None req-cbfba76c-26d0-4e20-a22b-aed5f3d0ba01 tempest-ServersWithSpecificFlavorTestJSON-779568378 tempest-ServersWithSpecificFlavorTestJSON-779568378-project] 10.222.0.85 "GET /compute/v2.1/servers/81e3cf21-a826-4262-9a91-29802629ec15" status: 200 len: 1588 microversion: 2.1 time: 0.519781
May 19 14:26:39.040040 n-d-791506-3 devstack@n-api.service[107455]: [pid: 107455|app: 0|req: 132/243] 10.222.0.85 () {58 vars in 1236 bytes} [Wed May 19 14:26:38 2021] GET /compute/v2.1/servers/81e3cf21-a826-4262-9a91-29802629ec15 => generated 1588 bytes in 522 msecs (HTTP/1.1 200) 9 headers in 358 bytes (1 switches on core 0)
May 19 14:26:39.047528 n-d-791506-3 devstack@n-api.service[107455]: DEBUG nova.api.openstack.wsgi [None req-ff5ff037-eeb7-4e2a-aa6a-7a717f35d5ae tempest-LiveAutoBlockMigrationV225Test-76709634 tempest-LiveAutoBlockMigrationV225Test-76709634-project] Calling method '>' {{(pid=107455) _process_stack /opt/stack/nova/nova/api/openstack/wsgi.py:513}}
May 19 14:26:39.048739 n-d-791506-3 devstack@n-api.service[107455]: DEBUG nova.compute.api [None req-ff5ff037-eeb7-4e2a-aa6a-7a717f35d5ae tempest-LiveAutoBlockMigrationV225Test-76709634 tempest-LiveAutoBlockMigrationV225Test-76709634-project] [instance: 422a63e9-ac34-4c9b-9193-9bc611e570a1] Fetching instance by UUID {{(pid=107455) get /opt/stack/nova/nova/compute/api.py:2790}}
May 19 14:26:39.058355 n-d-791506-3 devstack@n-api.service[107456]: INFO nova.api.openstack.compute.server_external_events [req-19ea3bd2-f8ea-4e8c-a534-79ac1a47e1ab req-6bdef182-97b8-4318-93c1-22fa9f515ea5 service nova] Creating event network-vif-plugged:b46a3c1a-a149-460e-83ab-949f4aaf4bff for instance 75bda5da-51e3-4319-b510-762f8060917a on n-h2-791506-3
May 19 14:26:39.062994 n-d-791506-3 devstack@n-api.service[107456]: INFO nova.api.openstack.requestlog [req-19ea3bd2-f8ea-4e8c-a534-79ac1a47e1ab req-6bdef182-97b8-4318-93c1-22fa9f515ea5 service nova] 10.222.0.85 "POST /compute/v2.1/os-server-external-events" status: 200 len: 183 microversion: 2.1 time: 0.051636
May 19 14:26:39.063595 n-d-791506-3 devstack@n-api.service[107456]: [pid: 107456|app: 0|req: 112/244] 10.222.0.85 () {64 vars in 1318 bytes} [Wed May 19 14:26:39 2021] POST /compute/v2.1/os-server-external-events => generated 183 bytes in 53 msecs (HTTP/1.1 200) 9 headers in 357 bytes (1 switches on core 0)
May 19 14:26:39.070378 n-d-791506-3 devstack@n-api.service[107456]: DEBUG nova.api.openstack.wsgi [None req-4296cbc2-cbdc-456f-a28a-2eb28354f574 tempest-ServersOnMultiNodesTest-1440051997 tempest-ServersOnMultiNodesTest-1440051997-project] Calling method '>' {{(pid=107456) _process_stack /opt/stack/nova/nova/api/openstack/wsgi.py:513}}
May 19 14:26:39.071657 n-d-791506-3 devstack@n-api.service[107456]: DEBUG nova.compute.api [None req-4296cbc2-cbdc-456f-a28a-2eb28354f574 tempest-ServersOnMultiNodesTest-1440051997 tempest-ServersOnMultiNodesTest-1440051997-project] [instance: 75bda5da-51e3-4319-b510-762f8060917a] Fetching instance by UUID {{(pid=107456) get /opt/stack/nova/nova/compute/api.py:2790}}
May 19 14:26:39.071969 n-d-791506-3 devstack@n-api.service[107455]: DEBUG oslo_concurrency.lockutils [None req-ff5ff037-eeb7-4e2a-aa6a-7a717f35d5ae tempest-LiveAutoBlockMigrationV225Test-76709634 tempest-LiveAutoBlockMigrationV225Test-76709634-project] Lock "950c1bed-52b1-4fa2-81f4-0c687c600f30" acquired by "nova.context.set_target_cell..get_or_set_cached_cell_and_set_connections" :: waited 0.000s {{(pid=107455) inner /usr/local/lib/python3.8/dist-packages/oslo_concurrency/lockutils.py:355}}
May 19 14:26:39.074231 n-d-791506-3 devstack@n-api.service[107455]: DEBUG oslo_concurrency.lockutils [None req-ff5ff037-eeb7-4e2a-aa6a-7a717f35d5ae tempest-LiveAutoBlockMigrationV225Test-76709634 tempest-LiveAutoBlockMigrationV225Test-76709634-project] Lock "950c1bed-52b1-4fa2-81f4-0c687c600f30" released by "nova.context.set_target_cell..get_or_set_cached_cell_and_set_connections" :: held 0.003s {{(pid=107455) inner /usr/local/lib/python3.8/dist-packages/oslo_concurrency/lockutils.py:367}}
May 19 14:26:39.076355 n-d-791506-3 devstack@n-api.service[107455]: DEBUG oslo_concurrency.lockutils [None req-ff5ff037-eeb7-4e2a-aa6a-7a717f35d5ae tempest-LiveAutoBlockMigrationV225Test-76709634 tempest-LiveAutoBlockMigrationV225Test-76709634-project] Lock "950c1bed-52b1-4fa2-81f4-0c687c600f30" acquired by "nova.context.set_target_cell..get_or_set_cached_cell_and_set_connections" :: waited 0.000s {{(pid=107455) inner /usr/local/lib/python3.8/dist-packages/oslo_concurrency/lockutils.py:355}}
May 19 14:26:39.077399 n-d-791506-3 devstack@n-api.service[107455]: DEBUG oslo_concurrency.lockutils [None req-ff5ff037-eeb7-4e2a-aa6a-7a717f35d5ae tempest-LiveAutoBlockMigrationV225Test-76709634 tempest-LiveAutoBlockMigrationV225Test-76709634-project] Lock "950c1bed-52b1-4fa2-81f4-0c687c600f30" released by "nova.context.set_target_cell..get_or_set_cached_cell_and_set_connections" :: held 0.001s {{(pid=107455) inner /usr/local/lib/python3.8/dist-packages/oslo_concurrency/lockutils.py:367}}
May 19 14:26:39.080307 n-d-791506-3 devstack@n-api.service[107456]: DEBUG oslo_concurrency.lockutils [None req-4296cbc2-cbdc-456f-a28a-2eb28354f574 tempest-ServersOnMultiNodesTest-1440051997 tempest-ServersOnMultiNodesTest-1440051997-project] Lock "950c1bed-52b1-4fa2-81f4-0c687c600f30" acquired by "nova.context.set_target_cell..get_or_set_cached_cell_and_set_connections" :: waited 0.000s {{(pid=107456) inner /usr/local/lib/python3.8/dist-packages/oslo_concurrency/lockutils.py:355}}
May 19 14:26:39.080902 n-d-791506-3 devstack@n-api.service[107456]: DEBUG oslo_concurrency.lockutils [None req-4296cbc2-cbdc-456f-a28a-2eb28354f574 tempest-ServersOnMultiNodesTest-1440051997 tempest-ServersOnMultiNodesTest-1440051997-project] Lock "950c1bed-52b1-4fa2-81f4-0c687c600f30" released by "nova.context.set_target_cell..get_or_set_cached_cell_and_set_connections" :: held 0.001s {{(pid=107456) inner /usr/local/lib/python3.8/dist-packages/oslo_concurrency/lockutils.py:367}}
May 19 14:26:39.081992 n-d-791506-3 devstack@n-api.service[107456]: DEBUG oslo_concurrency.lockutils [None req-4296cbc2-cbdc-456f-a28a-2eb28354f574 tempest-ServersOnMultiNodesTest-1440051997 tempest-ServersOnMultiNodesTest-1440051997-project] Lock "950c1bed-52b1-4fa2-81f4-0c687c600f30" acquired by "nova.context.set_target_cell..get_or_set_cached_cell_and_set_connections" :: waited 0.000s {{(pid=107456) inner /usr/local/lib/python3.8/dist-packages/oslo_concurrency/lockutils.py:355}}
May 19 14:26:39.082184 n-d-791506-3 devstack@n-api.service[107456]: DEBUG oslo_concurrency.lockutils [None req-4296cbc2-cbdc-456f-a28a-2eb28354f574 tempest-ServersOnMultiNodesTest-1440051997 tempest-ServersOnMultiNodesTest-1440051997-project] Lock "950c1bed-52b1-4fa2-81f4-0c687c600f30" released by "nova.context.set_target_cell..get_or_set_cached_cell_and_set_connections" :: held 0.000s {{(pid=107456) inner /usr/local/lib/python3.8/dist-packages/oslo_concurrency/lockutils.py:367}}
May 19 14:26:39.773942 n-d-791506-3 devstack@n-api.service[107456]: DEBUG nova.policy [None req-4296cbc2-cbdc-456f-a28a-2eb28354f574 tempest-ServersOnMultiNodesTest-1440051997 tempest-ServersOnMultiNodesTest-1440051997-project] Policy check for os_compute_api:os-extended-server-attributes failed with credentials {'is_admin': False, 'user_id': '888988aa16e34f16b4aaa0abf74cf5a6', 'user_domain_id': 'default', 'system_scope': None, 'domain_id': None, 'project_id': '2d1c1d63ad834875af77029be5b42d85', 'project_domain_id': 'default', 'roles': ['reader', 'member'], 'is_admin_project': True, 'service_user_id': None, 'service_user_domain_id': None, 'service_project_id': None, 'service_project_domain_id': None, 'service_roles': []} {{(pid=107456) authorize /opt/stack/nova/nova/policy.py:199}}
May 19 14:26:39.782215 n-d-791506-3 devstack@n-api.service[107456]: INFO nova.api.openstack.requestlog [None req-4296cbc2-cbdc-456f-a28a-2eb28354f574 tempest-ServersOnMultiNodesTest-1440051997 tempest-ServersOnMultiNodesTest-1440051997-project] 10.222.0.85 "GET /compute/v2.1/servers/75bda5da-51e3-4319-b510-762f8060917a" status: 200 len: 1317 microversion: 2.1 time: 0.717254
May 19 14:26:39.782804 n-d-791506-3 devstack@n-api.service[107456]: [pid: 107456|app: 0|req: 113/245] 10.222.0.85 () {58 vars in 1236 bytes} [Wed May 19 14:26:39 2021] GET /compute/v2.1/servers/75bda5da-51e3-4319-b510-762f8060917a => generated 1317 bytes in 718 msecs (HTTP/1.1 200) 9 headers in 358 bytes (1 switches on core 0)
May 19 14:26:39.787431 n-d-791506-3 devstack@n-api.service[107455]: DEBUG nova.policy [None req-ff5ff037-eeb7-4e2a-aa6a-7a717f35d5ae tempest-LiveAutoBlockMigrationV225Test-76709634 tempest-LiveAutoBlockMigrationV225Test-76709634-project] Policy check for os_compute_api:os-extended-server-attributes failed with credentials {'is_admin': False, 'user_id': '63b8ffa4227c43f282a0518fc33430db', 'user_domain_id': 'default', 'system_scope': None, 'domain_id': None, 'project_id': '69844a8d31254b978a7a70f2cbc688e8', 'project_domain_id': 'default', 'roles': ['reader', 'member'], 'is_admin_project': True, 'service_user_id': None, 'service_user_domain_id': None, 'service_project_id': None, 'service_project_domain_id': None, 'service_roles': []} {{(pid=107455) authorize /opt/stack/nova/nova/policy.py:199}}
May 19 14:26:39.798905 n-d-791506-3 devstack@n-api.service[107455]: DEBUG nova.policy [None req-ff5ff037-eeb7-4e2a-aa6a-7a717f35d5ae tempest-LiveAutoBlockMigrationV225Test-76709634 tempest-LiveAutoBlockMigrationV225Test-76709634-project] Policy check for os_compute_api:servers:show:host_status failed with credentials {'is_admin': False, 'user_id': '63b8ffa4227c43f282a0518fc33430db', 'user_domain_id': 'default', 'system_scope': None, 'domain_id': None, 'project_id': '69844a8d31254b978a7a70f2cbc688e8', 'project_domain_id': 'default', 'roles': ['reader', 'member'], 'is_admin_project': True, 'service_user_id': None, 'service_user_domain_id': None, 'service_project_id': None, 'service_project_domain_id': None, 'service_roles': []} {{(pid=107455) authorize /opt/stack/nova/nova/policy.py:199}}
May 19 14:26:39.800994 n-d-791506-3 devstack@n-api.service[107455]: DEBUG nova.policy [None req-ff5ff037-eeb7-4e2a-aa6a-7a717f35d5ae tempest-LiveAutoBlockMigrationV225Test-76709634 tempest-LiveAutoBlockMigrationV225Test-76709634-project] Policy check for os_compute_api:servers:show:host_status:unknown-only failed with credentials {'is_admin': False, 'user_id': '63b8ffa4227c43f282a0518fc33430db', 'user_domain_id': 'default', 'system_scope': None, 'domain_id': None, 'project_id': '69844a8d31254b978a7a70f2cbc688e8', 'project_domain_id': 'default', 'roles': ['reader', 'member'], 'is_admin_project': True, 'service_user_id': None, 'service_user_domain_id': None, 'service_project_id': None, 'service_project_domain_id': None, 'service_roles': []} {{(pid=107455) authorize /opt/stack/nova/nova/policy.py:199}}
May 19 14:26:39.802104 n-d-791506-3 devstack@n-api.service[107455]: INFO nova.api.openstack.requestlog [None req-ff5ff037-eeb7-4e2a-aa6a-7a717f35d5ae tempest-LiveAutoBlockMigrationV225Test-76709634 tempest-LiveAutoBlockMigrationV225Test-76709634-project] 10.222.0.85 "GET /compute/v2.1/servers/422a63e9-ac34-4c9b-9193-9bc611e570a1" status: 200 len: 1361 microversion: 2.25 time: 0.761522
May 19 14:26:39.802664 n-d-791506-3 devstack@n-api.service[107455]: [pid: 107455|app: 0|req: 133/246] 10.222.0.85 () {60 vars in 1277 bytes} [Wed May 19 14:26:39 2021] GET /compute/v2.1/servers/422a63e9-ac34-4c9b-9193-9bc611e570a1 => generated 1361 bytes in 763 msecs (HTTP/1.1 200) 9 headers in 360 bytes (1 switches on core 0)
May 19 14:26:39.806982 n-d-791506-3 devstack@n-api.service[107455]: DEBUG nova.api.openstack.wsgi [None req-dc172364-0df4-4c5e-889b-78b1f105b745 tempest-QuotasAdminNegativeTest-18141240 tempest-QuotasAdminNegativeTest-18141240-project-admin] Action: 'update', calling method: .version_select at 0x7f34b22d40d0>, body: {"quota_set": {"cores": 20}} {{(pid=107455) _process_stack /opt/stack/nova/nova/api/openstack/wsgi.py:511}}
May 19 14:26:39.808752 n-d-791506-3 devstack@n-api.service[107455]: /usr/local/lib/python3.8/dist-packages/oslo_policy/policy.py:1064: UserWarning: Policy os_compute_api:os-quota-sets:update failed scope check. The token used to make the request was project scoped but the policy requires ['system'] scope. This behavior may change in the future where using the intended scope is required
May 19 14:26:39.808752 n-d-791506-3 devstack@n-api.service[107455]: warnings.warn(msg)
May 19 14:26:39.856265 n-d-791506-3 devstack@n-api.service[107456]: DEBUG nova.api.openstack.wsgi [req-d9f6cded-b224-4db3-8be8-5dfd2043f774 req-3843148e-8108-4e85-bb6c-6612fbb7e4f0 service nova] Action: 'create', calling method: >, body: {"events": [{"name": "network-changed", "server_uuid": "65f068e9-f85e-4a09-bada-e7449afb0f4b", "tag": "3fa7875f-986c-4d8f-b741-710206fca963"}]} {{(pid=107456) _process_stack /opt/stack/nova/nova/api/openstack/wsgi.py:511}}
May 19 14:26:39.858050 n-d-791506-3 devstack@n-api.service[107456]: /usr/local/lib/python3.8/dist-packages/oslo_policy/policy.py:1064: UserWarning: Policy os_compute_api:os-server-external-events:create failed scope check. The token used to make the request was project scoped but the policy requires ['system'] scope. This behavior may change in the future where using the intended scope is required
May 19 14:26:39.858050 n-d-791506-3 devstack@n-api.service[107456]: warnings.warn(msg)
May 19 14:26:39.869686 n-d-791506-3 devstack@n-api.service[107456]: DEBUG oslo_concurrency.lockutils [req-d9f6cded-b224-4db3-8be8-5dfd2043f774 req-3843148e-8108-4e85-bb6c-6612fbb7e4f0 service nova] Lock "950c1bed-52b1-4fa2-81f4-0c687c600f30" acquired by "nova.context.set_target_cell..get_or_set_cached_cell_and_set_connections" :: waited 0.000s {{(pid=107456) inner /usr/local/lib/python3.8/dist-packages/oslo_concurrency/lockutils.py:355}}
May 19 14:26:39.871506 n-d-791506-3 devstack@n-api.service[107456]: DEBUG oslo_concurrency.lockutils [req-d9f6cded-b224-4db3-8be8-5dfd2043f774 req-3843148e-8108-4e85-bb6c-6612fbb7e4f0 service nova] Lock "950c1bed-52b1-4fa2-81f4-0c687c600f30" released by "nova.context.set_target_cell..get_or_set_cached_cell_and_set_connections" :: held 0.001s {{(pid=107456) inner /usr/local/lib/python3.8/dist-packages/oslo_concurrency/lockutils.py:367}}
May 19 14:26:39.878819 n-d-791506-3 devstack@n-api.service[107455]: DEBUG oslo_concurrency.lockutils [None req-dc172364-0df4-4c5e-889b-78b1f105b745 tempest-QuotasAdminNegativeTest-18141240 tempest-QuotasAdminNegativeTest-18141240-project-admin] Lock "00000000-0000-0000-0000-000000000000" acquired by "nova.context.set_target_cell..get_or_set_cached_cell_and_set_connections" :: waited 0.001s {{(pid=107455) inner /usr/local/lib/python3.8/dist-packages/oslo_concurrency/lockutils.py:355}}
May 19 14:26:39.879269 n-d-791506-3 devstack@n-api.service[107455]: DEBUG oslo_concurrency.lockutils [None req-dc172364-0df4-4c5e-889b-78b1f105b745 tempest-QuotasAdminNegativeTest-18141240 tempest-QuotasAdminNegativeTest-18141240-project-admin] Lock "00000000-0000-0000-0000-000000000000" released by "nova.context.set_target_cell..get_or_set_cached_cell_and_set_connections" :: held 0.001s {{(pid=107455) inner /usr/local/lib/python3.8/dist-packages/oslo_concurrency/lockutils.py:367}}
May 19 14:26:39.880094 n-d-791506-3 devstack@n-api.service[107455]: DEBUG oslo_concurrency.lockutils [None req-dc172364-0df4-4c5e-889b-78b1f105b745 tempest-QuotasAdminNegativeTest-18141240 tempest-QuotasAdminNegativeTest-18141240-project-admin] Lock "950c1bed-52b1-4fa2-81f4-0c687c600f30" acquired by "nova.context.set_target_cell..get_or_set_cached_cell_and_set_connections" :: waited 0.000s {{(pid=107455) inner /usr/local/lib/python3.8/dist-packages/oslo_concurrency/lockutils.py:355}}
May 19 14:26:39.880534 n-d-791506-3 devstack@n-api.service[107455]: DEBUG oslo_concurrency.lockutils [None req-dc172364-0df4-4c5e-889b-78b1f105b745 tempest-QuotasAdminNegativeTest-18141240 tempest-QuotasAdminNegativeTest-18141240-project-admin] Lock "950c1bed-52b1-4fa2-81f4-0c687c600f30" released by "nova.context.set_target_cell..get_or_set_cached_cell_and_set_connections" :: held 0.000s {{(pid=107455) inner /usr/local/lib/python3.8/dist-packages/oslo_concurrency/lockutils.py:367}}
May 19 14:26:39.892327 n-d-791506-3 devstack@n-api.service[107456]: INFO nova.api.openstack.compute.server_external_events [req-d9f6cded-b224-4db3-8be8-5dfd2043f774 req-3843148e-8108-4e85-bb6c-6612fbb7e4f0 service nova] Creating event network-changed:3fa7875f-986c-4d8f-b741-710206fca963 for instance 65f068e9-f85e-4a09-bada-e7449afb0f4b on n-h1-791506-3
May 19 14:26:39.898289 n-d-791506-3 devstack@n-api.service[107456]: INFO nova.api.openstack.requestlog [req-d9f6cded-b224-4db3-8be8-5dfd2043f774 req-3843148e-8108-4e85-bb6c-6612fbb7e4f0 service nova] 10.222.0.85 "POST /compute/v2.1/os-server-external-events" status: 200 len: 179 microversion: 2.1 time: 0.105558
May 19 14:26:39.899651 n-d-791506-3 devstack@n-api.service[107456]: [pid: 107456|app: 0|req: 114/247] 10.222.0.85 () {64 vars in 1318 bytes} [Wed May 19 14:26:39 2021] POST /compute/v2.1/os-server-external-events => generated 179 bytes in 116 msecs (HTTP/1.1 200) 9 headers in 357 bytes (1 switches on core 0)
May 19 14:26:39.905087 n-d-791506-3 devstack@n-api.service[107456]: DEBUG nova.api.openstack.wsgi [None req-40ca5ba6-1dda-4434-8601-754b0a1aa13b tempest-AggregatesAdminTestJSON-410458326 tempest-AggregatesAdminTestJSON-410458326-project-admin] Calling method '>' {{(pid=107456) _process_stack /opt/stack/nova/nova/api/openstack/wsgi.py:513}}
May 19 14:26:39.906129 n-d-791506-3 devstack@n-api.service[107456]: /usr/local/lib/python3.8/dist-packages/oslo_policy/policy.py:1064: UserWarning: Policy os_compute_api:os-aggregates:delete failed scope check. The token used to make the request was project scoped but the policy requires ['system'] scope. This behavior may change in the future where using the intended scope is required
May 19 14:26:39.906129 n-d-791506-3 devstack@n-api.service[107456]: warnings.warn(msg)
May 19 14:26:39.938945 n-d-791506-3 devstack@n-api.service[107456]: INFO nova.api.openstack.requestlog [None req-40ca5ba6-1dda-4434-8601-754b0a1aa13b tempest-AggregatesAdminTestJSON-410458326 tempest-AggregatesAdminTestJSON-410458326-project-admin] 10.222.0.85 "DELETE /compute/v2.1/os-aggregates/11" status: 200 len: 0 microversion: 2.1 time: 0.038039
May 19 14:26:39.939938 n-d-791506-3 devstack@n-api.service[107456]: [pid: 107456|app: 0|req: 115/248] 10.222.0.85 () {58 vars in 1155 bytes} [Wed May 19 14:26:39 2021] DELETE /compute/v2.1/os-aggregates/11 => generated 0 bytes in 40 msecs (HTTP/1.1 200) 9 headers in 355 bytes (1 switches on core 0)
May 19 14:26:39.947073 n-d-791506-3 devstack@n-api.service[107456]: DEBUG nova.api.openstack.wsgi [req-93d465a4-55d2-442b-a19a-83fa2f61e696 req-0d364ada-4b7e-4b01-a527-459541da3f6a service nova] Action: 'create', calling method: >, body: {"events": [{"server_uuid": "e650dbe7-d5af-40b5-8044-5584e0b5ed05", "name": "network-vif-deleted", "tag": "0d96b9ac-3395-4cba-bd3c-7e58215f1796"}]} {{(pid=107456) _process_stack /opt/stack/nova/nova/api/openstack/wsgi.py:511}}
May 19 14:26:39.949549 n-d-791506-3 devstack@n-api.service[107456]: /usr/local/lib/python3.8/dist-packages/oslo_policy/policy.py:1064: UserWarning: Policy os_compute_api:os-server-external-events:create failed scope check. The token used to make the request was project scoped but the policy requires ['system'] scope. This behavior may change in the future where using the intended scope is required
May 19 14:26:39.949549 n-d-791506-3 devstack@n-api.service[107456]: warnings.warn(msg)
May 19 14:26:39.949738 n-d-791506-3 devstack@n-api.service[107455]: INFO nova.api.openstack.requestlog [None req-dc172364-0df4-4c5e-889b-78b1f105b745 tempest-QuotasAdminNegativeTest-18141240 tempest-QuotasAdminNegativeTest-18141240-project-admin] 10.222.0.85 "PUT /compute/v2.1/os-quota-sets/3acb8caf4f6b4654af01662a70b81761" status: 200 len: 329 microversion: 2.1 time: 0.145851
May 19 14:26:39.950544 n-d-791506-3 devstack@n-api.service[107455]: [pid: 107455|app: 0|req: 134/249] 10.222.0.85 () {60 vars in 1262 bytes} [Wed May 19 14:26:39 2021] PUT /compute/v2.1/os-quota-sets/3acb8caf4f6b4654af01662a70b81761 => generated 329 bytes in 147 msecs (HTTP/1.1 200) 9 headers in 357 bytes (1 switches on core 0)
May 19 14:26:39.957014 n-d-791506-3 devstack@n-api.service[107455]: DEBUG nova.api.openstack.wsgi [None req-36ceacc7-18c4-4ab4-ba87-d40a4842be93 tempest-ServersWithSpecificFlavorTestJSON-779568378 tempest-ServersWithSpecificFlavorTestJSON-779568378-project] Calling method '>' {{(pid=107455) _process_stack /opt/stack/nova/nova/api/openstack/wsgi.py:513}}
