Aug 31 09:11:58.179941 n-d-791506-28 devstack@placement-api.service[96042]: DEBUG placement.objects.allocation_candidate [req-05ed9b1a-08fa-480b-b4f8-955920bef435 req-50f37860-96cc-4e33-9590-f41939ea6294 service placement] RequestGroup(use_same_provider=False, resources={DISK_GB:1, MEMORY_MB:1024, VCPU:1}, traits=[], aggregates=[]) (suffix '') returned 2 matches {{(pid=96042) _get_by_requests /opt/stack/placement/placement/objects/allocation_candidate.py:145}}
Aug 31 09:11:58.180662 n-d-791506-28 devstack@placement-api.service[96042]: DEBUG placement.objects.allocation_candidate [req-05ed9b1a-08fa-480b-b4f8-955920bef435 req-50f37860-96cc-4e33-9590-f41939ea6294 service placement] Merging candidates yields 2 allocation requests and 2 provider summaries {{(pid=96042) _merge_candidates /opt/stack/placement/placement/objects/allocation_candidate.py:783}}
Aug 31 09:11:58.184072 n-d-791506-28 devstack@placement-api.service[96042]: INFO placement.requestlog [req-05ed9b1a-08fa-480b-b4f8-955920bef435 req-50f37860-96cc-4e33-9590-f41939ea6294 service placement] 10.222.0.119 "GET /placement/allocation_candidates?limit=1000&resources=DISK_GB%3A1%2CMEMORY_MB%3A1024%2CVCPU%3A1&root_required=%21COMPUTE_STATUS_DISABLED" status: 200 len: 1309 microversion: 1.36
Aug 31 09:11:58.193611 n-d-791506-28 devstack@placement-api.service[96042]: [pid: 96042|app: 0|req: 89/180] 10.222.0.119 () {60 vars in 1512 bytes} [Tue Aug 31 09:11:58 2021] GET /placement/allocation_candidates?limit=1000&resources=DISK_GB%3A1%2CMEMORY_MB%3A1024%2CVCPU%3A1&root_required=%21COMPUTE_STATUS_DISABLED => generated 1309 bytes in 125 msecs (HTTP/1.1 200) 8 headers in 297 bytes (1 switches on core 0)
Aug 31 09:11:58.250778 n-d-791506-28 devstack@placement-api.service[96043]: DEBUG placement.requestlog [req-05ed9b1a-08fa-480b-b4f8-955920bef435 req-f05f85ce-74bc-42f8-bd3d-040293634049 None None] Starting request: 10.222.0.119 "GET /placement/allocations/3074468c-6b1e-40f1-b3d8-729b9c64b0ab" {{(pid=96043) __call__ /opt/stack/placement/placement/requestlog.py:55}}
Aug 31 09:11:58.262883 n-d-791506-28 devstack@placement-api.service[96043]: INFO placement.requestlog [req-05ed9b1a-08fa-480b-b4f8-955920bef435 req-f05f85ce-74bc-42f8-bd3d-040293634049 service placement] 10.222.0.119 "GET /placement/allocations/3074468c-6b1e-40f1-b3d8-729b9c64b0ab" status: 200 len: 19 microversion: 1.28
Aug 31 09:11:58.263459 n-d-791506-28 devstack@placement-api.service[96043]: [pid: 96043|app: 0|req: 92/181] 10.222.0.119 () {60 vars in 1386 bytes} [Tue Aug 31 09:11:58 2021] GET /placement/allocations/3074468c-6b1e-40f1-b3d8-729b9c64b0ab => generated 19 bytes in 13 msecs (HTTP/1.1 200) 8 headers in 295 bytes (1 switches on core 0)
Aug 31 09:11:58.269967 n-d-791506-28 devstack@placement-api.service[96042]: DEBUG placement.requestlog [req-05ed9b1a-08fa-480b-b4f8-955920bef435 req-4ca3551f-2e87-46b5-985e-3987770f5088 None None] Starting request: 10.222.0.119 "PUT /placement/allocations/3074468c-6b1e-40f1-b3d8-729b9c64b0ab" {{(pid=96042) __call__ /opt/stack/placement/placement/requestlog.py:55}}
Aug 31 09:11:58.319380 n-d-791506-28 devstack@placement-api.service[96042]: DEBUG placement.handlers.allocation [req-05ed9b1a-08fa-480b-b4f8-955920bef435 req-4ca3551f-2e87-46b5-985e-3987770f5088 service placement] Successfully wrote allocations [, , ] {{(pid=96042) _create_allocations /opt/stack/placement/placement/handlers/allocation.py:461}}
Aug 31 09:11:58.433223 n-d-791506-28 devstack@placement-api.service[96042]: INFO placement.requestlog [req-05ed9b1a-08fa-480b-b4f8-955920bef435 req-4ca3551f-2e87-46b5-985e-3987770f5088 service placement] 10.222.0.119 "PUT /placement/allocations/3074468c-6b1e-40f1-b3d8-729b9c64b0ab" status: 204 len: 0 microversion: 1.36
Aug 31 09:11:58.433630 n-d-791506-28 devstack@placement-api.service[96042]: [pid: 96042|app: 0|req: 90/182] 10.222.0.119 () {64 vars in 1439 bytes} [Tue Aug 31 09:11:58 2021] PUT /placement/allocations/3074468c-6b1e-40f1-b3d8-729b9c64b0ab => generated 0 bytes in 164 msecs (HTTP/1.1 204) 5 headers in 199 bytes (2 switches on core 0)
Aug 31 09:11:59.454691 n-d-791506-28 devstack@placement-api.service[96043]: DEBUG placement.requestlog [req-05ed9b1a-08fa-480b-b4f8-955920bef435 req-fb18e615-7057-4102-b24c-fedd01c15ca2 None None] Starting request: 10.222.0.59 "GET /placement/allocations/3074468c-6b1e-40f1-b3d8-729b9c64b0ab" {{(pid=96043) __call__ /opt/stack/placement/placement/requestlog.py:55}}
Aug 31 09:11:59.473401 n-d-791506-28 devstack@placement-api.service[96043]: INFO placement.requestlog [req-05ed9b1a-08fa-480b-b4f8-955920bef435 req-fb18e615-7057-4102-b24c-fedd01c15ca2 service placement] 10.222.0.59 "GET /placement/allocations/3074468c-6b1e-40f1-b3d8-729b9c64b0ab" status: 200 len: 259 microversion: 1.28
Aug 31 09:11:59.473967 n-d-791506-28 devstack@placement-api.service[96043]: [pid: 96043|app: 0|req: 93/183] 10.222.0.59 () {60 vars in 1382 bytes} [Tue Aug 31 09:11:59 2021] GET /placement/allocations/3074468c-6b1e-40f1-b3d8-729b9c64b0ab => generated 259 bytes in 19 msecs (HTTP/1.1 200) 8 headers in 296 bytes (1 switches on core 0)
Aug 31 09:12:00.708708 n-d-791506-28 devstack@placement-api.service[96042]: DEBUG placement.requestlog [req-10678334-e3c6-4762-a538-8d9a759d0708 req-131b5e21-5ba3-46d3-b885-439803f6eca0 None None] Starting request: 10.222.0.119 "GET /placement/allocation_candidates?limit=1000&resources=DISK_GB%3A1%2CMEMORY_MB%3A1024%2CVCPU%3A1&root_required=%21COMPUTE_STATUS_DISABLED" {{(pid=96042) __call__ /opt/stack/placement/placement/requestlog.py:55}}
Aug 31 09:12:00.769161 n-d-791506-28 devstack@placement-api.service[96042]: DEBUG placement.objects.research_context [req-10678334-e3c6-4762-a538-8d9a759d0708 req-131b5e21-5ba3-46d3-b885-439803f6eca0 service placement] getting providers with 1 DISK_GB {{(pid=96042) __init__ /opt/stack/placement/placement/objects/research_context.py:126}}
Aug 31 09:12:00.792126 n-d-791506-28 devstack@placement-api.service[96042]: DEBUG placement.objects.research_context [req-10678334-e3c6-4762-a538-8d9a759d0708 req-131b5e21-5ba3-46d3-b885-439803f6eca0 service placement] getting providers with 1024 MEMORY_MB {{(pid=96042) __init__ /opt/stack/placement/placement/objects/research_context.py:126}}
Aug 31 09:12:00.806058 n-d-791506-28 devstack@placement-api.service[96042]: DEBUG placement.objects.research_context [req-10678334-e3c6-4762-a538-8d9a759d0708 req-131b5e21-5ba3-46d3-b885-439803f6eca0 service placement] getting providers with 1 VCPU {{(pid=96042) __init__ /opt/stack/placement/placement/objects/research_context.py:126}}
Aug 31 09:12:00.806161 n-d-791506-28 devstack@placement-api.service[96043]: DEBUG placement.requestlog [req-98119676-97dc-4bad-8605-5aa26b4c6e74 req-ea2dca97-7b01-4261-a7fd-48d8a3a942ca None None] Starting request: 10.222.0.59 "DELETE /placement/allocations/ad652944-8817-40f1-b561-f3b485aad6b9" {{(pid=96043) __call__ /opt/stack/placement/placement/requestlog.py:55}}
Aug 31 09:12:00.816172 n-d-791506-28 devstack@placement-api.service[96042]: DEBUG placement.objects.research_context [req-10678334-e3c6-4762-a538-8d9a759d0708 req-131b5e21-5ba3-46d3-b885-439803f6eca0 service placement] found 2 providers with available 1 DISK_GB {{(pid=96042) get_provider_ids_matching /opt/stack/placement/placement/objects/research_context.py:549}}
Aug 31 09:12:00.816614 n-d-791506-28 devstack@placement-api.service[96042]: DEBUG placement.objects.research_context [req-10678334-e3c6-4762-a538-8d9a759d0708 req-131b5e21-5ba3-46d3-b885-439803f6eca0 service placement] found 2 providers with available 1024 MEMORY_MB {{(pid=96042) get_provider_ids_matching /opt/stack/placement/placement/objects/research_context.py:549}}
Aug 31 09:12:00.816909 n-d-791506-28 devstack@placement-api.service[96042]: DEBUG placement.objects.research_context [req-10678334-e3c6-4762-a538-8d9a759d0708 req-131b5e21-5ba3-46d3-b885-439803f6eca0 service placement] found 2 providers after filtering by previous result {{(pid=96042) get_provider_ids_matching /opt/stack/placement/placement/objects/research_context.py:580}}
Aug 31 09:12:00.817174 n-d-791506-28 devstack@placement-api.service[96042]: DEBUG placement.objects.research_context [req-10678334-e3c6-4762-a538-8d9a759d0708 req-131b5e21-5ba3-46d3-b885-439803f6eca0 service placement] found 2 providers with available 1 VCPU {{(pid=96042) get_provider_ids_matching /opt/stack/placement/placement/objects/research_context.py:549}}
Aug 31 09:12:00.817806 n-d-791506-28 devstack@placement-api.service[96042]: DEBUG placement.objects.research_context [req-10678334-e3c6-4762-a538-8d9a759d0708 req-131b5e21-5ba3-46d3-b885-439803f6eca0 service placement] found 2 providers after filtering by previous result {{(pid=96042) get_provider_ids_matching /opt/stack/placement/placement/objects/research_context.py:580}}
Aug 31 09:12:00.834757 n-d-791506-28 devstack@placement-api.service[96042]: DEBUG placement.objects.allocation_candidate [req-10678334-e3c6-4762-a538-8d9a759d0708 req-131b5e21-5ba3-46d3-b885-439803f6eca0 service placement] RequestGroup(use_same_provider=False, resources={DISK_GB:1, MEMORY_MB:1024, VCPU:1}, traits=[], aggregates=[]) (suffix '') returned 2 matches {{(pid=96042) _get_by_requests /opt/stack/placement/placement/objects/allocation_candidate.py:145}}
Aug 31 09:12:00.835960 n-d-791506-28 devstack@placement-api.service[96042]: DEBUG placement.objects.allocation_candidate [req-10678334-e3c6-4762-a538-8d9a759d0708 req-131b5e21-5ba3-46d3-b885-439803f6eca0 service placement] Merging candidates yields 2 allocation requests and 2 provider summaries {{(pid=96042) _merge_candidates /opt/stack/placement/placement/objects/allocation_candidate.py:783}}
Aug 31 09:12:00.837667 n-d-791506-28 devstack@placement-api.service[96042]: INFO placement.requestlog [req-10678334-e3c6-4762-a538-8d9a759d0708 req-131b5e21-5ba3-46d3-b885-439803f6eca0 service placement] 10.222.0.119 "GET /placement/allocation_candidates?limit=1000&resources=DISK_GB%3A1%2CMEMORY_MB%3A1024%2CVCPU%3A1&root_required=%21COMPUTE_STATUS_DISABLED" status: 200 len: 1309 microversion: 1.36
Aug 31 09:12:00.837952 n-d-791506-28 devstack@placement-api.service[96042]: [pid: 96042|app: 0|req: 91/184] 10.222.0.119 () {60 vars in 1512 bytes} [Tue Aug 31 09:12:00 2021] GET /placement/allocation_candidates?limit=1000&resources=DISK_GB%3A1%2CMEMORY_MB%3A1024%2CVCPU%3A1&root_required=%21COMPUTE_STATUS_DISABLED => generated 1309 bytes in 130 msecs (HTTP/1.1 200) 8 headers in 297 bytes (2 switches on core 0)
Aug 31 09:12:00.913675 n-d-791506-28 devstack@placement-api.service[96042]: DEBUG placement.requestlog [req-10678334-e3c6-4762-a538-8d9a759d0708 req-a515f3dc-397b-4918-b79a-3b6026be1afa None None] Starting request: 10.222.0.119 "GET /placement/allocations/5270f71b-23da-40b0-abaf-751dffa07843" {{(pid=96042) __call__ /opt/stack/placement/placement/requestlog.py:55}}
Aug 31 09:12:00.924411 n-d-791506-28 devstack@placement-api.service[96042]: INFO placement.requestlog [req-10678334-e3c6-4762-a538-8d9a759d0708 req-a515f3dc-397b-4918-b79a-3b6026be1afa service placement] 10.222.0.119 "GET /placement/allocations/5270f71b-23da-40b0-abaf-751dffa07843" status: 200 len: 19 microversion: 1.28
Aug 31 09:12:00.925210 n-d-791506-28 devstack@placement-api.service[96042]: [pid: 96042|app: 0|req: 92/185] 10.222.0.119 () {60 vars in 1386 bytes} [Tue Aug 31 09:12:00 2021] GET /placement/allocations/5270f71b-23da-40b0-abaf-751dffa07843 => generated 19 bytes in 12 msecs (HTTP/1.1 200) 8 headers in 295 bytes (2 switches on core 0)
Aug 31 09:12:00.938805 n-d-791506-28 devstack@placement-api.service[96042]: DEBUG placement.requestlog [req-10678334-e3c6-4762-a538-8d9a759d0708 req-c8593c3b-b04a-4e8d-b3b3-12a1e55ad5c8 None None] Starting request: 10.222.0.119 "PUT /placement/allocations/5270f71b-23da-40b0-abaf-751dffa07843" {{(pid=96042) __call__ /opt/stack/placement/placement/requestlog.py:55}}
Aug 31 09:12:01.035919 n-d-791506-28 devstack@placement-api.service[96042]: DEBUG placement.handlers.allocation [req-10678334-e3c6-4762-a538-8d9a759d0708 req-c8593c3b-b04a-4e8d-b3b3-12a1e55ad5c8 service placement] Successfully wrote allocations [, , ] {{(pid=96042) _create_allocations /opt/stack/placement/placement/handlers/allocation.py:461}}
Aug 31 09:12:01.056694 n-d-791506-28 devstack@placement-api.service[96043]: DEBUG placement.handlers.allocation [req-98119676-97dc-4bad-8605-5aa26b4c6e74 req-ea2dca97-7b01-4261-a7fd-48d8a3a942ca service placement] Successfully deleted allocations [, , ] {{(pid=96043) delete_allocations /opt/stack/placement/placement/handlers/allocation.py:603}}
Aug 31 09:12:01.060387 n-d-791506-28 devstack@placement-api.service[96043]: INFO placement.requestlog [req-98119676-97dc-4bad-8605-5aa26b4c6e74 req-ea2dca97-7b01-4261-a7fd-48d8a3a942ca service placement] 10.222.0.59 "DELETE /placement/allocations/ad652944-8817-40f1-b561-f3b485aad6b9" status: 204 len: 0 microversion: 1.0
Aug 31 09:12:01.060387 n-d-791506-28 devstack@placement-api.service[96043]: [pid: 96043|app: 0|req: 94/186] 10.222.0.59 () {60 vars in 1360 bytes} [Tue Aug 31 09:12:00 2021] DELETE /placement/allocations/ad652944-8817-40f1-b561-f3b485aad6b9 => generated 0 bytes in 257 msecs (HTTP/1.1 204) 5 headers in 198 bytes (1 switches on core 0)
Aug 31 09:12:01.167445 n-d-791506-28 devstack@placement-api.service[96042]: INFO placement.requestlog [req-10678334-e3c6-4762-a538-8d9a759d0708 req-c8593c3b-b04a-4e8d-b3b3-12a1e55ad5c8 service placement] 10.222.0.119 "PUT /placement/allocations/5270f71b-23da-40b0-abaf-751dffa07843" status: 204 len: 0 microversion: 1.36
Aug 31 09:12:01.170217 n-d-791506-28 devstack@placement-api.service[96042]: [pid: 96042|app: 0|req: 93/187] 10.222.0.119 () {64 vars in 1439 bytes} [Tue Aug 31 09:12:00 2021] PUT /placement/allocations/5270f71b-23da-40b0-abaf-751dffa07843 => generated 0 bytes in 229 msecs (HTTP/1.1 204) 5 headers in 199 bytes (2 switches on core 0)
Aug 31 09:12:02.302456 n-d-791506-28 devstack@placement-api.service[96043]: DEBUG placement.requestlog [req-10678334-e3c6-4762-a538-8d9a759d0708 req-399c3e53-0016-41c9-9d41-ca3b5c935fc4 None None] Starting request: 10.222.0.59 "GET /placement/allocations/5270f71b-23da-40b0-abaf-751dffa07843" {{(pid=96043) __call__ /opt/stack/placement/placement/requestlog.py:55}}
Aug 31 09:12:02.330326 n-d-791506-28 devstack@placement-api.service[96043]: INFO placement.requestlog [req-10678334-e3c6-4762-a538-8d9a759d0708 req-399c3e53-0016-41c9-9d41-ca3b5c935fc4 service placement] 10.222.0.59 "GET /placement/allocations/5270f71b-23da-40b0-abaf-751dffa07843" status: 200 len: 259 microversion: 1.28
Aug 31 09:12:02.330715 n-d-791506-28 devstack@placement-api.service[96043]: [pid: 96043|app: 0|req: 95/188] 10.222.0.59 () {60 vars in 1382 bytes} [Tue Aug 31 09:12:02 2021] GET /placement/allocations/5270f71b-23da-40b0-abaf-751dffa07843 => generated 259 bytes in 29 msecs (HTTP/1.1 200) 8 headers in 296 bytes (1 switches on core 0)
Aug 31 09:12:03.224898 n-d-791506-28 devstack@placement-api.service[96042]: DEBUG placement.requestlog [req-ac9cc8f8-ac59-43dd-8f32-17c8e1c0bc29 req-8ef0c186-526d-4c6a-b3fa-7683e591ca4e None None] Starting request: 10.222.0.119 "GET /placement/allocation_candidates?limit=1000&resources=DISK_GB%3A1%2CMEMORY_MB%3A1024%2CVCPU%3A1&root_required=%21COMPUTE_STATUS_DISABLED" {{(pid=96042) __call__ /opt/stack/placement/placement/requestlog.py:55}}
Aug 31 09:12:03.234309 n-d-791506-28 devstack@placement-api.service[96043]: DEBUG placement.requestlog [req-16014a41-8722-40fe-9325-106b7177b930 req-647bfacd-25e4-4944-bce7-a7393e76d866 None None] Starting request: 10.222.0.112 "GET /placement/allocations/fd8621e8-22ba-483e-991e-e5f8f209b8fc" {{(pid=96043) __call__ /opt/stack/placement/placement/requestlog.py:55}}
Aug 31 09:12:03.264508 n-d-791506-28 devstack@placement-api.service[96043]: INFO placement.requestlog [req-16014a41-8722-40fe-9325-106b7177b930 req-647bfacd-25e4-4944-bce7-a7393e76d866 service placement] 10.222.0.112 "GET /placement/allocations/fd8621e8-22ba-483e-991e-e5f8f209b8fc" status: 200 len: 258 microversion: 1.28
Aug 31 09:12:03.264832 n-d-791506-28 devstack@placement-api.service[96043]: [pid: 96043|app: 0|req: 96/189] 10.222.0.112 () {60 vars in 1383 bytes} [Tue Aug 31 09:12:03 2021] GET /placement/allocations/fd8621e8-22ba-483e-991e-e5f8f209b8fc => generated 258 bytes in 31 msecs (HTTP/1.1 200) 8 headers in 296 bytes (2 switches on core 0)
Aug 31 09:12:03.272392 n-d-791506-28 devstack@placement-api.service[96042]: DEBUG placement.objects.research_context [req-ac9cc8f8-ac59-43dd-8f32-17c8e1c0bc29 req-8ef0c186-526d-4c6a-b3fa-7683e591ca4e service placement] getting providers with 1 DISK_GB {{(pid=96042) __init__ /opt/stack/placement/placement/objects/research_context.py:126}}
Aug 31 09:12:03.278777 n-d-791506-28 devstack@placement-api.service[96042]: DEBUG placement.objects.research_context [req-ac9cc8f8-ac59-43dd-8f32-17c8e1c0bc29 req-8ef0c186-526d-4c6a-b3fa-7683e591ca4e service placement] getting providers with 1024 MEMORY_MB {{(pid=96042) __init__ /opt/stack/placement/placement/objects/research_context.py:126}}
Aug 31 09:12:03.284395 n-d-791506-28 devstack@placement-api.service[96042]: DEBUG placement.objects.research_context [req-ac9cc8f8-ac59-43dd-8f32-17c8e1c0bc29 req-8ef0c186-526d-4c6a-b3fa-7683e591ca4e service placement] getting providers with 1 VCPU {{(pid=96042) __init__ /opt/stack/placement/placement/objects/research_context.py:126}}
Aug 31 09:12:03.290046 n-d-791506-28 devstack@placement-api.service[96042]: DEBUG placement.objects.research_context [req-ac9cc8f8-ac59-43dd-8f32-17c8e1c0bc29 req-8ef0c186-526d-4c6a-b3fa-7683e591ca4e service placement] found 2 providers with available 1 DISK_GB {{(pid=96042) get_provider_ids_matching /opt/stack/placement/placement/objects/research_context.py:549}}
Aug 31 09:12:03.290395 n-d-791506-28 devstack@placement-api.service[96042]: DEBUG placement.objects.research_context [req-ac9cc8f8-ac59-43dd-8f32-17c8e1c0bc29 req-8ef0c186-526d-4c6a-b3fa-7683e591ca4e service placement] found 2 providers with available 1024 MEMORY_MB {{(pid=96042) get_provider_ids_matching /opt/stack/placement/placement/objects/research_context.py:549}}
Aug 31 09:12:03.290855 n-d-791506-28 devstack@placement-api.service[96042]: DEBUG placement.objects.research_context [req-ac9cc8f8-ac59-43dd-8f32-17c8e1c0bc29 req-8ef0c186-526d-4c6a-b3fa-7683e591ca4e service placement] found 2 providers after filtering by previous result {{(pid=96042) get_provider_ids_matching /opt/stack/placement/placement/objects/research_context.py:580}}
Aug 31 09:12:03.291114 n-d-791506-28 devstack@placement-api.service[96042]: DEBUG placement.objects.research_context [req-ac9cc8f8-ac59-43dd-8f32-17c8e1c0bc29 req-8ef0c186-526d-4c6a-b3fa-7683e591ca4e service placement] found 2 providers with available 1 VCPU {{(pid=96042) get_provider_ids_matching /opt/stack/placement/placement/objects/research_context.py:549}}
Aug 31 09:12:03.291516 n-d-791506-28 devstack@placement-api.service[96042]: DEBUG placement.objects.research_context [req-ac9cc8f8-ac59-43dd-8f32-17c8e1c0bc29 req-8ef0c186-526d-4c6a-b3fa-7683e591ca4e service placement] found 2 providers after filtering by previous result {{(pid=96042) get_provider_ids_matching /opt/stack/placement/placement/objects/research_context.py:580}}
Aug 31 09:12:03.302569 n-d-791506-28 devstack@placement-api.service[96042]: DEBUG placement.objects.allocation_candidate [req-ac9cc8f8-ac59-43dd-8f32-17c8e1c0bc29 req-8ef0c186-526d-4c6a-b3fa-7683e591ca4e service placement] RequestGroup(use_same_provider=False, resources={DISK_GB:1, MEMORY_MB:1024, VCPU:1}, traits=[], aggregates=[]) (suffix '') returned 2 matches {{(pid=96042) _get_by_requests /opt/stack/placement/placement/objects/allocation_candidate.py:145}}
Aug 31 09:12:03.303203 n-d-791506-28 devstack@placement-api.service[96042]: DEBUG placement.objects.allocation_candidate [req-ac9cc8f8-ac59-43dd-8f32-17c8e1c0bc29 req-8ef0c186-526d-4c6a-b3fa-7683e591ca4e service placement] Merging candidates yields 2 allocation requests and 2 provider summaries {{(pid=96042) _merge_candidates /opt/stack/placement/placement/objects/allocation_candidate.py:783}}
Aug 31 09:12:03.305118 n-d-791506-28 devstack@placement-api.service[96042]: INFO placement.requestlog [req-ac9cc8f8-ac59-43dd-8f32-17c8e1c0bc29 req-8ef0c186-526d-4c6a-b3fa-7683e591ca4e service placement] 10.222.0.119 "GET /placement/allocation_candidates?limit=1000&resources=DISK_GB%3A1%2CMEMORY_MB%3A1024%2CVCPU%3A1&root_required=%21COMPUTE_STATUS_DISABLED" status: 200 len: 1309 microversion: 1.36
Aug 31 09:12:03.310279 n-d-791506-28 devstack@placement-api.service[96042]: [pid: 96042|app: 0|req: 94/190] 10.222.0.119 () {60 vars in 1512 bytes} [Tue Aug 31 09:12:03 2021] GET /placement/allocation_candidates?limit=1000&resources=DISK_GB%3A1%2CMEMORY_MB%3A1024%2CVCPU%3A1&root_required=%21COMPUTE_STATUS_DISABLED => generated 1309 bytes in 85 msecs (HTTP/1.1 200) 8 headers in 297 bytes (1 switches on core 0)
Aug 31 09:12:03.353024 n-d-791506-28 devstack@placement-api.service[96043]: DEBUG placement.requestlog [req-ac9cc8f8-ac59-43dd-8f32-17c8e1c0bc29 req-114a70f7-fe67-4cfc-89e4-f74d63e4179d None None] Starting request: 10.222.0.119 "GET /placement/allocations/78afa2bd-2f94-407d-8697-7380927855fd" {{(pid=96043) __call__ /opt/stack/placement/placement/requestlog.py:55}}
Aug 31 09:12:03.364933 n-d-791506-28 devstack@placement-api.service[96043]: INFO placement.requestlog [req-ac9cc8f8-ac59-43dd-8f32-17c8e1c0bc29 req-114a70f7-fe67-4cfc-89e4-f74d63e4179d service placement] 10.222.0.119 "GET /placement/allocations/78afa2bd-2f94-407d-8697-7380927855fd" status: 200 len: 19 microversion: 1.28
Aug 31 09:12:03.365141 n-d-791506-28 devstack@placement-api.service[96043]: [pid: 96043|app: 0|req: 97/191] 10.222.0.119 () {60 vars in 1386 bytes} [Tue Aug 31 09:12:03 2021] GET /placement/allocations/78afa2bd-2f94-407d-8697-7380927855fd => generated 19 bytes in 12 msecs (HTTP/1.1 200) 8 headers in 295 bytes (1 switches on core 0)
Aug 31 09:12:03.371814 n-d-791506-28 devstack@placement-api.service[96042]: DEBUG placement.requestlog [req-ac9cc8f8-ac59-43dd-8f32-17c8e1c0bc29 req-c26ee8f3-3849-4f5e-aa4c-1d922b0d8cff None None] Starting request: 10.222.0.119 "PUT /placement/allocations/78afa2bd-2f94-407d-8697-7380927855fd" {{(pid=96042) __call__ /opt/stack/placement/placement/requestlog.py:55}}
Aug 31 09:12:03.412581 n-d-791506-28 devstack@placement-api.service[96042]: DEBUG placement.handlers.allocation [req-ac9cc8f8-ac59-43dd-8f32-17c8e1c0bc29 req-c26ee8f3-3849-4f5e-aa4c-1d922b0d8cff service placement] Successfully wrote allocations [, , ] {{(pid=96042) _create_allocations /opt/stack/placement/placement/handlers/allocation.py:461}}
Aug 31 09:12:03.513968 n-d-791506-28 devstack@placement-api.service[96042]: INFO placement.requestlog [req-ac9cc8f8-ac59-43dd-8f32-17c8e1c0bc29 req-c26ee8f3-3849-4f5e-aa4c-1d922b0d8cff service placement] 10.222.0.119 "PUT /placement/allocations/78afa2bd-2f94-407d-8697-7380927855fd" status: 204 len: 0 microversion: 1.36
Aug 31 09:12:03.514712 n-d-791506-28 devstack@placement-api.service[96042]: [pid: 96042|app: 0|req: 95/192] 10.222.0.119 () {64 vars in 1439 bytes} [Tue Aug 31 09:12:03 2021] PUT /placement/allocations/78afa2bd-2f94-407d-8697-7380927855fd => generated 0 bytes in 143 msecs (HTTP/1.1 204) 5 headers in 199 bytes (2 switches on core 0)
Aug 31 09:12:04.776623 n-d-791506-28 devstack@placement-api.service[96043]: DEBUG placement.requestlog [req-ac9cc8f8-ac59-43dd-8f32-17c8e1c0bc29 req-a7705f14-71af-465f-9b4a-06d4f7e085b6 None None] Starting request: 10.222.0.59 "GET /placement/allocations/78afa2bd-2f94-407d-8697-7380927855fd" {{(pid=96043) __call__ /opt/stack/placement/placement/requestlog.py:55}}
Aug 31 09:12:04.794934 n-d-791506-28 devstack@placement-api.service[96043]: INFO placement.requestlog [req-ac9cc8f8-ac59-43dd-8f32-17c8e1c0bc29 req-a7705f14-71af-465f-9b4a-06d4f7e085b6 service placement] 10.222.0.59 "GET /placement/allocations/78afa2bd-2f94-407d-8697-7380927855fd" status: 200 len: 259 microversion: 1.28
Aug 31 09:12:04.795798 n-d-791506-28 devstack@placement-api.service[96043]: [pid: 96043|app: 0|req: 98/193] 10.222.0.59 () {60 vars in 1382 bytes} [Tue Aug 31 09:12:04 2021] GET /placement/allocations/78afa2bd-2f94-407d-8697-7380927855fd => generated 259 bytes in 20 msecs (HTTP/1.1 200) 8 headers in 296 bytes (1 switches on core 0)
Aug 31 09:12:07.145909 n-d-791506-28 devstack@placement-api.service[96042]: DEBUG placement.requestlog [req-588c8263-0248-4e89-a656-5fff2d8222dc req-7f6d06b7-86ca-45db-b81c-cfb6da0fac6d None None] Starting request: 10.222.0.59 "DELETE /placement/allocations/1d067f1a-6ae4-43e9-99fa-9e4b33a00ea7" {{(pid=96042) __call__ /opt/stack/placement/placement/requestlog.py:55}}
Aug 31 09:12:07.489004 n-d-791506-28 devstack@placement-api.service[96043]: DEBUG placement.requestlog [req-bbdbb68c-05f2-4e7f-93d5-48ea35ed4b61 req-2464083e-42b5-4321-9064-7e0d8aa06b3e None None] Starting request: 10.222.0.59 "GET /placement/resource_providers/4d7ed91f-6a7b-4a4c-b5ac-decd04d26da2/allocations" {{(pid=96043) __call__ /opt/stack/placement/placement/requestlog.py:55}}
Aug 31 09:12:07.518867 n-d-791506-28 devstack@placement-api.service[96043]: INFO placement.requestlog [req-bbdbb68c-05f2-4e7f-93d5-48ea35ed4b61 req-2464083e-42b5-4321-9064-7e0d8aa06b3e service placement] 10.222.0.59 "GET /placement/resource_providers/4d7ed91f-6a7b-4a4c-b5ac-decd04d26da2/allocations" status: 200 len: 558 microversion: 1.0
Aug 31 09:12:07.519696 n-d-791506-28 devstack@placement-api.service[96043]: [pid: 96043|app: 0|req: 99/194] 10.222.0.59 () {58 vars in 1395 bytes} [Tue Aug 31 09:12:07 2021] GET /placement/resource_providers/4d7ed91f-6a7b-4a4c-b5ac-decd04d26da2/allocations => generated 558 bytes in 31 msecs (HTTP/1.1 200) 6 headers in 224 bytes (2 switches on core 0)
Aug 31 09:12:07.526419 n-d-791506-28 devstack@placement-api.service[96042]: DEBUG placement.handlers.allocation [req-588c8263-0248-4e89-a656-5fff2d8222dc req-7f6d06b7-86ca-45db-b81c-cfb6da0fac6d service placement] Successfully deleted allocations [, , ] {{(pid=96042) delete_allocations /opt/stack/placement/placement/handlers/allocation.py:603}}
Aug 31 09:12:07.529341 n-d-791506-28 devstack@placement-api.service[96042]: INFO placement.requestlog [req-588c8263-0248-4e89-a656-5fff2d8222dc req-7f6d06b7-86ca-45db-b81c-cfb6da0fac6d service placement] 10.222.0.59 "DELETE /placement/allocations/1d067f1a-6ae4-43e9-99fa-9e4b33a00ea7" status: 204 len: 0 microversion: 1.0
Aug 31 09:12:07.529555 n-d-791506-28 devstack@placement-api.service[96042]: [pid: 96042|app: 0|req: 96/195] 10.222.0.59 () {60 vars in 1360 bytes} [Tue Aug 31 09:12:07 2021] DELETE /placement/allocations/1d067f1a-6ae4-43e9-99fa-9e4b33a00ea7 => generated 0 bytes in 384 msecs (HTTP/1.1 204) 5 headers in 198 bytes (1 switches on core 0)
Aug 31 09:12:07.710099 n-d-791506-28 devstack@placement-api.service[96043]: DEBUG placement.requestlog [req-bbdbb68c-05f2-4e7f-93d5-48ea35ed4b61 req-32c559a3-ca06-4c6c-bf4b-37160cecdb4b None None] Starting request: 10.222.0.59 "GET /placement/resource_providers?in_tree=4d7ed91f-6a7b-4a4c-b5ac-decd04d26da2" {{(pid=96043) __call__ /opt/stack/placement/placement/requestlog.py:55}}
Aug 31 09:12:07.746666 n-d-791506-28 devstack@placement-api.service[96043]: INFO placement.requestlog [req-bbdbb68c-05f2-4e7f-93d5-48ea35ed4b61 req-32c559a3-ca06-4c6c-bf4b-37160cecdb4b service placement] 10.222.0.59 "GET /placement/resource_providers?in_tree=4d7ed91f-6a7b-4a4c-b5ac-decd04d26da2" status: 200 len: 864 microversion: 1.14
Aug 31 09:12:07.747550 n-d-791506-28 devstack@placement-api.service[96043]: [pid: 96043|app: 0|req: 100/196] 10.222.0.59 () {60 vars in 1381 bytes} [Tue Aug 31 09:12:07 2021] GET /placement/resource_providers?in_tree=4d7ed91f-6a7b-4a4c-b5ac-decd04d26da2 => generated 864 bytes in 38 msecs (HTTP/1.1 200) 6 headers in 225 bytes (1 switches on core 0)
Aug 31 09:12:07.775312 n-d-791506-28 devstack@placement-api.service[96042]: DEBUG placement.requestlog [req-bbdbb68c-05f2-4e7f-93d5-48ea35ed4b61 req-5b0ce49d-408a-4b73-8fa6-1902bfda83b2 None None] Starting request: 10.222.0.59 "GET /placement/resource_providers/4d7ed91f-6a7b-4a4c-b5ac-decd04d26da2/inventories" {{(pid=96042) __call__ /opt/stack/placement/placement/requestlog.py:55}}
Aug 31 09:12:07.833558 n-d-791506-28 devstack@placement-api.service[96042]: INFO placement.requestlog [req-bbdbb68c-05f2-4e7f-93d5-48ea35ed4b61 req-5b0ce49d-408a-4b73-8fa6-1902bfda83b2 service placement] 10.222.0.59 "GET /placement/resource_providers/4d7ed91f-6a7b-4a4c-b5ac-decd04d26da2/inventories" status: 200 len: 398 microversion: 1.0
Aug 31 09:12:07.834705 n-d-791506-28 devstack@placement-api.service[96042]: [pid: 96042|app: 0|req: 97/197] 10.222.0.59 () {58 vars in 1395 bytes} [Tue Aug 31 09:12:07 2021] GET /placement/resource_providers/4d7ed91f-6a7b-4a4c-b5ac-decd04d26da2/inventories => generated 398 bytes in 59 msecs (HTTP/1.1 200) 6 headers in 224 bytes (1 switches on core 0)
Aug 31 09:12:07.851692 n-d-791506-28 devstack@placement-api.service[96043]: DEBUG placement.requestlog [req-bbdbb68c-05f2-4e7f-93d5-48ea35ed4b61 req-e109922a-5812-43c9-bc89-a5c9336bdf4a None None] Starting request: 10.222.0.59 "GET /placement/resource_providers/4d7ed91f-6a7b-4a4c-b5ac-decd04d26da2/aggregates" {{(pid=96043) __call__ /opt/stack/placement/placement/requestlog.py:55}}
Aug 31 09:12:07.867759 n-d-791506-28 devstack@placement-api.service[96043]: INFO placement.requestlog [req-bbdbb68c-05f2-4e7f-93d5-48ea35ed4b61 req-e109922a-5812-43c9-bc89-a5c9336bdf4a service placement] 10.222.0.59 "GET /placement/resource_providers/4d7ed91f-6a7b-4a4c-b5ac-decd04d26da2/aggregates" status: 200 len: 54 microversion: 1.19
Aug 31 09:12:07.868532 n-d-791506-28 devstack@placement-api.service[96043]: [pid: 96043|app: 0|req: 101/198] 10.222.0.59 () {60 vars in 1436 bytes} [Tue Aug 31 09:12:07 2021] GET /placement/resource_providers/4d7ed91f-6a7b-4a4c-b5ac-decd04d26da2/aggregates => generated 54 bytes in 17 msecs (HTTP/1.1 200) 8 headers in 295 bytes (1 switches on core 0)
Aug 31 09:12:07.900020 n-d-791506-28 devstack@placement-api.service[96042]: DEBUG placement.requestlog [req-bbdbb68c-05f2-4e7f-93d5-48ea35ed4b61 req-90aa89bc-e3a7-4153-a657-5f7bdfee8735 None None] Starting request: 10.222.0.59 "GET /placement/resource_providers/4d7ed91f-6a7b-4a4c-b5ac-decd04d26da2/traits" {{(pid=96042) __call__ /opt/stack/placement/placement/requestlog.py:55}}
Aug 31 09:12:07.946305 n-d-791506-28 devstack@placement-api.service[96042]: INFO placement.requestlog [req-bbdbb68c-05f2-4e7f-93d5-48ea35ed4b61 req-90aa89bc-e3a7-4153-a657-5f7bdfee8735 service placement] 10.222.0.59 "GET /placement/resource_providers/4d7ed91f-6a7b-4a4c-b5ac-decd04d26da2/traits" status: 200 len: 212 microversion: 1.6
Aug 31 09:12:07.947454 n-d-791506-28 devstack@placement-api.service[96042]: [pid: 96042|app: 0|req: 98/199] 10.222.0.59 () {60 vars in 1423 bytes} [Tue Aug 31 09:12:07 2021] GET /placement/resource_providers/4d7ed91f-6a7b-4a4c-b5ac-decd04d26da2/traits => generated 212 bytes in 47 msecs (HTTP/1.1 200) 6 headers in 224 bytes (1 switches on core 0)
Aug 31 09:12:09.636280 n-d-791506-28 devstack@placement-api.service[96043]: DEBUG placement.requestlog [req-f3bc6f6d-71c4-4cff-bcfa-159a23cb8455 req-2e7ec6fa-bc2a-4dc3-beac-f409f9e6ee53 None None] Starting request: 10.222.0.112 "GET /placement/resource_providers/b6561d3e-0e1e-4a5e-87a2-05b803d85d2c/allocations" {{(pid=96043) __call__ /opt/stack/placement/placement/requestlog.py:55}}
Aug 31 09:12:09.832530 n-d-791506-28 devstack@placement-api.service[96043]: INFO placement.requestlog [req-f3bc6f6d-71c4-4cff-bcfa-159a23cb8455 req-2e7ec6fa-bc2a-4dc3-beac-f409f9e6ee53 service placement] 10.222.0.112 "GET /placement/resource_providers/b6561d3e-0e1e-4a5e-87a2-05b803d85d2c/allocations" status: 200 len: 759 microversion: 1.0
Aug 31 09:12:09.835571 n-d-791506-28 devstack@placement-api.service[96043]: [pid: 96043|app: 0|req: 102/200] 10.222.0.112 () {58 vars in 1396 bytes} [Tue Aug 31 09:12:09 2021] GET /placement/resource_providers/b6561d3e-0e1e-4a5e-87a2-05b803d85d2c/allocations => generated 759 bytes in 202 msecs (HTTP/1.1 200) 6 headers in 224 bytes (1 switches on core 0)
Aug 31 09:12:10.044468 n-d-791506-28 devstack@placement-api.service[96042]: DEBUG placement.requestlog [req-f3bc6f6d-71c4-4cff-bcfa-159a23cb8455 req-48b384f8-2851-4654-8502-32cbd04cda5e None None] Starting request: 10.222.0.112 "GET /placement/resource_providers?in_tree=b6561d3e-0e1e-4a5e-87a2-05b803d85d2c" {{(pid=96042) __call__ /opt/stack/placement/placement/requestlog.py:55}}
Aug 31 09:12:10.063919 n-d-791506-28 devstack@placement-api.service[96042]: INFO placement.requestlog [req-f3bc6f6d-71c4-4cff-bcfa-159a23cb8455 req-48b384f8-2851-4654-8502-32cbd04cda5e service placement] 10.222.0.112 "GET /placement/resource_providers?in_tree=b6561d3e-0e1e-4a5e-87a2-05b803d85d2c" status: 200 len: 864 microversion: 1.14
Aug 31 09:12:10.064373 n-d-791506-28 devstack@placement-api.service[96042]: [pid: 96042|app: 0|req: 99/201] 10.222.0.112 () {60 vars in 1382 bytes} [Tue Aug 31 09:12:10 2021] GET /placement/resource_providers?in_tree=b6561d3e-0e1e-4a5e-87a2-05b803d85d2c => generated 864 bytes in 20 msecs (HTTP/1.1 200) 6 headers in 225 bytes (1 switches on core 0)
Aug 31 09:12:10.091345 n-d-791506-28 devstack@placement-api.service[96043]: DEBUG placement.requestlog [req-f3bc6f6d-71c4-4cff-bcfa-159a23cb8455 req-3d057eba-ace3-4039-8e55-0b2599bc57de None None] Starting request: 10.222.0.112 "GET /placement/resource_providers/b6561d3e-0e1e-4a5e-87a2-05b803d85d2c/inventories" {{(pid=96043) __call__ /opt/stack/placement/placement/requestlog.py:55}}
Aug 31 09:12:10.121437 n-d-791506-28 devstack@placement-api.service[96043]: INFO placement.requestlog [req-f3bc6f6d-71c4-4cff-bcfa-159a23cb8455 req-3d057eba-ace3-4039-8e55-0b2599bc57de service placement] 10.222.0.112 "GET /placement/resource_providers/b6561d3e-0e1e-4a5e-87a2-05b803d85d2c/inventories" status: 200 len: 398 microversion: 1.0
Aug 31 09:12:10.121834 n-d-791506-28 devstack@placement-api.service[96043]: [pid: 96043|app: 0|req: 103/202] 10.222.0.112 () {58 vars in 1396 bytes} [Tue Aug 31 09:12:10 2021] GET /placement/resource_providers/b6561d3e-0e1e-4a5e-87a2-05b803d85d2c/inventories => generated 398 bytes in 31 msecs (HTTP/1.1 200) 6 headers in 224 bytes (1 switches on core 0)
Aug 31 09:12:10.133794 n-d-791506-28 devstack@placement-api.service[96042]: DEBUG placement.requestlog [req-f3bc6f6d-71c4-4cff-bcfa-159a23cb8455 req-f0b6fde8-de04-4993-ab53-a03a6d8b2d63 None None] Starting request: 10.222.0.112 "GET /placement/resource_providers/b6561d3e-0e1e-4a5e-87a2-05b803d85d2c/aggregates" {{(pid=96042) __call__ /opt/stack/placement/placement/requestlog.py:55}}
Aug 31 09:12:10.148635 n-d-791506-28 devstack@placement-api.service[96042]: INFO placement.requestlog [req-f3bc6f6d-71c4-4cff-bcfa-159a23cb8455 req-f0b6fde8-de04-4993-ab53-a03a6d8b2d63 service placement] 10.222.0.112 "GET /placement/resource_providers/b6561d3e-0e1e-4a5e-87a2-05b803d85d2c/aggregates" status: 200 len: 54 microversion: 1.19
Aug 31 09:12:10.149192 n-d-791506-28 devstack@placement-api.service[96042]: [pid: 96042|app: 0|req: 100/203] 10.222.0.112 () {60 vars in 1437 bytes} [Tue Aug 31 09:12:10 2021] GET /placement/resource_providers/b6561d3e-0e1e-4a5e-87a2-05b803d85d2c/aggregates => generated 54 bytes in 15 msecs (HTTP/1.1 200) 8 headers in 295 bytes (2 switches on core 0)
Aug 31 09:12:10.161379 n-d-791506-28 devstack@placement-api.service[96043]: DEBUG placement.requestlog [req-f3bc6f6d-71c4-4cff-bcfa-159a23cb8455 req-17f64a74-dac9-4975-bfc6-94f750c388b7 None None] Starting request: 10.222.0.112 "GET /placement/resource_providers/b6561d3e-0e1e-4a5e-87a2-05b803d85d2c/traits" {{(pid=96043) __call__ /opt/stack/placement/placement/requestlog.py:55}}
Aug 31 09:12:10.208734 n-d-791506-28 devstack@placement-api.service[96043]: INFO placement.requestlog [req-f3bc6f6d-71c4-4cff-bcfa-159a23cb8455 req-17f64a74-dac9-4975-bfc6-94f750c388b7 service placement] 10.222.0.112 "GET /placement/resource_providers/b6561d3e-0e1e-4a5e-87a2-05b803d85d2c/traits" status: 200 len: 212 microversion: 1.6
Aug 31 09:12:10.209232 n-d-791506-28 devstack@placement-api.service[96043]: [pid: 96043|app: 0|req: 104/204] 10.222.0.112 () {60 vars in 1424 bytes} [Tue Aug 31 09:12:10 2021] GET /placement/resource_providers/b6561d3e-0e1e-4a5e-87a2-05b803d85d2c/traits => generated 212 bytes in 48 msecs (HTTP/1.1 200) 6 headers in 224 bytes (1 switches on core 0)
Aug 31 09:12:14.468682 n-d-791506-28 devstack@placement-api.service[96042]: DEBUG placement.requestlog [req-1465f148-8d53-4ece-b5a2-7de48df76478 req-a806ba82-cec5-4310-b3d7-2e0d3db7aaf1 None None] Starting request: 10.222.0.112 "GET /placement/allocations/a7a229bb-04d1-4bf9-9084-c0051250de87" {{(pid=96042) __call__ /opt/stack/placement/placement/requestlog.py:55}}
Aug 31 09:12:14.485936 n-d-791506-28 devstack@placement-api.service[96042]: INFO placement.requestlog [req-1465f148-8d53-4ece-b5a2-7de48df76478 req-a806ba82-cec5-4310-b3d7-2e0d3db7aaf1 service placement] 10.222.0.112 "GET /placement/allocations/a7a229bb-04d1-4bf9-9084-c0051250de87" status: 200 len: 259 microversion: 1.28
Aug 31 09:12:14.486316 n-d-791506-28 devstack@placement-api.service[96042]: [pid: 96042|app: 0|req: 101/205] 10.222.0.112 () {60 vars in 1383 bytes} [Tue Aug 31 09:12:14 2021] GET /placement/allocations/a7a229bb-04d1-4bf9-9084-c0051250de87 => generated 259 bytes in 18 msecs (HTTP/1.1 200) 8 headers in 296 bytes (1 switches on core 0)
Aug 31 09:12:14.499071 n-d-791506-28 devstack@placement-api.service[96043]: DEBUG placement.requestlog [req-1465f148-8d53-4ece-b5a2-7de48df76478 req-29f27fe0-afa6-4e5a-8b6b-cf063eefe00a None None] Starting request: 10.222.0.112 "PUT /placement/allocations/a7a229bb-04d1-4bf9-9084-c0051250de87" {{(pid=96043) __call__ /opt/stack/placement/placement/requestlog.py:55}}
Aug 31 09:12:14.583551 n-d-791506-28 devstack@placement-api.service[96043]: DEBUG placement.handlers.allocation [req-1465f148-8d53-4ece-b5a2-7de48df76478 req-29f27fe0-afa6-4e5a-8b6b-cf063eefe00a service placement] Successfully wrote allocations [, , ] {{(pid=96043) _create_allocations /opt/stack/placement/placement/handlers/allocation.py:461}}
Aug 31 09:12:14.678829 n-d-791506-28 devstack@placement-api.service[96043]: INFO placement.requestlog [req-1465f148-8d53-4ece-b5a2-7de48df76478 req-29f27fe0-afa6-4e5a-8b6b-cf063eefe00a service placement] 10.222.0.112 "PUT /placement/allocations/a7a229bb-04d1-4bf9-9084-c0051250de87" status: 204 len: 0 microversion: 1.28
Aug 31 09:12:14.679362 n-d-791506-28 devstack@placement-api.service[96043]: [pid: 96043|app: 0|req: 105/206] 10.222.0.112 () {64 vars in 1436 bytes} [Tue Aug 31 09:12:14 2021] PUT /placement/allocations/a7a229bb-04d1-4bf9-9084-c0051250de87 => generated 0 bytes in 180 msecs (HTTP/1.1 204) 5 headers in 199 bytes (2 switches on core 0)
Aug 31 09:12:14.973512 n-d-791506-28 devstack@placement-api.service[96042]: DEBUG placement.requestlog [req-6af8d7b8-9697-4044-a476-d37d696e9a05 req-67a7d186-ea25-47f1-a5e6-ff74ac47514b None None] Starting request: 10.222.0.112 "DELETE /placement/allocations/78939770-e47e-44db-9c7d-416cb7ed9fc5" {{(pid=96042) __call__ /opt/stack/placement/placement/requestlog.py:55}}
Aug 31 09:12:15.205534 n-d-791506-28 devstack@placement-api.service[96042]: DEBUG placement.handlers.allocation [req-6af8d7b8-9697-4044-a476-d37d696e9a05 req-67a7d186-ea25-47f1-a5e6-ff74ac47514b service placement] Successfully deleted allocations [, , ] {{(pid=96042) delete_allocations /opt/stack/placement/placement/handlers/allocation.py:603}}
Aug 31 09:12:15.206066 n-d-791506-28 devstack@placement-api.service[96042]: INFO placement.requestlog [req-6af8d7b8-9697-4044-a476-d37d696e9a05 req-67a7d186-ea25-47f1-a5e6-ff74ac47514b service placement] 10.222.0.112 "DELETE /placement/allocations/78939770-e47e-44db-9c7d-416cb7ed9fc5" status: 204 len: 0 microversion: 1.0
Aug 31 09:12:15.206611 n-d-791506-28 devstack@placement-api.service[96042]: [pid: 96042|app: 0|req: 102/207] 10.222.0.112 () {60 vars in 1361 bytes} [Tue Aug 31 09:12:14 2021] DELETE /placement/allocations/78939770-e47e-44db-9c7d-416cb7ed9fc5 => generated 0 bytes in 233 msecs (HTTP/1.1 204) 5 headers in 198 bytes (1 switches on core 0)
Aug 31 09:12:17.716719 n-d-791506-28 devstack@placement-api.service[96043]: DEBUG placement.requestlog [req-4818f3a6-b9cf-4e43-98aa-c1e1939e9796 req-9b4eba94-5506-4785-8802-a5147a6245f2 None None] Starting request: 10.222.0.119 "GET /placement/allocation_candidates?limit=1000&resources=DISK_GB%3A1%2CMEMORY_MB%3A1024%2CVCPU%3A1&root_required=%21COMPUTE_STATUS_DISABLED" {{(pid=96043) __call__ /opt/stack/placement/placement/requestlog.py:55}}
Aug 31 09:12:17.778224 n-d-791506-28 devstack@placement-api.service[96043]: DEBUG placement.objects.research_context [req-4818f3a6-b9cf-4e43-98aa-c1e1939e9796 req-9b4eba94-5506-4785-8802-a5147a6245f2 service placement] getting providers with 1 DISK_GB {{(pid=96043) __init__ /opt/stack/placement/placement/objects/research_context.py:126}}
Aug 31 09:12:17.792373 n-d-791506-28 devstack@placement-api.service[96043]: DEBUG placement.objects.research_context [req-4818f3a6-b9cf-4e43-98aa-c1e1939e9796 req-9b4eba94-5506-4785-8802-a5147a6245f2 service placement] getting providers with 1024 MEMORY_MB {{(pid=96043) __init__ /opt/stack/placement/placement/objects/research_context.py:126}}
Aug 31 09:12:17.809397 n-d-791506-28 devstack@placement-api.service[96043]: DEBUG placement.objects.research_context [req-4818f3a6-b9cf-4e43-98aa-c1e1939e9796 req-9b4eba94-5506-4785-8802-a5147a6245f2 service placement] getting providers with 1 VCPU {{(pid=96043) __init__ /opt/stack/placement/placement/objects/research_context.py:126}}
Aug 31 09:12:17.821948 n-d-791506-28 devstack@placement-api.service[96043]: DEBUG placement.objects.research_context [req-4818f3a6-b9cf-4e43-98aa-c1e1939e9796 req-9b4eba94-5506-4785-8802-a5147a6245f2 service placement] found 2 providers with available 1 DISK_GB {{(pid=96043) get_provider_ids_matching /opt/stack/placement/placement/objects/research_context.py:549}}
Aug 31 09:12:17.823130 n-d-791506-28 devstack@placement-api.service[96043]: DEBUG placement.objects.research_context [req-4818f3a6-b9cf-4e43-98aa-c1e1939e9796 req-9b4eba94-5506-4785-8802-a5147a6245f2 service placement] found 2 providers with available 1024 MEMORY_MB {{(pid=96043) get_provider_ids_matching /opt/stack/placement/placement/objects/research_context.py:549}}
Aug 31 09:12:17.825099 n-d-791506-28 devstack@placement-api.service[96043]: DEBUG placement.objects.research_context [req-4818f3a6-b9cf-4e43-98aa-c1e1939e9796 req-9b4eba94-5506-4785-8802-a5147a6245f2 service placement] found 2 providers after filtering by previous result {{(pid=96043) get_provider_ids_matching /opt/stack/placement/placement/objects/research_context.py:580}}
Aug 31 09:12:17.825599 n-d-791506-28 devstack@placement-api.service[96043]: DEBUG placement.objects.research_context [req-4818f3a6-b9cf-4e43-98aa-c1e1939e9796 req-9b4eba94-5506-4785-8802-a5147a6245f2 service placement] found 2 providers with available 1 VCPU {{(pid=96043) get_provider_ids_matching /opt/stack/placement/placement/objects/research_context.py:549}}
Aug 31 09:12:17.826071 n-d-791506-28 devstack@placement-api.service[96043]: DEBUG placement.objects.research_context [req-4818f3a6-b9cf-4e43-98aa-c1e1939e9796 req-9b4eba94-5506-4785-8802-a5147a6245f2 service placement] found 2 providers after filtering by previous result {{(pid=96043) get_provider_ids_matching /opt/stack/placement/placement/objects/research_context.py:580}}
Aug 31 09:12:17.863752 n-d-791506-28 devstack@placement-api.service[96043]: DEBUG placement.objects.allocation_candidate [req-4818f3a6-b9cf-4e43-98aa-c1e1939e9796 req-9b4eba94-5506-4785-8802-a5147a6245f2 service placement] RequestGroup(use_same_provider=False, resources={DISK_GB:1, MEMORY_MB:1024, VCPU:1}, traits=[], aggregates=[]) (suffix '') returned 2 matches {{(pid=96043) _get_by_requests /opt/stack/placement/placement/objects/allocation_candidate.py:145}}
Aug 31 09:12:17.864447 n-d-791506-28 devstack@placement-api.service[96043]: DEBUG placement.objects.allocation_candidate [req-4818f3a6-b9cf-4e43-98aa-c1e1939e9796 req-9b4eba94-5506-4785-8802-a5147a6245f2 service placement] Merging candidates yields 2 allocation requests and 2 provider summaries {{(pid=96043) _merge_candidates /opt/stack/placement/placement/objects/allocation_candidate.py:783}}
Aug 31 09:12:17.867647 n-d-791506-28 devstack@placement-api.service[96043]: INFO placement.requestlog [req-4818f3a6-b9cf-4e43-98aa-c1e1939e9796 req-9b4eba94-5506-4785-8802-a5147a6245f2 service placement] 10.222.0.119 "GET /placement/allocation_candidates?limit=1000&resources=DISK_GB%3A1%2CMEMORY_MB%3A1024%2CVCPU%3A1&root_required=%21COMPUTE_STATUS_DISABLED" status: 200 len: 1309 microversion: 1.36
Aug 31 09:12:17.867890 n-d-791506-28 devstack@placement-api.service[96043]: [pid: 96043|app: 0|req: 106/208] 10.222.0.119 () {60 vars in 1512 bytes} [Tue Aug 31 09:12:17 2021] GET /placement/allocation_candidates?limit=1000&resources=DISK_GB%3A1%2CMEMORY_MB%3A1024%2CVCPU%3A1&root_required=%21COMPUTE_STATUS_DISABLED => generated 1309 bytes in 151 msecs (HTTP/1.1 200) 8 headers in 297 bytes (1 switches on core 0)
Aug 31 09:12:17.934252 n-d-791506-28 devstack@placement-api.service[96042]: DEBUG placement.requestlog [req-4818f3a6-b9cf-4e43-98aa-c1e1939e9796 req-35fa9b16-f87e-44c9-bc37-8cd7a411ed7c None None] Starting request: 10.222.0.119 "GET /placement/allocations/ff316ecb-a133-469b-af09-9448e86ce3a4" {{(pid=96042) __call__ /opt/stack/placement/placement/requestlog.py:55}}
Aug 31 09:12:17.955870 n-d-791506-28 devstack@placement-api.service[96042]: INFO placement.requestlog [req-4818f3a6-b9cf-4e43-98aa-c1e1939e9796 req-35fa9b16-f87e-44c9-bc37-8cd7a411ed7c service placement] 10.222.0.119 "GET /placement/allocations/ff316ecb-a133-469b-af09-9448e86ce3a4" status: 200 len: 19 microversion: 1.28
Aug 31 09:12:17.956092 n-d-791506-28 devstack@placement-api.service[96042]: [pid: 96042|app: 0|req: 103/209] 10.222.0.119 () {60 vars in 1386 bytes} [Tue Aug 31 09:12:17 2021] GET /placement/allocations/ff316ecb-a133-469b-af09-9448e86ce3a4 => generated 19 bytes in 23 msecs (HTTP/1.1 200) 8 headers in 295 bytes (1 switches on core 0)
Aug 31 09:12:17.974219 n-d-791506-28 devstack@placement-api.service[96043]: DEBUG placement.requestlog [req-4818f3a6-b9cf-4e43-98aa-c1e1939e9796 req-2f6b960c-8b4a-4504-bb2f-d4cd86c5f196 None None] Starting request: 10.222.0.119 "PUT /placement/allocations/ff316ecb-a133-469b-af09-9448e86ce3a4" {{(pid=96043) __call__ /opt/stack/placement/placement/requestlog.py:55}}
Aug 31 09:12:18.089979 n-d-791506-28 devstack@placement-api.service[96043]: DEBUG placement.handlers.allocation [req-4818f3a6-b9cf-4e43-98aa-c1e1939e9796 req-2f6b960c-8b4a-4504-bb2f-d4cd86c5f196 service placement] Successfully wrote allocations [, , ] {{(pid=96043) _create_allocations /opt/stack/placement/placement/handlers/allocation.py:461}}
Aug 31 09:12:18.208310 n-d-791506-28 devstack@placement-api.service[96043]: INFO placement.requestlog [req-4818f3a6-b9cf-4e43-98aa-c1e1939e9796 req-2f6b960c-8b4a-4504-bb2f-d4cd86c5f196 service placement] 10.222.0.119 "PUT /placement/allocations/ff316ecb-a133-469b-af09-9448e86ce3a4" status: 204 len: 0 microversion: 1.36
Aug 31 09:12:18.211718 n-d-791506-28 devstack@placement-api.service[96043]: [pid: 96043|app: 0|req: 107/210] 10.222.0.119 () {64 vars in 1439 bytes} [Tue Aug 31 09:12:17 2021] PUT /placement/allocations/ff316ecb-a133-469b-af09-9448e86ce3a4 => generated 0 bytes in 235 msecs (HTTP/1.1 204) 5 headers in 199 bytes (2 switches on core 0)
Aug 31 09:12:19.996065 n-d-791506-28 devstack@placement-api.service[96042]: DEBUG placement.requestlog [req-4818f3a6-b9cf-4e43-98aa-c1e1939e9796 req-5ae5a76e-e27b-48fe-bdba-0e7f459f46ae None None] Starting request: 10.222.0.112 "GET /placement/allocations/ff316ecb-a133-469b-af09-9448e86ce3a4" {{(pid=96042) __call__ /opt/stack/placement/placement/requestlog.py:55}}
Aug 31 09:12:20.028272 n-d-791506-28 devstack@placement-api.service[96042]: INFO placement.requestlog [req-4818f3a6-b9cf-4e43-98aa-c1e1939e9796 req-5ae5a76e-e27b-48fe-bdba-0e7f459f46ae service placement] 10.222.0.112 "GET /placement/allocations/ff316ecb-a133-469b-af09-9448e86ce3a4" status: 200 len: 259 microversion: 1.28
Aug 31 09:12:20.029148 n-d-791506-28 devstack@placement-api.service[96042]: [pid: 96042|app: 0|req: 104/211] 10.222.0.112 () {60 vars in 1383 bytes} [Tue Aug 31 09:12:19 2021] GET /placement/allocations/ff316ecb-a133-469b-af09-9448e86ce3a4 => generated 259 bytes in 33 msecs (HTTP/1.1 200) 8 headers in 296 bytes (1 switches on core 0)
Aug 31 09:12:20.153111 n-d-791506-28 devstack@placement-api.service[96043]: DEBUG placement.requestlog [req-20306940-8383-46b0-926a-4f803c46c04b req-da3ee52c-94c9-463b-98df-6b910a88d77f None None] Starting request: 10.222.0.112 "DELETE /placement/allocations/9e3a787e-834f-4311-b5eb-773f0b46159b" {{(pid=96043) __call__ /opt/stack/placement/placement/requestlog.py:55}}
Aug 31 09:12:20.490784 n-d-791506-28 devstack@placement-api.service[96043]: DEBUG placement.handlers.allocation [req-20306940-8383-46b0-926a-4f803c46c04b req-da3ee52c-94c9-463b-98df-6b910a88d77f service placement] Successfully deleted allocations [, , ] {{(pid=96043) delete_allocations /opt/stack/placement/placement/handlers/allocation.py:603}}
Aug 31 09:12:20.491519 n-d-791506-28 devstack@placement-api.service[96043]: INFO placement.requestlog [req-20306940-8383-46b0-926a-4f803c46c04b req-da3ee52c-94c9-463b-98df-6b910a88d77f service placement] 10.222.0.112 "DELETE /placement/allocations/9e3a787e-834f-4311-b5eb-773f0b46159b" status: 204 len: 0 microversion: 1.0
