Aug 16 22:46:47.504093 n-d-791506-26 neutron-server[101292]: DEBUG neutron_lib.callbacks.manager [None req-0e6cdf4c-d47d-4904-86cc-b96f95e3eff9 tempest-ServersWithSpecificFlavorTestJSON-1146107218 tempest-ServersWithSpecificFlavorTestJSON-1146107218-project] Notify callbacks [] for security_group, before_response {{(pid=101292) _notify_loop /usr/local/lib/python3.8/dist-packages/neutron_lib/callbacks/manager.py:192}}
Aug 16 22:46:47.505659 n-d-791506-26 neutron-server[101292]: INFO neutron.wsgi [None req-0e6cdf4c-d47d-4904-86cc-b96f95e3eff9 tempest-ServersWithSpecificFlavorTestJSON-1146107218 tempest-ServersWithSpecificFlavorTestJSON-1146107218-project] 10.222.0.36 "POST /v2.0/security-groups HTTP/1.1" status: 201 len: 1779 time: 1.0946729
Aug 16 22:46:47.514451 n-d-791506-26 neutron-server[101291]: DEBUG neutron.wsgi [-] (101291) accepted ('10.222.0.36', 49546) {{(pid=101291) server /usr/local/lib/python3.8/dist-packages/eventlet/wsgi.py:982}}
Aug 16 22:46:47.571153 n-d-791506-26 neutron-server[101292]: DEBUG neutron_lib.callbacks.manager [None req-1d0c6df8-a062-4f59-8278-38b1c0b896b6 admin admin] Notify callbacks [] for security_group, before_delete {{(pid=101292) _notify_loop /usr/local/lib/python3.8/dist-packages/neutron_lib/callbacks/manager.py:192}}
Aug 16 22:46:47.592799 n-d-791506-26 neutron-server[101293]: DEBUG neutron_lib.callbacks.manager [None req-fe3af31d-5314-45a6-8587-7851c4739748 None None] Notify callbacks ['neutron.services.segments.db._update_segment_host_mapping_for_agent-8748570166815', 'neutron.plugins.ml2.plugin.Ml2Plugin._retry_binding_revived_agents-1678633'] for agent, after_update {{(pid=101293) _notify_loop /usr/local/lib/python3.8/dist-packages/neutron_lib/callbacks/manager.py:192}}
Aug 16 22:46:47.612003 n-d-791506-26 neutron-server[101291]: DEBUG neutron.api.v2.base [None req-216dd77f-b8a3-400f-ae53-d6bcd091b1d1 tempest-ServersWithSpecificFlavorTestJSON-1146107218 tempest-ServersWithSpecificFlavorTestJSON-1146107218-project] Request body: {'security_group_rule': {'security_group_id': '540ed4cf-0245-400b-b069-6009faf7f924', 'protocol': 'tcp', 'ethertype': 'IPv4', 'port_range_min': 22, 'port_range_max': 22, 'direction': 'ingress'}} {{(pid=101291) prepare_request_body /opt/stack/neutron/neutron/api/v2/base.py:730}}
Aug 16 22:46:47.639412 n-d-791506-26 neutron-server[101292]: DEBUG neutron_lib.callbacks.manager [None req-1d0c6df8-a062-4f59-8278-38b1c0b896b6 admin admin] Notify callbacks [] for security_group, precommit_delete {{(pid=101292) _notify_loop /usr/local/lib/python3.8/dist-packages/neutron_lib/callbacks/manager.py:192}}
Aug 16 22:46:47.737969 n-d-791506-26 neutron-server[101292]: DEBUG neutron.pecan_wsgi.hooks.policy_enforcement [req-b518b671-2121-46b7-be3a-62305ef40c42 req-33961a7c-f43a-4553-b61d-8ec525620935 tempest-DeleteServersAdminTestJSON-1837355198 tempest-DeleteServersAdminTestJSON-1837355198-project] Attributes excluded by policy engine: ['standard_attr_id', 'binding:profile', 'binding:host_id', 'binding:vif_type', 'binding:vif_details'] {{(pid=101292) _exclude_attributes_by_policy /opt/stack/neutron/neutron/pecan_wsgi/hooks/policy_enforcement.py:255}}
Aug 16 22:46:47.739801 n-d-791506-26 neutron-server[101292]: INFO neutron.wsgi [req-b518b671-2121-46b7-be3a-62305ef40c42 req-33961a7c-f43a-4553-b61d-8ec525620935 tempest-DeleteServersAdminTestJSON-1837355198 tempest-DeleteServersAdminTestJSON-1837355198-project] 10.222.0.36 "GET /v2.0/ports?device_id=8b84b45f-45ad-4298-a933-4ce4dbbc4d92 HTTP/1.1" status: 200 len: 935 time: 0.4130118
Aug 16 22:46:47.772372 n-d-791506-26 neutron-server[101292]: DEBUG neutron_lib.callbacks.manager [None req-1d0c6df8-a062-4f59-8278-38b1c0b896b6 admin admin] Notify callbacks ['neutron.plugins.ml2.ovo_rpc._ObjectChangeHandler.handle_event-992253'] for security_group, after_delete {{(pid=101292) _notify_loop /usr/local/lib/python3.8/dist-packages/neutron_lib/callbacks/manager.py:192}}
Aug 16 22:46:47.775161 n-d-791506-26 neutron-server[101292]: DEBUG neutron_lib.callbacks.manager [None req-1d0c6df8-a062-4f59-8278-38b1c0b896b6 admin admin] Notify callbacks [] for security_group, before_response {{(pid=101292) _notify_loop /usr/local/lib/python3.8/dist-packages/neutron_lib/callbacks/manager.py:192}}
Aug 16 22:46:47.783375 n-d-791506-26 neutron-server[101292]: INFO neutron.wsgi [None req-1d0c6df8-a062-4f59-8278-38b1c0b896b6 admin admin] 10.222.0.36 "DELETE /v2.0/security-groups/0e2142f5-b8b0-4eec-bb74-885c0ae2359d HTTP/1.1" status: 204 len: 168 time: 0.4479382
Aug 16 22:46:47.863392 n-d-791506-26 neutron-server[101292]: DEBUG neutron.api.rpc.handlers.resources_rpc [None req-1d0c6df8-a062-4f59-8278-38b1c0b896b6 admin admin] Pushing event deleted for resources: {'SecurityGroup': ['ID=0e2142f5-b8b0-4eec-bb74-885c0ae2359d,revision_number=None']} {{(pid=101292) push /opt/stack/neutron/neutron/api/rpc/handlers/resources_rpc.py:237}}
Aug 16 22:46:47.869054 n-d-791506-26 neutron-server[101291]: DEBUG neutron.notifiers.nova [req-81899e92-4030-452b-b222-1e1495548b2e req-82af699c-5b59-4f24-90e2-a974b1305918 service neutron] Ignoring state change previous_port_status: DOWN current_port_status: DOWN port_id d5c4a791-fa23-4016-a62e-9d2fc0de15be {{(pid=101291) record_port_status_changed /opt/stack/neutron/neutron/notifiers/nova.py:224}}
Aug 16 22:46:47.922889 n-d-791506-26 neutron-server[101291]: DEBUG neutron_lib.callbacks.manager [req-81899e92-4030-452b-b222-1e1495548b2e req-82af699c-5b59-4f24-90e2-a974b1305918 service neutron] Notify callbacks [] for port, precommit_update {{(pid=101291) _notify_loop /usr/local/lib/python3.8/dist-packages/neutron_lib/callbacks/manager.py:192}}
Aug 16 22:46:47.932145 n-d-791506-26 neutron-server[101292]: INFO neutron.wsgi [req-b518b671-2121-46b7-be3a-62305ef40c42 req-c5c09d66-9695-44e5-8ace-aa957284b29d tempest-DeleteServersAdminTestJSON-1837355198 tempest-DeleteServersAdminTestJSON-1837355198-project] 10.222.0.36 "GET /v2.0/security-groups?id=8a2c666b-0599-45d4-8db2-76d5ddd783db&fields=id&fields=name HTTP/1.1" status: 200 len: 286 time: 0.1712961
Aug 16 22:46:47.989474 n-d-791506-26 neutron-server[101291]: DEBUG neutron_lib.callbacks.manager [None req-216dd77f-b8a3-400f-ae53-d6bcd091b1d1 tempest-ServersWithSpecificFlavorTestJSON-1146107218 tempest-ServersWithSpecificFlavorTestJSON-1146107218-project] Notify callbacks [] for security_group_rule, before_create {{(pid=101291) _notify_loop /usr/local/lib/python3.8/dist-packages/neutron_lib/callbacks/manager.py:192}}
Aug 16 22:46:48.070715 n-d-791506-26 neutron-server[101291]: DEBUG neutron.db.provisioning_blocks [req-81899e92-4030-452b-b222-1e1495548b2e req-82af699c-5b59-4f24-90e2-a974b1305918 service neutron] Transition to ACTIVE for port object d5c4a791-fa23-4016-a62e-9d2fc0de15be will not be triggered until provisioned by entity L2. {{(pid=101291) add_provisioning_component /opt/stack/neutron/neutron/db/provisioning_blocks.py:73}}
Aug 16 22:46:48.091486 n-d-791506-26 neutron-server[101291]: DEBUG neutron_lib.callbacks.manager [req-81899e92-4030-452b-b222-1e1495548b2e req-82af699c-5b59-4f24-90e2-a974b1305918 service neutron] Notify callbacks ['neutron.plugins.ml2.plugin.SecurityGroupServerNotifierRpcMixin._notify_sg_on_port_change-2090537', 'neutron.plugins.ml2.ovo_rpc._ObjectChangeHandler.handle_event-33018', 'neutron.api.rpc.agentnotifiers.dhcp_rpc_agent_api.DhcpAgentNotifyAPI._native_event_send_dhcp_notification-529954', 'neutron.db.l3_db.L3RpcNotifierMixin._notify_gateway_port_ip_changed-8748570308289', 'neutron.db.l3_dvrscheduler_db._notify_l3_agent_port_update-8748569736286', 'neutron.db.l3_hascheduler_db._notify_l3_agent_ha_port_update-8748569736304'] for port, after_update {{(pid=101291) _notify_loop /usr/local/lib/python3.8/dist-packages/neutron_lib/callbacks/manager.py:192}}
Aug 16 22:46:48.219844 n-d-791506-26 neutron-server[101291]: DEBUG neutron_lib.callbacks.manager [None req-216dd77f-b8a3-400f-ae53-d6bcd091b1d1 tempest-ServersWithSpecificFlavorTestJSON-1146107218 tempest-ServersWithSpecificFlavorTestJSON-1146107218-project] Notify callbacks [] for security_group_rule, precommit_create {{(pid=101291) _notify_loop /usr/local/lib/python3.8/dist-packages/neutron_lib/callbacks/manager.py:192}}
Aug 16 22:46:48.224881 n-d-791506-26 neutron-server[101292]: DEBUG neutron_lib.callbacks.manager [None req-4da1fb2c-ff34-4c6a-b0a5-b47ac73c8a83 admin admin] Notify callbacks [] for security_group, before_create {{(pid=101292) _notify_loop /usr/local/lib/python3.8/dist-packages/neutron_lib/callbacks/manager.py:192}}
Aug 16 22:46:48.272613 n-d-791506-26 neutron-server[101291]: DEBUG neutron_lib.callbacks.manager [None req-216dd77f-b8a3-400f-ae53-d6bcd091b1d1 tempest-ServersWithSpecificFlavorTestJSON-1146107218 tempest-ServersWithSpecificFlavorTestJSON-1146107218-project] Notify callbacks ['neutron.plugins.ml2.ovo_rpc._ObjectChangeHandler.handle_event-1006120'] for security_group_rule, after_create {{(pid=101291) _notify_loop /usr/local/lib/python3.8/dist-packages/neutron_lib/callbacks/manager.py:192}}
Aug 16 22:46:48.365084 n-d-791506-26 neutron-server[101291]: DEBUG neutron.api.rpc.handlers.resources_rpc [None req-216dd77f-b8a3-400f-ae53-d6bcd091b1d1 tempest-ServersWithSpecificFlavorTestJSON-1146107218 tempest-ServersWithSpecificFlavorTestJSON-1146107218-project] Pushing event updated for resources: {'SecurityGroupRule': ['ID=969cb834-0bbf-41b8-8172-9b0e17738ce0,revision_number=0']} {{(pid=101291) push /opt/stack/neutron/neutron/api/rpc/handlers/resources_rpc.py:237}}
Aug 16 22:46:48.406701 n-d-791506-26 neutron-server[101291]: DEBUG neutron.wsgi [-] (101291) accepted ('10.222.0.36', 49562) {{(pid=101291) server /usr/local/lib/python3.8/dist-packages/eventlet/wsgi.py:982}}
Aug 16 22:46:48.467264 n-d-791506-26 neutron-server[101292]: DEBUG neutron_lib.callbacks.manager [None req-4da1fb2c-ff34-4c6a-b0a5-b47ac73c8a83 admin admin] Notify callbacks [] for security_group, precommit_create {{(pid=101292) _notify_loop /usr/local/lib/python3.8/dist-packages/neutron_lib/callbacks/manager.py:192}}
Aug 16 22:46:48.471948 n-d-791506-26 neutron-server[101292]: DEBUG neutron.wsgi [-] (101292) accepted ('10.222.0.36', 49566) {{(pid=101292) server /usr/local/lib/python3.8/dist-packages/eventlet/wsgi.py:982}}
Aug 16 22:46:48.522157 n-d-791506-26 neutron-server[101292]: DEBUG neutron_lib.callbacks.manager [None req-4da1fb2c-ff34-4c6a-b0a5-b47ac73c8a83 admin admin] Notify callbacks ['neutron.plugins.ml2.ovo_rpc._ObjectChangeHandler.handle_event-992253'] for security_group, after_create {{(pid=101292) _notify_loop /usr/local/lib/python3.8/dist-packages/neutron_lib/callbacks/manager.py:192}}
Aug 16 22:46:48.586273 n-d-791506-26 neutron-server[101291]: DEBUG neutron.api.rpc.handlers.resources_rpc [None req-82af699c-5b59-4f24-90e2-a974b1305918 service neutron] Pushing event updated for resources: {'Port': ['ID=d5c4a791-fa23-4016-a62e-9d2fc0de15be,revision_number=2']} {{(pid=101291) push /opt/stack/neutron/neutron/api/rpc/handlers/resources_rpc.py:237}}
Aug 16 22:46:48.619329 n-d-791506-26 neutron-server[101291]: DEBUG neutron_lib.callbacks.manager [None req-216dd77f-b8a3-400f-ae53-d6bcd091b1d1 tempest-ServersWithSpecificFlavorTestJSON-1146107218 tempest-ServersWithSpecificFlavorTestJSON-1146107218-project] Notify callbacks [] for security_group_rule, before_response {{(pid=101291) _notify_loop /usr/local/lib/python3.8/dist-packages/neutron_lib/callbacks/manager.py:192}}
Aug 16 22:46:48.621342 n-d-791506-26 neutron-server[101291]: INFO neutron.wsgi [None req-216dd77f-b8a3-400f-ae53-d6bcd091b1d1 tempest-ServersWithSpecificFlavorTestJSON-1146107218 tempest-ServersWithSpecificFlavorTestJSON-1146107218-project] 10.222.0.36 "POST /v2.0/security-group-rules HTTP/1.1" status: 201 len: 764 time: 1.1054156
Aug 16 22:46:48.632059 n-d-791506-26 neutron-server[101291]: DEBUG neutron.wsgi [-] (101291) accepted ('10.222.0.36', 49574) {{(pid=101291) server /usr/local/lib/python3.8/dist-packages/eventlet/wsgi.py:982}}
Aug 16 22:46:48.642806 n-d-791506-26 neutron-server[101291]: DEBUG neutron.api.v2.base [None req-3cbf9bfd-d46c-487c-b31b-724edff31226 tempest-ServersWithSpecificFlavorTestJSON-1146107218 tempest-ServersWithSpecificFlavorTestJSON-1146107218-project] Request body: {'security_group_rule': {'security_group_id': '540ed4cf-0245-400b-b069-6009faf7f924', 'protocol': 'icmp', 'ethertype': 'IPv4', 'direction': 'ingress'}} {{(pid=101291) prepare_request_body /opt/stack/neutron/neutron/api/v2/base.py:730}}
Aug 16 22:46:48.671709 n-d-791506-26 neutron-server[101291]: DEBUG neutron.plugins.ml2.managers [req-81899e92-4030-452b-b222-1e1495548b2e req-82af699c-5b59-4f24-90e2-a974b1305918 service neutron] Attempting to bind port d5c4a791-fa23-4016-a62e-9d2fc0de15be on host n-h1-791506-26 for vnic_type normal with profile {{(pid=101291) bind_port /opt/stack/neutron/neutron/plugins/ml2/managers.py:790}}
Aug 16 22:46:48.672163 n-d-791506-26 neutron-server[101291]: DEBUG neutron.plugins.ml2.managers [req-81899e92-4030-452b-b222-1e1495548b2e req-82af699c-5b59-4f24-90e2-a974b1305918 service neutron] Attempting to bind port d5c4a791-fa23-4016-a62e-9d2fc0de15be by drivers openvswitch,hyperv on host n-h1-791506-26 at level 0 using segments [{'id': '889a1e39-fe47-4fc4-b1e7-d189fb8398af', 'network_type': 'vlan', 'physical_network': 'physnet1', 'segmentation_id': 309, 'network_id': 'a2f596d0-b80e-4404-bf4b-27a7e14f50dd'}] {{(pid=101291) _bind_port_level /opt/stack/neutron/neutron/plugins/ml2/managers.py:815}}
Aug 16 22:46:48.672601 n-d-791506-26 neutron-server[101291]: DEBUG neutron.plugins.ml2.drivers.mech_agent [req-81899e92-4030-452b-b222-1e1495548b2e req-82af699c-5b59-4f24-90e2-a974b1305918 service neutron] Attempting to bind port d5c4a791-fa23-4016-a62e-9d2fc0de15be on network a2f596d0-b80e-4404-bf4b-27a7e14f50dd {{(pid=101291) bind_port /opt/stack/neutron/neutron/plugins/ml2/drivers/mech_agent.py:85}}
Aug 16 22:46:48.702111 n-d-791506-26 neutron-server[101291]: DEBUG neutron.plugins.ml2.drivers.mech_agent [req-81899e92-4030-452b-b222-1e1495548b2e req-82af699c-5b59-4f24-90e2-a974b1305918 service neutron] Port d5c4a791-fa23-4016-a62e-9d2fc0de15be on network a2f596d0-b80e-4404-bf4b-27a7e14f50dd not bound, no agent of type Open vSwitch agent registered on host n-h1-791506-26 {{(pid=101291) bind_port /opt/stack/neutron/neutron/plugins/ml2/drivers/mech_agent.py:97}}
Aug 16 22:46:48.702477 n-d-791506-26 neutron-server[101291]: DEBUG neutron.plugins.ml2.drivers.mech_agent [req-81899e92-4030-452b-b222-1e1495548b2e req-82af699c-5b59-4f24-90e2-a974b1305918 service neutron] Attempting to bind port d5c4a791-fa23-4016-a62e-9d2fc0de15be on network a2f596d0-b80e-4404-bf4b-27a7e14f50dd {{(pid=101291) bind_port /opt/stack/neutron/neutron/plugins/ml2/drivers/mech_agent.py:85}}
Aug 16 22:46:48.723895 n-d-791506-26 neutron-server[101291]: DEBUG neutron.plugins.ml2.drivers.mech_agent [req-81899e92-4030-452b-b222-1e1495548b2e req-82af699c-5b59-4f24-90e2-a974b1305918 service neutron] Checking agent: {'id': 'd28e24f9-e5ea-41e1-80bf-3c7943ad7f38', 'agent_type': 'HyperV agent', 'binary': 'neutron-hyperv-agent', 'topic': 'N/A', 'host': 'n-h1-791506-26', 'admin_state_up': True, 'created_at': datetime.datetime(2021, 8, 16, 22, 44, 11), 'started_at': datetime.datetime(2021, 8, 16, 22, 44, 11), 'heartbeat_timestamp': datetime.datetime(2021, 8, 16, 22, 46, 41), 'description': None, 'resources_synced': None, 'availability_zone': None, 'alive': True, 'configurations': {'vswitch_mappings': {'physnet1$': 'br-data'}}, 'resource_versions': {}} {{(pid=101291) bind_port /opt/stack/neutron/neutron/plugins/ml2/drivers/mech_agent.py:104}}
Aug 16 22:46:48.736023 n-d-791506-26 neutron-server[101291]: DEBUG neutron.plugins.ml2.drivers.mech_agent [req-81899e92-4030-452b-b222-1e1495548b2e req-82af699c-5b59-4f24-90e2-a974b1305918 service neutron] Checking segment: {'id': '889a1e39-fe47-4fc4-b1e7-d189fb8398af', 'network_type': 'vlan', 'physical_network': 'physnet1', 'segmentation_id': 309, 'network_id': 'a2f596d0-b80e-4404-bf4b-27a7e14f50dd'} for mappings: {'physnet1$': 'br-data'} with network types: ['local', 'flat', 'vlan'] {{(pid=101291) check_segment_for_agent /opt/stack/neutron/neutron/plugins/ml2/drivers/mech_agent.py:352}}
Aug 16 22:46:48.737861 n-d-791506-26 neutron-server[101291]: DEBUG neutron.plugins.ml2.drivers.mech_agent [req-81899e92-4030-452b-b222-1e1495548b2e req-82af699c-5b59-4f24-90e2-a974b1305918 service neutron] Bound using segment: {'id': '889a1e39-fe47-4fc4-b1e7-d189fb8398af', 'network_type': 'vlan', 'physical_network': 'physnet1', 'segmentation_id': 309, 'network_id': 'a2f596d0-b80e-4404-bf4b-27a7e14f50dd'} {{(pid=101291) bind_port /opt/stack/neutron/neutron/plugins/ml2/drivers/mech_agent.py:114}}
Aug 16 22:46:48.739119 n-d-791506-26 neutron-server[101291]: DEBUG neutron.plugins.ml2.managers [req-81899e92-4030-452b-b222-1e1495548b2e req-82af699c-5b59-4f24-90e2-a974b1305918 service neutron] Bound port: d5c4a791-fa23-4016-a62e-9d2fc0de15be, host: n-h1-791506-26, vif_type: hyperv, vif_details: {"connectivity": "legacy", "port_filter": false}, binding_levels: [{'bound_driver': 'hyperv', 'bound_segment': {'id': '889a1e39-fe47-4fc4-b1e7-d189fb8398af', 'network_type': 'vlan', 'physical_network': 'physnet1', 'segmentation_id': 309, 'network_id': 'a2f596d0-b80e-4404-bf4b-27a7e14f50dd'}}] {{(pid=101291) _bind_port_level /opt/stack/neutron/neutron/plugins/ml2/managers.py:928}}
Aug 16 22:46:48.740530 n-d-791506-26 neutron-server[101291]: DEBUG neutron_lib.callbacks.manager [req-81899e92-4030-452b-b222-1e1495548b2e req-82af699c-5b59-4f24-90e2-a974b1305918 service neutron] Notify callbacks ['neutron.plugins.ml2.plugin.SecurityGroupDbMixin._ensure_default_security_group_handler-2090299'] for port, before_update {{(pid=101291) _notify_loop /usr/local/lib/python3.8/dist-packages/neutron_lib/callbacks/manager.py:192}}
Aug 16 22:46:48.757271 n-d-791506-26 neutron-server[101292]: DEBUG neutron.pecan_wsgi.hooks.policy_enforcement [req-2822d819-62ce-4a8f-bb73-0446f37c56e9 req-5520f189-375c-479d-ac04-b9505e787138 tempest-AggregatesAdminTestJSON-1746639393 tempest-AggregatesAdminTestJSON-1746639393-project] Attributes excluded by policy engine: ['standard_attr_id', 'binding:profile', 'binding:host_id', 'binding:vif_type', 'binding:vif_details'] {{(pid=101292) _exclude_attributes_by_policy /opt/stack/neutron/neutron/pecan_wsgi/hooks/policy_enforcement.py:255}}
Aug 16 22:46:48.770605 n-d-791506-26 neutron-server[101292]: INFO neutron.wsgi [req-2822d819-62ce-4a8f-bb73-0446f37c56e9 req-5520f189-375c-479d-ac04-b9505e787138 tempest-AggregatesAdminTestJSON-1746639393 tempest-AggregatesAdminTestJSON-1746639393-project] 10.222.0.36 "GET /v2.0/ports?device_id=d1b87be3-c59b-4d75-9922-3fde355378af HTTP/1.1" status: 200 len: 935 time: 0.6651204
Aug 16 22:46:48.774502 n-d-791506-26 neutron-server[101292]: DEBUG neutron.api.rpc.handlers.resources_rpc [None req-4da1fb2c-ff34-4c6a-b0a5-b47ac73c8a83 admin admin] Pushing event updated for resources: {'SecurityGroup': ['ID=b18c4f19-88ee-4ab5-b141-35eb5d90fc17,revision_number=1']} {{(pid=101292) push /opt/stack/neutron/neutron/api/rpc/handlers/resources_rpc.py:237}}
Aug 16 22:46:48.817715 n-d-791506-26 neutron-server[101292]: INFO neutron.wsgi [None req-4da1fb2c-ff34-4c6a-b0a5-b47ac73c8a83 admin admin] 10.222.0.36 "GET /v2.0/security-groups?tenant_id=e41c34bcd46c40339fc39b36095596b9&name=default HTTP/1.1" status: 200 len: 2979 time: 1.3107376
Aug 16 22:46:48.829404 n-d-791506-26 neutron-server[101292]: DEBUG neutron.wsgi [-] (101292) accepted ('10.222.0.36', 49578) {{(pid=101292) server /usr/local/lib/python3.8/dist-packages/eventlet/wsgi.py:982}}
Aug 16 22:46:48.876299 n-d-791506-26 neutron-server[101291]: DEBUG neutron_lib.callbacks.manager [None req-3cbf9bfd-d46c-487c-b31b-724edff31226 tempest-ServersWithSpecificFlavorTestJSON-1146107218 tempest-ServersWithSpecificFlavorTestJSON-1146107218-project] Notify callbacks [] for security_group_rule, before_create {{(pid=101291) _notify_loop /usr/local/lib/python3.8/dist-packages/neutron_lib/callbacks/manager.py:192}}
Aug 16 22:46:48.956146 n-d-791506-26 neutron-server[101293]: DEBUG neutron.plugins.ml2.rpc [None req-0c0beddc-b075-464c-a482-7dcf65e82d85 None None] Device cd82babb-8301-4d7b-aca6-e7a178c35bc1 up at agent ovs-agent-n-d-791506-26 {{(pid=101293) update_device_up /opt/stack/neutron/neutron/plugins/ml2/rpc.py:296}}
Aug 16 22:46:49.062075 n-d-791506-26 neutron-server[101292]: INFO neutron.wsgi [req-2822d819-62ce-4a8f-bb73-0446f37c56e9 req-520c2423-3554-4969-b30a-576108d43733 tempest-AggregatesAdminTestJSON-1746639393 tempest-AggregatesAdminTestJSON-1746639393-project] 10.222.0.36 "GET /v2.0/security-groups?id=b2fc8c28-b290-4027-a461-ea02977787ca&fields=id&fields=name HTTP/1.1" status: 200 len: 286 time: 0.2888987
Aug 16 22:46:49.072389 n-d-791506-26 neutron-server[101291]: DEBUG neutron.notifiers.nova [req-2b22153f-b9f8-4f03-bef2-a9bf69cf6d95 req-baa6c4ef-a0a9-4529-b19d-e67b113845e4 service neutron] Ignoring state change previous_port_status: DOWN current_port_status: DOWN port_id ac21e4f4-021a-4bfb-a795-cd0a73eee6f9 {{(pid=101291) record_port_status_changed /opt/stack/neutron/neutron/notifiers/nova.py:224}}
Aug 16 22:46:49.078414 n-d-791506-26 neutron-server[101292]: DEBUG neutron.wsgi [-] (101292) accepted ('10.222.0.36', 49582) {{(pid=101292) server /usr/local/lib/python3.8/dist-packages/eventlet/wsgi.py:982}}
Aug 16 22:46:49.106222 n-d-791506-26 neutron-server[101291]: DEBUG neutron_lib.callbacks.manager [req-2b22153f-b9f8-4f03-bef2-a9bf69cf6d95 req-baa6c4ef-a0a9-4529-b19d-e67b113845e4 service neutron] Notify callbacks [] for port, precommit_update {{(pid=101291) _notify_loop /usr/local/lib/python3.8/dist-packages/neutron_lib/callbacks/manager.py:192}}
Aug 16 22:46:49.113103 n-d-791506-26 neutron-server[101293]: DEBUG neutron.db.provisioning_blocks [None req-0c0beddc-b075-464c-a482-7dcf65e82d85 None None] Provisioning for port cd82babb-8301-4d7b-aca6-e7a178c35bc1 completed by entity L2. {{(pid=101293) provisioning_complete /opt/stack/neutron/neutron/db/provisioning_blocks.py:133}}
Aug 16 22:46:49.123960 n-d-791506-26 neutron-server[101292]: DEBUG neutron_lib.callbacks.manager [None req-e3e7188e-daac-4792-a25d-3b0a938787b9 admin admin] Notify callbacks [] for security_group, before_create {{(pid=101292) _notify_loop /usr/local/lib/python3.8/dist-packages/neutron_lib/callbacks/manager.py:192}}
Aug 16 22:46:49.138957 n-d-791506-26 neutron-server[101293]: DEBUG neutron.db.provisioning_blocks [None req-0c0beddc-b075-464c-a482-7dcf65e82d85 None None] Provisioning complete for port cd82babb-8301-4d7b-aca6-e7a178c35bc1 triggered by entity L2. {{(pid=101293) provisioning_complete /opt/stack/neutron/neutron/db/provisioning_blocks.py:139}}
Aug 16 22:46:49.139477 n-d-791506-26 neutron-server[101293]: DEBUG neutron_lib.callbacks.manager [None req-0c0beddc-b075-464c-a482-7dcf65e82d85 None None] Notify callbacks ['neutron.plugins.ml2.plugin.Ml2Plugin._port_provisioned-1678712'] for port, provisioning_complete {{(pid=101293) _notify_loop /usr/local/lib/python3.8/dist-packages/neutron_lib/callbacks/manager.py:192}}
Aug 16 22:46:49.141372 n-d-791506-26 neutron-server[101292]: DEBUG neutron_lib.callbacks.manager [None req-ff110756-030f-45ce-ac5d-173884cfce6b admin admin] Notify callbacks [] for security_group, before_create {{(pid=101292) _notify_loop /usr/local/lib/python3.8/dist-packages/neutron_lib/callbacks/manager.py:192}}
Aug 16 22:46:49.142046 n-d-791506-26 neutron-server[101291]: DEBUG neutron.db.provisioning_blocks [req-2b22153f-b9f8-4f03-bef2-a9bf69cf6d95 req-baa6c4ef-a0a9-4529-b19d-e67b113845e4 service neutron] Transition to ACTIVE for port object ac21e4f4-021a-4bfb-a795-cd0a73eee6f9 will not be triggered until provisioned by entity L2. {{(pid=101291) add_provisioning_component /opt/stack/neutron/neutron/db/provisioning_blocks.py:73}}
Aug 16 22:46:49.199631 n-d-791506-26 neutron-server[101291]: DEBUG neutron.plugins.ml2.db [req-81899e92-4030-452b-b222-1e1495548b2e req-82af699c-5b59-4f24-90e2-a974b1305918 service neutron] For port d5c4a791-fa23-4016-a62e-9d2fc0de15be, host n-h1-791506-26, cleared binding levels {{(pid=101291) clear_binding_levels /opt/stack/neutron/neutron/plugins/ml2/db.py:87}}
Aug 16 22:46:49.206151 n-d-791506-26 neutron-server[101291]: DEBUG neutron.plugins.ml2.db [req-81899e92-4030-452b-b222-1e1495548b2e req-82af699c-5b59-4f24-90e2-a974b1305918 service neutron] For port d5c4a791-fa23-4016-a62e-9d2fc0de15be, host n-h1-791506-26, set binding levels [PortBindingLevel(driver='hyperv',host='n-h1-791506-26',level=0,port_id=d5c4a791-fa23-4016-a62e-9d2fc0de15be,segment=NetworkSegment(889a1e39-fe47-4fc4-b1e7-d189fb8398af),segment_id=889a1e39-fe47-4fc4-b1e7-d189fb8398af)] {{(pid=101291) set_binding_levels /opt/stack/neutron/neutron/plugins/ml2/db.py:59}}
Aug 16 22:46:49.228518 n-d-791506-26 neutron-server[101291]: DEBUG neutron_lib.callbacks.manager [req-2b22153f-b9f8-4f03-bef2-a9bf69cf6d95 req-baa6c4ef-a0a9-4529-b19d-e67b113845e4 service neutron] Notify callbacks ['neutron.plugins.ml2.plugin.SecurityGroupServerNotifierRpcMixin._notify_sg_on_port_change-2090537', 'neutron.plugins.ml2.ovo_rpc._ObjectChangeHandler.handle_event-33018', 'neutron.api.rpc.agentnotifiers.dhcp_rpc_agent_api.DhcpAgentNotifyAPI._native_event_send_dhcp_notification-529954', 'neutron.db.l3_db.L3RpcNotifierMixin._notify_gateway_port_ip_changed-8748570308289', 'neutron.db.l3_dvrscheduler_db._notify_l3_agent_port_update-8748569736286', 'neutron.db.l3_hascheduler_db._notify_l3_agent_ha_port_update-8748569736304'] for port, after_update {{(pid=101291) _notify_loop /usr/local/lib/python3.8/dist-packages/neutron_lib/callbacks/manager.py:192}}
Aug 16 22:46:49.236914 n-d-791506-26 neutron-server[101291]: DEBUG neutron.api.v2.base [None req-0e87d480-d1ec-4764-a04c-6346700b3fdb admin admin] Request body: {'network': {'name': 'tempest-LiveMigrationRemoteConsolesV26Test-682201263-network', 'tenant_id': 'b81b349cd13546af84ad9cc772d2a8a4'}} {{(pid=101291) prepare_request_body /opt/stack/neutron/neutron/api/v2/base.py:730}}
Aug 16 22:46:49.249081 n-d-791506-26 neutron-server[101291]: DEBUG neutron_lib.callbacks.manager [req-81899e92-4030-452b-b222-1e1495548b2e req-82af699c-5b59-4f24-90e2-a974b1305918 service neutron] Notify callbacks ['neutron.plugins.ml2.plugin.SecurityGroupServerNotifierRpcMixin._notify_sg_on_port_change-2090537', 'neutron.plugins.ml2.ovo_rpc._ObjectChangeHandler.handle_event-33018', 'neutron.api.rpc.agentnotifiers.dhcp_rpc_agent_api.DhcpAgentNotifyAPI._native_event_send_dhcp_notification-529954', 'neutron.db.l3_db.L3RpcNotifierMixin._notify_gateway_port_ip_changed-8748570308289', 'neutron.db.l3_dvrscheduler_db._notify_l3_agent_port_update-8748569736286', 'neutron.db.l3_hascheduler_db._notify_l3_agent_ha_port_update-8748569736304'] for port, after_update {{(pid=101291) _notify_loop /usr/local/lib/python3.8/dist-packages/neutron_lib/callbacks/manager.py:192}}
Aug 16 22:46:49.324636 n-d-791506-26 neutron-server[101291]: DEBUG neutron.pecan_wsgi.hooks.policy_enforcement [req-81899e92-4030-452b-b222-1e1495548b2e req-82af699c-5b59-4f24-90e2-a974b1305918 service neutron] Attributes excluded by policy engine: ['standard_attr_id'] {{(pid=101291) _exclude_attributes_by_policy /opt/stack/neutron/neutron/pecan_wsgi/hooks/policy_enforcement.py:255}}
Aug 16 22:46:49.325443 n-d-791506-26 neutron-server[101291]: DEBUG neutron_lib.callbacks.manager [req-81899e92-4030-452b-b222-1e1495548b2e req-82af699c-5b59-4f24-90e2-a974b1305918 service neutron] Notify callbacks ['neutron.notifiers.nova.Notifier._send_nova_notification-475614', 'neutron.api.rpc.agentnotifiers.dhcp_rpc_agent_api.DhcpAgentNotifyAPI._send_dhcp_notification-529972'] for port, before_response {{(pid=101291) _notify_loop /usr/local/lib/python3.8/dist-packages/neutron_lib/callbacks/manager.py:192}}
Aug 16 22:46:49.327000 n-d-791506-26 neutron-server[101291]: INFO neutron.wsgi [req-81899e92-4030-452b-b222-1e1495548b2e req-82af699c-5b59-4f24-90e2-a974b1305918 service neutron] 10.222.0.68 "PUT /v2.0/ports/d5c4a791-fa23-4016-a62e-9d2fc0de15be HTTP/1.1" status: 200 len: 1117 time: 4.6344526
Aug 16 22:46:49.332294 n-d-791506-26 neutron-server[101291]: DEBUG neutron.notifiers.nova [-] Sending events: [{'name': 'network-changed', 'server_uuid': '8b84b45f-45ad-4298-a933-4ce4dbbc4d92', 'tag': 'd5c4a791-fa23-4016-a62e-9d2fc0de15be'}] {{(pid=101291) send_events /opt/stack/neutron/neutron/notifiers/nova.py:262}}
Aug 16 22:46:49.413968 n-d-791506-26 neutron-server[101292]: DEBUG neutron_lib.callbacks.manager [None req-fd54272e-d1d4-4026-bce8-7b3666500271 admin admin] Notify callbacks [] for security_group, before_delete {{(pid=101292) _notify_loop /usr/local/lib/python3.8/dist-packages/neutron_lib/callbacks/manager.py:192}}
Aug 16 22:46:49.421767 n-d-791506-26 neutron-server[101291]: DEBUG neutron_lib.callbacks.manager [None req-3cbf9bfd-d46c-487c-b31b-724edff31226 tempest-ServersWithSpecificFlavorTestJSON-1146107218 tempest-ServersWithSpecificFlavorTestJSON-1146107218-project] Notify callbacks [] for security_group_rule, precommit_create {{(pid=101291) _notify_loop /usr/local/lib/python3.8/dist-packages/neutron_lib/callbacks/manager.py:192}}
Aug 16 22:46:49.443336 n-d-791506-26 neutron-server[101291]: DEBUG neutron_lib.callbacks.manager [None req-3cbf9bfd-d46c-487c-b31b-724edff31226 tempest-ServersWithSpecificFlavorTestJSON-1146107218 tempest-ServersWithSpecificFlavorTestJSON-1146107218-project] Notify callbacks ['neutron.plugins.ml2.ovo_rpc._ObjectChangeHandler.handle_event-1006120'] for security_group_rule, after_create {{(pid=101291) _notify_loop /usr/local/lib/python3.8/dist-packages/neutron_lib/callbacks/manager.py:192}}
Aug 16 22:46:49.449916 n-d-791506-26 neutron-server[101293]: DEBUG neutron_lib.callbacks.manager [None req-0c0beddc-b075-464c-a482-7dcf65e82d85 None None] Notify callbacks ['neutron.plugins.ml2.plugin.SecurityGroupDbMixin._ensure_default_security_group_handler-2090299'] for port, before_update {{(pid=101293) _notify_loop /usr/local/lib/python3.8/dist-packages/neutron_lib/callbacks/manager.py:192}}
Aug 16 22:46:49.488456 n-d-791506-26 neutron-server[101291]: DEBUG neutron.api.rpc.handlers.resources_rpc [None req-baa6c4ef-a0a9-4529-b19d-e67b113845e4 service neutron] Pushing event updated for resources: {'Port': ['ID=ac21e4f4-021a-4bfb-a795-cd0a73eee6f9,revision_number=2']} {{(pid=101291) push /opt/stack/neutron/neutron/api/rpc/handlers/resources_rpc.py:237}}
Aug 16 22:46:49.552095 n-d-791506-26 neutron-server[101292]: DEBUG neutron_lib.db.api [None req-e3e7188e-daac-4792-a25d-3b0a938787b9 admin admin] Retry wrapper got retriable exception: (pymysql.err.OperationalError) (1213, 'Deadlock found when trying to get lock; try restarting transaction')
Aug 16 22:46:49.552095 n-d-791506-26 neutron-server[101292]: [SQL: DELETE FROM reservations WHERE reservations.project_id = %(project_id_1)s AND reservations.expiration < %(expiration_1)s]
Aug 16 22:46:49.552095 n-d-791506-26 neutron-server[101292]: [parameters: {'project_id_1': '0a345dd261c34ff19d38a3c864238fc8', 'expiration_1': datetime.datetime(2021, 8, 16, 22, 46, 49, 385327)}]
Aug 16 22:46:49.552095 n-d-791506-26 neutron-server[101292]: (Background on this error at: https://sqlalche.me/e/14/e3q8) {{(pid=101292) wrapped /usr/local/lib/python3.8/dist-packages/neutron_lib/db/api.py:183}}
Aug 16 22:46:49.557260 n-d-791506-26 neutron-server[101292]: DEBUG oslo_db.api [None req-e3e7188e-daac-4792-a25d-3b0a938787b9 admin admin] Performing DB retry for function neutron.db.securitygroups_db.SecurityGroupDbMixin.create_security_group {{(pid=101292) wrapper /usr/local/lib/python3.8/dist-packages/oslo_db/api.py:155}}
Aug 16 22:46:49.562684 n-d-791506-26 neutron-server[101293]: DEBUG neutron.plugins.ml2.db [None req-0c0beddc-b075-464c-a482-7dcf65e82d85 None None] For port cd82babb-8301-4d7b-aca6-e7a178c35bc1, host n-d-791506-26, got binding levels [PortBindingLevel(driver='openvswitch',host='n-d-791506-26',level=0,port_id=cd82babb-8301-4d7b-aca6-e7a178c35bc1,segment=NetworkSegment(5b2bc4cb-303a-4461-8e25-37cf022cb7b8),segment_id=5b2bc4cb-303a-4461-8e25-37cf022cb7b8)] {{(pid=101293) get_binding_level_objs /opt/stack/neutron/neutron/plugins/ml2/db.py:74}}
Aug 16 22:46:49.571143 n-d-791506-26 neutron-server[101293]: DEBUG neutron_lib.callbacks.manager [None req-0c0beddc-b075-464c-a482-7dcf65e82d85 None None] Notify callbacks ['neutron.plugins.ml2.plugin.SecurityGroupServerNotifierRpcMixin._notify_sg_on_port_change-2090537', 'neutron.plugins.ml2.ovo_rpc._ObjectChangeHandler.handle_event-33018', 'neutron.api.rpc.agentnotifiers.dhcp_rpc_agent_api.DhcpAgentNotifyAPI._native_event_send_dhcp_notification-529954', 'neutron.db.l3_db.L3RpcNotifierMixin._notify_gateway_port_ip_changed-8748570308289', 'neutron.db.l3_dvrscheduler_db._notify_l3_agent_port_update-8748569736286', 'neutron.db.l3_hascheduler_db._notify_l3_agent_ha_port_update-8748569736304'] for port, after_update {{(pid=101293) _notify_loop /usr/local/lib/python3.8/dist-packages/neutron_lib/callbacks/manager.py:192}}
Aug 16 22:46:49.602422 n-d-791506-26 neutron-server[101291]: DEBUG neutron.api.rpc.handlers.resources_rpc [None req-3cbf9bfd-d46c-487c-b31b-724edff31226 tempest-ServersWithSpecificFlavorTestJSON-1146107218 tempest-ServersWithSpecificFlavorTestJSON-1146107218-project] Pushing event updated for resources: {'SecurityGroupRule': ['ID=b8933e24-7b37-45df-a33d-5376cb8c7913,revision_number=0']} {{(pid=101291) push /opt/stack/neutron/neutron/api/rpc/handlers/resources_rpc.py:237}}
Aug 16 22:46:49.609880 n-d-791506-26 neutron-server[101291]: DEBUG neutron_lib.db.api [None req-0e87d480-d1ec-4764-a04c-6346700b3fdb admin admin] Retry wrapper got retriable exception: (pymysql.err.OperationalError) (1213, 'Deadlock found when trying to get lock; try restarting transaction')
Aug 16 22:46:49.609880 n-d-791506-26 neutron-server[101291]: [SQL: DELETE FROM reservations WHERE reservations.project_id = %(project_id_1)s AND reservations.expiration < %(expiration_1)s]
Aug 16 22:46:49.609880 n-d-791506-26 neutron-server[101291]: [parameters: {'project_id_1': 'b81b349cd13546af84ad9cc772d2a8a4', 'expiration_1': datetime.datetime(2021, 8, 16, 22, 46, 49, 304727)}]
Aug 16 22:46:49.609880 n-d-791506-26 neutron-server[101291]: (Background on this error at: https://sqlalche.me/e/14/e3q8) {{(pid=101291) wrapped /usr/local/lib/python3.8/dist-packages/neutron_lib/db/api.py:183}}
Aug 16 22:46:49.610196 n-d-791506-26 neutron-server[101291]: DEBUG oslo_db.api [None req-0e87d480-d1ec-4764-a04c-6346700b3fdb admin admin] Performing DB retry for function neutron.db.quota.driver_nolock.DbQuotaNoLockDriver.make_reservation {{(pid=101291) wrapper /usr/local/lib/python3.8/dist-packages/oslo_db/api.py:155}}
Aug 16 22:46:49.654179 n-d-791506-26 neutron-server[101292]: DEBUG neutron_lib.callbacks.manager [None req-fd54272e-d1d4-4026-bce8-7b3666500271 admin admin] Notify callbacks [] for security_group, precommit_delete {{(pid=101292) _notify_loop /usr/local/lib/python3.8/dist-packages/neutron_lib/callbacks/manager.py:192}}
Aug 16 22:46:49.700403 n-d-791506-26 neutron-server[101292]: DEBUG neutron.pecan_wsgi.hooks.policy_enforcement [req-53440983-fe08-491b-a3b0-f43ba1515807 req-9ce40376-3c36-4669-acc8-8fc9bb1f26ed tempest-DeleteServersAdminTestJSON-1837355198 tempest-DeleteServersAdminTestJSON-1837355198-project] Attributes excluded by policy engine: ['standard_attr_id', 'binding:profile', 'binding:host_id', 'binding:vif_type', 'binding:vif_details'] {{(pid=101292) _exclude_attributes_by_policy /opt/stack/neutron/neutron/pecan_wsgi/hooks/policy_enforcement.py:255}}
Aug 16 22:46:49.709711 n-d-791506-26 neutron-server[101292]: INFO neutron.wsgi [req-53440983-fe08-491b-a3b0-f43ba1515807 req-9ce40376-3c36-4669-acc8-8fc9bb1f26ed tempest-DeleteServersAdminTestJSON-1837355198 tempest-DeleteServersAdminTestJSON-1837355198-project] 10.222.0.36 "GET /v2.0/ports?device_id=8b84b45f-45ad-4298-a933-4ce4dbbc4d92 HTTP/1.1" status: 200 len: 968 time: 0.5734370
Aug 16 22:46:49.806101 n-d-791506-26 neutron-server[101293]: DEBUG neutron_lib.callbacks.manager [None req-257a8370-adec-49a9-8999-41f84b9d2976 None None] Notify callbacks ['neutron.services.segments.db._update_segment_host_mapping_for_agent-8748570166815', 'neutron.plugins.ml2.plugin.Ml2Plugin._retry_binding_revived_agents-1678633'] for agent, after_update {{(pid=101293) _notify_loop /usr/local/lib/python3.8/dist-packages/neutron_lib/callbacks/manager.py:192}}
Aug 16 22:46:49.840155 n-d-791506-26 neutron-server[101291]: DEBUG novaclient.v2.client [-] REQ: curl -g -i --cacert "/opt/stack/data/ca-bundle.pem" -X POST http://10.222.0.36/compute/v2.1/os-server-external-events -H "Accept: application/json" -H "Content-Type: application/json" -H "User-Agent: python-novaclient" -H "X-Auth-Token: {SHA256}89cce25357af031595fe5902e38c24946dd87e9406f38e82cd55a6eb3831a59a" -H "X-OpenStack-Nova-API-Version: 2.1" -H "X-OpenStack-Request-ID: req-38ed8e57-ecc5-48da-bf66-2581e4ba8e35" -d '{"events": [{"name": "network-changed", "server_uuid": "8b84b45f-45ad-4298-a933-4ce4dbbc4d92", "tag": "d5c4a791-fa23-4016-a62e-9d2fc0de15be"}]}' {{(pid=101291) _http_log_request /usr/local/lib/python3.8/dist-packages/keystoneauth1/session.py:519}}
Aug 16 22:46:49.850925 n-d-791506-26 neutron-server[101293]: DEBUG neutron.api.rpc.handlers.resources_rpc [None req-0c0beddc-b075-464c-a482-7dcf65e82d85 None None] Pushing event updated for resources: {'Port': ['ID=cd82babb-8301-4d7b-aca6-e7a178c35bc1,revision_number=5']} {{(pid=101293) push /opt/stack/neutron/neutron/api/rpc/handlers/resources_rpc.py:237}}
Aug 16 22:46:49.907002 n-d-791506-26 neutron-server[101291]: DEBUG neutron.plugins.ml2.managers [req-2b22153f-b9f8-4f03-bef2-a9bf69cf6d95 req-baa6c4ef-a0a9-4529-b19d-e67b113845e4 service neutron] Attempting to bind port ac21e4f4-021a-4bfb-a795-cd0a73eee6f9 on host n-h1-791506-26 for vnic_type normal with profile {{(pid=101291) bind_port /opt/stack/neutron/neutron/plugins/ml2/managers.py:790}}
Aug 16 22:46:49.907544 n-d-791506-26 neutron-server[101291]: DEBUG neutron.plugins.ml2.managers [req-2b22153f-b9f8-4f03-bef2-a9bf69cf6d95 req-baa6c4ef-a0a9-4529-b19d-e67b113845e4 service neutron] Attempting to bind port ac21e4f4-021a-4bfb-a795-cd0a73eee6f9 by drivers openvswitch,hyperv on host n-h1-791506-26 at level 0 using segments [{'id': '889a1e39-fe47-4fc4-b1e7-d189fb8398af', 'network_type': 'vlan', 'physical_network': 'physnet1', 'segmentation_id': 309, 'network_id': 'a2f596d0-b80e-4404-bf4b-27a7e14f50dd'}] {{(pid=101291) _bind_port_level /opt/stack/neutron/neutron/plugins/ml2/managers.py:815}}
Aug 16 22:46:49.908974 n-d-791506-26 neutron-server[101291]: DEBUG neutron.plugins.ml2.drivers.mech_agent [req-2b22153f-b9f8-4f03-bef2-a9bf69cf6d95 req-baa6c4ef-a0a9-4529-b19d-e67b113845e4 service neutron] Attempting to bind port ac21e4f4-021a-4bfb-a795-cd0a73eee6f9 on network a2f596d0-b80e-4404-bf4b-27a7e14f50dd {{(pid=101291) bind_port /opt/stack/neutron/neutron/plugins/ml2/drivers/mech_agent.py:85}}
Aug 16 22:46:49.933293 n-d-791506-26 neutron-server[101292]: INFO neutron.wsgi [req-53440983-fe08-491b-a3b0-f43ba1515807 req-a687f20b-4c25-4f05-8db3-a933f3f7f079 tempest-DeleteServersAdminTestJSON-1837355198 tempest-DeleteServersAdminTestJSON-1837355198-project] 10.222.0.36 "GET /v2.0/security-groups?id=8a2c666b-0599-45d4-8db2-76d5ddd783db&fields=id&fields=name HTTP/1.1" status: 200 len: 286 time: 0.2217791
Aug 16 22:46:49.997939 n-d-791506-26 neutron-server[101292]: DEBUG neutron_lib.callbacks.manager [None req-fd54272e-d1d4-4026-bce8-7b3666500271 admin admin] Notify callbacks ['neutron.plugins.ml2.ovo_rpc._ObjectChangeHandler.handle_event-992253'] for security_group, after_delete {{(pid=101292) _notify_loop /usr/local/lib/python3.8/dist-packages/neutron_lib/callbacks/manager.py:192}}
Aug 16 22:46:50.001124 n-d-791506-26 neutron-server[101292]: DEBUG neutron_lib.callbacks.manager [None req-fd54272e-d1d4-4026-bce8-7b3666500271 admin admin] Notify callbacks [] for security_group, before_response {{(pid=101292) _notify_loop /usr/local/lib/python3.8/dist-packages/neutron_lib/callbacks/manager.py:192}}
Aug 16 22:46:50.005788 n-d-791506-26 neutron-server[101292]: INFO neutron.wsgi [None req-fd54272e-d1d4-4026-bce8-7b3666500271 admin admin] 10.222.0.36 "DELETE /v2.0/security-groups/b18c4f19-88ee-4ab5-b141-35eb5d90fc17 HTTP/1.1" status: 204 len: 168 time: 1.1720135
Aug 16 22:46:50.005996 n-d-791506-26 neutron-server[101291]: DEBUG neutron.plugins.ml2.drivers.mech_agent [req-2b22153f-b9f8-4f03-bef2-a9bf69cf6d95 req-baa6c4ef-a0a9-4529-b19d-e67b113845e4 service neutron] Port ac21e4f4-021a-4bfb-a795-cd0a73eee6f9 on network a2f596d0-b80e-4404-bf4b-27a7e14f50dd not bound, no agent of type Open vSwitch agent registered on host n-h1-791506-26 {{(pid=101291) bind_port /opt/stack/neutron/neutron/plugins/ml2/drivers/mech_agent.py:97}}
Aug 16 22:46:50.006507 n-d-791506-26 neutron-server[101291]: DEBUG neutron.plugins.ml2.drivers.mech_agent [req-2b22153f-b9f8-4f03-bef2-a9bf69cf6d95 req-baa6c4ef-a0a9-4529-b19d-e67b113845e4 service neutron] Attempting to bind port ac21e4f4-021a-4bfb-a795-cd0a73eee6f9 on network a2f596d0-b80e-4404-bf4b-27a7e14f50dd {{(pid=101291) bind_port /opt/stack/neutron/neutron/plugins/ml2/drivers/mech_agent.py:85}}
Aug 16 22:46:50.008720 n-d-791506-26 neutron-server[101292]: DEBUG neutron_lib.callbacks.manager [None req-ff110756-030f-45ce-ac5d-173884cfce6b admin admin] Notify callbacks [] for security_group, precommit_create {{(pid=101292) _notify_loop /usr/local/lib/python3.8/dist-packages/neutron_lib/callbacks/manager.py:192}}
Aug 16 22:46:50.021260 n-d-791506-26 neutron-server[101292]: DEBUG neutron_lib.callbacks.manager [None req-ff110756-030f-45ce-ac5d-173884cfce6b admin admin] Notify callbacks ['neutron.plugins.ml2.ovo_rpc._ObjectChangeHandler.handle_event-992253'] for security_group, after_create {{(pid=101292) _notify_loop /usr/local/lib/python3.8/dist-packages/neutron_lib/callbacks/manager.py:192}}
Aug 16 22:46:50.041349 n-d-791506-26 neutron-server[101291]: DEBUG neutron.plugins.ml2.drivers.mech_agent [req-2b22153f-b9f8-4f03-bef2-a9bf69cf6d95 req-baa6c4ef-a0a9-4529-b19d-e67b113845e4 service neutron] Checking agent: {'id': 'd28e24f9-e5ea-41e1-80bf-3c7943ad7f38', 'agent_type': 'HyperV agent', 'binary': 'neutron-hyperv-agent', 'topic': 'N/A', 'host': 'n-h1-791506-26', 'admin_state_up': True, 'created_at': datetime.datetime(2021, 8, 16, 22, 44, 11), 'started_at': datetime.datetime(2021, 8, 16, 22, 44, 11), 'heartbeat_timestamp': datetime.datetime(2021, 8, 16, 22, 46, 41), 'description': None, 'resources_synced': None, 'availability_zone': None, 'alive': True, 'configurations': {'vswitch_mappings': {'physnet1$': 'br-data'}}, 'resource_versions': {}} {{(pid=101291) bind_port /opt/stack/neutron/neutron/plugins/ml2/drivers/mech_agent.py:104}}
Aug 16 22:46:50.042979 n-d-791506-26 neutron-server[101291]: DEBUG neutron.plugins.ml2.drivers.mech_agent [req-2b22153f-b9f8-4f03-bef2-a9bf69cf6d95 req-baa6c4ef-a0a9-4529-b19d-e67b113845e4 service neutron] Checking segment: {'id': '889a1e39-fe47-4fc4-b1e7-d189fb8398af', 'network_type': 'vlan', 'physical_network': 'physnet1', 'segmentation_id': 309, 'network_id': 'a2f596d0-b80e-4404-bf4b-27a7e14f50dd'} for mappings: {'physnet1$': 'br-data'} with network types: ['local', 'flat', 'vlan'] {{(pid=101291) check_segment_for_agent /opt/stack/neutron/neutron/plugins/ml2/drivers/mech_agent.py:352}}
Aug 16 22:46:50.044932 n-d-791506-26 neutron-server[101291]: DEBUG neutron.plugins.ml2.drivers.mech_agent [req-2b22153f-b9f8-4f03-bef2-a9bf69cf6d95 req-baa6c4ef-a0a9-4529-b19d-e67b113845e4 service neutron] Bound using segment: {'id': '889a1e39-fe47-4fc4-b1e7-d189fb8398af', 'network_type': 'vlan', 'physical_network': 'physnet1', 'segmentation_id': 309, 'network_id': 'a2f596d0-b80e-4404-bf4b-27a7e14f50dd'} {{(pid=101291) bind_port /opt/stack/neutron/neutron/plugins/ml2/drivers/mech_agent.py:114}}
Aug 16 22:46:50.046147 n-d-791506-26 neutron-server[101292]: DEBUG neutron.api.rpc.handlers.resources_rpc [None req-fd54272e-d1d4-4026-bce8-7b3666500271 admin admin] Pushing event deleted for resources: {'SecurityGroup': ['ID=b18c4f19-88ee-4ab5-b141-35eb5d90fc17,revision_number=None']} {{(pid=101292) push /opt/stack/neutron/neutron/api/rpc/handlers/resources_rpc.py:237}}
Aug 16 22:46:50.046375 n-d-791506-26 neutron-server[101291]: DEBUG neutron.plugins.ml2.managers [req-2b22153f-b9f8-4f03-bef2-a9bf69cf6d95 req-baa6c4ef-a0a9-4529-b19d-e67b113845e4 service neutron] Bound port: ac21e4f4-021a-4bfb-a795-cd0a73eee6f9, host: n-h1-791506-26, vif_type: hyperv, vif_details: {"connectivity": "legacy", "port_filter": false}, binding_levels: [{'bound_driver': 'hyperv', 'bound_segment': {'id': '889a1e39-fe47-4fc4-b1e7-d189fb8398af', 'network_type': 'vlan', 'physical_network': 'physnet1', 'segmentation_id': 309, 'network_id': 'a2f596d0-b80e-4404-bf4b-27a7e14f50dd'}}] {{(pid=101291) _bind_port_level /opt/stack/neutron/neutron/plugins/ml2/managers.py:928}}
Aug 16 22:46:50.047047 n-d-791506-26 neutron-server[101291]: DEBUG neutron_lib.callbacks.manager [req-2b22153f-b9f8-4f03-bef2-a9bf69cf6d95 req-baa6c4ef-a0a9-4529-b19d-e67b113845e4 service neutron] Notify callbacks ['neutron.plugins.ml2.plugin.SecurityGroupDbMixin._ensure_default_security_group_handler-2090299'] for port, before_update {{(pid=101291) _notify_loop /usr/local/lib/python3.8/dist-packages/neutron_lib/callbacks/manager.py:192}}
Aug 16 22:46:50.058824 n-d-791506-26 neutron-server[101292]: DEBUG neutron_lib.callbacks.manager [None req-e3e7188e-daac-4792-a25d-3b0a938787b9 admin admin] Notify callbacks [] for security_group, before_create {{(pid=101292) _notify_loop /usr/local/lib/python3.8/dist-packages/neutron_lib/callbacks/manager.py:192}}
Aug 16 22:46:50.062726 n-d-791506-26 neutron-server[101291]: DEBUG neutron_lib.callbacks.manager [None req-3cbf9bfd-d46c-487c-b31b-724edff31226 tempest-ServersWithSpecificFlavorTestJSON-1146107218 tempest-ServersWithSpecificFlavorTestJSON-1146107218-project] Notify callbacks [] for security_group_rule, before_response {{(pid=101291) _notify_loop /usr/local/lib/python3.8/dist-packages/neutron_lib/callbacks/manager.py:192}}
Aug 16 22:46:50.064135 n-d-791506-26 neutron-server[101291]: INFO neutron.wsgi [None req-3cbf9bfd-d46c-487c-b31b-724edff31226 tempest-ServersWithSpecificFlavorTestJSON-1146107218 tempest-ServersWithSpecificFlavorTestJSON-1146107218-project] 10.222.0.36 "POST /v2.0/security-group-rules HTTP/1.1" status: 201 len: 769 time: 1.4293272
Aug 16 22:46:50.067959 n-d-791506-26 neutron-server[101291]: DEBUG neutron.api.rpc.handlers.resources_rpc [None req-82af699c-5b59-4f24-90e2-a974b1305918 service neutron] Pushing event updated for resources: {'Port': ['ID=d5c4a791-fa23-4016-a62e-9d2fc0de15be,revision_number=3']} {{(pid=101291) push /opt/stack/neutron/neutron/api/rpc/handlers/resources_rpc.py:237}}
Aug 16 22:46:50.086041 n-d-791506-26 neutron-server[101292]: DEBUG neutron.wsgi [-] (101292) accepted ('10.222.0.36', 49602) {{(pid=101292) server /usr/local/lib/python3.8/dist-packages/eventlet/wsgi.py:982}}
Aug 16 22:46:50.109538 n-d-791506-26 neutron-server[101292]: DEBUG neutron.api.v2.base [None req-abc7eb9f-c7c8-4e1a-8e0d-f29ce0c6f4d6 tempest-ServersWithSpecificFlavorTestJSON-1146107218 tempest-ServersWithSpecificFlavorTestJSON-1146107218-project] Request body: {'floatingip': {'floating_network_id': 'c22c4980-c849-406d-982c-a5d68c515a94'}} {{(pid=101292) prepare_request_body /opt/stack/neutron/neutron/api/v2/base.py:730}}
Aug 16 22:46:50.129924 n-d-791506-26 neutron-server[101291]: DEBUG neutron.pecan_wsgi.hooks.policy_enforcement [req-81899e92-4030-452b-b222-1e1495548b2e req-aa43fdd4-2413-41e3-977c-035bc4c0befa service neutron] Attributes excluded by policy engine: ['standard_attr_id'] {{(pid=101291) _exclude_attributes_by_policy /opt/stack/neutron/neutron/pecan_wsgi/hooks/policy_enforcement.py:255}}
Aug 16 22:46:50.142759 n-d-791506-26 neutron-server[101291]: INFO neutron.wsgi [req-81899e92-4030-452b-b222-1e1495548b2e req-aa43fdd4-2413-41e3-977c-035bc4c0befa service neutron] 10.222.0.68 "GET /v2.0/ports?tenant_id=9056e26ac3ee4e199dd44fcb58187fae&device_id=8b84b45f-45ad-4298-a933-4ce4dbbc4d92 HTTP/1.1" status: 200 len: 1120 time: 0.5359507
Aug 16 22:46:50.147675 n-d-791506-26 neutron-server[101292]: INFO neutron.wsgi [None req-ff110756-030f-45ce-ac5d-173884cfce6b admin admin] 10.222.0.36 "GET /v2.0/security-groups?tenant_id=36acf966d7154b73a23669d94d94b18e&name=default HTTP/1.1" status: 200 len: 2979 time: 1.6563866
Aug 16 22:46:50.155335 n-d-791506-26 neutron-server[101291]: DEBUG neutron.wsgi [-] (101291) accepted ('10.222.0.36', 49606) {{(pid=101291) server /usr/local/lib/python3.8/dist-packages/eventlet/wsgi.py:982}}
Aug 16 22:46:50.175603 n-d-791506-26 neutron-server[101292]: DEBUG neutron.api.rpc.handlers.resources_rpc [None req-ff110756-030f-45ce-ac5d-173884cfce6b admin admin] Pushing event updated for resources: {'SecurityGroup': ['ID=d12d4b1b-122e-4b76-b906-5fbfcccf0e18,revision_number=1']} {{(pid=101292) push /opt/stack/neutron/neutron/api/rpc/handlers/resources_rpc.py:237}}
Aug 16 22:46:50.220604 n-d-791506-26 neutron-server[101292]: DEBUG neutron_lib.db.api [None req-abc7eb9f-c7c8-4e1a-8e0d-f29ce0c6f4d6 tempest-ServersWithSpecificFlavorTestJSON-1146107218 tempest-ServersWithSpecificFlavorTestJSON-1146107218-project] Retry wrapper got retriable exception: (pymysql.err.OperationalError) (1213, 'Deadlock found when trying to get lock; try restarting transaction')
Aug 16 22:46:50.220604 n-d-791506-26 neutron-server[101292]: [SQL: INSERT INTO reservations (project_id, id, expiration) VALUES (%(project_id)s, %(id)s, %(expiration)s)]
Aug 16 22:46:50.220604 n-d-791506-26 neutron-server[101292]: [parameters: {'project_id': '733236da22f3411d852a1f0b783a3537', 'id': '0b107fca-c3e8-40ae-b9e4-c45c70e1d84c', 'expiration': datetime.datetime(2021, 8, 16, 22, 48, 50, 186930)}]
