Aug 16 22:47:11.513658 n-d-791506-26 neutron-server[101293]: DEBUG neutron.db.provisioning_blocks [None req-19a3606f-4a09-4de5-856f-fce89602583a None None] Provisioning complete for port 5d87ffa9-311a-4ea2-8e1f-81a10a10255b triggered by entity DHCP. {{(pid=101293) provisioning_complete /opt/stack/neutron/neutron/db/provisioning_blocks.py:139}}
Aug 16 22:47:11.514511 n-d-791506-26 neutron-server[101293]: DEBUG neutron_lib.callbacks.manager [None req-19a3606f-4a09-4de5-856f-fce89602583a None None] Notify callbacks ['neutron.plugins.ml2.plugin.Ml2Plugin._port_provisioned-1678712'] for port, provisioning_complete {{(pid=101293) _notify_loop /usr/local/lib/python3.8/dist-packages/neutron_lib/callbacks/manager.py:192}}
Aug 16 22:47:11.533998 n-d-791506-26 neutron-server[101292]: INFO neutron.wsgi [req-7fe1f288-665f-4859-b8e0-66bd22e904ff req-c6e053a2-d94c-4a8e-b45e-078bd53008b1 service neutron] 10.222.0.36 "GET /v2.0/networks/bdacd106-3582-43d1-a3c6-7a9333f5e2e0?fields=provider%3Aphysical_network&fields=provider%3Anetwork_type HTTP/1.1" status: 200 len: 281 time: 0.3226840
Aug 16 22:47:11.556636 n-d-791506-26 neutron-server[101293]: DEBUG neutron.plugins.ml2.plugin [None req-19a3606f-4a09-4de5-856f-fce89602583a None None] Port 5d87ffa9-311a-4ea2-8e1f-81a10a10255b cannot update to ACTIVE because it is not bound. {{(pid=101293) _port_provisioned /opt/stack/neutron/neutron/plugins/ml2/plugin.py:337}}
Aug 16 22:47:11.587228 n-d-791506-26 neutron-server[101291]: INFO neutron.wsgi [req-4c3488f6-f707-4197-bb49-fd6e1980e24d req-ba928a76-8853-47db-902a-5f18bea5af0a service neutron] 10.222.0.68 "GET /v2.0/ports?device_id=8b84b45f-45ad-4298-a933-4ce4dbbc4d92&fields=binding%3Ahost_id&fields=binding%3Avif_type HTTP/1.1" status: 200 len: 210 time: 0.1326435
Aug 16 22:47:11.589375 n-d-791506-26 neutron-server[101291]: INFO neutron.wsgi [req-dd88b846-5eb4-41ee-9408-e1ad6d31e9f7 req-e1a10d95-3c45-4de8-9473-20fd0101ad9f tempest-LiveMigrationNegativeTest-1434328511 tempest-LiveMigrationNegativeTest-1434328511-project] 10.222.0.57 "POST /v2.0/ports HTTP/1.1" status: 201 len: 937 time: 3.4416211
Aug 16 22:47:11.622732 n-d-791506-26 neutron-server[101291]: DEBUG neutron.api.v2.base [req-dd88b846-5eb4-41ee-9408-e1ad6d31e9f7 req-d3a0344a-1e55-4065-8642-007991853433 service neutron] Request body: {'port': {'device_id': '262306cf-5aa8-4837-8362-03fc0ec667c8', 'device_owner': 'compute:nova', 'binding:host_id': 'n-h2-791506-26'}} {{(pid=101291) prepare_request_body /opt/stack/neutron/neutron/api/v2/base.py:730}}
Aug 16 22:47:11.748799 n-d-791506-26 neutron-server[101291]: INFO neutron.wsgi [req-4c3488f6-f707-4197-bb49-fd6e1980e24d req-e5c31eb2-e8bd-4da7-ae6c-46d1793bd077 service neutron] 10.222.0.68 "GET /v2.0/ports?tenant_id=9056e26ac3ee4e199dd44fcb58187fae&device_id=8b84b45f-45ad-4298-a933-4ce4dbbc4d92 HTTP/1.1" status: 200 len: 210 time: 0.0932667
Aug 16 22:47:11.772130 n-d-791506-26 neutron-server[101291]: DEBUG neutron.pecan_wsgi.hooks.policy_enforcement [req-cd67fc65-9a85-4678-aafc-57ebff9d98d5 req-a211fbcb-6449-4306-956f-26745222a644 service neutron] Attributes excluded by policy engine: ['standard_attr_id'] {{(pid=101291) _exclude_attributes_by_policy /opt/stack/neutron/neutron/pecan_wsgi/hooks/policy_enforcement.py:255}}
Aug 16 22:47:11.773842 n-d-791506-26 neutron-server[101291]: INFO neutron.wsgi [req-cd67fc65-9a85-4678-aafc-57ebff9d98d5 req-a211fbcb-6449-4306-956f-26745222a644 service neutron] 10.222.0.57 "GET /v2.0/ports?network_id=1ec41dbe-7c0a-4c4b-bab3-26488606d20f&device_owner=network%3Adhcp HTTP/1.1" status: 200 len: 1164 time: 0.2902272
Aug 16 22:47:11.777305 n-d-791506-26 neutron-server[101291]: DEBUG neutron_lib.callbacks.manager [req-dd88b846-5eb4-41ee-9408-e1ad6d31e9f7 req-d3a0344a-1e55-4065-8642-007991853433 service neutron] Notify callbacks ['neutron.plugins.ml2.plugin.SecurityGroupDbMixin._ensure_default_security_group_handler-2090299'] for port, before_update {{(pid=101291) _notify_loop /usr/local/lib/python3.8/dist-packages/neutron_lib/callbacks/manager.py:192}}
Aug 16 22:47:11.788186 n-d-791506-26 neutron-server[101292]: INFO neutron.wsgi [req-fe3f1001-c290-40f2-80cc-0aeffba5f6dd req-b1d81d9a-089e-440f-9f20-ac6295a8f213 tempest-LiveMigrationTest-1531121175 tempest-LiveMigrationTest-1531121175-project] 10.222.0.36 "GET /v2.0/ports?device_id=1ab9dd79-cdd8-4824-b179-7013d5235b9f HTTP/1.1" status: 200 len: 210 time: 0.0563312
Aug 16 22:47:11.856528 n-d-791506-26 neutron-server[101291]: INFO neutron.wsgi [req-4c3488f6-f707-4197-bb49-fd6e1980e24d req-7efcdc18-7fa5-4ec4-ae29-501c9dc3974b service neutron] 10.222.0.68 "GET /v2.0/networks?tenant_id=9056e26ac3ee4e199dd44fcb58187fae&shared=False HTTP/1.1" status: 200 len: 213 time: 0.0722539
Aug 16 22:47:11.998824 n-d-791506-26 neutron-server[101292]: INFO neutron.wsgi [req-128254c7-d8eb-47ed-8498-9554bfa8ca14 req-22cd1416-7c67-45d8-9d61-e12b70dcbd9b tempest-DeleteServersAdminTestJSON-1837355198 tempest-DeleteServersAdminTestJSON-1837355198-project] 10.222.0.36 "GET /v2.0/networks?tenant_id=9056e26ac3ee4e199dd44fcb58187fae&shared=False HTTP/1.1" status: 200 len: 213 time: 0.0297751
Aug 16 22:47:12.008431 n-d-791506-26 neutron-server[101292]: DEBUG neutron.pecan_wsgi.hooks.policy_enforcement [req-07f25f85-c347-47b5-a7be-281e4bcd1ee8 req-3399c007-80b4-4690-a8a6-3fc5576b5c17 tempest-LiveMigrationNegativeTest-1434328511 tempest-LiveMigrationNegativeTest-1434328511-project] Attributes excluded by policy engine: ['standard_attr_id', 'binding:profile', 'binding:host_id', 'binding:vif_type', 'binding:vif_details'] {{(pid=101292) _exclude_attributes_by_policy /opt/stack/neutron/neutron/pecan_wsgi/hooks/policy_enforcement.py:255}}
Aug 16 22:47:12.011023 n-d-791506-26 neutron-server[101292]: INFO neutron.wsgi [req-07f25f85-c347-47b5-a7be-281e4bcd1ee8 req-3399c007-80b4-4690-a8a6-3fc5576b5c17 tempest-LiveMigrationNegativeTest-1434328511 tempest-LiveMigrationNegativeTest-1434328511-project] 10.222.0.36 "GET /v2.0/ports?device_id=262306cf-5aa8-4837-8362-03fc0ec667c8 HTTP/1.1" status: 200 len: 935 time: 0.0801651
Aug 16 22:47:12.126086 n-d-791506-26 neutron-server[101292]: INFO neutron.wsgi [req-07f25f85-c347-47b5-a7be-281e4bcd1ee8 req-d98b700c-68d2-4732-8728-6d9a8d171d60 tempest-LiveMigrationNegativeTest-1434328511 tempest-LiveMigrationNegativeTest-1434328511-project] 10.222.0.36 "GET /v2.0/security-groups?id=f22233e2-8c34-4fd0-8000-1738a843992b&fields=id&fields=name HTTP/1.1" status: 200 len: 286 time: 0.1035697
Aug 16 22:47:12.185988 n-d-791506-26 neutron-server[101292]: DEBUG neutron.pecan_wsgi.hooks.policy_enforcement [req-128254c7-d8eb-47ed-8498-9554bfa8ca14 req-44128bf7-e94f-478f-a32b-9eefef8420b3 tempest-DeleteServersAdminTestJSON-1837355198 tempest-DeleteServersAdminTestJSON-1837355198-project] Attributes excluded by policy engine: ['standard_attr_id', 'vlan_transparent', 'provider:network_type', 'provider:physical_network', 'provider:segmentation_id'] {{(pid=101292) _exclude_attributes_by_policy /opt/stack/neutron/neutron/pecan_wsgi/hooks/policy_enforcement.py:255}}
Aug 16 22:47:12.195645 n-d-791506-26 neutron-server[101292]: INFO neutron.wsgi [req-128254c7-d8eb-47ed-8498-9554bfa8ca14 req-44128bf7-e94f-478f-a32b-9eefef8420b3 tempest-DeleteServersAdminTestJSON-1837355198 tempest-DeleteServersAdminTestJSON-1837355198-project] 10.222.0.36 "GET /v2.0/networks?shared=True HTTP/1.1" status: 200 len: 769 time: 0.1824589
Aug 16 22:47:12.232414 n-d-791506-26 neutron-server[101292]: INFO neutron.wsgi [req-128254c7-d8eb-47ed-8498-9554bfa8ca14 req-999b37b6-2243-4a7d-82f0-96a2ac34865f tempest-DeleteServersAdminTestJSON-1837355198 tempest-DeleteServersAdminTestJSON-1837355198-project] 10.222.0.36 "GET /v2.0/quotas/9056e26ac3ee4e199dd44fcb58187fae HTTP/1.1" status: 200 len: 375 time: 0.0307653
Aug 16 22:47:12.288701 n-d-791506-26 neutron-server[101292]: INFO neutron.wsgi [req-128254c7-d8eb-47ed-8498-9554bfa8ca14 req-2411d421-5a04-4bc5-a6fd-8aac2c054701 tempest-DeleteServersAdminTestJSON-1837355198 tempest-DeleteServersAdminTestJSON-1837355198-project] 10.222.0.36 "GET /v2.0/ports?tenant_id=9056e26ac3ee4e199dd44fcb58187fae&fields=id HTTP/1.1" status: 200 len: 210 time: 0.0544984
Aug 16 22:47:12.415506 n-d-791506-26 neutron-server[101291]: DEBUG neutron_lib.callbacks.manager [None req-5082fefb-e286-479d-8f9f-94d180e81956 admin admin] Notify callbacks [] for security_group, precommit_create {{(pid=101291) _notify_loop /usr/local/lib/python3.8/dist-packages/neutron_lib/callbacks/manager.py:192}}
Aug 16 22:47:12.440870 n-d-791506-26 neutron-server[101291]: DEBUG neutron_lib.callbacks.manager [None req-5082fefb-e286-479d-8f9f-94d180e81956 admin admin] Notify callbacks ['neutron.plugins.ml2.ovo_rpc._ObjectChangeHandler.handle_event-992253'] for security_group, after_create {{(pid=101291) _notify_loop /usr/local/lib/python3.8/dist-packages/neutron_lib/callbacks/manager.py:192}}
Aug 16 22:47:12.481074 n-d-791506-26 neutron-server[101291]: INFO neutron.wsgi [None req-5082fefb-e286-479d-8f9f-94d180e81956 admin admin] 10.222.0.36 "GET /v2.0/security-groups?tenant_id=f8cfa7338a12489f9e05adf7692c9942&name=default HTTP/1.1" status: 200 len: 2979 time: 1.1848822
Aug 16 22:47:12.482996 n-d-791506-26 neutron-server[101291]: INFO neutron.wsgi [req-cd67fc65-9a85-4678-aafc-57ebff9d98d5 req-7a853144-0f37-4bea-9da5-2b33b71ba0ca service neutron] 10.222.0.57 "GET /v2.0/networks/1ec41dbe-7c0a-4c4b-bab3-26488606d20f?fields=segments HTTP/1.1" status: 200 len: 212 time: 0.6874669
Aug 16 22:47:12.483994 n-d-791506-26 neutron-server[101291]: DEBUG neutron.wsgi [-] (101291) accepted ('10.222.0.36', 50560) {{(pid=101291) server /usr/local/lib/python3.8/dist-packages/eventlet/wsgi.py:982}}
Aug 16 22:47:12.655802 n-d-791506-26 neutron-server[101291]: DEBUG neutron.api.rpc.handlers.resources_rpc [None req-5082fefb-e286-479d-8f9f-94d180e81956 admin admin] Pushing event updated for resources: {'SecurityGroup': ['ID=149d15ba-af84-4a56-aafd-4a23207fd240,revision_number=1']} {{(pid=101291) push /opt/stack/neutron/neutron/api/rpc/handlers/resources_rpc.py:237}}
Aug 16 22:47:12.660867 n-d-791506-26 neutron-server[101292]: DEBUG neutron.pecan_wsgi.hooks.policy_enforcement [req-80b52021-f2a5-4d9f-a175-c82f27e1b507 req-05ab911b-8158-468e-a5a4-97416ae7cf7b tempest-ServersWithSpecificFlavorTestJSON-1146107218 tempest-ServersWithSpecificFlavorTestJSON-1146107218-project] Attributes excluded by policy engine: ['standard_attr_id', 'binding:profile', 'binding:host_id', 'binding:vif_type', 'binding:vif_details'] {{(pid=101292) _exclude_attributes_by_policy /opt/stack/neutron/neutron/pecan_wsgi/hooks/policy_enforcement.py:255}}
Aug 16 22:47:12.663202 n-d-791506-26 neutron-server[101292]: INFO neutron.wsgi [req-80b52021-f2a5-4d9f-a175-c82f27e1b507 req-05ab911b-8158-468e-a5a4-97416ae7cf7b tempest-ServersWithSpecificFlavorTestJSON-1146107218 tempest-ServersWithSpecificFlavorTestJSON-1146107218-project] 10.222.0.36 "GET /v2.0/ports?device_id=bd403877-9d1d-4f11-b362-68537194146a HTTP/1.1" status: 200 len: 943 time: 0.0968890
Aug 16 22:47:12.666091 n-d-791506-26 neutron-server[101291]: DEBUG neutron.pecan_wsgi.hooks.policy_enforcement [req-4c3488f6-f707-4197-bb49-fd6e1980e24d req-7545f0db-f891-445a-9e11-572be5cf3035 service neutron] Attributes excluded by policy engine: ['standard_attr_id', 'vlan_transparent'] {{(pid=101291) _exclude_attributes_by_policy /opt/stack/neutron/neutron/pecan_wsgi/hooks/policy_enforcement.py:255}}
Aug 16 22:47:12.670062 n-d-791506-26 neutron-server[101291]: INFO neutron.wsgi [req-4c3488f6-f707-4197-bb49-fd6e1980e24d req-7545f0db-f891-445a-9e11-572be5cf3035 service neutron] 10.222.0.68 "GET /v2.0/networks?shared=True HTTP/1.1" status: 200 len: 870 time: 0.7649469
Aug 16 22:47:12.725715 n-d-791506-26 neutron-server[101292]: INFO neutron.wsgi [req-80b52021-f2a5-4d9f-a175-c82f27e1b507 req-0d7cff8b-ecbc-4337-889f-8576f983a841 tempest-ServersWithSpecificFlavorTestJSON-1146107218 tempest-ServersWithSpecificFlavorTestJSON-1146107218-project] 10.222.0.36 "GET /v2.0/security-groups?id=540ed4cf-0245-400b-b069-6009faf7f924&fields=id&fields=name HTTP/1.1" status: 200 len: 313 time: 0.0543973
Aug 16 22:47:12.766075 n-d-791506-26 neutron-server[101291]: INFO neutron.wsgi [req-cd67fc65-9a85-4678-aafc-57ebff9d98d5 req-2f091b35-b04c-4f44-b2d4-da16b5aff46a service neutron] 10.222.0.57 "GET /v2.0/networks/1ec41dbe-7c0a-4c4b-bab3-26488606d20f?fields=provider%3Aphysical_network&fields=provider%3Anetwork_type HTTP/1.1" status: 200 len: 281 time: 0.2589731
Aug 16 22:47:12.818219 n-d-791506-26 neutron-server[101291]: DEBUG neutron_lib.callbacks.manager [None req-60683347-8293-4b4b-89ad-45fd3252811f admin admin] Notify callbacks [] for security_group, before_delete {{(pid=101291) _notify_loop /usr/local/lib/python3.8/dist-packages/neutron_lib/callbacks/manager.py:192}}
Aug 16 22:47:12.846777 n-d-791506-26 neutron-server[101292]: INFO neutron.wsgi [req-d887e629-33a9-4539-833f-a66771d11778 req-3cf6da68-9e56-4b0e-abc9-88545856d5c1 tempest-DeleteServersAdminTestJSON-1837355198 tempest-DeleteServersAdminTestJSON-1837355198-project] 10.222.0.36 "GET /v2.0/ports?device_id=de7969eb-fca2-49cf-a9d4-1f98f8acfed0 HTTP/1.1" status: 200 len: 210 time: 0.0314515
Aug 16 22:47:12.922418 n-d-791506-26 neutron-server[101291]: DEBUG neutron_lib.callbacks.manager [None req-60683347-8293-4b4b-89ad-45fd3252811f admin admin] Notify callbacks [] for security_group, precommit_delete {{(pid=101291) _notify_loop /usr/local/lib/python3.8/dist-packages/neutron_lib/callbacks/manager.py:192}}
Aug 16 22:47:12.942672 n-d-791506-26 neutron-server[101291]: DEBUG neutron.notifiers.nova [req-dd88b846-5eb4-41ee-9408-e1ad6d31e9f7 req-d3a0344a-1e55-4065-8642-007991853433 service neutron] Ignoring state change previous_port_status: DOWN current_port_status: DOWN port_id 5d87ffa9-311a-4ea2-8e1f-81a10a10255b {{(pid=101291) record_port_status_changed /opt/stack/neutron/neutron/notifiers/nova.py:224}}
Aug 16 22:47:12.993584 n-d-791506-26 neutron-server[101291]: DEBUG neutron_lib.callbacks.manager [req-dd88b846-5eb4-41ee-9408-e1ad6d31e9f7 req-d3a0344a-1e55-4065-8642-007991853433 service neutron] Notify callbacks [] for port, precommit_update {{(pid=101291) _notify_loop /usr/local/lib/python3.8/dist-packages/neutron_lib/callbacks/manager.py:192}}
Aug 16 22:47:13.042188 n-d-791506-26 neutron-server[101291]: DEBUG neutron.db.provisioning_blocks [req-dd88b846-5eb4-41ee-9408-e1ad6d31e9f7 req-d3a0344a-1e55-4065-8642-007991853433 service neutron] Transition to ACTIVE for port object 5d87ffa9-311a-4ea2-8e1f-81a10a10255b will not be triggered until provisioned by entity L2. {{(pid=101291) add_provisioning_component /opt/stack/neutron/neutron/db/provisioning_blocks.py:73}}
Aug 16 22:47:13.046256 n-d-791506-26 neutron-server[101291]: DEBUG neutron_lib.callbacks.manager [None req-60683347-8293-4b4b-89ad-45fd3252811f admin admin] Notify callbacks ['neutron.plugins.ml2.ovo_rpc._ObjectChangeHandler.handle_event-992253'] for security_group, after_delete {{(pid=101291) _notify_loop /usr/local/lib/python3.8/dist-packages/neutron_lib/callbacks/manager.py:192}}
Aug 16 22:47:13.049493 n-d-791506-26 neutron-server[101291]: DEBUG neutron_lib.callbacks.manager [None req-60683347-8293-4b4b-89ad-45fd3252811f admin admin] Notify callbacks [] for security_group, before_response {{(pid=101291) _notify_loop /usr/local/lib/python3.8/dist-packages/neutron_lib/callbacks/manager.py:192}}
Aug 16 22:47:13.050997 n-d-791506-26 neutron-server[101291]: INFO neutron.wsgi [None req-60683347-8293-4b4b-89ad-45fd3252811f admin admin] 10.222.0.36 "DELETE /v2.0/security-groups/149d15ba-af84-4a56-aafd-4a23207fd240 HTTP/1.1" status: 204 len: 168 time: 0.5519683
Aug 16 22:47:13.068070 n-d-791506-26 neutron-server[101291]: DEBUG neutron_lib.callbacks.manager [req-dd88b846-5eb4-41ee-9408-e1ad6d31e9f7 req-d3a0344a-1e55-4065-8642-007991853433 service neutron] Notify callbacks ['neutron.plugins.ml2.plugin.SecurityGroupServerNotifierRpcMixin._notify_sg_on_port_change-2090537', 'neutron.plugins.ml2.ovo_rpc._ObjectChangeHandler.handle_event-33018', 'neutron.api.rpc.agentnotifiers.dhcp_rpc_agent_api.DhcpAgentNotifyAPI._native_event_send_dhcp_notification-529954', 'neutron.db.l3_db.L3RpcNotifierMixin._notify_gateway_port_ip_changed-8748570308289', 'neutron.db.l3_dvrscheduler_db._notify_l3_agent_port_update-8748569736286', 'neutron.db.l3_hascheduler_db._notify_l3_agent_ha_port_update-8748569736304', 'neutron.services.segments.plugin.NovaSegmentNotifier._notify_port_updated-25589168'] for port, after_update {{(pid=101291) _notify_loop /usr/local/lib/python3.8/dist-packages/neutron_lib/callbacks/manager.py:192}}
Aug 16 22:47:13.078068 n-d-791506-26 neutron-server[101292]: INFO neutron.wsgi [req-cf7e39a1-9c1e-4736-b81f-754ae6368df8 req-0adb623e-0ac8-4fd4-b3da-7cea781239c0 tempest-LiveMigrationTest-1531121175 tempest-LiveMigrationTest-1531121175-project] 10.222.0.36 "GET /v2.0/ports?device_id=1ab9dd79-cdd8-4824-b179-7013d5235b9f HTTP/1.1" status: 200 len: 210 time: 0.0550227
Aug 16 22:47:13.122379 n-d-791506-26 neutron-server[101291]: DEBUG neutron.api.rpc.handlers.resources_rpc [None req-60683347-8293-4b4b-89ad-45fd3252811f admin admin] Pushing event deleted for resources: {'SecurityGroup': ['ID=149d15ba-af84-4a56-aafd-4a23207fd240,revision_number=None']} {{(pid=101291) push /opt/stack/neutron/neutron/api/rpc/handlers/resources_rpc.py:237}}
Aug 16 22:47:13.214082 n-d-791506-26 neutron-server[101291]: DEBUG neutron.api.rpc.handlers.resources_rpc [None req-d3a0344a-1e55-4065-8642-007991853433 service neutron] Pushing event updated for resources: {'Port': ['ID=5d87ffa9-311a-4ea2-8e1f-81a10a10255b,revision_number=2']} {{(pid=101291) push /opt/stack/neutron/neutron/api/rpc/handlers/resources_rpc.py:237}}
Aug 16 22:47:13.400814 n-d-791506-26 neutron-server[101292]: DEBUG neutron.pecan_wsgi.hooks.policy_enforcement [req-03ffb113-4a0f-4dee-93f1-f772094fd2ed req-38357e6f-a084-41fb-9a49-b862b06aae8e tempest-LiveMigrationNegativeTest-1434328511 tempest-LiveMigrationNegativeTest-1434328511-project] Attributes excluded by policy engine: ['standard_attr_id', 'binding:profile', 'binding:host_id', 'binding:vif_type', 'binding:vif_details'] {{(pid=101292) _exclude_attributes_by_policy /opt/stack/neutron/neutron/pecan_wsgi/hooks/policy_enforcement.py:255}}
Aug 16 22:47:13.410992 n-d-791506-26 neutron-server[101292]: INFO neutron.wsgi [req-03ffb113-4a0f-4dee-93f1-f772094fd2ed req-38357e6f-a084-41fb-9a49-b862b06aae8e tempest-LiveMigrationNegativeTest-1434328511 tempest-LiveMigrationNegativeTest-1434328511-project] 10.222.0.36 "GET /v2.0/ports?device_id=262306cf-5aa8-4837-8362-03fc0ec667c8 HTTP/1.1" status: 200 len: 947 time: 0.1187084
Aug 16 22:47:13.431624 n-d-791506-26 neutron-server[101291]: DEBUG neutron.plugins.ml2.managers [req-dd88b846-5eb4-41ee-9408-e1ad6d31e9f7 req-d3a0344a-1e55-4065-8642-007991853433 service neutron] Attempting to bind port 5d87ffa9-311a-4ea2-8e1f-81a10a10255b on host n-h2-791506-26 for vnic_type normal with profile {{(pid=101291) bind_port /opt/stack/neutron/neutron/plugins/ml2/managers.py:790}}
Aug 16 22:47:13.431624 n-d-791506-26 neutron-server[101291]: DEBUG neutron.plugins.ml2.managers [req-dd88b846-5eb4-41ee-9408-e1ad6d31e9f7 req-d3a0344a-1e55-4065-8642-007991853433 service neutron] Attempting to bind port 5d87ffa9-311a-4ea2-8e1f-81a10a10255b by drivers openvswitch,hyperv on host n-h2-791506-26 at level 0 using segments [{'id': '889a1e39-fe47-4fc4-b1e7-d189fb8398af', 'network_type': 'vlan', 'physical_network': 'physnet1', 'segmentation_id': 309, 'network_id': 'a2f596d0-b80e-4404-bf4b-27a7e14f50dd'}] {{(pid=101291) _bind_port_level /opt/stack/neutron/neutron/plugins/ml2/managers.py:815}}
Aug 16 22:47:13.431624 n-d-791506-26 neutron-server[101291]: DEBUG neutron.plugins.ml2.drivers.mech_agent [req-dd88b846-5eb4-41ee-9408-e1ad6d31e9f7 req-d3a0344a-1e55-4065-8642-007991853433 service neutron] Attempting to bind port 5d87ffa9-311a-4ea2-8e1f-81a10a10255b on network a2f596d0-b80e-4404-bf4b-27a7e14f50dd {{(pid=101291) bind_port /opt/stack/neutron/neutron/plugins/ml2/drivers/mech_agent.py:85}}
Aug 16 22:47:13.467330 n-d-791506-26 neutron-server[101291]: DEBUG neutron.plugins.ml2.drivers.mech_agent [req-dd88b846-5eb4-41ee-9408-e1ad6d31e9f7 req-d3a0344a-1e55-4065-8642-007991853433 service neutron] Port 5d87ffa9-311a-4ea2-8e1f-81a10a10255b on network a2f596d0-b80e-4404-bf4b-27a7e14f50dd not bound, no agent of type Open vSwitch agent registered on host n-h2-791506-26 {{(pid=101291) bind_port /opt/stack/neutron/neutron/plugins/ml2/drivers/mech_agent.py:97}}
Aug 16 22:47:13.467330 n-d-791506-26 neutron-server[101291]: DEBUG neutron.plugins.ml2.drivers.mech_agent [req-dd88b846-5eb4-41ee-9408-e1ad6d31e9f7 req-d3a0344a-1e55-4065-8642-007991853433 service neutron] Attempting to bind port 5d87ffa9-311a-4ea2-8e1f-81a10a10255b on network a2f596d0-b80e-4404-bf4b-27a7e14f50dd {{(pid=101291) bind_port /opt/stack/neutron/neutron/plugins/ml2/drivers/mech_agent.py:85}}
Aug 16 22:47:13.483467 n-d-791506-26 neutron-server[101291]: DEBUG neutron.notifiers.nova [-] Sending events: [{'name': 'network-changed', 'server_uuid': 'bd403877-9d1d-4f11-b362-68537194146a', 'tag': '853f0576-5402-426f-ac21-6b7625075f55'}] {{(pid=101291) send_events /opt/stack/neutron/neutron/notifiers/nova.py:262}}
Aug 16 22:47:13.485511 n-d-791506-26 neutron-server[101292]: INFO neutron.wsgi [req-03ffb113-4a0f-4dee-93f1-f772094fd2ed req-af4f649a-b4f0-4d98-b41a-8e6238ae3470 tempest-LiveMigrationNegativeTest-1434328511 tempest-LiveMigrationNegativeTest-1434328511-project] 10.222.0.36 "GET /v2.0/security-groups?id=f22233e2-8c34-4fd0-8000-1738a843992b&fields=id&fields=name HTTP/1.1" status: 200 len: 286 time: 0.0724704
Aug 16 22:47:13.487294 n-d-791506-26 neutron-server[101291]: DEBUG novaclient.v2.client [-] REQ: curl -g -i --cacert "/opt/stack/data/ca-bundle.pem" -X POST http://10.222.0.36/compute/v2.1/os-server-external-events -H "Accept: application/json" -H "Content-Type: application/json" -H "User-Agent: python-novaclient" -H "X-Auth-Token: {SHA256}89cce25357af031595fe5902e38c24946dd87e9406f38e82cd55a6eb3831a59a" -H "X-OpenStack-Nova-API-Version: 2.1" -H "X-OpenStack-Request-ID: req-612b4aa9-a661-47aa-b548-a07a216cd400" -d '{"events": [{"name": "network-changed", "server_uuid": "bd403877-9d1d-4f11-b362-68537194146a", "tag": "853f0576-5402-426f-ac21-6b7625075f55"}]}' {{(pid=101291) _http_log_request /usr/local/lib/python3.8/dist-packages/keystoneauth1/session.py:519}}
Aug 16 22:47:13.499040 n-d-791506-26 neutron-server[101291]: DEBUG neutron.plugins.ml2.drivers.mech_agent [req-dd88b846-5eb4-41ee-9408-e1ad6d31e9f7 req-d3a0344a-1e55-4065-8642-007991853433 service neutron] Checking agent: {'id': '4cd89d79-3ec6-4f51-950f-13dd6efeaa5b', 'agent_type': 'HyperV agent', 'binary': 'neutron-hyperv-agent', 'topic': 'N/A', 'host': 'n-h2-791506-26', 'admin_state_up': True, 'created_at': datetime.datetime(2021, 8, 16, 22, 44, 25), 'started_at': datetime.datetime(2021, 8, 16, 22, 44, 25), 'heartbeat_timestamp': datetime.datetime(2021, 8, 16, 22, 46, 55), 'description': None, 'resources_synced': None, 'availability_zone': None, 'alive': True, 'configurations': {'vswitch_mappings': {'physnet1$': 'br-data'}}, 'resource_versions': {}} {{(pid=101291) bind_port /opt/stack/neutron/neutron/plugins/ml2/drivers/mech_agent.py:104}}
Aug 16 22:47:13.499040 n-d-791506-26 neutron-server[101291]: DEBUG neutron.plugins.ml2.drivers.mech_agent [req-dd88b846-5eb4-41ee-9408-e1ad6d31e9f7 req-d3a0344a-1e55-4065-8642-007991853433 service neutron] Checking segment: {'id': '889a1e39-fe47-4fc4-b1e7-d189fb8398af', 'network_type': 'vlan', 'physical_network': 'physnet1', 'segmentation_id': 309, 'network_id': 'a2f596d0-b80e-4404-bf4b-27a7e14f50dd'} for mappings: {'physnet1$': 'br-data'} with network types: ['local', 'flat', 'vlan'] {{(pid=101291) check_segment_for_agent /opt/stack/neutron/neutron/plugins/ml2/drivers/mech_agent.py:352}}
Aug 16 22:47:13.499040 n-d-791506-26 neutron-server[101291]: DEBUG neutron.plugins.ml2.drivers.mech_agent [req-dd88b846-5eb4-41ee-9408-e1ad6d31e9f7 req-d3a0344a-1e55-4065-8642-007991853433 service neutron] Bound using segment: {'id': '889a1e39-fe47-4fc4-b1e7-d189fb8398af', 'network_type': 'vlan', 'physical_network': 'physnet1', 'segmentation_id': 309, 'network_id': 'a2f596d0-b80e-4404-bf4b-27a7e14f50dd'} {{(pid=101291) bind_port /opt/stack/neutron/neutron/plugins/ml2/drivers/mech_agent.py:114}}
Aug 16 22:47:13.499040 n-d-791506-26 neutron-server[101291]: DEBUG neutron.plugins.ml2.managers [req-dd88b846-5eb4-41ee-9408-e1ad6d31e9f7 req-d3a0344a-1e55-4065-8642-007991853433 service neutron] Bound port: 5d87ffa9-311a-4ea2-8e1f-81a10a10255b, host: n-h2-791506-26, vif_type: hyperv, vif_details: {"connectivity": "legacy", "port_filter": false}, binding_levels: [{'bound_driver': 'hyperv', 'bound_segment': {'id': '889a1e39-fe47-4fc4-b1e7-d189fb8398af', 'network_type': 'vlan', 'physical_network': 'physnet1', 'segmentation_id': 309, 'network_id': 'a2f596d0-b80e-4404-bf4b-27a7e14f50dd'}}] {{(pid=101291) _bind_port_level /opt/stack/neutron/neutron/plugins/ml2/managers.py:928}}
Aug 16 22:47:13.499040 n-d-791506-26 neutron-server[101291]: DEBUG neutron_lib.callbacks.manager [req-dd88b846-5eb4-41ee-9408-e1ad6d31e9f7 req-d3a0344a-1e55-4065-8642-007991853433 service neutron] Notify callbacks ['neutron.plugins.ml2.plugin.SecurityGroupDbMixin._ensure_default_security_group_handler-2090299'] for port, before_update {{(pid=101291) _notify_loop /usr/local/lib/python3.8/dist-packages/neutron_lib/callbacks/manager.py:192}}
Aug 16 22:47:13.521654 n-d-791506-26 neutron-server[101293]: DEBUG neutron.plugins.ml2.rpc [None req-9fca2bf3-1305-4aa8-8dcd-c6f37aa35158 None None] Device d5c4a791-fa23-4016-a62e-9d2fc0de15be no longer exists at agent hyperv_n-h1-791506-26 {{(pid=101293) update_device_down /opt/stack/neutron/neutron/plugins/ml2/rpc.py:259}}
Aug 16 22:47:13.544488 n-d-791506-26 neutron-server[101291]: DEBUG neutron.pecan_wsgi.hooks.policy_enforcement [req-7fe1f288-665f-4859-b8e0-66bd22e904ff req-97540677-eca3-49b1-a437-bfba0468354f tempest-LiveMigrationTest-1531121175 tempest-LiveMigrationTest-1531121175-project] Attributes excluded by policy engine: ['standard_attr_id', 'vlan_transparent', 'provider:network_type', 'provider:physical_network', 'provider:segmentation_id'] {{(pid=101291) _exclude_attributes_by_policy /opt/stack/neutron/neutron/pecan_wsgi/hooks/policy_enforcement.py:255}}
Aug 16 22:47:13.553934 n-d-791506-26 neutron-server[101291]: INFO neutron.wsgi [req-7fe1f288-665f-4859-b8e0-66bd22e904ff req-97540677-eca3-49b1-a437-bfba0468354f tempest-LiveMigrationTest-1531121175 tempest-LiveMigrationTest-1531121175-project] 10.222.0.68 "GET /v2.0/networks?id=bdacd106-3582-43d1-a3c6-7a9333f5e2e0 HTTP/1.1" status: 200 len: 808 time: 0.2522559
Aug 16 22:47:13.568271 n-d-791506-26 neutron-server[101293]: DEBUG neutron.plugins.ml2.plugin [None req-9fca2bf3-1305-4aa8-8dcd-c6f37aa35158 None None] No Port match for: d5c4a791-fa23-4016-a62e-9d2fc0de15be {{(pid=101293) port_bound_to_host /opt/stack/neutron/neutron/plugins/ml2/plugin.py:2253}}
Aug 16 22:47:13.569531 n-d-791506-26 neutron-server[101293]: DEBUG neutron.plugins.ml2.rpc [None req-9fca2bf3-1305-4aa8-8dcd-c6f37aa35158 None None] Device d5c4a791-fa23-4016-a62e-9d2fc0de15be not bound to the agent host n-h1-791506-26 {{(pid=101293) update_device_down /opt/stack/neutron/neutron/plugins/ml2/rpc.py:269}}
Aug 16 22:47:13.603135 n-d-791506-26 neutron-server[101292]: DEBUG neutron.wsgi [-] (101292) accepted ('10.222.0.36', 50626) {{(pid=101292) server /usr/local/lib/python3.8/dist-packages/eventlet/wsgi.py:982}}
Aug 16 22:47:13.639532 n-d-791506-26 neutron-server[101291]: DEBUG novaclient.v2.client [-] RESP: [200] Connection: close Content-Length: 179 Content-Type: application/json Date: Mon, 16 Aug 2021 22:47:13 GMT OpenStack-API-Version: compute 2.1 Server: Apache/2.4.41 (Ubuntu) Vary: OpenStack-API-Version,X-OpenStack-Nova-API-Version X-OpenStack-Nova-API-Version: 2.1 x-compute-request-id: req-5481ef63-fe61-4238-8ee6-97c7110e74ae x-openstack-request-id: req-5481ef63-fe61-4238-8ee6-97c7110e74ae {{(pid=101291) _http_log_response /usr/local/lib/python3.8/dist-packages/keystoneauth1/session.py:550}}
Aug 16 22:47:13.639833 n-d-791506-26 neutron-server[101291]: DEBUG novaclient.v2.client [-] RESP BODY: {"events": [{"name": "network-changed", "server_uuid": "bd403877-9d1d-4f11-b362-68537194146a", "tag": "853f0576-5402-426f-ac21-6b7625075f55", "status": "completed", "code": 200}]} {{(pid=101291) _http_log_response /usr/local/lib/python3.8/dist-packages/keystoneauth1/session.py:582}}
Aug 16 22:47:13.640134 n-d-791506-26 neutron-server[101291]: DEBUG novaclient.v2.client [-] POST call to compute for http://10.222.0.36/compute/v2.1/os-server-external-events used request id req-5481ef63-fe61-4238-8ee6-97c7110e74ae {{(pid=101291) request /usr/local/lib/python3.8/dist-packages/keystoneauth1/session.py:954}}
Aug 16 22:47:13.640492 n-d-791506-26 neutron-server[101291]: INFO neutron.notifiers.nova [-] Nova event response: {'name': 'network-changed', 'server_uuid': 'bd403877-9d1d-4f11-b362-68537194146a', 'tag': '853f0576-5402-426f-ac21-6b7625075f55', 'status': 'completed', 'code': 200}
Aug 16 22:47:13.644241 n-d-791506-26 neutron-server[101291]: DEBUG neutron.api.v2.base [req-7fe1f288-665f-4859-b8e0-66bd22e904ff req-5c88ef37-8797-474f-b1d0-335acdda354e tempest-LiveMigrationTest-1531121175 tempest-LiveMigrationTest-1531121175-project] Request body: {'port': {'device_id': '1ab9dd79-cdd8-4824-b179-7013d5235b9f', 'network_id': 'bdacd106-3582-43d1-a3c6-7a9333f5e2e0', 'admin_state_up': True, 'tenant_id': 'a4c9d624b07f42a0ae3c7ed63064f003'}} {{(pid=101291) prepare_request_body /opt/stack/neutron/neutron/api/v2/base.py:730}}
Aug 16 22:47:13.834452 n-d-791506-26 neutron-server[101291]: DEBUG neutron.pecan_wsgi.hooks.policy_enforcement [req-612b4aa9-a661-47aa-b548-a07a216cd400 req-5a200cd7-beb5-4203-b766-f2c305ec8162 service neutron] Attributes excluded by policy engine: ['standard_attr_id'] {{(pid=101291) _exclude_attributes_by_policy /opt/stack/neutron/neutron/pecan_wsgi/hooks/policy_enforcement.py:255}}
Aug 16 22:47:13.836130 n-d-791506-26 neutron-server[101291]: INFO neutron.wsgi [req-612b4aa9-a661-47aa-b548-a07a216cd400 req-5a200cd7-beb5-4203-b766-f2c305ec8162 service neutron] 10.222.0.57 "GET /v2.0/ports?tenant_id=733236da22f3411d852a1f0b783a3537&device_id=bd403877-9d1d-4f11-b362-68537194146a HTTP/1.1" status: 200 len: 1095 time: 0.0839944
Aug 16 22:47:13.841954 n-d-791506-26 neutron-server[101291]: DEBUG neutron.plugins.ml2.db [req-dd88b846-5eb4-41ee-9408-e1ad6d31e9f7 req-d3a0344a-1e55-4065-8642-007991853433 service neutron] For port 5d87ffa9-311a-4ea2-8e1f-81a10a10255b, host n-h2-791506-26, cleared binding levels {{(pid=101291) clear_binding_levels /opt/stack/neutron/neutron/plugins/ml2/db.py:87}}
Aug 16 22:47:13.855831 n-d-791506-26 neutron-server[101291]: DEBUG neutron.plugins.ml2.db [req-dd88b846-5eb4-41ee-9408-e1ad6d31e9f7 req-d3a0344a-1e55-4065-8642-007991853433 service neutron] For port 5d87ffa9-311a-4ea2-8e1f-81a10a10255b, host n-h2-791506-26, set binding levels [PortBindingLevel(driver='hyperv',host='n-h2-791506-26',level=0,port_id=5d87ffa9-311a-4ea2-8e1f-81a10a10255b,segment=NetworkSegment(889a1e39-fe47-4fc4-b1e7-d189fb8398af),segment_id=889a1e39-fe47-4fc4-b1e7-d189fb8398af)] {{(pid=101291) set_binding_levels /opt/stack/neutron/neutron/plugins/ml2/db.py:59}}
Aug 16 22:47:13.857021 n-d-791506-26 neutron-server[101291]: DEBUG neutron.pecan_wsgi.hooks.quota_enforcement [req-7fe1f288-665f-4859-b8e0-66bd22e904ff req-5c88ef37-8797-474f-b1d0-335acdda354e tempest-LiveMigrationTest-1531121175 tempest-LiveMigrationTest-1531121175-project] Made reservation on behalf of a4c9d624b07f42a0ae3c7ed63064f003 for: {'port': 1} {{(pid=101291) before /opt/stack/neutron/neutron/pecan_wsgi/hooks/quota_enforcement.py:53}}
Aug 16 22:47:13.861396 n-d-791506-26 neutron-server[101291]: DEBUG neutron_lib.callbacks.manager [req-7fe1f288-665f-4859-b8e0-66bd22e904ff req-5c88ef37-8797-474f-b1d0-335acdda354e tempest-LiveMigrationTest-1531121175 tempest-LiveMigrationTest-1531121175-project] Notify callbacks ['neutron.plugins.ml2.plugin.SecurityGroupDbMixin._ensure_default_security_group_handler-2090299'] for port, before_create {{(pid=101291) _notify_loop /usr/local/lib/python3.8/dist-packages/neutron_lib/callbacks/manager.py:192}}
Aug 16 22:47:13.883477 n-d-791506-26 neutron-server[101291]: DEBUG neutron_lib.callbacks.manager [req-dd88b846-5eb4-41ee-9408-e1ad6d31e9f7 req-d3a0344a-1e55-4065-8642-007991853433 service neutron] Notify callbacks ['neutron.plugins.ml2.plugin.SecurityGroupServerNotifierRpcMixin._notify_sg_on_port_change-2090537', 'neutron.plugins.ml2.ovo_rpc._ObjectChangeHandler.handle_event-33018', 'neutron.api.rpc.agentnotifiers.dhcp_rpc_agent_api.DhcpAgentNotifyAPI._native_event_send_dhcp_notification-529954', 'neutron.db.l3_db.L3RpcNotifierMixin._notify_gateway_port_ip_changed-8748570308289', 'neutron.db.l3_dvrscheduler_db._notify_l3_agent_port_update-8748569736286', 'neutron.db.l3_hascheduler_db._notify_l3_agent_ha_port_update-8748569736304', 'neutron.services.segments.plugin.NovaSegmentNotifier._notify_port_updated-25589168'] for port, after_update {{(pid=101291) _notify_loop /usr/local/lib/python3.8/dist-packages/neutron_lib/callbacks/manager.py:192}}
Aug 16 22:47:13.933601 n-d-791506-26 neutron-server[101292]: DEBUG neutron_lib.callbacks.manager [None req-61005614-0bb6-436d-bf48-aeb8479088b5 admin admin] Notify callbacks [] for security_group, before_create {{(pid=101292) _notify_loop /usr/local/lib/python3.8/dist-packages/neutron_lib/callbacks/manager.py:192}}
Aug 16 22:47:13.962358 n-d-791506-26 neutron-server[101291]: DEBUG neutron.pecan_wsgi.hooks.policy_enforcement [req-dd88b846-5eb4-41ee-9408-e1ad6d31e9f7 req-d3a0344a-1e55-4065-8642-007991853433 service neutron] Attributes excluded by policy engine: ['standard_attr_id'] {{(pid=101291) _exclude_attributes_by_policy /opt/stack/neutron/neutron/pecan_wsgi/hooks/policy_enforcement.py:255}}
Aug 16 22:47:13.963917 n-d-791506-26 neutron-server[101291]: DEBUG neutron_lib.callbacks.manager [req-dd88b846-5eb4-41ee-9408-e1ad6d31e9f7 req-d3a0344a-1e55-4065-8642-007991853433 service neutron] Notify callbacks ['neutron.notifiers.nova.Notifier._send_nova_notification-475614'] for port, before_response {{(pid=101291) _notify_loop /usr/local/lib/python3.8/dist-packages/neutron_lib/callbacks/manager.py:192}}
Aug 16 22:47:13.965648 n-d-791506-26 neutron-server[101291]: INFO neutron.wsgi [req-dd88b846-5eb4-41ee-9408-e1ad6d31e9f7 req-d3a0344a-1e55-4065-8642-007991853433 service neutron] 10.222.0.57 "PUT /v2.0/ports/5d87ffa9-311a-4ea2-8e1f-81a10a10255b HTTP/1.1" status: 200 len: 1096 time: 2.3506026
Aug 16 22:47:13.977256 n-d-791506-26 neutron-server[101292]: DEBUG neutron.pecan_wsgi.hooks.policy_enforcement [req-fbdab8ee-13ef-4ce4-bfe5-ab92d1ea3a60 req-6c6b6d0d-2b73-4316-ad87-b8837c7111f6 tempest-ServersWithSpecificFlavorTestJSON-1146107218 tempest-ServersWithSpecificFlavorTestJSON-1146107218-project] Attributes excluded by policy engine: ['standard_attr_id', 'binding:profile', 'binding:host_id', 'binding:vif_type', 'binding:vif_details'] {{(pid=101292) _exclude_attributes_by_policy /opt/stack/neutron/neutron/pecan_wsgi/hooks/policy_enforcement.py:255}}
Aug 16 22:47:13.986352 n-d-791506-26 neutron-server[101292]: INFO neutron.wsgi [req-fbdab8ee-13ef-4ce4-bfe5-ab92d1ea3a60 req-6c6b6d0d-2b73-4316-ad87-b8837c7111f6 tempest-ServersWithSpecificFlavorTestJSON-1146107218 tempest-ServersWithSpecificFlavorTestJSON-1146107218-project] 10.222.0.36 "GET /v2.0/ports?device_id=bd403877-9d1d-4f11-b362-68537194146a HTTP/1.1" status: 200 len: 943 time: 0.1199183
Aug 16 22:47:14.055481 n-d-791506-26 neutron-server[101292]: INFO neutron.wsgi [req-92ac9aaf-80a1-4374-80e3-91f00c280ce5 req-ed2de20d-7cb7-49cd-b407-8b0f23c171c5 tempest-DeleteServersAdminTestJSON-1837355198 tempest-DeleteServersAdminTestJSON-1837355198-project] 10.222.0.36 "GET /v2.0/ports?device_id=de7969eb-fca2-49cf-a9d4-1f98f8acfed0 HTTP/1.1" status: 200 len: 210 time: 0.0546951
Aug 16 22:47:14.122971 n-d-791506-26 neutron-server[101291]: DEBUG neutron.wsgi [-] (101291) accepted ('10.222.0.36', 50652) {{(pid=101291) server /usr/local/lib/python3.8/dist-packages/eventlet/wsgi.py:982}}
Aug 16 22:47:14.132866 n-d-791506-26 neutron-server[101292]: INFO neutron.wsgi [req-fbdab8ee-13ef-4ce4-bfe5-ab92d1ea3a60 req-c0dcc229-d0cb-4634-911d-5b287cc7e5a1 tempest-ServersWithSpecificFlavorTestJSON-1146107218 tempest-ServersWithSpecificFlavorTestJSON-1146107218-project] 10.222.0.36 "GET /v2.0/security-groups?id=540ed4cf-0245-400b-b069-6009faf7f924&fields=id&fields=name HTTP/1.1" status: 200 len: 313 time: 0.1452255
Aug 16 22:47:14.235923 n-d-791506-26 neutron-server[101291]: DEBUG neutron.api.rpc.handlers.resources_rpc [None req-d3a0344a-1e55-4065-8642-007991853433 service neutron] Pushing event updated for resources: {'Port': ['ID=5d87ffa9-311a-4ea2-8e1f-81a10a10255b,revision_number=3']} {{(pid=101291) push /opt/stack/neutron/neutron/api/rpc/handlers/resources_rpc.py:237}}
Aug 16 22:47:14.278657 n-d-791506-26 neutron-server[101292]: DEBUG neutron_lib.callbacks.manager [None req-61005614-0bb6-436d-bf48-aeb8479088b5 admin admin] Notify callbacks [] for security_group, precommit_create {{(pid=101292) _notify_loop /usr/local/lib/python3.8/dist-packages/neutron_lib/callbacks/manager.py:192}}
Aug 16 22:47:14.285898 n-d-791506-26 neutron-server[101292]: DEBUG neutron_lib.callbacks.manager [None req-61005614-0bb6-436d-bf48-aeb8479088b5 admin admin] Notify callbacks ['neutron.plugins.ml2.ovo_rpc._ObjectChangeHandler.handle_event-992253'] for security_group, after_create {{(pid=101292) _notify_loop /usr/local/lib/python3.8/dist-packages/neutron_lib/callbacks/manager.py:192}}
Aug 16 22:47:14.324987 n-d-791506-26 neutron-server[101291]: DEBUG neutron.pecan_wsgi.hooks.policy_enforcement [req-612b4aa9-a661-47aa-b548-a07a216cd400 req-44167461-aa70-4262-aa08-db9f26a6a901 service neutron] Attributes excluded by policy engine: ['standard_attr_id', 'vlan_transparent'] {{(pid=101291) _exclude_attributes_by_policy /opt/stack/neutron/neutron/pecan_wsgi/hooks/policy_enforcement.py:255}}
Aug 16 22:47:14.326859 n-d-791506-26 neutron-server[101291]: INFO neutron.wsgi [req-612b4aa9-a661-47aa-b548-a07a216cd400 req-44167461-aa70-4262-aa08-db9f26a6a901 service neutron] 10.222.0.57 "GET /v2.0/networks?id=1ec41dbe-7c0a-4c4b-bab3-26488606d20f HTTP/1.1" status: 200 len: 923 time: 0.4819784
Aug 16 22:47:14.394345 n-d-791506-26 neutron-server[101291]: INFO neutron.wsgi [req-612b4aa9-a661-47aa-b548-a07a216cd400 req-106ab3c9-eb34-43ff-9b19-f32a9a3ec45c service neutron] 10.222.0.57 "GET /v2.0/floatingips?fixed_ip_address=172.20.0.6&port_id=853f0576-5402-426f-ac21-6b7625075f55 HTTP/1.1" status: 200 len: 217 time: 0.0563223
Aug 16 22:47:14.410279 n-d-791506-26 neutron-server[101292]: INFO neutron.wsgi [None req-61005614-0bb6-436d-bf48-aeb8479088b5 admin admin] 10.222.0.36 "GET /v2.0/security-groups?tenant_id=f11f0bcf507a4c0a8a73ccb0f38f77b2&name=default HTTP/1.1" status: 200 len: 2979 time: 0.8057847
Aug 16 22:47:14.412269 n-d-791506-26 neutron-server[101292]: DEBUG neutron.api.rpc.handlers.resources_rpc [None req-61005614-0bb6-436d-bf48-aeb8479088b5 admin admin] Pushing event updated for resources: {'SecurityGroup': ['ID=9212b358-3be2-4e1d-8d65-8e51944471fd,revision_number=1']} {{(pid=101292) push /opt/stack/neutron/neutron/api/rpc/handlers/resources_rpc.py:237}}
Aug 16 22:47:14.443172 n-d-791506-26 neutron-server[101291]: DEBUG neutron.wsgi [-] (101291) accepted ('10.222.0.36', 50666) {{(pid=101291) server /usr/local/lib/python3.8/dist-packages/eventlet/wsgi.py:982}}
Aug 16 22:47:14.449468 n-d-791506-26 neutron-server[101291]: INFO neutron.wsgi [req-128254c7-d8eb-47ed-8498-9554bfa8ca14 req-4a3e9d9f-5497-4243-8bb6-8089957f2e96 tempest-DeleteServersAdminTestJSON-1837355198 tempest-DeleteServersAdminTestJSON-1837355198-project] 10.222.0.68 "GET /v2.0/networks?tenant_id=9056e26ac3ee4e199dd44fcb58187fae&shared=False HTTP/1.1" status: 200 len: 213 time: 0.2182140
Aug 16 22:47:14.473964 n-d-791506-26 neutron-server[101292]: INFO neutron.wsgi [req-5baace4a-9025-4f6b-a574-7822c58d7643 req-03123044-007b-4cda-9f82-cd3c099f5da1 tempest-LiveMigrationTest-1531121175 tempest-LiveMigrationTest-1531121175-project] 10.222.0.36 "GET /v2.0/ports?device_id=1ab9dd79-cdd8-4824-b179-7013d5235b9f HTTP/1.1" status: 200 len: 210 time: 0.0919735
Aug 16 22:47:14.534210 n-d-791506-26 neutron-server[101291]: DEBUG neutron.pecan_wsgi.hooks.policy_enforcement [req-dd88b846-5eb4-41ee-9408-e1ad6d31e9f7 req-26d6748f-31b7-4c0d-a4d7-d7ad24e542e9 service neutron] Attributes excluded by policy engine: ['standard_attr_id'] {{(pid=101291) _exclude_attributes_by_policy /opt/stack/neutron/neutron/pecan_wsgi/hooks/policy_enforcement.py:255}}
Aug 16 22:47:14.536060 n-d-791506-26 neutron-server[101291]: INFO neutron.wsgi [req-dd88b846-5eb4-41ee-9408-e1ad6d31e9f7 req-26d6748f-31b7-4c0d-a4d7-d7ad24e542e9 service neutron] 10.222.0.57 "GET /v2.0/ports?tenant_id=10539860d211439d86a230953dfaef16&device_id=262306cf-5aa8-4837-8362-03fc0ec667c8 HTTP/1.1" status: 200 len: 1099 time: 0.4528370
Aug 16 22:47:14.564723 n-d-791506-26 neutron-server[101291]: DEBUG neutron_lib.callbacks.manager [None req-f0bc75a3-92fc-4e12-b05e-1b2114737f88 admin admin] Notify callbacks [] for security_group, before_create {{(pid=101291) _notify_loop /usr/local/lib/python3.8/dist-packages/neutron_lib/callbacks/manager.py:192}}
Aug 16 22:47:14.568366 n-d-791506-26 neutron-server[101291]: DEBUG neutron.db.db_base_plugin_common [req-7fe1f288-665f-4859-b8e0-66bd22e904ff req-5c88ef37-8797-474f-b1d0-335acdda354e tempest-LiveMigrationTest-1531121175 tempest-LiveMigrationTest-1531121175-project] Allocated IP 172.20.0.9 (bdacd106-3582-43d1-a3c6-7a9333f5e2e0/78dd72b6-bd21-4b15-8ce7-13fda92dba19/ac0c1df4-b6cc-41b4-a071-67b0439c495d) {{(pid=101291) _store_ip_allocation /opt/stack/neutron/neutron/db/db_base_plugin_common.py:131}}
Aug 16 22:47:14.627336 n-d-791506-26 neutron-server[101292]: DEBUG neutron.pecan_wsgi.hooks.policy_enforcement [req-6885182d-9926-4da5-9ec5-7a84047a3bd7 req-dd046e55-35f5-4d21-9f1d-744d27629318 tempest-LiveMigrationNegativeTest-1434328511 tempest-LiveMigrationNegativeTest-1434328511-project] Attributes excluded by policy engine: ['standard_attr_id', 'binding:profile', 'binding:host_id', 'binding:vif_type', 'binding:vif_details'] {{(pid=101292) _exclude_attributes_by_policy /opt/stack/neutron/neutron/pecan_wsgi/hooks/policy_enforcement.py:255}}
Aug 16 22:47:14.637523 n-d-791506-26 neutron-server[101292]: INFO neutron.wsgi [req-6885182d-9926-4da5-9ec5-7a84047a3bd7 req-dd046e55-35f5-4d21-9f1d-744d27629318 tempest-LiveMigrationNegativeTest-1434328511 tempest-LiveMigrationNegativeTest-1434328511-project] 10.222.0.36 "GET /v2.0/ports?device_id=262306cf-5aa8-4837-8362-03fc0ec667c8 HTTP/1.1" status: 200 len: 947 time: 0.0804284
Aug 16 22:47:14.640294 n-d-791506-26 neutron-server[101291]: INFO neutron.wsgi [req-dd88b846-5eb4-41ee-9408-e1ad6d31e9f7 req-10ccf9e6-6f4a-491a-b9cc-7f2bd6b59d4b service neutron] 10.222.0.57 "GET /v2.0/floatingips?fixed_ip_address=192.168.233.86&port_id=5d87ffa9-311a-4ea2-8e1f-81a10a10255b HTTP/1.1" status: 200 len: 217 time: 0.0877171
Aug 16 22:47:14.713828 n-d-791506-26 neutron-server[101292]: INFO neutron.wsgi [req-6885182d-9926-4da5-9ec5-7a84047a3bd7 req-6ebfdc52-c194-4976-897d-234e2f67dba8 tempest-LiveMigrationNegativeTest-1434328511 tempest-LiveMigrationNegativeTest-1434328511-project] 10.222.0.36 "GET /v2.0/security-groups?id=f22233e2-8c34-4fd0-8000-1738a843992b&fields=id&fields=name HTTP/1.1" status: 200 len: 286 time: 0.0740349
Aug 16 22:47:14.738015 n-d-791506-26 neutron-server[101291]: DEBUG neutron.pecan_wsgi.hooks.policy_enforcement [req-612b4aa9-a661-47aa-b548-a07a216cd400 req-79de866d-c5d7-4196-adc4-3c8327de5d10 service neutron] Attributes excluded by policy engine: ['standard_attr_id', 'shared', 'segment_id'] {{(pid=101291) _exclude_attributes_by_policy /opt/stack/neutron/neutron/pecan_wsgi/hooks/policy_enforcement.py:255}}
Aug 16 22:47:14.739569 n-d-791506-26 neutron-server[101291]: INFO neutron.wsgi [req-612b4aa9-a661-47aa-b548-a07a216cd400 req-79de866d-c5d7-4196-adc4-3c8327de5d10 service neutron] 10.222.0.57 "GET /v2.0/subnets?id=d73dbfff-4ee7-4d05-8df7-c328a380882a HTTP/1.1" status: 200 len: 861 time: 0.3250647
Aug 16 22:47:14.768035 n-d-791506-26 neutron-server[101291]: DEBUG neutron_lib.callbacks.manager [None req-7da93a86-81ba-468d-8615-fe4f1c486007 admin admin] Notify callbacks [] for security_group, before_delete {{(pid=101291) _notify_loop /usr/local/lib/python3.8/dist-packages/neutron_lib/callbacks/manager.py:192}}
Aug 16 22:47:14.807654 n-d-791506-26 neutron-server[101292]: DEBUG neutron.pecan_wsgi.hooks.policy_enforcement [req-b40a8c30-878a-4a23-9f3d-6c20cecd8d77 req-a847ce06-f294-42be-a2ef-95c64427c1a4 tempest-AggregatesAdminTestJSON-1746639393 tempest-AggregatesAdminTestJSON-1746639393-project] Attributes excluded by policy engine: ['standard_attr_id', 'binding:profile', 'binding:host_id', 'binding:vif_type', 'binding:vif_details'] {{(pid=101292) _exclude_attributes_by_policy /opt/stack/neutron/neutron/pecan_wsgi/hooks/policy_enforcement.py:255}}
Aug 16 22:47:14.809489 n-d-791506-26 neutron-server[101292]: INFO neutron.wsgi [req-b40a8c30-878a-4a23-9f3d-6c20cecd8d77 req-a847ce06-f294-42be-a2ef-95c64427c1a4 tempest-AggregatesAdminTestJSON-1746639393 tempest-AggregatesAdminTestJSON-1746639393-project] 10.222.0.36 "GET /v2.0/ports?device_id=d1b87be3-c59b-4d75-9922-3fde355378af HTTP/1.1" status: 200 len: 970 time: 0.0579841
Aug 16 22:47:14.854876 n-d-791506-26 neutron-server[101292]: INFO neutron.wsgi [req-b40a8c30-878a-4a23-9f3d-6c20cecd8d77 req-5c3fbcf9-5d56-4548-973d-c0c70fdbfd4a tempest-AggregatesAdminTestJSON-1746639393 tempest-AggregatesAdminTestJSON-1746639393-project] 10.222.0.36 "GET /v2.0/security-groups?id=b2fc8c28-b290-4027-a461-ea02977787ca&fields=id&fields=name HTTP/1.1" status: 200 len: 286 time: 0.0393467
Aug 16 22:47:14.872805 n-d-791506-26 neutron-server[101291]: DEBUG neutron.pecan_wsgi.hooks.policy_enforcement [req-dd88b846-5eb4-41ee-9408-e1ad6d31e9f7 req-9c494e29-be17-4ad5-ba24-d834c4ef53fd service neutron] Attributes excluded by policy engine: ['standard_attr_id', 'shared', 'segment_id'] {{(pid=101291) _exclude_attributes_by_policy /opt/stack/neutron/neutron/pecan_wsgi/hooks/policy_enforcement.py:255}}
Aug 16 22:47:14.873423 n-d-791506-26 neutron-server[101291]: INFO neutron.wsgi [req-dd88b846-5eb4-41ee-9408-e1ad6d31e9f7 req-9c494e29-be17-4ad5-ba24-d834c4ef53fd service neutron] 10.222.0.57 "GET /v2.0/subnets?id=6af2b868-37d3-46ab-a526-0465929f13c8 HTTP/1.1" status: 200 len: 843 time: 0.2007296
Aug 16 22:47:14.940825 n-d-791506-26 neutron-server[101291]: DEBUG neutron_lib.callbacks.manager [None req-7da93a86-81ba-468d-8615-fe4f1c486007 admin admin] Notify callbacks [] for security_group, precommit_delete {{(pid=101291) _notify_loop /usr/local/lib/python3.8/dist-packages/neutron_lib/callbacks/manager.py:192}}
Aug 16 22:47:14.992217 n-d-791506-26 neutron-server[101291]: DEBUG neutron.pecan_wsgi.hooks.policy_enforcement [req-612b4aa9-a661-47aa-b548-a07a216cd400 req-82153ce1-e25f-4eca-a630-859b37f3a09d service neutron] Attributes excluded by policy engine: ['standard_attr_id'] {{(pid=101291) _exclude_attributes_by_policy /opt/stack/neutron/neutron/pecan_wsgi/hooks/policy_enforcement.py:255}}
Aug 16 22:47:14.993753 n-d-791506-26 neutron-server[101291]: INFO neutron.wsgi [req-612b4aa9-a661-47aa-b548-a07a216cd400 req-82153ce1-e25f-4eca-a630-859b37f3a09d service neutron] 10.222.0.57 "GET /v2.0/ports?network_id=1ec41dbe-7c0a-4c4b-bab3-26488606d20f&device_owner=network%3Adhcp HTTP/1.1" status: 200 len: 1164 time: 0.2442572
Aug 16 22:47:15.034532 n-d-791506-26 neutron-server[101291]: DEBUG neutron.pecan_wsgi.hooks.policy_enforcement [req-128254c7-d8eb-47ed-8498-9554bfa8ca14 req-4280b607-4149-458e-bd9d-576ba88735a4 tempest-DeleteServersAdminTestJSON-1837355198 tempest-DeleteServersAdminTestJSON-1837355198-project] Attributes excluded by policy engine: ['standard_attr_id', 'vlan_transparent', 'provider:network_type', 'provider:physical_network', 'provider:segmentation_id'] {{(pid=101291) _exclude_attributes_by_policy /opt/stack/neutron/neutron/pecan_wsgi/hooks/policy_enforcement.py:255}}
Aug 16 22:47:15.035941 n-d-791506-26 neutron-server[101291]: INFO neutron.wsgi [req-128254c7-d8eb-47ed-8498-9554bfa8ca14 req-4280b607-4149-458e-bd9d-576ba88735a4 tempest-DeleteServersAdminTestJSON-1837355198 tempest-DeleteServersAdminTestJSON-1837355198-project] 10.222.0.68 "GET /v2.0/networks?shared=True HTTP/1.1" status: 200 len: 769 time: 0.5427535
Aug 16 22:47:15.081139 n-d-791506-26 neutron-server[101291]: DEBUG neutron.api.v2.base [req-128254c7-d8eb-47ed-8498-9554bfa8ca14 req-7eb0d59c-288d-418e-bca0-1f0d5fa56276 tempest-DeleteServersAdminTestJSON-1837355198 tempest-DeleteServersAdminTestJSON-1837355198-project] Request body: {'port': {'device_id': 'de7969eb-fca2-49cf-a9d4-1f98f8acfed0', 'network_id': 'a2f596d0-b80e-4404-bf4b-27a7e14f50dd', 'admin_state_up': True, 'tenant_id': '9056e26ac3ee4e199dd44fcb58187fae'}} {{(pid=101291) prepare_request_body /opt/stack/neutron/neutron/api/v2/base.py:730}}
Aug 16 22:47:15.162195 n-d-791506-26 neutron-server[101292]: INFO neutron.wsgi [req-63a09dd8-14a1-4ec7-8581-684766982e59 req-b02c6333-b3ca-4a40-a891-f2ad1bc3b2db tempest-DeleteServersAdminTestJSON-1837355198 tempest-DeleteServersAdminTestJSON-1837355198-project] 10.222.0.36 "GET /v2.0/ports?device_id=de7969eb-fca2-49cf-a9d4-1f98f8acfed0 HTTP/1.1" status: 200 len: 210 time: 0.0306175
