Aug 16 23:07:37.608290 n-d-791506-26 cinder-volume[109411]: DEBUG cinder.coordination [None req-0cd287db-43ad-4bfb-92c8-094c2bb6498e tempest-SnapshotsActionsTest-2055900368 None] Lock "b'cinder-48a37077-e2e4-4475-8b88-3722a53ac55e-delete_snapshot'" acquired by "delete_snapshot" :: waited 0.024s {{(pid=109411) _synchronized /opt/stack/cinder/cinder/coordination.py:181}}
Aug 16 23:07:37.610095 n-d-791506-26 cinder-volume[109411]: DEBUG oslo_concurrency.processutils [None req-0cd287db-43ad-4bfb-92c8-094c2bb6498e tempest-SnapshotsActionsTest-2055900368 None] Running cmd (subprocess): sudo cinder-rootwrap /etc/cinder/rootwrap.conf env LC_ALL=C lvs --noheadings --unit=g -o vg_name,name,size --nosuffix --readonly stack-volumes-lvmdriver-1/_snapshot-48a37077-e2e4-4475-8b88-3722a53ac55e {{(pid=109411) execute /usr/local/lib/python3.8/dist-packages/oslo_concurrency/processutils.py:384}}
Aug 16 23:07:37.665758 n-d-791506-26 sudo[138067]: ubuntu : TTY=unknown ; PWD=/ ; USER=root ; COMMAND=/usr/local/bin/cinder-rootwrap /etc/cinder/rootwrap.conf env LC_ALL=C lvs --noheadings --unit=g -o vg_name,name,size --nosuffix --readonly stack-volumes-lvmdriver-1/_snapshot-48a37077-e2e4-4475-8b88-3722a53ac55e
Aug 16 23:07:37.666600 n-d-791506-26 sudo[138067]: pam_unix(sudo:session): session opened for user root by (uid=0)
Aug 16 23:07:38.255359 n-d-791506-26 sudo[138067]: pam_unix(sudo:session): session closed for user root
Aug 16 23:07:38.257728 n-d-791506-26 cinder-volume[109411]: DEBUG oslo_concurrency.processutils [None req-0cd287db-43ad-4bfb-92c8-094c2bb6498e tempest-SnapshotsActionsTest-2055900368 None] CMD "sudo cinder-rootwrap /etc/cinder/rootwrap.conf env LC_ALL=C lvs --noheadings --unit=g -o vg_name,name,size --nosuffix --readonly stack-volumes-lvmdriver-1/_snapshot-48a37077-e2e4-4475-8b88-3722a53ac55e" returned: 0 in 0.647s {{(pid=109411) execute /usr/local/lib/python3.8/dist-packages/oslo_concurrency/processutils.py:422}}
Aug 16 23:07:38.259876 n-d-791506-26 cinder-volume[109411]: DEBUG oslo_concurrency.processutils [None req-0cd287db-43ad-4bfb-92c8-094c2bb6498e tempest-SnapshotsActionsTest-2055900368 None] Running cmd (subprocess): sudo cinder-rootwrap /etc/cinder/rootwrap.conf lvremove --config activation { retry_deactivation = 1} -f stack-volumes-lvmdriver-1/_snapshot-48a37077-e2e4-4475-8b88-3722a53ac55e {{(pid=109411) execute /usr/local/lib/python3.8/dist-packages/oslo_concurrency/processutils.py:384}}
Aug 16 23:07:38.295647 n-d-791506-26 sudo[138070]: ubuntu : TTY=unknown ; PWD=/ ; USER=root ; COMMAND=/usr/local/bin/cinder-rootwrap /etc/cinder/rootwrap.conf lvremove --config activation { retry_deactivation = 1} -f stack-volumes-lvmdriver-1/_snapshot-48a37077-e2e4-4475-8b88-3722a53ac55e
Aug 16 23:07:38.301457 n-d-791506-26 sudo[138070]: pam_unix(sudo:session): session opened for user root by (uid=0)
Aug 16 23:07:39.062679 n-d-791506-26 sudo[138070]: pam_unix(sudo:session): session closed for user root
Aug 16 23:07:39.064825 n-d-791506-26 cinder-volume[109411]: DEBUG oslo_concurrency.processutils [None req-0cd287db-43ad-4bfb-92c8-094c2bb6498e tempest-SnapshotsActionsTest-2055900368 None] CMD "sudo cinder-rootwrap /etc/cinder/rootwrap.conf lvremove --config activation { retry_deactivation = 1} -f stack-volumes-lvmdriver-1/_snapshot-48a37077-e2e4-4475-8b88-3722a53ac55e" returned: 0 in 0.805s {{(pid=109411) execute /usr/local/lib/python3.8/dist-packages/oslo_concurrency/processutils.py:422}}
Aug 16 23:07:39.114542 n-d-791506-26 cinder-volume[109411]: DEBUG cinder.quota [None req-0cd287db-43ad-4bfb-92c8-094c2bb6498e tempest-SnapshotsActionsTest-2055900368 None] Created reservations ['011ca1b1-2176-45f0-8f64-4126f292a9fa', '7a3e025f-3422-4d14-9e39-0505eeff0091', '5d50c26b-66bd-47c4-9258-45bb43acfb2c', 'f451ec4d-34c1-4d6a-922c-49a83a317ea3'] {{(pid=109411) reserve /opt/stack/cinder/cinder/quota.py:755}}
Aug 16 23:07:39.168370 n-d-791506-26 cinder-volume[109411]: INFO cinder.volume.manager [None req-0cd287db-43ad-4bfb-92c8-094c2bb6498e tempest-SnapshotsActionsTest-2055900368 None] Delete snapshot completed successfully.
Aug 16 23:07:39.174766 n-d-791506-26 cinder-volume[109411]: DEBUG cinder.coordination [None req-0cd287db-43ad-4bfb-92c8-094c2bb6498e tempest-SnapshotsActionsTest-2055900368 None] Lock "b'cinder-48a37077-e2e4-4475-8b88-3722a53ac55e-delete_snapshot'" released by "delete_snapshot" :: held 1.566s {{(pid=109411) _synchronized /opt/stack/cinder/cinder/coordination.py:193}}
Aug 16 23:07:40.191264 n-d-791506-26 cinder-volume[109411]: DEBUG oslo_concurrency.processutils [None req-66a12a11-6634-4464-8584-3c6d8f9da9df tempest-SnapshotsActionsTest-1415852416 None] Running cmd (subprocess): sudo cinder-rootwrap /etc/cinder/rootwrap.conf env LC_ALL=C lvs --noheadings --unit=g -o vg_name,name,size --nosuffix --readonly stack-volumes-lvmdriver-1/volume-eba1227d-b54f-44e8-b14b-50b869c7f5ed {{(pid=109411) execute /usr/local/lib/python3.8/dist-packages/oslo_concurrency/processutils.py:384}}
Aug 16 23:07:40.235977 n-d-791506-26 sudo[138137]: ubuntu : TTY=unknown ; PWD=/ ; USER=root ; COMMAND=/usr/local/bin/cinder-rootwrap /etc/cinder/rootwrap.conf env LC_ALL=C lvs --noheadings --unit=g -o vg_name,name,size --nosuffix --readonly stack-volumes-lvmdriver-1/volume-eba1227d-b54f-44e8-b14b-50b869c7f5ed
Aug 16 23:07:40.237526 n-d-791506-26 sudo[138137]: pam_unix(sudo:session): session opened for user root by (uid=0)
Aug 16 23:07:41.011659 n-d-791506-26 sudo[138137]: pam_unix(sudo:session): session closed for user root
Aug 16 23:07:41.013981 n-d-791506-26 cinder-volume[109411]: DEBUG oslo_concurrency.processutils [None req-66a12a11-6634-4464-8584-3c6d8f9da9df tempest-SnapshotsActionsTest-1415852416 None] CMD "sudo cinder-rootwrap /etc/cinder/rootwrap.conf env LC_ALL=C lvs --noheadings --unit=g -o vg_name,name,size --nosuffix --readonly stack-volumes-lvmdriver-1/volume-eba1227d-b54f-44e8-b14b-50b869c7f5ed" returned: 0 in 0.822s {{(pid=109411) execute /usr/local/lib/python3.8/dist-packages/oslo_concurrency/processutils.py:422}}
Aug 16 23:07:41.016071 n-d-791506-26 cinder-volume[109411]: DEBUG oslo_concurrency.processutils [None req-66a12a11-6634-4464-8584-3c6d8f9da9df tempest-SnapshotsActionsTest-1415852416 None] Running cmd (subprocess): sudo cinder-rootwrap /etc/cinder/rootwrap.conf env LC_ALL=C lvcreate --name _snapshot-5d4808a2-ac35-4a5f-814b-75d3e62436bd --snapshot stack-volumes-lvmdriver-1/volume-eba1227d-b54f-44e8-b14b-50b869c7f5ed -L 1.00g {{(pid=109411) execute /usr/local/lib/python3.8/dist-packages/oslo_concurrency/processutils.py:384}}
Aug 16 23:07:41.060484 n-d-791506-26 sudo[138162]: ubuntu : TTY=unknown ; PWD=/ ; USER=root ; COMMAND=/usr/local/bin/cinder-rootwrap /etc/cinder/rootwrap.conf env LC_ALL=C lvcreate --name _snapshot-5d4808a2-ac35-4a5f-814b-75d3e62436bd --snapshot stack-volumes-lvmdriver-1/volume-eba1227d-b54f-44e8-b14b-50b869c7f5ed -L 1.00g
Aug 16 23:07:41.061578 n-d-791506-26 sudo[138162]: pam_unix(sudo:session): session opened for user root by (uid=0)
Aug 16 23:07:42.088045 n-d-791506-26 sudo[138162]: pam_unix(sudo:session): session closed for user root
Aug 16 23:07:42.091049 n-d-791506-26 cinder-volume[109411]: DEBUG oslo_concurrency.processutils [None req-66a12a11-6634-4464-8584-3c6d8f9da9df tempest-SnapshotsActionsTest-1415852416 None] CMD "sudo cinder-rootwrap /etc/cinder/rootwrap.conf env LC_ALL=C lvcreate --name _snapshot-5d4808a2-ac35-4a5f-814b-75d3e62436bd --snapshot stack-volumes-lvmdriver-1/volume-eba1227d-b54f-44e8-b14b-50b869c7f5ed -L 1.00g" returned: 0 in 1.075s {{(pid=109411) execute /usr/local/lib/python3.8/dist-packages/oslo_concurrency/processutils.py:422}}
Aug 16 23:07:42.176022 n-d-791506-26 cinder-volume[109411]: INFO cinder.volume.manager [None req-66a12a11-6634-4464-8584-3c6d8f9da9df tempest-SnapshotsActionsTest-1415852416 None] Create snapshot completed successfully
Aug 16 23:07:43.368125 n-d-791506-26 cinder-volume[109411]: DEBUG cinder.coordination [None req-39a5b088-9489-4b08-9534-958b9c4cc6f2 tempest-SnapshotsActionsTest-2055900368 None] Lock "b'cinder-5d4808a2-ac35-4a5f-814b-75d3e62436bd-delete_snapshot'" acquired by "delete_snapshot" :: waited 0.015s {{(pid=109411) _synchronized /opt/stack/cinder/cinder/coordination.py:181}}
Aug 16 23:07:43.370759 n-d-791506-26 cinder-volume[109411]: DEBUG oslo_concurrency.processutils [None req-39a5b088-9489-4b08-9534-958b9c4cc6f2 tempest-SnapshotsActionsTest-2055900368 None] Running cmd (subprocess): sudo cinder-rootwrap /etc/cinder/rootwrap.conf env LC_ALL=C lvs --noheadings --unit=g -o vg_name,name,size --nosuffix --readonly stack-volumes-lvmdriver-1/_snapshot-5d4808a2-ac35-4a5f-814b-75d3e62436bd {{(pid=109411) execute /usr/local/lib/python3.8/dist-packages/oslo_concurrency/processutils.py:384}}
Aug 16 23:07:43.396034 n-d-791506-26 sudo[138308]: ubuntu : TTY=unknown ; PWD=/ ; USER=root ; COMMAND=/usr/local/bin/cinder-rootwrap /etc/cinder/rootwrap.conf env LC_ALL=C lvs --noheadings --unit=g -o vg_name,name,size --nosuffix --readonly stack-volumes-lvmdriver-1/_snapshot-5d4808a2-ac35-4a5f-814b-75d3e62436bd
Aug 16 23:07:43.397368 n-d-791506-26 sudo[138308]: pam_unix(sudo:session): session opened for user root by (uid=0)
Aug 16 23:07:43.941349 n-d-791506-26 sudo[138308]: pam_unix(sudo:session): session closed for user root
Aug 16 23:07:43.946352 n-d-791506-26 cinder-volume[109411]: DEBUG oslo_concurrency.processutils [None req-39a5b088-9489-4b08-9534-958b9c4cc6f2 tempest-SnapshotsActionsTest-2055900368 None] CMD "sudo cinder-rootwrap /etc/cinder/rootwrap.conf env LC_ALL=C lvs --noheadings --unit=g -o vg_name,name,size --nosuffix --readonly stack-volumes-lvmdriver-1/_snapshot-5d4808a2-ac35-4a5f-814b-75d3e62436bd" returned: 0 in 0.574s {{(pid=109411) execute /usr/local/lib/python3.8/dist-packages/oslo_concurrency/processutils.py:422}}
Aug 16 23:07:43.950593 n-d-791506-26 cinder-volume[109411]: DEBUG oslo_concurrency.processutils [None req-39a5b088-9489-4b08-9534-958b9c4cc6f2 tempest-SnapshotsActionsTest-2055900368 None] Running cmd (subprocess): sudo cinder-rootwrap /etc/cinder/rootwrap.conf lvremove --config activation { retry_deactivation = 1} -f stack-volumes-lvmdriver-1/_snapshot-5d4808a2-ac35-4a5f-814b-75d3e62436bd {{(pid=109411) execute /usr/local/lib/python3.8/dist-packages/oslo_concurrency/processutils.py:384}}
Aug 16 23:07:43.977039 n-d-791506-26 sudo[138316]: ubuntu : TTY=unknown ; PWD=/ ; USER=root ; COMMAND=/usr/local/bin/cinder-rootwrap /etc/cinder/rootwrap.conf lvremove --config activation { retry_deactivation = 1} -f stack-volumes-lvmdriver-1/_snapshot-5d4808a2-ac35-4a5f-814b-75d3e62436bd
Aug 16 23:07:43.978620 n-d-791506-26 sudo[138316]: pam_unix(sudo:session): session opened for user root by (uid=0)
Aug 16 23:07:44.799131 n-d-791506-26 sudo[138316]: pam_unix(sudo:session): session closed for user root
Aug 16 23:07:44.801670 n-d-791506-26 cinder-volume[109411]: DEBUG oslo_concurrency.processutils [None req-39a5b088-9489-4b08-9534-958b9c4cc6f2 tempest-SnapshotsActionsTest-2055900368 None] CMD "sudo cinder-rootwrap /etc/cinder/rootwrap.conf lvremove --config activation { retry_deactivation = 1} -f stack-volumes-lvmdriver-1/_snapshot-5d4808a2-ac35-4a5f-814b-75d3e62436bd" returned: 0 in 0.851s {{(pid=109411) execute /usr/local/lib/python3.8/dist-packages/oslo_concurrency/processutils.py:422}}
Aug 16 23:07:44.879120 n-d-791506-26 cinder-volume[109411]: DEBUG cinder.quota [None req-39a5b088-9489-4b08-9534-958b9c4cc6f2 tempest-SnapshotsActionsTest-2055900368 None] Created reservations ['4c26e2d0-c975-417c-84d6-40b1ddf21505', '20c2960e-96cb-4eaa-9380-af75473050db', '7cda87c5-0035-49ad-a044-66cfdc648a21', '1c768ff5-5cc3-4ab6-851f-837972077875'] {{(pid=109411) reserve /opt/stack/cinder/cinder/quota.py:755}}
Aug 16 23:07:44.950302 n-d-791506-26 cinder-volume[109411]: INFO cinder.volume.manager [None req-39a5b088-9489-4b08-9534-958b9c4cc6f2 tempest-SnapshotsActionsTest-2055900368 None] Delete snapshot completed successfully.
Aug 16 23:07:44.960189 n-d-791506-26 cinder-volume[109411]: DEBUG cinder.coordination [None req-39a5b088-9489-4b08-9534-958b9c4cc6f2 tempest-SnapshotsActionsTest-2055900368 None] Lock "b'cinder-5d4808a2-ac35-4a5f-814b-75d3e62436bd-delete_snapshot'" released by "delete_snapshot" :: held 1.591s {{(pid=109411) _synchronized /opt/stack/cinder/cinder/coordination.py:193}}
Aug 16 23:07:45.886192 n-d-791506-26 cinder-volume[109411]: DEBUG oslo_concurrency.processutils [None req-8e5269d6-5ff5-40f9-a060-5c4dcde8705b tempest-SnapshotsActionsTest-1415852416 None] Running cmd (subprocess): sudo cinder-rootwrap /etc/cinder/rootwrap.conf env LC_ALL=C lvs --noheadings --unit=g -o vg_name,name,size --nosuffix --readonly stack-volumes-lvmdriver-1/volume-eba1227d-b54f-44e8-b14b-50b869c7f5ed {{(pid=109411) execute /usr/local/lib/python3.8/dist-packages/oslo_concurrency/processutils.py:384}}
Aug 16 23:07:45.921216 n-d-791506-26 sudo[138398]: ubuntu : TTY=unknown ; PWD=/ ; USER=root ; COMMAND=/usr/local/bin/cinder-rootwrap /etc/cinder/rootwrap.conf env LC_ALL=C lvs --noheadings --unit=g -o vg_name,name,size --nosuffix --readonly stack-volumes-lvmdriver-1/volume-eba1227d-b54f-44e8-b14b-50b869c7f5ed
Aug 16 23:07:45.925913 n-d-791506-26 sudo[138398]: pam_unix(sudo:session): session opened for user root by (uid=0)
Aug 16 23:07:46.399076 n-d-791506-26 sudo[138398]: pam_unix(sudo:session): session closed for user root
Aug 16 23:07:46.402070 n-d-791506-26 cinder-volume[109411]: DEBUG oslo_concurrency.processutils [None req-8e5269d6-5ff5-40f9-a060-5c4dcde8705b tempest-SnapshotsActionsTest-1415852416 None] CMD "sudo cinder-rootwrap /etc/cinder/rootwrap.conf env LC_ALL=C lvs --noheadings --unit=g -o vg_name,name,size --nosuffix --readonly stack-volumes-lvmdriver-1/volume-eba1227d-b54f-44e8-b14b-50b869c7f5ed" returned: 0 in 0.515s {{(pid=109411) execute /usr/local/lib/python3.8/dist-packages/oslo_concurrency/processutils.py:422}}
Aug 16 23:07:46.403865 n-d-791506-26 cinder-volume[109411]: DEBUG oslo_concurrency.processutils [None req-8e5269d6-5ff5-40f9-a060-5c4dcde8705b tempest-SnapshotsActionsTest-1415852416 None] Running cmd (subprocess): sudo cinder-rootwrap /etc/cinder/rootwrap.conf env LC_ALL=C lvcreate --name _snapshot-f44561fa-6842-4243-a8af-0e50033e3ac7 --snapshot stack-volumes-lvmdriver-1/volume-eba1227d-b54f-44e8-b14b-50b869c7f5ed -L 1.00g {{(pid=109411) execute /usr/local/lib/python3.8/dist-packages/oslo_concurrency/processutils.py:384}}
Aug 16 23:07:46.422975 n-d-791506-26 sudo[138401]: ubuntu : TTY=unknown ; PWD=/ ; USER=root ; COMMAND=/usr/local/bin/cinder-rootwrap /etc/cinder/rootwrap.conf env LC_ALL=C lvcreate --name _snapshot-f44561fa-6842-4243-a8af-0e50033e3ac7 --snapshot stack-volumes-lvmdriver-1/volume-eba1227d-b54f-44e8-b14b-50b869c7f5ed -L 1.00g
Aug 16 23:07:46.423793 n-d-791506-26 sudo[138401]: pam_unix(sudo:session): session opened for user root by (uid=0)
Aug 16 23:07:47.296586 n-d-791506-26 sudo[138401]: pam_unix(sudo:session): session closed for user root
Aug 16 23:07:47.298963 n-d-791506-26 cinder-volume[109411]: DEBUG oslo_concurrency.processutils [None req-8e5269d6-5ff5-40f9-a060-5c4dcde8705b tempest-SnapshotsActionsTest-1415852416 None] CMD "sudo cinder-rootwrap /etc/cinder/rootwrap.conf env LC_ALL=C lvcreate --name _snapshot-f44561fa-6842-4243-a8af-0e50033e3ac7 --snapshot stack-volumes-lvmdriver-1/volume-eba1227d-b54f-44e8-b14b-50b869c7f5ed -L 1.00g" returned: 0 in 0.895s {{(pid=109411) execute /usr/local/lib/python3.8/dist-packages/oslo_concurrency/processutils.py:422}}
Aug 16 23:07:47.325584 n-d-791506-26 cinder-volume[109411]: INFO cinder.volume.manager [None req-8e5269d6-5ff5-40f9-a060-5c4dcde8705b tempest-SnapshotsActionsTest-1415852416 None] Create snapshot completed successfully
Aug 16 23:07:48.087464 n-d-791506-26 cinder-volume[109411]: DEBUG cinder.coordination [None req-e865f157-8727-46bd-9c68-bf5924ddd2cb tempest-SnapshotsActionsTest-2055900368 None] Lock "b'cinder-f44561fa-6842-4243-a8af-0e50033e3ac7-delete_snapshot'" acquired by "delete_snapshot" :: waited 0.015s {{(pid=109411) _synchronized /opt/stack/cinder/cinder/coordination.py:181}}
Aug 16 23:07:48.090344 n-d-791506-26 cinder-volume[109411]: DEBUG oslo_concurrency.processutils [None req-e865f157-8727-46bd-9c68-bf5924ddd2cb tempest-SnapshotsActionsTest-2055900368 None] Running cmd (subprocess): sudo cinder-rootwrap /etc/cinder/rootwrap.conf env LC_ALL=C lvs --noheadings --unit=g -o vg_name,name,size --nosuffix --readonly stack-volumes-lvmdriver-1/_snapshot-f44561fa-6842-4243-a8af-0e50033e3ac7 {{(pid=109411) execute /usr/local/lib/python3.8/dist-packages/oslo_concurrency/processutils.py:384}}
Aug 16 23:07:48.111380 n-d-791506-26 sudo[138554]: ubuntu : TTY=unknown ; PWD=/ ; USER=root ; COMMAND=/usr/local/bin/cinder-rootwrap /etc/cinder/rootwrap.conf env LC_ALL=C lvs --noheadings --unit=g -o vg_name,name,size --nosuffix --readonly stack-volumes-lvmdriver-1/_snapshot-f44561fa-6842-4243-a8af-0e50033e3ac7
Aug 16 23:07:48.112264 n-d-791506-26 sudo[138554]: pam_unix(sudo:session): session opened for user root by (uid=0)
Aug 16 23:07:48.540640 n-d-791506-26 sudo[138554]: pam_unix(sudo:session): session closed for user root
Aug 16 23:07:48.544344 n-d-791506-26 cinder-volume[109411]: DEBUG oslo_concurrency.processutils [None req-e865f157-8727-46bd-9c68-bf5924ddd2cb tempest-SnapshotsActionsTest-2055900368 None] CMD "sudo cinder-rootwrap /etc/cinder/rootwrap.conf env LC_ALL=C lvs --noheadings --unit=g -o vg_name,name,size --nosuffix --readonly stack-volumes-lvmdriver-1/_snapshot-f44561fa-6842-4243-a8af-0e50033e3ac7" returned: 0 in 0.454s {{(pid=109411) execute /usr/local/lib/python3.8/dist-packages/oslo_concurrency/processutils.py:422}}
Aug 16 23:07:48.547251 n-d-791506-26 cinder-volume[109411]: DEBUG oslo_concurrency.processutils [None req-e865f157-8727-46bd-9c68-bf5924ddd2cb tempest-SnapshotsActionsTest-2055900368 None] Running cmd (subprocess): sudo cinder-rootwrap /etc/cinder/rootwrap.conf lvremove --config activation { retry_deactivation = 1} -f stack-volumes-lvmdriver-1/_snapshot-f44561fa-6842-4243-a8af-0e50033e3ac7 {{(pid=109411) execute /usr/local/lib/python3.8/dist-packages/oslo_concurrency/processutils.py:384}}
Aug 16 23:07:48.569906 n-d-791506-26 sudo[138557]: ubuntu : TTY=unknown ; PWD=/ ; USER=root ; COMMAND=/usr/local/bin/cinder-rootwrap /etc/cinder/rootwrap.conf lvremove --config activation { retry_deactivation = 1} -f stack-volumes-lvmdriver-1/_snapshot-f44561fa-6842-4243-a8af-0e50033e3ac7
Aug 16 23:07:48.570722 n-d-791506-26 sudo[138557]: pam_unix(sudo:session): session opened for user root by (uid=0)
Aug 16 23:07:49.374944 n-d-791506-26 sudo[138557]: pam_unix(sudo:session): session closed for user root
Aug 16 23:07:49.377756 n-d-791506-26 cinder-volume[109411]: DEBUG oslo_concurrency.processutils [None req-e865f157-8727-46bd-9c68-bf5924ddd2cb tempest-SnapshotsActionsTest-2055900368 None] CMD "sudo cinder-rootwrap /etc/cinder/rootwrap.conf lvremove --config activation { retry_deactivation = 1} -f stack-volumes-lvmdriver-1/_snapshot-f44561fa-6842-4243-a8af-0e50033e3ac7" returned: 0 in 0.830s {{(pid=109411) execute /usr/local/lib/python3.8/dist-packages/oslo_concurrency/processutils.py:422}}
Aug 16 23:07:49.482797 n-d-791506-26 cinder-volume[109411]: DEBUG cinder.quota [None req-e865f157-8727-46bd-9c68-bf5924ddd2cb tempest-SnapshotsActionsTest-2055900368 None] Created reservations ['1157cac0-bf02-451d-9765-2b54c7064952', '12710544-65f0-4f44-a545-1d14a0593c4a', '19417f51-ce13-46b6-9ae3-ae90fe2b5b77', 'e0672f24-2ecd-4840-a056-b60ad0de2830'] {{(pid=109411) reserve /opt/stack/cinder/cinder/quota.py:755}}
Aug 16 23:07:49.546687 n-d-791506-26 cinder-volume[109411]: INFO cinder.volume.manager [None req-e865f157-8727-46bd-9c68-bf5924ddd2cb tempest-SnapshotsActionsTest-2055900368 None] Delete snapshot completed successfully.
Aug 16 23:07:49.557414 n-d-791506-26 cinder-volume[109411]: DEBUG cinder.coordination [None req-e865f157-8727-46bd-9c68-bf5924ddd2cb tempest-SnapshotsActionsTest-2055900368 None] Lock "b'cinder-f44561fa-6842-4243-a8af-0e50033e3ac7-delete_snapshot'" released by "delete_snapshot" :: held 1.469s {{(pid=109411) _synchronized /opt/stack/cinder/cinder/coordination.py:193}}
Aug 16 23:07:50.685082 n-d-791506-26 cinder-volume[109411]: DEBUG cinder.coordination [None req-1c8b8f47-63b8-4023-9744-c8005787d8fb tempest-SnapshotsActionsTest-1415852416 None] Lock "b'cinder-c65c078a-a68b-4382-bcb5-99a5929c07e0-delete_snapshot'" acquired by "delete_snapshot" :: waited 0.019s {{(pid=109411) _synchronized /opt/stack/cinder/cinder/coordination.py:181}}
Aug 16 23:07:50.689289 n-d-791506-26 cinder-volume[109411]: DEBUG oslo_concurrency.processutils [None req-1c8b8f47-63b8-4023-9744-c8005787d8fb tempest-SnapshotsActionsTest-1415852416 None] Running cmd (subprocess): sudo cinder-rootwrap /etc/cinder/rootwrap.conf env LC_ALL=C lvs --noheadings --unit=g -o vg_name,name,size --nosuffix --readonly stack-volumes-lvmdriver-1/_snapshot-c65c078a-a68b-4382-bcb5-99a5929c07e0 {{(pid=109411) execute /usr/local/lib/python3.8/dist-packages/oslo_concurrency/processutils.py:384}}
Aug 16 23:07:50.718308 n-d-791506-26 sudo[138628]: ubuntu : TTY=unknown ; PWD=/ ; USER=root ; COMMAND=/usr/local/bin/cinder-rootwrap /etc/cinder/rootwrap.conf env LC_ALL=C lvs --noheadings --unit=g -o vg_name,name,size --nosuffix --readonly stack-volumes-lvmdriver-1/_snapshot-c65c078a-a68b-4382-bcb5-99a5929c07e0
Aug 16 23:07:50.719294 n-d-791506-26 sudo[138628]: pam_unix(sudo:session): session opened for user root by (uid=0)
Aug 16 23:07:51.189474 n-d-791506-26 sudo[138628]: pam_unix(sudo:session): session closed for user root
Aug 16 23:07:51.191757 n-d-791506-26 cinder-volume[109411]: DEBUG oslo_concurrency.processutils [None req-1c8b8f47-63b8-4023-9744-c8005787d8fb tempest-SnapshotsActionsTest-1415852416 None] CMD "sudo cinder-rootwrap /etc/cinder/rootwrap.conf env LC_ALL=C lvs --noheadings --unit=g -o vg_name,name,size --nosuffix --readonly stack-volumes-lvmdriver-1/_snapshot-c65c078a-a68b-4382-bcb5-99a5929c07e0" returned: 0 in 0.502s {{(pid=109411) execute /usr/local/lib/python3.8/dist-packages/oslo_concurrency/processutils.py:422}}
Aug 16 23:07:51.193847 n-d-791506-26 cinder-volume[109411]: DEBUG oslo_concurrency.processutils [None req-1c8b8f47-63b8-4023-9744-c8005787d8fb tempest-SnapshotsActionsTest-1415852416 None] Running cmd (subprocess): sudo cinder-rootwrap /etc/cinder/rootwrap.conf lvremove --config activation { retry_deactivation = 1} -f stack-volumes-lvmdriver-1/_snapshot-c65c078a-a68b-4382-bcb5-99a5929c07e0 {{(pid=109411) execute /usr/local/lib/python3.8/dist-packages/oslo_concurrency/processutils.py:384}}
Aug 16 23:07:51.212057 n-d-791506-26 sudo[138637]: ubuntu : TTY=unknown ; PWD=/ ; USER=root ; COMMAND=/usr/local/bin/cinder-rootwrap /etc/cinder/rootwrap.conf lvremove --config activation { retry_deactivation = 1} -f stack-volumes-lvmdriver-1/_snapshot-c65c078a-a68b-4382-bcb5-99a5929c07e0
Aug 16 23:07:51.213507 n-d-791506-26 sudo[138637]: pam_unix(sudo:session): session opened for user root by (uid=0)
Aug 16 23:07:51.854177 n-d-791506-26 sudo[138637]: pam_unix(sudo:session): session closed for user root
Aug 16 23:07:51.856387 n-d-791506-26 cinder-volume[109411]: DEBUG oslo_concurrency.processutils [None req-1c8b8f47-63b8-4023-9744-c8005787d8fb tempest-SnapshotsActionsTest-1415852416 None] CMD "sudo cinder-rootwrap /etc/cinder/rootwrap.conf lvremove --config activation { retry_deactivation = 1} -f stack-volumes-lvmdriver-1/_snapshot-c65c078a-a68b-4382-bcb5-99a5929c07e0" returned: 0 in 0.662s {{(pid=109411) execute /usr/local/lib/python3.8/dist-packages/oslo_concurrency/processutils.py:422}}
Aug 16 23:07:51.904532 n-d-791506-26 cinder-volume[109411]: DEBUG cinder.quota [None req-1c8b8f47-63b8-4023-9744-c8005787d8fb tempest-SnapshotsActionsTest-1415852416 None] Created reservations ['3ff2cca6-e139-41ec-8b11-b59d9d5686c1', '6ee40329-bd3e-417f-8826-e62533811bfe', '3c06d1b6-dcfa-45b5-bf43-cdf2e8fe35f2', '2c7d1554-d1dc-4f3f-98ac-b979fd4a2311'] {{(pid=109411) reserve /opt/stack/cinder/cinder/quota.py:755}}
Aug 16 23:07:51.949291 n-d-791506-26 cinder-volume[109411]: INFO cinder.volume.manager [None req-1c8b8f47-63b8-4023-9744-c8005787d8fb tempest-SnapshotsActionsTest-1415852416 None] Delete snapshot completed successfully.
Aug 16 23:07:51.955153 n-d-791506-26 cinder-volume[109411]: DEBUG cinder.coordination [None req-1c8b8f47-63b8-4023-9744-c8005787d8fb tempest-SnapshotsActionsTest-1415852416 None] Lock "b'cinder-c65c078a-a68b-4382-bcb5-99a5929c07e0-delete_snapshot'" released by "delete_snapshot" :: held 1.271s {{(pid=109411) _synchronized /opt/stack/cinder/cinder/coordination.py:193}}
Aug 16 23:07:52.090290 n-d-791506-26 cinder-volume[109411]: DEBUG cinder.coordination [None req-133506ce-0b53-46ae-b3ec-c9beb5f0b735 tempest-VolumesActionsTest-1656689481 None] Lock "b'cinder-708cdc12-a9ba-4d1d-b36d-876aacc14e24'" acquired by "attach_volume" :: waited 0.011s {{(pid=109411) _synchronized /opt/stack/cinder/cinder/coordination.py:181}}
Aug 16 23:07:52.129296 n-d-791506-26 cinder-volume[109411]: INFO cinder.volume.manager [None req-133506ce-0b53-46ae-b3ec-c9beb5f0b735 tempest-VolumesActionsTest-1656689481 None] Attaching volume 708cdc12-a9ba-4d1d-b36d-876aacc14e24 to instance 4f6bc147-7119-4688-a2a9-9dd6c4876a71 at mountpoint /dev/sdb on host None.
Aug 16 23:07:52.155523 n-d-791506-26 cinder-volume[109411]: INFO cinder.volume.manager [None req-133506ce-0b53-46ae-b3ec-c9beb5f0b735 tempest-VolumesActionsTest-1656689481 None] Attach volume completed successfully.
Aug 16 23:07:52.161913 n-d-791506-26 cinder-volume[109411]: DEBUG cinder.coordination [None req-133506ce-0b53-46ae-b3ec-c9beb5f0b735 tempest-VolumesActionsTest-1656689481 None] Lock "b'cinder-708cdc12-a9ba-4d1d-b36d-876aacc14e24'" released by "attach_volume" :: held 0.072s {{(pid=109411) _synchronized /opt/stack/cinder/cinder/coordination.py:193}}
Aug 16 23:07:52.327775 n-d-791506-26 cinder-volume[109411]: DEBUG cinder.coordination [None req-d8100396-6aa6-4466-8393-3d52c5691e00 tempest-VolumesActionsTest-1656689481 None] Lock "b'cinder-708cdc12-a9ba-4d1d-b36d-876aacc14e24-detach_volume'" acquired by "detach_volume" :: waited 0.012s {{(pid=109411) _synchronized /opt/stack/cinder/cinder/coordination.py:181}}
Aug 16 23:07:52.339834 n-d-791506-26 cinder-volume[109411]: INFO cinder.volume.manager [None req-d8100396-6aa6-4466-8393-3d52c5691e00 tempest-VolumesActionsTest-1656689481 None] Detaching volume 708cdc12-a9ba-4d1d-b36d-876aacc14e24 from instance 4f6bc147-7119-4688-a2a9-9dd6c4876a71.
Aug 16 23:07:52.340873 n-d-791506-26 cinder-volume[109411]: INFO cinder.volume.targets.iscsi [None req-d8100396-6aa6-4466-8393-3d52c5691e00 tempest-VolumesActionsTest-1656689481 None] Skipping remove_export. No iscsi_target is presently exported for volume: 708cdc12-a9ba-4d1d-b36d-876aacc14e24
Aug 16 23:07:52.385238 n-d-791506-26 cinder-volume[109411]: INFO cinder.volume.manager [None req-d8100396-6aa6-4466-8393-3d52c5691e00 tempest-VolumesActionsTest-1656689481 None] Detach volume completed successfully.
Aug 16 23:07:52.390147 n-d-791506-26 cinder-volume[109411]: DEBUG cinder.coordination [None req-d8100396-6aa6-4466-8393-3d52c5691e00 tempest-VolumesActionsTest-1656689481 None] Lock "b'cinder-708cdc12-a9ba-4d1d-b36d-876aacc14e24-detach_volume'" released by "detach_volume" :: held 0.062s {{(pid=109411) _synchronized /opt/stack/cinder/cinder/coordination.py:193}}
Aug 16 23:07:52.821888 n-d-791506-26 cinder-volume[109411]: DEBUG cinder.coordination [None req-c0750d2a-4563-4477-aa24-a1daf1eac168 tempest-SnapshotsActionsTest-1415852416 None] Lock "b'cinder-eba1227d-b54f-44e8-b14b-50b869c7f5ed-delete_volume'" acquired by "delete_volume" :: waited 0.013s {{(pid=109411) _synchronized /opt/stack/cinder/cinder/coordination.py:181}}
Aug 16 23:07:52.856225 n-d-791506-26 cinder-volume[109411]: INFO cinder.volume.targets.iscsi [None req-c0750d2a-4563-4477-aa24-a1daf1eac168 tempest-SnapshotsActionsTest-1415852416 None] Skipping remove_export. No iscsi_target is presently exported for volume: eba1227d-b54f-44e8-b14b-50b869c7f5ed
Aug 16 23:07:52.857166 n-d-791506-26 cinder-volume[109411]: DEBUG oslo_concurrency.processutils [None req-c0750d2a-4563-4477-aa24-a1daf1eac168 tempest-SnapshotsActionsTest-1415852416 None] Running cmd (subprocess): sudo cinder-rootwrap /etc/cinder/rootwrap.conf env LC_ALL=C lvs --noheadings --unit=g -o vg_name,name,size --nosuffix --readonly stack-volumes-lvmdriver-1/volume-eba1227d-b54f-44e8-b14b-50b869c7f5ed {{(pid=109411) execute /usr/local/lib/python3.8/dist-packages/oslo_concurrency/processutils.py:384}}
Aug 16 23:07:52.880178 n-d-791506-26 sudo[138688]: ubuntu : TTY=unknown ; PWD=/ ; USER=root ; COMMAND=/usr/local/bin/cinder-rootwrap /etc/cinder/rootwrap.conf env LC_ALL=C lvs --noheadings --unit=g -o vg_name,name,size --nosuffix --readonly stack-volumes-lvmdriver-1/volume-eba1227d-b54f-44e8-b14b-50b869c7f5ed
Aug 16 23:07:52.881162 n-d-791506-26 sudo[138688]: pam_unix(sudo:session): session opened for user root by (uid=0)
Aug 16 23:07:53.290506 n-d-791506-26 sudo[138688]: pam_unix(sudo:session): session closed for user root
Aug 16 23:07:53.293749 n-d-791506-26 cinder-volume[109411]: DEBUG oslo_concurrency.processutils [None req-c0750d2a-4563-4477-aa24-a1daf1eac168 tempest-SnapshotsActionsTest-1415852416 None] CMD "sudo cinder-rootwrap /etc/cinder/rootwrap.conf env LC_ALL=C lvs --noheadings --unit=g -o vg_name,name,size --nosuffix --readonly stack-volumes-lvmdriver-1/volume-eba1227d-b54f-44e8-b14b-50b869c7f5ed" returned: 0 in 0.436s {{(pid=109411) execute /usr/local/lib/python3.8/dist-packages/oslo_concurrency/processutils.py:422}}
Aug 16 23:07:53.295761 n-d-791506-26 cinder-volume[109411]: DEBUG oslo_concurrency.processutils [None req-c0750d2a-4563-4477-aa24-a1daf1eac168 tempest-SnapshotsActionsTest-1415852416 None] Running cmd (subprocess): sudo cinder-rootwrap /etc/cinder/rootwrap.conf env LC_ALL=C lvdisplay --noheading -C -o Attr --readonly stack-volumes-lvmdriver-1/volume-eba1227d-b54f-44e8-b14b-50b869c7f5ed {{(pid=109411) execute /usr/local/lib/python3.8/dist-packages/oslo_concurrency/processutils.py:384}}
Aug 16 23:07:53.316944 n-d-791506-26 sudo[138691]: ubuntu : TTY=unknown ; PWD=/ ; USER=root ; COMMAND=/usr/local/bin/cinder-rootwrap /etc/cinder/rootwrap.conf env LC_ALL=C lvdisplay --noheading -C -o Attr --readonly stack-volumes-lvmdriver-1/volume-eba1227d-b54f-44e8-b14b-50b869c7f5ed
Aug 16 23:07:53.317835 n-d-791506-26 sudo[138691]: pam_unix(sudo:session): session opened for user root by (uid=0)
Aug 16 23:07:53.744494 n-d-791506-26 sudo[138691]: pam_unix(sudo:session): session closed for user root
Aug 16 23:07:53.746868 n-d-791506-26 cinder-volume[109411]: DEBUG oslo_concurrency.processutils [None req-c0750d2a-4563-4477-aa24-a1daf1eac168 tempest-SnapshotsActionsTest-1415852416 None] CMD "sudo cinder-rootwrap /etc/cinder/rootwrap.conf env LC_ALL=C lvdisplay --noheading -C -o Attr --readonly stack-volumes-lvmdriver-1/volume-eba1227d-b54f-44e8-b14b-50b869c7f5ed" returned: 0 in 0.451s {{(pid=109411) execute /usr/local/lib/python3.8/dist-packages/oslo_concurrency/processutils.py:422}}
Aug 16 23:07:53.748991 n-d-791506-26 cinder-volume[109411]: DEBUG oslo_concurrency.processutils [None req-c0750d2a-4563-4477-aa24-a1daf1eac168 tempest-SnapshotsActionsTest-1415852416 None] Running cmd (subprocess): sudo cinder-rootwrap /etc/cinder/rootwrap.conf lvremove --config activation { retry_deactivation = 1} -f stack-volumes-lvmdriver-1/volume-eba1227d-b54f-44e8-b14b-50b869c7f5ed {{(pid=109411) execute /usr/local/lib/python3.8/dist-packages/oslo_concurrency/processutils.py:384}}
Aug 16 23:07:53.766843 n-d-791506-26 sudo[138694]: ubuntu : TTY=unknown ; PWD=/ ; USER=root ; COMMAND=/usr/local/bin/cinder-rootwrap /etc/cinder/rootwrap.conf lvremove --config activation { retry_deactivation = 1} -f stack-volumes-lvmdriver-1/volume-eba1227d-b54f-44e8-b14b-50b869c7f5ed
Aug 16 23:07:53.767647 n-d-791506-26 sudo[138694]: pam_unix(sudo:session): session opened for user root by (uid=0)
Aug 16 23:07:54.218046 n-d-791506-26 sudo[138694]: pam_unix(sudo:session): session closed for user root
Aug 16 23:07:54.220434 n-d-791506-26 cinder-volume[109411]: DEBUG oslo_concurrency.processutils [None req-c0750d2a-4563-4477-aa24-a1daf1eac168 tempest-SnapshotsActionsTest-1415852416 None] CMD "sudo cinder-rootwrap /etc/cinder/rootwrap.conf lvremove --config activation { retry_deactivation = 1} -f stack-volumes-lvmdriver-1/volume-eba1227d-b54f-44e8-b14b-50b869c7f5ed" returned: 0 in 0.471s {{(pid=109411) execute /usr/local/lib/python3.8/dist-packages/oslo_concurrency/processutils.py:422}}
Aug 16 23:07:54.221614 n-d-791506-26 cinder-volume[109411]: INFO cinder.volume.drivers.lvm [None req-c0750d2a-4563-4477-aa24-a1daf1eac168 tempest-SnapshotsActionsTest-1415852416 None] Successfully deleted volume: eba1227d-b54f-44e8-b14b-50b869c7f5ed
Aug 16 23:07:54.260573 n-d-791506-26 cinder-volume[109411]: DEBUG cinder.quota [None req-c0750d2a-4563-4477-aa24-a1daf1eac168 tempest-SnapshotsActionsTest-1415852416 None] Created reservations ['b6797c60-64fa-4388-93bf-60862ab08446', '30ff8fb3-3057-471c-9516-f25438ea1365', 'f96fd268-6ded-4d79-875a-bd1279975df7', '59d599d1-dcf9-4542-ab70-38c3967e2ede'] {{(pid=109411) reserve /opt/stack/cinder/cinder/quota.py:755}}
Aug 16 23:07:54.309016 n-d-791506-26 cinder-volume[109411]: DEBUG cinder.volume.drivers.lvm [None req-c0750d2a-4563-4477-aa24-a1daf1eac168 tempest-SnapshotsActionsTest-1415852416 None] Updating volume stats {{(pid=109411) _update_volume_stats /opt/stack/cinder/cinder/volume/drivers/lvm.py:214}}
Aug 16 23:07:54.309786 n-d-791506-26 cinder-volume[109411]: DEBUG oslo_concurrency.processutils [None req-c0750d2a-4563-4477-aa24-a1daf1eac168 tempest-SnapshotsActionsTest-1415852416 None] Running cmd (subprocess): sudo cinder-rootwrap /etc/cinder/rootwrap.conf env LC_ALL=C vgs --noheadings --unit=g -o name,size,free,lv_count,uuid --separator : --nosuffix stack-volumes-lvmdriver-1 {{(pid=109411) execute /usr/local/lib/python3.8/dist-packages/oslo_concurrency/processutils.py:384}}
Aug 16 23:07:54.329027 n-d-791506-26 sudo[138700]: ubuntu : TTY=unknown ; PWD=/ ; USER=root ; COMMAND=/usr/local/bin/cinder-rootwrap /etc/cinder/rootwrap.conf env LC_ALL=C vgs --noheadings --unit=g -o name,size,free,lv_count,uuid --separator : --nosuffix stack-volumes-lvmdriver-1
Aug 16 23:07:54.330539 n-d-791506-26 sudo[138700]: pam_unix(sudo:session): session opened for user root by (uid=0)
Aug 16 23:07:54.790564 n-d-791506-26 sudo[138700]: pam_unix(sudo:session): session closed for user root
Aug 16 23:07:54.793322 n-d-791506-26 cinder-volume[109411]: DEBUG oslo_concurrency.processutils [None req-c0750d2a-4563-4477-aa24-a1daf1eac168 tempest-SnapshotsActionsTest-1415852416 None] CMD "sudo cinder-rootwrap /etc/cinder/rootwrap.conf env LC_ALL=C vgs --noheadings --unit=g -o name,size,free,lv_count,uuid --separator : --nosuffix stack-volumes-lvmdriver-1" returned: 0 in 0.483s {{(pid=109411) execute /usr/local/lib/python3.8/dist-packages/oslo_concurrency/processutils.py:422}}
Aug 16 23:07:54.795690 n-d-791506-26 cinder-volume[109411]: DEBUG oslo_concurrency.processutils [None req-c0750d2a-4563-4477-aa24-a1daf1eac168 tempest-SnapshotsActionsTest-1415852416 None] Running cmd (subprocess): sudo cinder-rootwrap /etc/cinder/rootwrap.conf env LC_ALL=C lvs --noheadings --unit=g -o vg_name,name,size --nosuffix --readonly stack-volumes-lvmdriver-1 {{(pid=109411) execute /usr/local/lib/python3.8/dist-packages/oslo_concurrency/processutils.py:384}}
Aug 16 23:07:54.843024 n-d-791506-26 sudo[138703]: ubuntu : TTY=unknown ; PWD=/ ; USER=root ; COMMAND=/usr/local/bin/cinder-rootwrap /etc/cinder/rootwrap.conf env LC_ALL=C lvs --noheadings --unit=g -o vg_name,name,size --nosuffix --readonly stack-volumes-lvmdriver-1
Aug 16 23:07:54.843968 n-d-791506-26 sudo[138703]: pam_unix(sudo:session): session opened for user root by (uid=0)
Aug 16 23:07:55.380110 n-d-791506-26 sudo[138703]: pam_unix(sudo:session): session closed for user root
Aug 16 23:07:55.382387 n-d-791506-26 cinder-volume[109411]: DEBUG oslo_concurrency.processutils [None req-c0750d2a-4563-4477-aa24-a1daf1eac168 tempest-SnapshotsActionsTest-1415852416 None] CMD "sudo cinder-rootwrap /etc/cinder/rootwrap.conf env LC_ALL=C lvs --noheadings --unit=g -o vg_name,name,size --nosuffix --readonly stack-volumes-lvmdriver-1" returned: 0 in 0.586s {{(pid=109411) execute /usr/local/lib/python3.8/dist-packages/oslo_concurrency/processutils.py:422}}
Aug 16 23:07:55.385421 n-d-791506-26 cinder-volume[109411]: DEBUG cinder.manager [None req-c0750d2a-4563-4477-aa24-a1daf1eac168 tempest-SnapshotsActionsTest-1415852416 None] Notifying Schedulers of capabilities ... {{(pid=109411) _publish_service_capabilities /opt/stack/cinder/cinder/manager.py:197}}
Aug 16 23:07:55.393712 n-d-791506-26 cinder-volume[109411]: INFO cinder.volume.manager [None req-c0750d2a-4563-4477-aa24-a1daf1eac168 tempest-SnapshotsActionsTest-1415852416 None] Deleted volume successfully.
Aug 16 23:07:55.414764 n-d-791506-26 cinder-volume[109411]: DEBUG cinder.coordination [None req-c0750d2a-4563-4477-aa24-a1daf1eac168 tempest-SnapshotsActionsTest-1415852416 None] Lock "b'cinder-eba1227d-b54f-44e8-b14b-50b869c7f5ed-delete_volume'" released by "delete_volume" :: held 2.593s {{(pid=109411) _synchronized /opt/stack/cinder/cinder/coordination.py:193}}
Aug 16 23:07:57.717591 n-d-791506-26 cinder-volume[109411]: DEBUG cinder.image.image_utils [None req-0bd0e6b4-516b-4b33-a4a8-9bcfccc749fb tempest-VolumesActionsTest-1656689481 None] 582a1448-40be-4889-8d1c-29de1a63d623 was raw, no need to convert to raw {{(pid=109411) upload_volume /opt/stack/cinder/cinder/image/image_utils.py:815}}
Aug 16 23:07:57.718802 n-d-791506-26 cinder-volume[109411]: DEBUG oslo_concurrency.processutils [None req-0bd0e6b4-516b-4b33-a4a8-9bcfccc749fb tempest-VolumesActionsTest-1656689481 None] Running cmd (subprocess): sudo cinder-rootwrap /etc/cinder/rootwrap.conf chown 1000 /dev/mapper/stack--volumes--lvmdriver--1-volume--708cdc12--a9ba--4d1d--b36d--876aacc14e24 {{(pid=109411) execute /usr/local/lib/python3.8/dist-packages/oslo_concurrency/processutils.py:384}}
Aug 16 23:07:57.744843 n-d-791506-26 sudo[138709]: ubuntu : TTY=unknown ; PWD=/ ; USER=root ; COMMAND=/usr/local/bin/cinder-rootwrap /etc/cinder/rootwrap.conf chown 1000 /dev/mapper/stack--volumes--lvmdriver--1-volume--708cdc12--a9ba--4d1d--b36d--876aacc14e24
Aug 16 23:07:57.746614 n-d-791506-26 sudo[138709]: pam_unix(sudo:session): session opened for user root by (uid=0)
Aug 16 23:07:58.167296 n-d-791506-26 sudo[138709]: pam_unix(sudo:session): session closed for user root
Aug 16 23:07:58.171409 n-d-791506-26 cinder-volume[109411]: DEBUG oslo_concurrency.processutils [None req-0bd0e6b4-516b-4b33-a4a8-9bcfccc749fb tempest-VolumesActionsTest-1656689481 None] CMD "sudo cinder-rootwrap /etc/cinder/rootwrap.conf chown 1000 /dev/mapper/stack--volumes--lvmdriver--1-volume--708cdc12--a9ba--4d1d--b36d--876aacc14e24" returned: 0 in 0.451s {{(pid=109411) execute /usr/local/lib/python3.8/dist-packages/oslo_concurrency/processutils.py:422}}
Aug 16 23:08:02.352180 n-d-791506-26 cinder-volume[109411]: DEBUG cinder.coordination [None req-924e16de-2e3e-4bfc-83ca-94779461afa2 tempest-ServersNegativeTestJSON-1528359826 None] Lock "b'cinder-87344f28-d372-40b3-8022-ab0ae38276cf-delete_volume'" acquired by "delete_volume" :: waited 0.030s {{(pid=109411) _synchronized /opt/stack/cinder/cinder/coordination.py:181}}
Aug 16 23:08:02.425137 n-d-791506-26 cinder-volume[109411]: INFO cinder.volume.targets.iscsi [None req-924e16de-2e3e-4bfc-83ca-94779461afa2 tempest-ServersNegativeTestJSON-1528359826 None] Skipping remove_export. No iscsi_target is presently exported for volume: 87344f28-d372-40b3-8022-ab0ae38276cf
Aug 16 23:08:02.426482 n-d-791506-26 cinder-volume[109411]: DEBUG oslo_concurrency.processutils [None req-924e16de-2e3e-4bfc-83ca-94779461afa2 tempest-ServersNegativeTestJSON-1528359826 None] Running cmd (subprocess): sudo cinder-rootwrap /etc/cinder/rootwrap.conf env LC_ALL=C lvs --noheadings --unit=g -o vg_name,name,size --nosuffix --readonly stack-volumes-lvmdriver-1/volume-87344f28-d372-40b3-8022-ab0ae38276cf {{(pid=109411) execute /usr/local/lib/python3.8/dist-packages/oslo_concurrency/processutils.py:384}}
Aug 16 23:08:02.479180 n-d-791506-26 sudo[138714]: ubuntu : TTY=unknown ; PWD=/ ; USER=root ; COMMAND=/usr/local/bin/cinder-rootwrap /etc/cinder/rootwrap.conf env LC_ALL=C lvs --noheadings --unit=g -o vg_name,name,size --nosuffix --readonly stack-volumes-lvmdriver-1/volume-87344f28-d372-40b3-8022-ab0ae38276cf
Aug 16 23:08:02.484372 n-d-791506-26 sudo[138714]: pam_unix(sudo:session): session opened for user root by (uid=0)
Aug 16 23:08:03.081317 n-d-791506-26 sudo[138714]: pam_unix(sudo:session): session closed for user root
Aug 16 23:08:03.083914 n-d-791506-26 cinder-volume[109411]: DEBUG oslo_concurrency.processutils [None req-924e16de-2e3e-4bfc-83ca-94779461afa2 tempest-ServersNegativeTestJSON-1528359826 None] CMD "sudo cinder-rootwrap /etc/cinder/rootwrap.conf env LC_ALL=C lvs --noheadings --unit=g -o vg_name,name,size --nosuffix --readonly stack-volumes-lvmdriver-1/volume-87344f28-d372-40b3-8022-ab0ae38276cf" returned: 0 in 0.657s {{(pid=109411) execute /usr/local/lib/python3.8/dist-packages/oslo_concurrency/processutils.py:422}}
Aug 16 23:08:03.085985 n-d-791506-26 cinder-volume[109411]: DEBUG oslo_concurrency.processutils [None req-924e16de-2e3e-4bfc-83ca-94779461afa2 tempest-ServersNegativeTestJSON-1528359826 None] Running cmd (subprocess): sudo cinder-rootwrap /etc/cinder/rootwrap.conf env LC_ALL=C lvdisplay --noheading -C -o Attr --readonly stack-volumes-lvmdriver-1/volume-87344f28-d372-40b3-8022-ab0ae38276cf {{(pid=109411) execute /usr/local/lib/python3.8/dist-packages/oslo_concurrency/processutils.py:384}}
Aug 16 23:08:03.133892 n-d-791506-26 sudo[138717]: ubuntu : TTY=unknown ; PWD=/ ; USER=root ; COMMAND=/usr/local/bin/cinder-rootwrap /etc/cinder/rootwrap.conf env LC_ALL=C lvdisplay --noheading -C -o Attr --readonly stack-volumes-lvmdriver-1/volume-87344f28-d372-40b3-8022-ab0ae38276cf
Aug 16 23:08:03.135277 n-d-791506-26 sudo[138717]: pam_unix(sudo:session): session opened for user root by (uid=0)
Aug 16 23:08:03.863470 n-d-791506-26 sudo[138717]: pam_unix(sudo:session): session closed for user root
Aug 16 23:08:03.866179 n-d-791506-26 cinder-volume[109411]: DEBUG oslo_concurrency.processutils [None req-924e16de-2e3e-4bfc-83ca-94779461afa2 tempest-ServersNegativeTestJSON-1528359826 None] CMD "sudo cinder-rootwrap /etc/cinder/rootwrap.conf env LC_ALL=C lvdisplay --noheading -C -o Attr --readonly stack-volumes-lvmdriver-1/volume-87344f28-d372-40b3-8022-ab0ae38276cf" returned: 0 in 0.780s {{(pid=109411) execute /usr/local/lib/python3.8/dist-packages/oslo_concurrency/processutils.py:422}}
Aug 16 23:08:03.868750 n-d-791506-26 cinder-volume[109411]: DEBUG oslo_concurrency.processutils [None req-924e16de-2e3e-4bfc-83ca-94779461afa2 tempest-ServersNegativeTestJSON-1528359826 None] Running cmd (subprocess): sudo cinder-rootwrap /etc/cinder/rootwrap.conf lvremove --config activation { retry_deactivation = 1} -f stack-volumes-lvmdriver-1/volume-87344f28-d372-40b3-8022-ab0ae38276cf {{(pid=109411) execute /usr/local/lib/python3.8/dist-packages/oslo_concurrency/processutils.py:384}}
Aug 16 23:08:03.896396 n-d-791506-26 sudo[138720]: ubuntu : TTY=unknown ; PWD=/ ; USER=root ; COMMAND=/usr/local/bin/cinder-rootwrap /etc/cinder/rootwrap.conf lvremove --config activation { retry_deactivation = 1} -f stack-volumes-lvmdriver-1/volume-87344f28-d372-40b3-8022-ab0ae38276cf
Aug 16 23:08:03.897264 n-d-791506-26 sudo[138720]: pam_unix(sudo:session): session opened for user root by (uid=0)
Aug 16 23:08:04.571453 n-d-791506-26 sudo[138720]: pam_unix(sudo:session): session closed for user root
Aug 16 23:08:04.575214 n-d-791506-26 cinder-volume[109411]: DEBUG oslo_concurrency.processutils [None req-924e16de-2e3e-4bfc-83ca-94779461afa2 tempest-ServersNegativeTestJSON-1528359826 None] CMD "sudo cinder-rootwrap /etc/cinder/rootwrap.conf lvremove --config activation { retry_deactivation = 1} -f stack-volumes-lvmdriver-1/volume-87344f28-d372-40b3-8022-ab0ae38276cf" returned: 0 in 0.706s {{(pid=109411) execute /usr/local/lib/python3.8/dist-packages/oslo_concurrency/processutils.py:422}}
Aug 16 23:08:04.576911 n-d-791506-26 cinder-volume[109411]: INFO cinder.volume.drivers.lvm [None req-924e16de-2e3e-4bfc-83ca-94779461afa2 tempest-ServersNegativeTestJSON-1528359826 None] Successfully deleted volume: 87344f28-d372-40b3-8022-ab0ae38276cf
Aug 16 23:08:04.664779 n-d-791506-26 cinder-volume[109411]: DEBUG cinder.quota [None req-924e16de-2e3e-4bfc-83ca-94779461afa2 tempest-ServersNegativeTestJSON-1528359826 None] Created reservations ['9626d390-86ba-4cdc-a8d1-8ba683729cac', '0078fa47-daa2-42b5-9b42-fca9a2b7114b', '66c286c1-64c6-4f4b-9b8a-3cef70df4e41', '4e3b3556-c537-47dd-a9c1-4445f08499bf'] {{(pid=109411) reserve /opt/stack/cinder/cinder/quota.py:755}}
Aug 16 23:08:04.795868 n-d-791506-26 cinder-volume[109411]: DEBUG cinder.volume.drivers.lvm [None req-924e16de-2e3e-4bfc-83ca-94779461afa2 tempest-ServersNegativeTestJSON-1528359826 None] Updating volume stats {{(pid=109411) _update_volume_stats /opt/stack/cinder/cinder/volume/drivers/lvm.py:214}}
Aug 16 23:08:04.798079 n-d-791506-26 cinder-volume[109411]: DEBUG oslo_concurrency.processutils [None req-924e16de-2e3e-4bfc-83ca-94779461afa2 tempest-ServersNegativeTestJSON-1528359826 None] Running cmd (subprocess): sudo cinder-rootwrap /etc/cinder/rootwrap.conf env LC_ALL=C vgs --noheadings --unit=g -o name,size,free,lv_count,uuid --separator : --nosuffix stack-volumes-lvmdriver-1 {{(pid=109411) execute /usr/local/lib/python3.8/dist-packages/oslo_concurrency/processutils.py:384}}
Aug 16 23:08:04.838172 n-d-791506-26 sudo[138727]: ubuntu : TTY=unknown ; PWD=/ ; USER=root ; COMMAND=/usr/local/bin/cinder-rootwrap /etc/cinder/rootwrap.conf env LC_ALL=C vgs --noheadings --unit=g -o name,size,free,lv_count,uuid --separator : --nosuffix stack-volumes-lvmdriver-1
Aug 16 23:08:04.839265 n-d-791506-26 sudo[138727]: pam_unix(sudo:session): session opened for user root by (uid=0)
Aug 16 23:08:05.419512 n-d-791506-26 sudo[138727]: pam_unix(sudo:session): session closed for user root
Aug 16 23:08:05.421989 n-d-791506-26 cinder-volume[109411]: DEBUG oslo_concurrency.processutils [None req-924e16de-2e3e-4bfc-83ca-94779461afa2 tempest-ServersNegativeTestJSON-1528359826 None] CMD "sudo cinder-rootwrap /etc/cinder/rootwrap.conf env LC_ALL=C vgs --noheadings --unit=g -o name,size,free,lv_count,uuid --separator : --nosuffix stack-volumes-lvmdriver-1" returned: 0 in 0.625s {{(pid=109411) execute /usr/local/lib/python3.8/dist-packages/oslo_concurrency/processutils.py:422}}
Aug 16 23:08:05.426034 n-d-791506-26 cinder-volume[109411]: DEBUG oslo_concurrency.processutils [None req-924e16de-2e3e-4bfc-83ca-94779461afa2 tempest-ServersNegativeTestJSON-1528359826 None] Running cmd (subprocess): sudo cinder-rootwrap /etc/cinder/rootwrap.conf env LC_ALL=C lvs --noheadings --unit=g -o vg_name,name,size --nosuffix --readonly stack-volumes-lvmdriver-1 {{(pid=109411) execute /usr/local/lib/python3.8/dist-packages/oslo_concurrency/processutils.py:384}}
Aug 16 23:08:05.479760 n-d-791506-26 sudo[138730]: ubuntu : TTY=unknown ; PWD=/ ; USER=root ; COMMAND=/usr/local/bin/cinder-rootwrap /etc/cinder/rootwrap.conf env LC_ALL=C lvs --noheadings --unit=g -o vg_name,name,size --nosuffix --readonly stack-volumes-lvmdriver-1
Aug 16 23:08:05.482144 n-d-791506-26 sudo[138730]: pam_unix(sudo:session): session opened for user root by (uid=0)
Aug 16 23:08:05.780427 n-d-791506-26 cinder-volume[109411]: DEBUG cinder.coordination [None req-97e00509-abd7-4505-8b58-a123b224cbe7 tempest-ServersNegativeTestJSON-1528359826 None] Lock "b'cinder-994f5034-5092-4938-abb2-19922b0c9f1e-delete_volume'" acquired by "delete_volume" :: waited 0.019s {{(pid=109411) _synchronized /opt/stack/cinder/cinder/coordination.py:181}}
Aug 16 23:08:05.894405 n-d-791506-26 cinder-volume[109411]: INFO cinder.volume.targets.iscsi [None req-97e00509-abd7-4505-8b58-a123b224cbe7 tempest-ServersNegativeTestJSON-1528359826 None] Skipping remove_export. No iscsi_target is presently exported for volume: 994f5034-5092-4938-abb2-19922b0c9f1e
Aug 16 23:08:05.897344 n-d-791506-26 cinder-volume[109411]: DEBUG oslo_concurrency.processutils [None req-97e00509-abd7-4505-8b58-a123b224cbe7 tempest-ServersNegativeTestJSON-1528359826 None] Running cmd (subprocess): sudo cinder-rootwrap /etc/cinder/rootwrap.conf env LC_ALL=C lvs --noheadings --unit=g -o vg_name,name,size --nosuffix --readonly stack-volumes-lvmdriver-1/volume-994f5034-5092-4938-abb2-19922b0c9f1e {{(pid=109411) execute /usr/local/lib/python3.8/dist-packages/oslo_concurrency/processutils.py:384}}
Aug 16 23:08:05.940681 n-d-791506-26 sudo[138732]: ubuntu : TTY=unknown ; PWD=/ ; USER=root ; COMMAND=/usr/local/bin/cinder-rootwrap /etc/cinder/rootwrap.conf env LC_ALL=C lvs --noheadings --unit=g -o vg_name,name,size --nosuffix --readonly stack-volumes-lvmdriver-1/volume-994f5034-5092-4938-abb2-19922b0c9f1e
Aug 16 23:08:05.943422 n-d-791506-26 sudo[138732]: pam_unix(sudo:session): session opened for user root by (uid=0)
Aug 16 23:08:06.177497 n-d-791506-26 sudo[138730]: pam_unix(sudo:session): session closed for user root
Aug 16 23:08:06.179835 n-d-791506-26 cinder-volume[109411]: DEBUG oslo_concurrency.processutils [None req-924e16de-2e3e-4bfc-83ca-94779461afa2 tempest-ServersNegativeTestJSON-1528359826 None] CMD "sudo cinder-rootwrap /etc/cinder/rootwrap.conf env LC_ALL=C lvs --noheadings --unit=g -o vg_name,name,size --nosuffix --readonly stack-volumes-lvmdriver-1" returned: 0 in 0.755s {{(pid=109411) execute /usr/local/lib/python3.8/dist-packages/oslo_concurrency/processutils.py:422}}
