Jul 15 17:06:51.676472 n-d-791506-18 devstack@placement-api.service[94227]: DEBUG placement.requestlog [req-6b51a4cc-abcd-4f2c-b5c0-4d4a2534e6f2 req-7d34dfb2-eee8-4b4e-ba9c-b8b15571f7b0 None None] Starting request: 10.222.0.37 "GET /placement/resource_providers/943506df-838c-4ea0-9739-2164d5719334/aggregates" {{(pid=94227) __call__ /opt/stack/placement/placement/requestlog.py:55}}
Jul 15 17:06:51.687675 n-d-791506-18 devstack@placement-api.service[94226]: INFO placement.requestlog [req-6e524bf9-7d45-42af-ae92-02678f538123 req-5d86f496-cadf-4fc3-8106-c1c5fcf41fcc service placement] 10.222.0.39 "GET /placement/resource_providers/52582fc7-41ca-4f21-9c9d-56a8499b864a/traits" status: 200 len: 212 microversion: 1.6
Jul 15 17:06:51.689125 n-d-791506-18 devstack@placement-api.service[94226]: [pid: 94226|app: 0|req: 242/480] 10.222.0.39 () {60 vars in 1419 bytes} [Thu Jul 15 17:06:51 2021] GET /placement/resource_providers/52582fc7-41ca-4f21-9c9d-56a8499b864a/traits => generated 212 bytes in 91 msecs (HTTP/1.1 200) 6 headers in 224 bytes (1 switches on core 0)
Jul 15 17:06:51.706587 n-d-791506-18 devstack@placement-api.service[94227]: INFO placement.requestlog [req-6b51a4cc-abcd-4f2c-b5c0-4d4a2534e6f2 req-7d34dfb2-eee8-4b4e-ba9c-b8b15571f7b0 service placement] 10.222.0.37 "GET /placement/resource_providers/943506df-838c-4ea0-9739-2164d5719334/aggregates" status: 200 len: 54 microversion: 1.19
Jul 15 17:06:51.707085 n-d-791506-18 devstack@placement-api.service[94227]: [pid: 94227|app: 0|req: 239/481] 10.222.0.37 () {60 vars in 1432 bytes} [Thu Jul 15 17:06:51 2021] GET /placement/resource_providers/943506df-838c-4ea0-9739-2164d5719334/aggregates => generated 54 bytes in 31 msecs (HTTP/1.1 200) 8 headers in 295 bytes (1 switches on core 0)
Jul 15 17:06:51.716757 n-d-791506-18 devstack@placement-api.service[94226]: DEBUG placement.requestlog [req-6b51a4cc-abcd-4f2c-b5c0-4d4a2534e6f2 req-f1ffbc21-0024-42bd-9f4f-a30dfa385717 None None] Starting request: 10.222.0.37 "GET /placement/resource_providers/943506df-838c-4ea0-9739-2164d5719334/traits" {{(pid=94226) __call__ /opt/stack/placement/placement/requestlog.py:55}}
Jul 15 17:06:51.799361 n-d-791506-18 devstack@placement-api.service[94226]: INFO placement.requestlog [req-6b51a4cc-abcd-4f2c-b5c0-4d4a2534e6f2 req-f1ffbc21-0024-42bd-9f4f-a30dfa385717 service placement] 10.222.0.37 "GET /placement/resource_providers/943506df-838c-4ea0-9739-2164d5719334/traits" status: 200 len: 212 microversion: 1.6
Jul 15 17:06:51.799876 n-d-791506-18 devstack@placement-api.service[94226]: [pid: 94226|app: 0|req: 243/482] 10.222.0.37 () {60 vars in 1419 bytes} [Thu Jul 15 17:06:51 2021] GET /placement/resource_providers/943506df-838c-4ea0-9739-2164d5719334/traits => generated 212 bytes in 84 msecs (HTTP/1.1 200) 6 headers in 224 bytes (1 switches on core 0)
Jul 15 17:06:52.024823 n-d-791506-18 devstack@placement-api.service[94227]: DEBUG placement.requestlog [req-6b51a4cc-abcd-4f2c-b5c0-4d4a2534e6f2 req-178fd637-42b9-404f-bf39-252d832ea7ea None None] Starting request: 10.222.0.37 "GET /placement/allocations/e5b9ef88-f7f8-414b-a907-8ba4a42b0a11" {{(pid=94227) __call__ /opt/stack/placement/placement/requestlog.py:55}}
Jul 15 17:06:52.058967 n-d-791506-18 devstack@placement-api.service[94227]: INFO placement.requestlog [req-6b51a4cc-abcd-4f2c-b5c0-4d4a2534e6f2 req-178fd637-42b9-404f-bf39-252d832ea7ea service placement] 10.222.0.37 "GET /placement/allocations/e5b9ef88-f7f8-414b-a907-8ba4a42b0a11" status: 200 len: 259 microversion: 1.28
Jul 15 17:06:52.061160 n-d-791506-18 devstack@placement-api.service[94227]: [pid: 94227|app: 0|req: 240/483] 10.222.0.37 () {60 vars in 1378 bytes} [Thu Jul 15 17:06:52 2021] GET /placement/allocations/e5b9ef88-f7f8-414b-a907-8ba4a42b0a11 => generated 259 bytes in 36 msecs (HTTP/1.1 200) 8 headers in 296 bytes (1 switches on core 0)
Jul 15 17:06:52.067974 n-d-791506-18 devstack@placement-api.service[94226]: DEBUG placement.requestlog [req-6b51a4cc-abcd-4f2c-b5c0-4d4a2534e6f2 req-97c143ac-7999-4494-a98a-28e43d7e53ec None None] Starting request: 10.222.0.37 "PUT /placement/allocations/e5b9ef88-f7f8-414b-a907-8ba4a42b0a11" {{(pid=94226) __call__ /opt/stack/placement/placement/requestlog.py:55}}
Jul 15 17:06:52.220351 n-d-791506-18 devstack@placement-api.service[94226]: DEBUG placement.handlers.allocation [req-6b51a4cc-abcd-4f2c-b5c0-4d4a2534e6f2 req-97c143ac-7999-4494-a98a-28e43d7e53ec service placement] Successfully wrote allocations [, , ] {{(pid=94226) _create_allocations /opt/stack/placement/placement/handlers/allocation.py:435}}
Jul 15 17:06:52.220911 n-d-791506-18 devstack@placement-api.service[94226]: INFO placement.requestlog [req-6b51a4cc-abcd-4f2c-b5c0-4d4a2534e6f2 req-97c143ac-7999-4494-a98a-28e43d7e53ec service placement] 10.222.0.37 "PUT /placement/allocations/e5b9ef88-f7f8-414b-a907-8ba4a42b0a11" status: 204 len: 0 microversion: 1.28
Jul 15 17:06:52.221443 n-d-791506-18 devstack@placement-api.service[94226]: [pid: 94226|app: 0|req: 244/484] 10.222.0.37 () {64 vars in 1431 bytes} [Thu Jul 15 17:06:52 2021] PUT /placement/allocations/e5b9ef88-f7f8-414b-a907-8ba4a42b0a11 => generated 0 bytes in 153 msecs (HTTP/1.1 204) 5 headers in 199 bytes (2 switches on core 0)
Jul 15 17:06:52.912647 n-d-791506-18 devstack@placement-api.service[94227]: DEBUG placement.requestlog [req-0624d555-87bc-45d6-adda-aba40b90b631 req-93fe1967-1487-4fee-97c0-103f1e098b6f None None] Starting request: 10.222.0.37 "GET /placement/resource_providers/943506df-838c-4ea0-9739-2164d5719334/allocations" {{(pid=94227) __call__ /opt/stack/placement/placement/requestlog.py:55}}
Jul 15 17:06:52.968456 n-d-791506-18 devstack@placement-api.service[94227]: INFO placement.requestlog [req-0624d555-87bc-45d6-adda-aba40b90b631 req-93fe1967-1487-4fee-97c0-103f1e098b6f service placement] 10.222.0.37 "GET /placement/resource_providers/943506df-838c-4ea0-9739-2164d5719334/allocations" status: 200 len: 443 microversion: 1.0
Jul 15 17:06:52.973417 n-d-791506-18 devstack@placement-api.service[94227]: [pid: 94227|app: 0|req: 241/485] 10.222.0.37 () {58 vars in 1391 bytes} [Thu Jul 15 17:06:52 2021] GET /placement/resource_providers/943506df-838c-4ea0-9739-2164d5719334/allocations => generated 443 bytes in 61 msecs (HTTP/1.1 200) 6 headers in 224 bytes (1 switches on core 0)
Jul 15 17:06:55.690358 n-d-791506-18 devstack@placement-api.service[94226]: DEBUG placement.requestlog [req-34649ef3-4f42-432b-a104-f16742140462 req-0fac0bfc-0f71-4f1c-885b-eb82e60e7db3 None None] Starting request: 10.222.0.39 "GET /placement/allocations/5e817e48-2a12-4930-b2bd-a39e32f925d3" {{(pid=94226) __call__ /opt/stack/placement/placement/requestlog.py:55}}
Jul 15 17:06:55.733071 n-d-791506-18 devstack@placement-api.service[94226]: INFO placement.requestlog [req-34649ef3-4f42-432b-a104-f16742140462 req-0fac0bfc-0f71-4f1c-885b-eb82e60e7db3 service placement] 10.222.0.39 "GET /placement/allocations/5e817e48-2a12-4930-b2bd-a39e32f925d3" status: 200 len: 259 microversion: 1.28
Jul 15 17:06:55.738449 n-d-791506-18 devstack@placement-api.service[94226]: [pid: 94226|app: 0|req: 245/486] 10.222.0.39 () {60 vars in 1378 bytes} [Thu Jul 15 17:06:55 2021] GET /placement/allocations/5e817e48-2a12-4930-b2bd-a39e32f925d3 => generated 259 bytes in 48 msecs (HTTP/1.1 200) 8 headers in 296 bytes (1 switches on core 0)
Jul 15 17:06:55.747295 n-d-791506-18 devstack@placement-api.service[94227]: DEBUG placement.requestlog [req-34649ef3-4f42-432b-a104-f16742140462 req-e54c5ba3-ad74-42e2-b247-35de15692bff None None] Starting request: 10.222.0.39 "PUT /placement/allocations/5e817e48-2a12-4930-b2bd-a39e32f925d3" {{(pid=94227) __call__ /opt/stack/placement/placement/requestlog.py:55}}
Jul 15 17:06:55.922320 n-d-791506-18 devstack@placement-api.service[94227]: DEBUG placement.handlers.allocation [req-34649ef3-4f42-432b-a104-f16742140462 req-e54c5ba3-ad74-42e2-b247-35de15692bff service placement] Successfully wrote allocations [, , ] {{(pid=94227) _create_allocations /opt/stack/placement/placement/handlers/allocation.py:435}}
Jul 15 17:06:55.923246 n-d-791506-18 devstack@placement-api.service[94227]: INFO placement.requestlog [req-34649ef3-4f42-432b-a104-f16742140462 req-e54c5ba3-ad74-42e2-b247-35de15692bff service placement] 10.222.0.39 "PUT /placement/allocations/5e817e48-2a12-4930-b2bd-a39e32f925d3" status: 204 len: 0 microversion: 1.28
Jul 15 17:06:55.923707 n-d-791506-18 devstack@placement-api.service[94227]: [pid: 94227|app: 0|req: 242/487] 10.222.0.39 () {64 vars in 1431 bytes} [Thu Jul 15 17:06:55 2021] PUT /placement/allocations/5e817e48-2a12-4930-b2bd-a39e32f925d3 => generated 0 bytes in 177 msecs (HTTP/1.1 204) 5 headers in 199 bytes (2 switches on core 0)
Jul 15 17:07:05.281753 n-d-791506-18 devstack@placement-api.service[94226]: DEBUG placement.requestlog [req-e37148ac-8797-4087-a980-43fde3f5c467 req-16f2f0b8-78e6-43c7-a193-8a2464154127 None None] Starting request: 10.222.0.39 "GET /placement/allocations/b0eec4a6-73a9-499c-9918-d3a9fd2a9e4b" {{(pid=94226) __call__ /opt/stack/placement/placement/requestlog.py:55}}
Jul 15 17:07:05.326744 n-d-791506-18 devstack@placement-api.service[94226]: INFO placement.requestlog [req-e37148ac-8797-4087-a980-43fde3f5c467 req-16f2f0b8-78e6-43c7-a193-8a2464154127 service placement] 10.222.0.39 "GET /placement/allocations/b0eec4a6-73a9-499c-9918-d3a9fd2a9e4b" status: 200 len: 259 microversion: 1.28
Jul 15 17:07:05.327271 n-d-791506-18 devstack@placement-api.service[94226]: [pid: 94226|app: 0|req: 246/488] 10.222.0.39 () {60 vars in 1378 bytes} [Thu Jul 15 17:07:05 2021] GET /placement/allocations/b0eec4a6-73a9-499c-9918-d3a9fd2a9e4b => generated 259 bytes in 46 msecs (HTTP/1.1 200) 8 headers in 296 bytes (1 switches on core 0)
Jul 15 17:07:05.335072 n-d-791506-18 devstack@placement-api.service[94227]: DEBUG placement.requestlog [req-e37148ac-8797-4087-a980-43fde3f5c467 req-1091dcae-290b-4aa6-a5bb-1b70b8b96c96 None None] Starting request: 10.222.0.39 "PUT /placement/allocations/b0eec4a6-73a9-499c-9918-d3a9fd2a9e4b" {{(pid=94227) __call__ /opt/stack/placement/placement/requestlog.py:55}}
Jul 15 17:07:05.452499 n-d-791506-18 devstack@placement-api.service[94227]: DEBUG placement.handlers.allocation [req-e37148ac-8797-4087-a980-43fde3f5c467 req-1091dcae-290b-4aa6-a5bb-1b70b8b96c96 service placement] Successfully wrote allocations [, , ] {{(pid=94227) _create_allocations /opt/stack/placement/placement/handlers/allocation.py:435}}
Jul 15 17:07:05.453232 n-d-791506-18 devstack@placement-api.service[94227]: INFO placement.requestlog [req-e37148ac-8797-4087-a980-43fde3f5c467 req-1091dcae-290b-4aa6-a5bb-1b70b8b96c96 service placement] 10.222.0.39 "PUT /placement/allocations/b0eec4a6-73a9-499c-9918-d3a9fd2a9e4b" status: 204 len: 0 microversion: 1.28
Jul 15 17:07:05.453479 n-d-791506-18 devstack@placement-api.service[94227]: [pid: 94227|app: 0|req: 243/489] 10.222.0.39 () {64 vars in 1431 bytes} [Thu Jul 15 17:07:05 2021] PUT /placement/allocations/b0eec4a6-73a9-499c-9918-d3a9fd2a9e4b => generated 0 bytes in 119 msecs (HTTP/1.1 204) 5 headers in 199 bytes (1 switches on core 0)
Jul 15 17:07:07.238929 n-d-791506-18 devstack@placement-api.service[94226]: DEBUG placement.requestlog [req-2cb09e16-96b0-47db-97f6-8de095b911bd req-91d35a54-2325-4e3a-a1fa-478ef0020485 None None] Starting request: 10.222.0.37 "GET /placement/allocations/f3a10194-d6ec-40c0-b338-86ddefc49728" {{(pid=94226) __call__ /opt/stack/placement/placement/requestlog.py:55}}
Jul 15 17:07:07.307511 n-d-791506-18 devstack@placement-api.service[94226]: INFO placement.requestlog [req-2cb09e16-96b0-47db-97f6-8de095b911bd req-91d35a54-2325-4e3a-a1fa-478ef0020485 service placement] 10.222.0.37 "GET /placement/allocations/f3a10194-d6ec-40c0-b338-86ddefc49728" status: 200 len: 259 microversion: 1.28
Jul 15 17:07:07.307778 n-d-791506-18 devstack@placement-api.service[94226]: [pid: 94226|app: 0|req: 247/490] 10.222.0.37 () {60 vars in 1378 bytes} [Thu Jul 15 17:07:07 2021] GET /placement/allocations/f3a10194-d6ec-40c0-b338-86ddefc49728 => generated 259 bytes in 69 msecs (HTTP/1.1 200) 8 headers in 296 bytes (1 switches on core 0)
Jul 15 17:07:07.317149 n-d-791506-18 devstack@placement-api.service[94227]: DEBUG placement.requestlog [req-2cb09e16-96b0-47db-97f6-8de095b911bd req-b12fe7fc-9110-4c94-ade6-2e12785611c8 None None] Starting request: 10.222.0.37 "PUT /placement/allocations/f3a10194-d6ec-40c0-b338-86ddefc49728" {{(pid=94227) __call__ /opt/stack/placement/placement/requestlog.py:55}}
Jul 15 17:07:07.499834 n-d-791506-18 devstack@placement-api.service[94227]: DEBUG placement.handlers.allocation [req-2cb09e16-96b0-47db-97f6-8de095b911bd req-b12fe7fc-9110-4c94-ade6-2e12785611c8 service placement] Successfully wrote allocations [, , ] {{(pid=94227) _create_allocations /opt/stack/placement/placement/handlers/allocation.py:435}}
Jul 15 17:07:07.500332 n-d-791506-18 devstack@placement-api.service[94227]: INFO placement.requestlog [req-2cb09e16-96b0-47db-97f6-8de095b911bd req-b12fe7fc-9110-4c94-ade6-2e12785611c8 service placement] 10.222.0.37 "PUT /placement/allocations/f3a10194-d6ec-40c0-b338-86ddefc49728" status: 204 len: 0 microversion: 1.28
Jul 15 17:07:07.500627 n-d-791506-18 devstack@placement-api.service[94227]: [pid: 94227|app: 0|req: 244/491] 10.222.0.37 () {64 vars in 1431 bytes} [Thu Jul 15 17:07:07 2021] PUT /placement/allocations/f3a10194-d6ec-40c0-b338-86ddefc49728 => generated 0 bytes in 184 msecs (HTTP/1.1 204) 5 headers in 199 bytes (1 switches on core 0)
Jul 15 17:07:15.480642 n-d-791506-18 devstack@placement-api.service[94226]: DEBUG placement.requestlog [req-70706190-3968-4130-8280-a3a9daabccb8 req-4119a3c4-8a78-4f53-8de3-1af2cde97857 None None] Starting request: 10.222.0.32 "GET /placement/allocation_candidates?limit=1000&resources=DISK_GB%3A1%2CMEMORY_MB%3A1024%2CVCPU%3A1&root_required=%21COMPUTE_STATUS_DISABLED" {{(pid=94226) __call__ /opt/stack/placement/placement/requestlog.py:55}}
Jul 15 17:07:15.600430 n-d-791506-18 devstack@placement-api.service[94226]: DEBUG placement.objects.research_context [req-70706190-3968-4130-8280-a3a9daabccb8 req-4119a3c4-8a78-4f53-8de3-1af2cde97857 service placement] getting providers with 1 DISK_GB {{(pid=94226) __init__ /opt/stack/placement/placement/objects/research_context.py:126}}
Jul 15 17:07:15.629579 n-d-791506-18 devstack@placement-api.service[94226]: DEBUG placement.objects.research_context [req-70706190-3968-4130-8280-a3a9daabccb8 req-4119a3c4-8a78-4f53-8de3-1af2cde97857 service placement] getting providers with 1024 MEMORY_MB {{(pid=94226) __init__ /opt/stack/placement/placement/objects/research_context.py:126}}
Jul 15 17:07:15.644569 n-d-791506-18 devstack@placement-api.service[94226]: DEBUG placement.objects.research_context [req-70706190-3968-4130-8280-a3a9daabccb8 req-4119a3c4-8a78-4f53-8de3-1af2cde97857 service placement] getting providers with 1 VCPU {{(pid=94226) __init__ /opt/stack/placement/placement/objects/research_context.py:126}}
Jul 15 17:07:15.670148 n-d-791506-18 devstack@placement-api.service[94226]: DEBUG placement.objects.research_context [req-70706190-3968-4130-8280-a3a9daabccb8 req-4119a3c4-8a78-4f53-8de3-1af2cde97857 service placement] found 2 providers with available 1 DISK_GB {{(pid=94226) get_provider_ids_matching /opt/stack/placement/placement/objects/research_context.py:549}}
Jul 15 17:07:15.674045 n-d-791506-18 devstack@placement-api.service[94226]: DEBUG placement.objects.research_context [req-70706190-3968-4130-8280-a3a9daabccb8 req-4119a3c4-8a78-4f53-8de3-1af2cde97857 service placement] found 2 providers with available 1024 MEMORY_MB {{(pid=94226) get_provider_ids_matching /opt/stack/placement/placement/objects/research_context.py:549}}
Jul 15 17:07:15.674592 n-d-791506-18 devstack@placement-api.service[94226]: DEBUG placement.objects.research_context [req-70706190-3968-4130-8280-a3a9daabccb8 req-4119a3c4-8a78-4f53-8de3-1af2cde97857 service placement] found 2 providers after filtering by previous result {{(pid=94226) get_provider_ids_matching /opt/stack/placement/placement/objects/research_context.py:580}}
Jul 15 17:07:15.675381 n-d-791506-18 devstack@placement-api.service[94226]: DEBUG placement.objects.research_context [req-70706190-3968-4130-8280-a3a9daabccb8 req-4119a3c4-8a78-4f53-8de3-1af2cde97857 service placement] found 2 providers with available 1 VCPU {{(pid=94226) get_provider_ids_matching /opt/stack/placement/placement/objects/research_context.py:549}}
Jul 15 17:07:15.676134 n-d-791506-18 devstack@placement-api.service[94226]: DEBUG placement.objects.research_context [req-70706190-3968-4130-8280-a3a9daabccb8 req-4119a3c4-8a78-4f53-8de3-1af2cde97857 service placement] found 2 providers after filtering by previous result {{(pid=94226) get_provider_ids_matching /opt/stack/placement/placement/objects/research_context.py:580}}
Jul 15 17:07:15.702545 n-d-791506-18 devstack@placement-api.service[94226]: DEBUG placement.objects.allocation_candidate [req-70706190-3968-4130-8280-a3a9daabccb8 req-4119a3c4-8a78-4f53-8de3-1af2cde97857 service placement] RequestGroup(use_same_provider=False, resources={DISK_GB:1, MEMORY_MB:1024, VCPU:1}, traits=[], aggregates=[]) (suffix '') returned 2 matches {{(pid=94226) _get_by_requests /opt/stack/placement/placement/objects/allocation_candidate.py:145}}
Jul 15 17:07:15.706567 n-d-791506-18 devstack@placement-api.service[94226]: DEBUG placement.objects.allocation_candidate [req-70706190-3968-4130-8280-a3a9daabccb8 req-4119a3c4-8a78-4f53-8de3-1af2cde97857 service placement] Merging candidates yields 2 allocation requests and 2 provider summaries {{(pid=94226) _merge_candidates /opt/stack/placement/placement/objects/allocation_candidate.py:783}}
Jul 15 17:07:15.708536 n-d-791506-18 devstack@placement-api.service[94226]: INFO placement.requestlog [req-70706190-3968-4130-8280-a3a9daabccb8 req-4119a3c4-8a78-4f53-8de3-1af2cde97857 service placement] 10.222.0.32 "GET /placement/allocation_candidates?limit=1000&resources=DISK_GB%3A1%2CMEMORY_MB%3A1024%2CVCPU%3A1&root_required=%21COMPUTE_STATUS_DISABLED" status: 200 len: 1309 microversion: 1.36
Jul 15 17:07:15.709242 n-d-791506-18 devstack@placement-api.service[94226]: [pid: 94226|app: 0|req: 248/492] 10.222.0.32 () {60 vars in 1507 bytes} [Thu Jul 15 17:07:15 2021] GET /placement/allocation_candidates?limit=1000&resources=DISK_GB%3A1%2CMEMORY_MB%3A1024%2CVCPU%3A1&root_required=%21COMPUTE_STATUS_DISABLED => generated 1309 bytes in 229 msecs (HTTP/1.1 200) 8 headers in 297 bytes (1 switches on core 0)
Jul 15 17:07:15.818546 n-d-791506-18 devstack@placement-api.service[94227]: DEBUG placement.requestlog [req-29a8aeaf-ad1e-4808-be94-9dc83ce174e8 req-482b5705-dcc0-43be-97a9-b7d031fc6388 None None] Starting request: 10.222.0.37 "GET /placement/allocations/82d20ff0-ac85-4600-8edf-a9dd2b35a8c2" {{(pid=94227) __call__ /opt/stack/placement/placement/requestlog.py:55}}
Jul 15 17:07:15.854778 n-d-791506-18 devstack@placement-api.service[94226]: DEBUG placement.requestlog [req-70706190-3968-4130-8280-a3a9daabccb8 req-9d44b010-2615-415f-a534-7ed5af60a979 None None] Starting request: 10.222.0.32 "GET /placement/allocations/f17f9f3a-4188-4e20-8a6c-7156ed5cc2bf" {{(pid=94226) __call__ /opt/stack/placement/placement/requestlog.py:55}}
Jul 15 17:07:15.872740 n-d-791506-18 devstack@placement-api.service[94226]: INFO placement.requestlog [req-70706190-3968-4130-8280-a3a9daabccb8 req-9d44b010-2615-415f-a534-7ed5af60a979 service placement] 10.222.0.32 "GET /placement/allocations/f17f9f3a-4188-4e20-8a6c-7156ed5cc2bf" status: 200 len: 19 microversion: 1.28
Jul 15 17:07:15.877223 n-d-791506-18 devstack@placement-api.service[94226]: [pid: 94226|app: 0|req: 249/493] 10.222.0.32 () {60 vars in 1381 bytes} [Thu Jul 15 17:07:15 2021] GET /placement/allocations/f17f9f3a-4188-4e20-8a6c-7156ed5cc2bf => generated 19 bytes in 23 msecs (HTTP/1.1 200) 8 headers in 295 bytes (2 switches on core 0)
Jul 15 17:07:15.880558 n-d-791506-18 devstack@placement-api.service[94227]: INFO placement.requestlog [req-29a8aeaf-ad1e-4808-be94-9dc83ce174e8 req-482b5705-dcc0-43be-97a9-b7d031fc6388 service placement] 10.222.0.37 "GET /placement/allocations/82d20ff0-ac85-4600-8edf-a9dd2b35a8c2" status: 200 len: 259 microversion: 1.28
Jul 15 17:07:15.883952 n-d-791506-18 devstack@placement-api.service[94226]: DEBUG placement.requestlog [req-70706190-3968-4130-8280-a3a9daabccb8 req-849199c6-8fc8-4e4a-9b0a-75c828872700 None None] Starting request: 10.222.0.32 "PUT /placement/allocations/f17f9f3a-4188-4e20-8a6c-7156ed5cc2bf" {{(pid=94226) __call__ /opt/stack/placement/placement/requestlog.py:55}}
Jul 15 17:07:15.884530 n-d-791506-18 devstack@placement-api.service[94227]: [pid: 94227|app: 0|req: 245/494] 10.222.0.37 () {60 vars in 1378 bytes} [Thu Jul 15 17:07:15 2021] GET /placement/allocations/82d20ff0-ac85-4600-8edf-a9dd2b35a8c2 => generated 259 bytes in 68 msecs (HTTP/1.1 200) 8 headers in 296 bytes (1 switches on core 0)
Jul 15 17:07:15.890559 n-d-791506-18 devstack@placement-api.service[94227]: DEBUG placement.requestlog [req-29a8aeaf-ad1e-4808-be94-9dc83ce174e8 req-5cb437eb-2d61-46b2-869d-a1a02b01e6fa None None] Starting request: 10.222.0.37 "PUT /placement/allocations/82d20ff0-ac85-4600-8edf-a9dd2b35a8c2" {{(pid=94227) __call__ /opt/stack/placement/placement/requestlog.py:55}}
Jul 15 17:07:16.030546 n-d-791506-18 devstack@placement-api.service[94226]: DEBUG placement.handlers.allocation [req-70706190-3968-4130-8280-a3a9daabccb8 req-849199c6-8fc8-4e4a-9b0a-75c828872700 service placement] Successfully wrote allocations [, , ] {{(pid=94226) _create_allocations /opt/stack/placement/placement/handlers/allocation.py:435}}
Jul 15 17:07:16.031381 n-d-791506-18 devstack@placement-api.service[94226]: INFO placement.requestlog [req-70706190-3968-4130-8280-a3a9daabccb8 req-849199c6-8fc8-4e4a-9b0a-75c828872700 service placement] 10.222.0.32 "PUT /placement/allocations/f17f9f3a-4188-4e20-8a6c-7156ed5cc2bf" status: 204 len: 0 microversion: 1.36
Jul 15 17:07:16.033579 n-d-791506-18 devstack@placement-api.service[94227]: DEBUG placement.objects.allocation [req-29a8aeaf-ad1e-4808-be94-9dc83ce174e8 req-5cb437eb-2d61-46b2-869d-a1a02b01e6fa service placement] Retrying allocations write on resource provider generation conflict {{(pid=94227) replace_all /opt/stack/placement/placement/objects/allocation.py:505}}
Jul 15 17:07:16.039876 n-d-791506-18 devstack@placement-api.service[94226]: [pid: 94226|app: 0|req: 250/495] 10.222.0.32 () {64 vars in 1434 bytes} [Thu Jul 15 17:07:15 2021] PUT /placement/allocations/f17f9f3a-4188-4e20-8a6c-7156ed5cc2bf => generated 0 bytes in 149 msecs (HTTP/1.1 204) 5 headers in 199 bytes (2 switches on core 0)
Jul 15 17:07:16.099051 n-d-791506-18 devstack@placement-api.service[94227]: DEBUG placement.handlers.allocation [req-29a8aeaf-ad1e-4808-be94-9dc83ce174e8 req-5cb437eb-2d61-46b2-869d-a1a02b01e6fa service placement] Successfully wrote allocations [, , ] {{(pid=94227) _create_allocations /opt/stack/placement/placement/handlers/allocation.py:435}}
Jul 15 17:07:16.100062 n-d-791506-18 devstack@placement-api.service[94227]: INFO placement.requestlog [req-29a8aeaf-ad1e-4808-be94-9dc83ce174e8 req-5cb437eb-2d61-46b2-869d-a1a02b01e6fa service placement] 10.222.0.37 "PUT /placement/allocations/82d20ff0-ac85-4600-8edf-a9dd2b35a8c2" status: 204 len: 0 microversion: 1.28
Jul 15 17:07:16.101646 n-d-791506-18 devstack@placement-api.service[94227]: [pid: 94227|app: 0|req: 246/496] 10.222.0.37 () {64 vars in 1431 bytes} [Thu Jul 15 17:07:15 2021] PUT /placement/allocations/82d20ff0-ac85-4600-8edf-a9dd2b35a8c2 => generated 0 bytes in 211 msecs (HTTP/1.1 204) 5 headers in 199 bytes (1 switches on core 0)
Jul 15 17:07:16.761798 n-d-791506-18 devstack@placement-api.service[94226]: DEBUG placement.requestlog [req-70706190-3968-4130-8280-a3a9daabccb8 req-5c33873a-057a-4b8f-84cc-cccd2bc5420f None None] Starting request: 10.222.0.37 "GET /placement/allocations/f17f9f3a-4188-4e20-8a6c-7156ed5cc2bf" {{(pid=94226) __call__ /opt/stack/placement/placement/requestlog.py:55}}
Jul 15 17:07:16.811976 n-d-791506-18 devstack@placement-api.service[94226]: INFO placement.requestlog [req-70706190-3968-4130-8280-a3a9daabccb8 req-5c33873a-057a-4b8f-84cc-cccd2bc5420f service placement] 10.222.0.37 "GET /placement/allocations/f17f9f3a-4188-4e20-8a6c-7156ed5cc2bf" status: 200 len: 259 microversion: 1.28
Jul 15 17:07:16.814125 n-d-791506-18 devstack@placement-api.service[94226]: [pid: 94226|app: 0|req: 251/497] 10.222.0.37 () {60 vars in 1378 bytes} [Thu Jul 15 17:07:16 2021] GET /placement/allocations/f17f9f3a-4188-4e20-8a6c-7156ed5cc2bf => generated 259 bytes in 51 msecs (HTTP/1.1 200) 8 headers in 296 bytes (1 switches on core 0)
Jul 15 17:07:17.218624 n-d-791506-18 devstack@placement-api.service[94227]: DEBUG placement.requestlog [req-61153b66-ad9d-41f0-a7ab-d7f058001d97 req-33303abd-b8d6-4f44-8913-7ad26a7f8c43 None None] Starting request: 10.222.0.32 "GET /placement/allocation_candidates?limit=1000&resources=DISK_GB%3A1%2CMEMORY_MB%3A1024%2CVCPU%3A1&root_required=%21COMPUTE_STATUS_DISABLED" {{(pid=94227) __call__ /opt/stack/placement/placement/requestlog.py:55}}
Jul 15 17:07:17.251948 n-d-791506-18 devstack@placement-api.service[94227]: DEBUG placement.objects.research_context [req-61153b66-ad9d-41f0-a7ab-d7f058001d97 req-33303abd-b8d6-4f44-8913-7ad26a7f8c43 service placement] getting providers with 1 DISK_GB {{(pid=94227) __init__ /opt/stack/placement/placement/objects/research_context.py:126}}
Jul 15 17:07:17.260838 n-d-791506-18 devstack@placement-api.service[94227]: DEBUG placement.objects.research_context [req-61153b66-ad9d-41f0-a7ab-d7f058001d97 req-33303abd-b8d6-4f44-8913-7ad26a7f8c43 service placement] getting providers with 1024 MEMORY_MB {{(pid=94227) __init__ /opt/stack/placement/placement/objects/research_context.py:126}}
Jul 15 17:07:17.282925 n-d-791506-18 devstack@placement-api.service[94227]: DEBUG placement.objects.research_context [req-61153b66-ad9d-41f0-a7ab-d7f058001d97 req-33303abd-b8d6-4f44-8913-7ad26a7f8c43 service placement] getting providers with 1 VCPU {{(pid=94227) __init__ /opt/stack/placement/placement/objects/research_context.py:126}}
Jul 15 17:07:17.290205 n-d-791506-18 devstack@placement-api.service[94227]: DEBUG placement.objects.research_context [req-61153b66-ad9d-41f0-a7ab-d7f058001d97 req-33303abd-b8d6-4f44-8913-7ad26a7f8c43 service placement] found 2 providers with available 1 DISK_GB {{(pid=94227) get_provider_ids_matching /opt/stack/placement/placement/objects/research_context.py:549}}
Jul 15 17:07:17.290736 n-d-791506-18 devstack@placement-api.service[94227]: DEBUG placement.objects.research_context [req-61153b66-ad9d-41f0-a7ab-d7f058001d97 req-33303abd-b8d6-4f44-8913-7ad26a7f8c43 service placement] found 2 providers with available 1024 MEMORY_MB {{(pid=94227) get_provider_ids_matching /opt/stack/placement/placement/objects/research_context.py:549}}
Jul 15 17:07:17.291193 n-d-791506-18 devstack@placement-api.service[94227]: DEBUG placement.objects.research_context [req-61153b66-ad9d-41f0-a7ab-d7f058001d97 req-33303abd-b8d6-4f44-8913-7ad26a7f8c43 service placement] found 2 providers after filtering by previous result {{(pid=94227) get_provider_ids_matching /opt/stack/placement/placement/objects/research_context.py:580}}
Jul 15 17:07:17.291871 n-d-791506-18 devstack@placement-api.service[94227]: DEBUG placement.objects.research_context [req-61153b66-ad9d-41f0-a7ab-d7f058001d97 req-33303abd-b8d6-4f44-8913-7ad26a7f8c43 service placement] found 2 providers with available 1 VCPU {{(pid=94227) get_provider_ids_matching /opt/stack/placement/placement/objects/research_context.py:549}}
Jul 15 17:07:17.292358 n-d-791506-18 devstack@placement-api.service[94227]: DEBUG placement.objects.research_context [req-61153b66-ad9d-41f0-a7ab-d7f058001d97 req-33303abd-b8d6-4f44-8913-7ad26a7f8c43 service placement] found 2 providers after filtering by previous result {{(pid=94227) get_provider_ids_matching /opt/stack/placement/placement/objects/research_context.py:580}}
Jul 15 17:07:17.337348 n-d-791506-18 devstack@placement-api.service[94227]: DEBUG placement.objects.allocation_candidate [req-61153b66-ad9d-41f0-a7ab-d7f058001d97 req-33303abd-b8d6-4f44-8913-7ad26a7f8c43 service placement] RequestGroup(use_same_provider=False, resources={DISK_GB:1, MEMORY_MB:1024, VCPU:1}, traits=[], aggregates=[]) (suffix '') returned 2 matches {{(pid=94227) _get_by_requests /opt/stack/placement/placement/objects/allocation_candidate.py:145}}
Jul 15 17:07:17.338171 n-d-791506-18 devstack@placement-api.service[94227]: DEBUG placement.objects.allocation_candidate [req-61153b66-ad9d-41f0-a7ab-d7f058001d97 req-33303abd-b8d6-4f44-8913-7ad26a7f8c43 service placement] Merging candidates yields 2 allocation requests and 2 provider summaries {{(pid=94227) _merge_candidates /opt/stack/placement/placement/objects/allocation_candidate.py:783}}
Jul 15 17:07:17.343018 n-d-791506-18 devstack@placement-api.service[94227]: INFO placement.requestlog [req-61153b66-ad9d-41f0-a7ab-d7f058001d97 req-33303abd-b8d6-4f44-8913-7ad26a7f8c43 service placement] 10.222.0.32 "GET /placement/allocation_candidates?limit=1000&resources=DISK_GB%3A1%2CMEMORY_MB%3A1024%2CVCPU%3A1&root_required=%21COMPUTE_STATUS_DISABLED" status: 200 len: 1309 microversion: 1.36
Jul 15 17:07:17.345283 n-d-791506-18 devstack@placement-api.service[94227]: [pid: 94227|app: 0|req: 247/498] 10.222.0.32 () {60 vars in 1507 bytes} [Thu Jul 15 17:07:17 2021] GET /placement/allocation_candidates?limit=1000&resources=DISK_GB%3A1%2CMEMORY_MB%3A1024%2CVCPU%3A1&root_required=%21COMPUTE_STATUS_DISABLED => generated 1309 bytes in 127 msecs (HTTP/1.1 200) 8 headers in 297 bytes (1 switches on core 0)
Jul 15 17:07:17.441234 n-d-791506-18 devstack@placement-api.service[94226]: DEBUG placement.requestlog [req-61153b66-ad9d-41f0-a7ab-d7f058001d97 req-8709647f-cd18-42f8-8c67-a552b3dfed19 None None] Starting request: 10.222.0.32 "GET /placement/allocations/9d1a1a39-df5d-4e4b-97de-4423f7a12ccd" {{(pid=94226) __call__ /opt/stack/placement/placement/requestlog.py:55}}
Jul 15 17:07:17.452403 n-d-791506-18 devstack@placement-api.service[94226]: INFO placement.requestlog [req-61153b66-ad9d-41f0-a7ab-d7f058001d97 req-8709647f-cd18-42f8-8c67-a552b3dfed19 service placement] 10.222.0.32 "GET /placement/allocations/9d1a1a39-df5d-4e4b-97de-4423f7a12ccd" status: 200 len: 19 microversion: 1.28
Jul 15 17:07:17.457544 n-d-791506-18 devstack@placement-api.service[94226]: [pid: 94226|app: 0|req: 252/499] 10.222.0.32 () {60 vars in 1381 bytes} [Thu Jul 15 17:07:17 2021] GET /placement/allocations/9d1a1a39-df5d-4e4b-97de-4423f7a12ccd => generated 19 bytes in 16 msecs (HTTP/1.1 200) 8 headers in 295 bytes (1 switches on core 0)
Jul 15 17:07:17.459291 n-d-791506-18 devstack@placement-api.service[94227]: DEBUG placement.requestlog [req-61153b66-ad9d-41f0-a7ab-d7f058001d97 req-75d8b624-a23c-4f1a-b8be-ceb89102794c None None] Starting request: 10.222.0.32 "PUT /placement/allocations/9d1a1a39-df5d-4e4b-97de-4423f7a12ccd" {{(pid=94227) __call__ /opt/stack/placement/placement/requestlog.py:55}}
Jul 15 17:07:17.614806 n-d-791506-18 devstack@placement-api.service[94227]: DEBUG placement.handlers.allocation [req-61153b66-ad9d-41f0-a7ab-d7f058001d97 req-75d8b624-a23c-4f1a-b8be-ceb89102794c service placement] Successfully wrote allocations [, , ] {{(pid=94227) _create_allocations /opt/stack/placement/placement/handlers/allocation.py:435}}
Jul 15 17:07:17.617498 n-d-791506-18 devstack@placement-api.service[94227]: INFO placement.requestlog [req-61153b66-ad9d-41f0-a7ab-d7f058001d97 req-75d8b624-a23c-4f1a-b8be-ceb89102794c service placement] 10.222.0.32 "PUT /placement/allocations/9d1a1a39-df5d-4e4b-97de-4423f7a12ccd" status: 204 len: 0 microversion: 1.36
Jul 15 17:07:17.623605 n-d-791506-18 devstack@placement-api.service[94227]: [pid: 94227|app: 0|req: 248/500] 10.222.0.32 () {64 vars in 1434 bytes} [Thu Jul 15 17:07:17 2021] PUT /placement/allocations/9d1a1a39-df5d-4e4b-97de-4423f7a12ccd => generated 0 bytes in 159 msecs (HTTP/1.1 204) 5 headers in 199 bytes (1 switches on core 0)
Jul 15 17:07:18.451716 n-d-791506-18 devstack@placement-api.service[94226]: DEBUG placement.requestlog [req-61153b66-ad9d-41f0-a7ab-d7f058001d97 req-b3812eaf-af9e-4924-81c0-0c30e436772c None None] Starting request: 10.222.0.39 "GET /placement/allocations/9d1a1a39-df5d-4e4b-97de-4423f7a12ccd" {{(pid=94226) __call__ /opt/stack/placement/placement/requestlog.py:55}}
Jul 15 17:07:18.487034 n-d-791506-18 devstack@placement-api.service[94226]: INFO placement.requestlog [req-61153b66-ad9d-41f0-a7ab-d7f058001d97 req-b3812eaf-af9e-4924-81c0-0c30e436772c service placement] 10.222.0.39 "GET /placement/allocations/9d1a1a39-df5d-4e4b-97de-4423f7a12ccd" status: 200 len: 259 microversion: 1.28
Jul 15 17:07:18.489142 n-d-791506-18 devstack@placement-api.service[94226]: [pid: 94226|app: 0|req: 253/501] 10.222.0.39 () {60 vars in 1378 bytes} [Thu Jul 15 17:07:18 2021] GET /placement/allocations/9d1a1a39-df5d-4e4b-97de-4423f7a12ccd => generated 259 bytes in 38 msecs (HTTP/1.1 200) 8 headers in 296 bytes (1 switches on core 0)
Jul 15 17:07:18.936059 n-d-791506-18 devstack@placement-api.service[94227]: DEBUG placement.requestlog [req-b7c429ec-60ff-4632-9bb6-9877a63c6537 req-eb3872a5-10e7-4428-8da7-a53b5b6f3e87 None None] Starting request: 10.222.0.39 "GET /placement/allocations/4e6e10c3-d18e-45f9-b2db-887da37387f3" {{(pid=94227) __call__ /opt/stack/placement/placement/requestlog.py:55}}
Jul 15 17:07:18.963919 n-d-791506-18 devstack@placement-api.service[94227]: INFO placement.requestlog [req-b7c429ec-60ff-4632-9bb6-9877a63c6537 req-eb3872a5-10e7-4428-8da7-a53b5b6f3e87 service placement] 10.222.0.39 "GET /placement/allocations/4e6e10c3-d18e-45f9-b2db-887da37387f3" status: 200 len: 259 microversion: 1.28
Jul 15 17:07:18.964616 n-d-791506-18 devstack@placement-api.service[94227]: [pid: 94227|app: 0|req: 249/502] 10.222.0.39 () {60 vars in 1378 bytes} [Thu Jul 15 17:07:18 2021] GET /placement/allocations/4e6e10c3-d18e-45f9-b2db-887da37387f3 => generated 259 bytes in 30 msecs (HTTP/1.1 200) 8 headers in 296 bytes (1 switches on core 0)
Jul 15 17:07:18.982491 n-d-791506-18 devstack@placement-api.service[94226]: DEBUG placement.requestlog [req-b7c429ec-60ff-4632-9bb6-9877a63c6537 req-22b6e178-9393-4246-acf3-597b20e5c2e8 None None] Starting request: 10.222.0.39 "PUT /placement/allocations/4e6e10c3-d18e-45f9-b2db-887da37387f3" {{(pid=94226) __call__ /opt/stack/placement/placement/requestlog.py:55}}
Jul 15 17:07:19.081665 n-d-791506-18 devstack@placement-api.service[94226]: DEBUG placement.handlers.allocation [req-b7c429ec-60ff-4632-9bb6-9877a63c6537 req-22b6e178-9393-4246-acf3-597b20e5c2e8 service placement] Successfully wrote allocations [, , ] {{(pid=94226) _create_allocations /opt/stack/placement/placement/handlers/allocation.py:435}}
Jul 15 17:07:19.082519 n-d-791506-18 devstack@placement-api.service[94226]: INFO placement.requestlog [req-b7c429ec-60ff-4632-9bb6-9877a63c6537 req-22b6e178-9393-4246-acf3-597b20e5c2e8 service placement] 10.222.0.39 "PUT /placement/allocations/4e6e10c3-d18e-45f9-b2db-887da37387f3" status: 204 len: 0 microversion: 1.28
Jul 15 17:07:19.083194 n-d-791506-18 devstack@placement-api.service[94226]: [pid: 94226|app: 0|req: 254/503] 10.222.0.39 () {64 vars in 1431 bytes} [Thu Jul 15 17:07:18 2021] PUT /placement/allocations/4e6e10c3-d18e-45f9-b2db-887da37387f3 => generated 0 bytes in 101 msecs (HTTP/1.1 204) 5 headers in 199 bytes (1 switches on core 0)
Jul 15 17:07:20.602184 n-d-791506-18 devstack@placement-api.service[94227]: DEBUG placement.requestlog [req-8ec9e2a5-28cc-4b2d-9529-e4d316d11bd9 req-21cd931e-631a-4c95-8b49-674395b4710c None None] Starting request: 10.222.0.37 "GET /placement/allocations/7ca47278-8460-4469-99d6-6d9e739fc8a6" {{(pid=94227) __call__ /opt/stack/placement/placement/requestlog.py:55}}
Jul 15 17:07:20.630687 n-d-791506-18 devstack@placement-api.service[94227]: INFO placement.requestlog [req-8ec9e2a5-28cc-4b2d-9529-e4d316d11bd9 req-21cd931e-631a-4c95-8b49-674395b4710c service placement] 10.222.0.37 "GET /placement/allocations/7ca47278-8460-4469-99d6-6d9e739fc8a6" status: 200 len: 259 microversion: 1.28
Jul 15 17:07:20.632896 n-d-791506-18 devstack@placement-api.service[94227]: [pid: 94227|app: 0|req: 250/504] 10.222.0.37 () {60 vars in 1378 bytes} [Thu Jul 15 17:07:20 2021] GET /placement/allocations/7ca47278-8460-4469-99d6-6d9e739fc8a6 => generated 259 bytes in 32 msecs (HTTP/1.1 200) 8 headers in 296 bytes (1 switches on core 0)
Jul 15 17:07:20.639682 n-d-791506-18 devstack@placement-api.service[94226]: DEBUG placement.requestlog [req-8ec9e2a5-28cc-4b2d-9529-e4d316d11bd9 req-68204d31-8fbb-4521-8bcf-720362ac19e6 None None] Starting request: 10.222.0.37 "PUT /placement/allocations/7ca47278-8460-4469-99d6-6d9e739fc8a6" {{(pid=94226) __call__ /opt/stack/placement/placement/requestlog.py:55}}
Jul 15 17:07:20.712534 n-d-791506-18 devstack@placement-api.service[94226]: DEBUG placement.handlers.allocation [req-8ec9e2a5-28cc-4b2d-9529-e4d316d11bd9 req-68204d31-8fbb-4521-8bcf-720362ac19e6 service placement] Successfully wrote allocations [, , ] {{(pid=94226) _create_allocations /opt/stack/placement/placement/handlers/allocation.py:435}}
Jul 15 17:07:20.713135 n-d-791506-18 devstack@placement-api.service[94226]: INFO placement.requestlog [req-8ec9e2a5-28cc-4b2d-9529-e4d316d11bd9 req-68204d31-8fbb-4521-8bcf-720362ac19e6 service placement] 10.222.0.37 "PUT /placement/allocations/7ca47278-8460-4469-99d6-6d9e739fc8a6" status: 204 len: 0 microversion: 1.28
Jul 15 17:07:20.713719 n-d-791506-18 devstack@placement-api.service[94226]: [pid: 94226|app: 0|req: 255/505] 10.222.0.37 () {64 vars in 1431 bytes} [Thu Jul 15 17:07:20 2021] PUT /placement/allocations/7ca47278-8460-4469-99d6-6d9e739fc8a6 => generated 0 bytes in 74 msecs (HTTP/1.1 204) 5 headers in 199 bytes (2 switches on core 0)
Jul 15 17:07:23.829258 n-d-791506-18 devstack@placement-api.service[94227]: DEBUG placement.requestlog [req-a77c304c-7b18-4154-895d-77a9b001e79c req-1455a1d7-28e7-40f5-9fca-f6ae1efa942b None None] Starting request: 10.222.0.32 "GET /placement/allocation_candidates?limit=1000&resources=DISK_GB%3A1%2CMEMORY_MB%3A1024%2CVCPU%3A1&root_required=%21COMPUTE_STATUS_DISABLED" {{(pid=94227) __call__ /opt/stack/placement/placement/requestlog.py:55}}
Jul 15 17:07:23.889198 n-d-791506-18 devstack@placement-api.service[94227]: DEBUG placement.objects.research_context [req-a77c304c-7b18-4154-895d-77a9b001e79c req-1455a1d7-28e7-40f5-9fca-f6ae1efa942b service placement] getting providers with 1 DISK_GB {{(pid=94227) __init__ /opt/stack/placement/placement/objects/research_context.py:126}}
Jul 15 17:07:23.897931 n-d-791506-18 devstack@placement-api.service[94227]: DEBUG placement.objects.research_context [req-a77c304c-7b18-4154-895d-77a9b001e79c req-1455a1d7-28e7-40f5-9fca-f6ae1efa942b service placement] getting providers with 1024 MEMORY_MB {{(pid=94227) __init__ /opt/stack/placement/placement/objects/research_context.py:126}}
Jul 15 17:07:23.914485 n-d-791506-18 devstack@placement-api.service[94227]: DEBUG placement.objects.research_context [req-a77c304c-7b18-4154-895d-77a9b001e79c req-1455a1d7-28e7-40f5-9fca-f6ae1efa942b service placement] getting providers with 1 VCPU {{(pid=94227) __init__ /opt/stack/placement/placement/objects/research_context.py:126}}
Jul 15 17:07:23.928770 n-d-791506-18 devstack@placement-api.service[94227]: DEBUG placement.objects.research_context [req-a77c304c-7b18-4154-895d-77a9b001e79c req-1455a1d7-28e7-40f5-9fca-f6ae1efa942b service placement] found 2 providers with available 1 DISK_GB {{(pid=94227) get_provider_ids_matching /opt/stack/placement/placement/objects/research_context.py:549}}
Jul 15 17:07:23.929225 n-d-791506-18 devstack@placement-api.service[94227]: DEBUG placement.objects.research_context [req-a77c304c-7b18-4154-895d-77a9b001e79c req-1455a1d7-28e7-40f5-9fca-f6ae1efa942b service placement] found 2 providers with available 1024 MEMORY_MB {{(pid=94227) get_provider_ids_matching /opt/stack/placement/placement/objects/research_context.py:549}}
Jul 15 17:07:23.929605 n-d-791506-18 devstack@placement-api.service[94227]: DEBUG placement.objects.research_context [req-a77c304c-7b18-4154-895d-77a9b001e79c req-1455a1d7-28e7-40f5-9fca-f6ae1efa942b service placement] found 2 providers after filtering by previous result {{(pid=94227) get_provider_ids_matching /opt/stack/placement/placement/objects/research_context.py:580}}
Jul 15 17:07:23.930217 n-d-791506-18 devstack@placement-api.service[94227]: DEBUG placement.objects.research_context [req-a77c304c-7b18-4154-895d-77a9b001e79c req-1455a1d7-28e7-40f5-9fca-f6ae1efa942b service placement] found 2 providers with available 1 VCPU {{(pid=94227) get_provider_ids_matching /opt/stack/placement/placement/objects/research_context.py:549}}
Jul 15 17:07:23.930583 n-d-791506-18 devstack@placement-api.service[94227]: DEBUG placement.objects.research_context [req-a77c304c-7b18-4154-895d-77a9b001e79c req-1455a1d7-28e7-40f5-9fca-f6ae1efa942b service placement] found 2 providers after filtering by previous result {{(pid=94227) get_provider_ids_matching /opt/stack/placement/placement/objects/research_context.py:580}}
Jul 15 17:07:23.943235 n-d-791506-18 devstack@placement-api.service[94227]: DEBUG placement.objects.allocation_candidate [req-a77c304c-7b18-4154-895d-77a9b001e79c req-1455a1d7-28e7-40f5-9fca-f6ae1efa942b service placement] RequestGroup(use_same_provider=False, resources={DISK_GB:1, MEMORY_MB:1024, VCPU:1}, traits=[], aggregates=[]) (suffix '') returned 2 matches {{(pid=94227) _get_by_requests /opt/stack/placement/placement/objects/allocation_candidate.py:145}}
Jul 15 17:07:23.943975 n-d-791506-18 devstack@placement-api.service[94227]: DEBUG placement.objects.allocation_candidate [req-a77c304c-7b18-4154-895d-77a9b001e79c req-1455a1d7-28e7-40f5-9fca-f6ae1efa942b service placement] Merging candidates yields 2 allocation requests and 2 provider summaries {{(pid=94227) _merge_candidates /opt/stack/placement/placement/objects/allocation_candidate.py:783}}
Jul 15 17:07:23.945717 n-d-791506-18 devstack@placement-api.service[94227]: INFO placement.requestlog [req-a77c304c-7b18-4154-895d-77a9b001e79c req-1455a1d7-28e7-40f5-9fca-f6ae1efa942b service placement] 10.222.0.32 "GET /placement/allocation_candidates?limit=1000&resources=DISK_GB%3A1%2CMEMORY_MB%3A1024%2CVCPU%3A1&root_required=%21COMPUTE_STATUS_DISABLED" status: 200 len: 1309 microversion: 1.36
Jul 15 17:07:23.949956 n-d-791506-18 devstack@placement-api.service[94227]: [pid: 94227|app: 0|req: 251/506] 10.222.0.32 () {60 vars in 1507 bytes} [Thu Jul 15 17:07:23 2021] GET /placement/allocation_candidates?limit=1000&resources=DISK_GB%3A1%2CMEMORY_MB%3A1024%2CVCPU%3A1&root_required=%21COMPUTE_STATUS_DISABLED => generated 1309 bytes in 121 msecs (HTTP/1.1 200) 8 headers in 297 bytes (1 switches on core 0)
Jul 15 17:07:24.032284 n-d-791506-18 devstack@placement-api.service[94226]: DEBUG placement.requestlog [req-a77c304c-7b18-4154-895d-77a9b001e79c req-72a80792-bd7b-40d9-8d39-30d956edabea None None] Starting request: 10.222.0.32 "GET /placement/allocations/7d01db64-c1bc-4cba-8262-1039b1beef17" {{(pid=94226) __call__ /opt/stack/placement/placement/requestlog.py:55}}
Jul 15 17:07:24.046993 n-d-791506-18 devstack@placement-api.service[94226]: INFO placement.requestlog [req-a77c304c-7b18-4154-895d-77a9b001e79c req-72a80792-bd7b-40d9-8d39-30d956edabea service placement] 10.222.0.32 "GET /placement/allocations/7d01db64-c1bc-4cba-8262-1039b1beef17" status: 200 len: 19 microversion: 1.28
Jul 15 17:07:24.051850 n-d-791506-18 devstack@placement-api.service[94226]: [pid: 94226|app: 0|req: 256/507] 10.222.0.32 () {60 vars in 1381 bytes} [Thu Jul 15 17:07:24 2021] GET /placement/allocations/7d01db64-c1bc-4cba-8262-1039b1beef17 => generated 19 bytes in 20 msecs (HTTP/1.1 200) 8 headers in 295 bytes (1 switches on core 0)
Jul 15 17:07:24.054958 n-d-791506-18 devstack@placement-api.service[94227]: DEBUG placement.requestlog [req-a77c304c-7b18-4154-895d-77a9b001e79c req-aaca1cb1-459a-419e-8352-5936ce362e52 None None] Starting request: 10.222.0.32 "PUT /placement/allocations/7d01db64-c1bc-4cba-8262-1039b1beef17" {{(pid=94227) __call__ /opt/stack/placement/placement/requestlog.py:55}}
Jul 15 17:07:24.214490 n-d-791506-18 devstack@placement-api.service[94227]: DEBUG placement.handlers.allocation [req-a77c304c-7b18-4154-895d-77a9b001e79c req-aaca1cb1-459a-419e-8352-5936ce362e52 service placement] Successfully wrote allocations [, , ] {{(pid=94227) _create_allocations /opt/stack/placement/placement/handlers/allocation.py:435}}
Jul 15 17:07:24.215127 n-d-791506-18 devstack@placement-api.service[94227]: INFO placement.requestlog [req-a77c304c-7b18-4154-895d-77a9b001e79c req-aaca1cb1-459a-419e-8352-5936ce362e52 service placement] 10.222.0.32 "PUT /placement/allocations/7d01db64-c1bc-4cba-8262-1039b1beef17" status: 204 len: 0 microversion: 1.36
Jul 15 17:07:24.217844 n-d-791506-18 devstack@placement-api.service[94227]: [pid: 94227|app: 0|req: 252/508] 10.222.0.32 () {64 vars in 1434 bytes} [Thu Jul 15 17:07:24 2021] PUT /placement/allocations/7d01db64-c1bc-4cba-8262-1039b1beef17 => generated 0 bytes in 162 msecs (HTTP/1.1 204) 5 headers in 199 bytes (1 switches on core 0)
Jul 15 17:07:24.783706 n-d-791506-18 devstack@placement-api.service[94226]: DEBUG placement.requestlog [req-a77c304c-7b18-4154-895d-77a9b001e79c req-f146d18e-9018-4bf0-ab54-554fff3e2f41 None None] Starting request: 10.222.0.37 "GET /placement/allocations/7d01db64-c1bc-4cba-8262-1039b1beef17" {{(pid=94226) __call__ /opt/stack/placement/placement/requestlog.py:55}}
Jul 15 17:07:24.810156 n-d-791506-18 devstack@placement-api.service[94226]: INFO placement.requestlog [req-a77c304c-7b18-4154-895d-77a9b001e79c req-f146d18e-9018-4bf0-ab54-554fff3e2f41 service placement] 10.222.0.37 "GET /placement/allocations/7d01db64-c1bc-4cba-8262-1039b1beef17" status: 200 len: 259 microversion: 1.28
Jul 15 17:07:24.810156 n-d-791506-18 devstack@placement-api.service[94226]: [pid: 94226|app: 0|req: 257/509] 10.222.0.37 () {60 vars in 1378 bytes} [Thu Jul 15 17:07:24 2021] GET /placement/allocations/7d01db64-c1bc-4cba-8262-1039b1beef17 => generated 259 bytes in 26 msecs (HTTP/1.1 200) 8 headers in 296 bytes (1 switches on core 0)
Jul 15 17:07:38.126069 n-d-791506-18 devstack@placement-api.service[94227]: DEBUG placement.requestlog [req-79f0f973-9d2e-4c0c-9cab-4403e0ce4499 req-2762b610-c333-49e9-bd18-2ad40ebae454 None None] Starting request: 10.222.0.32 "GET /placement/allocation_candidates?limit=1000&resources=DISK_GB%3A1%2CMEMORY_MB%3A1024%2CVCPU%3A1&root_required=%21COMPUTE_STATUS_DISABLED" {{(pid=94227) __call__ /opt/stack/placement/placement/requestlog.py:55}}
Jul 15 17:07:38.206121 n-d-791506-18 devstack@placement-api.service[94227]: DEBUG placement.objects.research_context [req-79f0f973-9d2e-4c0c-9cab-4403e0ce4499 req-2762b610-c333-49e9-bd18-2ad40ebae454 service placement] getting providers with 1 DISK_GB {{(pid=94227) __init__ /opt/stack/placement/placement/objects/research_context.py:126}}
Jul 15 17:07:38.224757 n-d-791506-18 devstack@placement-api.service[94227]: DEBUG placement.objects.research_context [req-79f0f973-9d2e-4c0c-9cab-4403e0ce4499 req-2762b610-c333-49e9-bd18-2ad40ebae454 service placement] getting providers with 1024 MEMORY_MB {{(pid=94227) __init__ /opt/stack/placement/placement/objects/research_context.py:126}}
Jul 15 17:07:38.246706 n-d-791506-18 devstack@placement-api.service[94227]: DEBUG placement.objects.research_context [req-79f0f973-9d2e-4c0c-9cab-4403e0ce4499 req-2762b610-c333-49e9-bd18-2ad40ebae454 service placement] getting providers with 1 VCPU {{(pid=94227) __init__ /opt/stack/placement/placement/objects/research_context.py:126}}
Jul 15 17:07:38.266475 n-d-791506-18 devstack@placement-api.service[94227]: DEBUG placement.objects.research_context [req-79f0f973-9d2e-4c0c-9cab-4403e0ce4499 req-2762b610-c333-49e9-bd18-2ad40ebae454 service placement] found 2 providers with available 1 DISK_GB {{(pid=94227) get_provider_ids_matching /opt/stack/placement/placement/objects/research_context.py:549}}
Jul 15 17:07:38.266751 n-d-791506-18 devstack@placement-api.service[94227]: DEBUG placement.objects.research_context [req-79f0f973-9d2e-4c0c-9cab-4403e0ce4499 req-2762b610-c333-49e9-bd18-2ad40ebae454 service placement] found 2 providers with available 1024 MEMORY_MB {{(pid=94227) get_provider_ids_matching /opt/stack/placement/placement/objects/research_context.py:549}}
Jul 15 17:07:38.267246 n-d-791506-18 devstack@placement-api.service[94227]: DEBUG placement.objects.research_context [req-79f0f973-9d2e-4c0c-9cab-4403e0ce4499 req-2762b610-c333-49e9-bd18-2ad40ebae454 service placement] found 2 providers after filtering by previous result {{(pid=94227) get_provider_ids_matching /opt/stack/placement/placement/objects/research_context.py:580}}
Jul 15 17:07:38.267671 n-d-791506-18 devstack@placement-api.service[94227]: DEBUG placement.objects.research_context [req-79f0f973-9d2e-4c0c-9cab-4403e0ce4499 req-2762b610-c333-49e9-bd18-2ad40ebae454 service placement] found 2 providers with available 1 VCPU {{(pid=94227) get_provider_ids_matching /opt/stack/placement/placement/objects/research_context.py:549}}
Jul 15 17:07:38.269473 n-d-791506-18 devstack@placement-api.service[94227]: DEBUG placement.objects.research_context [req-79f0f973-9d2e-4c0c-9cab-4403e0ce4499 req-2762b610-c333-49e9-bd18-2ad40ebae454 service placement] found 2 providers after filtering by previous result {{(pid=94227) get_provider_ids_matching /opt/stack/placement/placement/objects/research_context.py:580}}
