Jul 15 17:01:22.135062 n-d-791506-18 devstack@placement-api.service[94226]: INFO placement.requestlog [req-7577ae74-0705-44f5-a374-0569401d8490 req-e3ec6582-d5cb-4880-9ed8-631d860dca0b service placement] 10.222.0.39 "GET /placement/allocations/48cc19d1-5ad5-4ece-b90b-7fe62c6099f2" status: 200 len: 259 microversion: 1.28
Jul 15 17:01:22.135311 n-d-791506-18 devstack@placement-api.service[94226]: [pid: 94226|app: 0|req: 107/214] 10.222.0.39 () {60 vars in 1378 bytes} [Thu Jul 15 17:01:22 2021] GET /placement/allocations/48cc19d1-5ad5-4ece-b90b-7fe62c6099f2 => generated 259 bytes in 34 msecs (HTTP/1.1 200) 8 headers in 296 bytes (1 switches on core 0)
Jul 15 17:01:22.292460 n-d-791506-18 devstack@placement-api.service[94227]: DEBUG placement.requestlog [req-d60fb8de-dc5f-4804-b43e-fe379186a7c7 req-273be687-7f73-4716-b2c3-b94f67643d24 None None] Starting request: 10.222.0.37 "GET /placement/allocations/5e3d0409-14f4-4b8a-b796-08d2fe8e2570" {{(pid=94227) __call__ /opt/stack/placement/placement/requestlog.py:55}}
Jul 15 17:01:22.298389 n-d-791506-18 devstack@placement-api.service[94226]: DEBUG placement.requestlog [req-d60fb8de-dc5f-4804-b43e-fe379186a7c7 req-3f2deaf3-8b52-4ebb-9bea-8b8feae84af5 None None] Starting request: 10.222.0.39 "GET /placement/allocations/28f6d12b-98bb-4716-aa96-112eb62523e3" {{(pid=94226) __call__ /opt/stack/placement/placement/requestlog.py:55}}
Jul 15 17:01:22.341834 n-d-791506-18 devstack@placement-api.service[94226]: INFO placement.requestlog [req-d60fb8de-dc5f-4804-b43e-fe379186a7c7 req-3f2deaf3-8b52-4ebb-9bea-8b8feae84af5 service placement] 10.222.0.39 "GET /placement/allocations/28f6d12b-98bb-4716-aa96-112eb62523e3" status: 200 len: 259 microversion: 1.28
Jul 15 17:01:22.342487 n-d-791506-18 devstack@placement-api.service[94226]: [pid: 94226|app: 0|req: 108/215] 10.222.0.39 () {60 vars in 1378 bytes} [Thu Jul 15 17:01:22 2021] GET /placement/allocations/28f6d12b-98bb-4716-aa96-112eb62523e3 => generated 259 bytes in 44 msecs (HTTP/1.1 200) 8 headers in 296 bytes (1 switches on core 0)
Jul 15 17:01:22.345094 n-d-791506-18 devstack@placement-api.service[94227]: INFO placement.requestlog [req-d60fb8de-dc5f-4804-b43e-fe379186a7c7 req-273be687-7f73-4716-b2c3-b94f67643d24 service placement] 10.222.0.37 "GET /placement/allocations/5e3d0409-14f4-4b8a-b796-08d2fe8e2570" status: 200 len: 259 microversion: 1.28
Jul 15 17:01:22.345875 n-d-791506-18 devstack@placement-api.service[94227]: [pid: 94227|app: 0|req: 108/216] 10.222.0.37 () {60 vars in 1378 bytes} [Thu Jul 15 17:01:22 2021] GET /placement/allocations/5e3d0409-14f4-4b8a-b796-08d2fe8e2570 => generated 259 bytes in 54 msecs (HTTP/1.1 200) 8 headers in 296 bytes (1 switches on core 0)
Jul 15 17:01:23.702990 n-d-791506-18 devstack@placement-api.service[94226]: DEBUG placement.requestlog [req-e0cfb03f-857c-4b85-99a0-7f8bde15b1c9 req-d3aa4984-0582-4332-9413-cf2fa2e6526b None None] Starting request: 10.222.0.37 "GET /placement/allocations/f564d29e-0241-44d5-8db1-06b1a06fedbe" {{(pid=94226) __call__ /opt/stack/placement/placement/requestlog.py:55}}
Jul 15 17:01:23.760321 n-d-791506-18 devstack@placement-api.service[94226]: INFO placement.requestlog [req-e0cfb03f-857c-4b85-99a0-7f8bde15b1c9 req-d3aa4984-0582-4332-9413-cf2fa2e6526b service placement] 10.222.0.37 "GET /placement/allocations/f564d29e-0241-44d5-8db1-06b1a06fedbe" status: 200 len: 259 microversion: 1.28
Jul 15 17:01:23.765530 n-d-791506-18 devstack@placement-api.service[94226]: [pid: 94226|app: 0|req: 109/217] 10.222.0.37 () {60 vars in 1378 bytes} [Thu Jul 15 17:01:23 2021] GET /placement/allocations/f564d29e-0241-44d5-8db1-06b1a06fedbe => generated 259 bytes in 63 msecs (HTTP/1.1 200) 8 headers in 296 bytes (1 switches on core 0)
Jul 15 17:01:23.773855 n-d-791506-18 devstack@placement-api.service[94227]: DEBUG placement.requestlog [req-e0cfb03f-857c-4b85-99a0-7f8bde15b1c9 req-5568d1ae-76e9-41a3-abad-c2cc0282fae8 None None] Starting request: 10.222.0.37 "PUT /placement/allocations/f564d29e-0241-44d5-8db1-06b1a06fedbe" {{(pid=94227) __call__ /opt/stack/placement/placement/requestlog.py:55}}
Jul 15 17:01:23.870577 n-d-791506-18 devstack@placement-api.service[94227]: DEBUG placement.handlers.allocation [req-e0cfb03f-857c-4b85-99a0-7f8bde15b1c9 req-5568d1ae-76e9-41a3-abad-c2cc0282fae8 service placement] Successfully wrote allocations [, , ] {{(pid=94227) _create_allocations /opt/stack/placement/placement/handlers/allocation.py:435}}
Jul 15 17:01:23.871175 n-d-791506-18 devstack@placement-api.service[94227]: INFO placement.requestlog [req-e0cfb03f-857c-4b85-99a0-7f8bde15b1c9 req-5568d1ae-76e9-41a3-abad-c2cc0282fae8 service placement] 10.222.0.37 "PUT /placement/allocations/f564d29e-0241-44d5-8db1-06b1a06fedbe" status: 204 len: 0 microversion: 1.28
Jul 15 17:01:23.871714 n-d-791506-18 devstack@placement-api.service[94227]: [pid: 94227|app: 0|req: 109/218] 10.222.0.37 () {64 vars in 1431 bytes} [Thu Jul 15 17:01:23 2021] PUT /placement/allocations/f564d29e-0241-44d5-8db1-06b1a06fedbe => generated 0 bytes in 99 msecs (HTTP/1.1 204) 5 headers in 199 bytes (1 switches on core 0)
Jul 15 17:01:30.304999 n-d-791506-18 devstack@placement-api.service[94226]: DEBUG placement.requestlog [req-fe06f402-7a94-4de6-bed5-cd5cf48f71da req-0e7ef806-4500-4203-b122-88428420ed75 None None] Starting request: 10.222.0.39 "GET /placement/allocations/0943648d-a19c-4d35-90bb-0fc0c6e38e46" {{(pid=94226) __call__ /opt/stack/placement/placement/requestlog.py:55}}
Jul 15 17:01:30.338028 n-d-791506-18 devstack@placement-api.service[94226]: INFO placement.requestlog [req-fe06f402-7a94-4de6-bed5-cd5cf48f71da req-0e7ef806-4500-4203-b122-88428420ed75 service placement] 10.222.0.39 "GET /placement/allocations/0943648d-a19c-4d35-90bb-0fc0c6e38e46" status: 200 len: 259 microversion: 1.28
Jul 15 17:01:30.339244 n-d-791506-18 devstack@placement-api.service[94226]: [pid: 94226|app: 0|req: 110/219] 10.222.0.39 () {60 vars in 1378 bytes} [Thu Jul 15 17:01:30 2021] GET /placement/allocations/0943648d-a19c-4d35-90bb-0fc0c6e38e46 => generated 259 bytes in 34 msecs (HTTP/1.1 200) 8 headers in 296 bytes (1 switches on core 0)
Jul 15 17:01:32.495873 n-d-791506-18 devstack@placement-api.service[94227]: DEBUG placement.requestlog [None req-9a0db366-2ee3-4e2b-8d83-09f33497380a None None] Starting request: 10.222.0.32 "GET /placement/" {{(pid=94227) __call__ /opt/stack/placement/placement/requestlog.py:55}}
Jul 15 17:01:32.497458 n-d-791506-18 devstack@placement-api.service[94227]: INFO placement.requestlog [None req-9a0db366-2ee3-4e2b-8d83-09f33497380a None None] 10.222.0.32 "GET /placement/" status: 200 len: 136 microversion: 1.0
Jul 15 17:01:32.498084 n-d-791506-18 devstack@placement-api.service[94227]: [pid: 94227|app: 0|req: 110/220] 10.222.0.32 () {54 vars in 916 bytes} [Thu Jul 15 17:01:32 2021] GET /placement => generated 136 bytes in 2 msecs (HTTP/1.1 200) 6 headers in 224 bytes (1 switches on core 0)
Jul 15 17:01:32.509365 n-d-791506-18 devstack@placement-api.service[94226]: DEBUG placement.requestlog [req-47dceb41-5958-436c-ba04-c508b127f107 req-920b9235-f135-426d-b76f-cd5e09571bdd None None] Starting request: 10.222.0.32 "GET /placement/allocations/9c3656e1-f1c5-4e6d-9c2e-44c357a1dfa8" {{(pid=94226) __call__ /opt/stack/placement/placement/requestlog.py:55}}
Jul 15 17:01:32.683513 n-d-791506-18 devstack@placement-api.service[94226]: INFO placement.requestlog [req-47dceb41-5958-436c-ba04-c508b127f107 req-920b9235-f135-426d-b76f-cd5e09571bdd service placement] 10.222.0.32 "GET /placement/allocations/9c3656e1-f1c5-4e6d-9c2e-44c357a1dfa8" status: 200 len: 259 microversion: 1.28
Jul 15 17:01:32.689095 n-d-791506-18 devstack@placement-api.service[94226]: [pid: 94226|app: 0|req: 111/221] 10.222.0.32 () {60 vars in 1381 bytes} [Thu Jul 15 17:01:32 2021] GET /placement/allocations/9c3656e1-f1c5-4e6d-9c2e-44c357a1dfa8 => generated 259 bytes in 180 msecs (HTTP/1.1 200) 8 headers in 296 bytes (1 switches on core 0)
Jul 15 17:01:32.689672 n-d-791506-18 devstack@placement-api.service[94227]: DEBUG placement.requestlog [req-47dceb41-5958-436c-ba04-c508b127f107 req-b5a40dfe-5c2d-4e61-91b5-c7beef481e1d None None] Starting request: 10.222.0.32 "GET /placement/allocations/9c3656e1-f1c5-4e6d-9c2e-44c357a1dfa8" {{(pid=94227) __call__ /opt/stack/placement/placement/requestlog.py:55}}
Jul 15 17:01:32.715528 n-d-791506-18 devstack@placement-api.service[94227]: INFO placement.requestlog [req-47dceb41-5958-436c-ba04-c508b127f107 req-b5a40dfe-5c2d-4e61-91b5-c7beef481e1d service placement] 10.222.0.32 "GET /placement/allocations/9c3656e1-f1c5-4e6d-9c2e-44c357a1dfa8" status: 200 len: 259 microversion: 1.28
Jul 15 17:01:32.716085 n-d-791506-18 devstack@placement-api.service[94227]: [pid: 94227|app: 0|req: 111/222] 10.222.0.32 () {60 vars in 1381 bytes} [Thu Jul 15 17:01:32 2021] GET /placement/allocations/9c3656e1-f1c5-4e6d-9c2e-44c357a1dfa8 => generated 259 bytes in 27 msecs (HTTP/1.1 200) 8 headers in 296 bytes (2 switches on core 0)
Jul 15 17:01:32.731666 n-d-791506-18 devstack@placement-api.service[94226]: DEBUG placement.requestlog [req-47dceb41-5958-436c-ba04-c508b127f107 req-4296346e-1aff-4060-9189-3cb8b56aa69f None None] Starting request: 10.222.0.32 "GET /placement/allocations/efab0cb0-64c6-4cee-b8b5-d283e673d408" {{(pid=94226) __call__ /opt/stack/placement/placement/requestlog.py:55}}
Jul 15 17:01:32.745406 n-d-791506-18 devstack@placement-api.service[94226]: INFO placement.requestlog [req-47dceb41-5958-436c-ba04-c508b127f107 req-4296346e-1aff-4060-9189-3cb8b56aa69f service placement] 10.222.0.32 "GET /placement/allocations/efab0cb0-64c6-4cee-b8b5-d283e673d408" status: 200 len: 19 microversion: 1.28
Jul 15 17:01:32.752896 n-d-791506-18 devstack@placement-api.service[94227]: DEBUG placement.requestlog [req-47dceb41-5958-436c-ba04-c508b127f107 req-08bd078d-9fd6-4922-b70f-d767d2581c0b None None] Starting request: 10.222.0.32 "POST /placement/allocations" {{(pid=94227) __call__ /opt/stack/placement/placement/requestlog.py:55}}
Jul 15 17:01:32.753799 n-d-791506-18 devstack@placement-api.service[94226]: [pid: 94226|app: 0|req: 112/223] 10.222.0.32 () {60 vars in 1381 bytes} [Thu Jul 15 17:01:32 2021] GET /placement/allocations/efab0cb0-64c6-4cee-b8b5-d283e673d408 => generated 19 bytes in 21 msecs (HTTP/1.1 200) 8 headers in 295 bytes (1 switches on core 0)
Jul 15 17:01:32.879098 n-d-791506-18 devstack@placement-api.service[94227]: DEBUG placement.handlers.allocation [req-47dceb41-5958-436c-ba04-c508b127f107 req-08bd078d-9fd6-4922-b70f-d767d2581c0b service placement] Successfully wrote allocations [, , , , , ] {{(pid=94227) _create_allocations /opt/stack/placement/placement/handlers/allocation.py:524}}
Jul 15 17:01:32.879874 n-d-791506-18 devstack@placement-api.service[94227]: INFO placement.requestlog [req-47dceb41-5958-436c-ba04-c508b127f107 req-08bd078d-9fd6-4922-b70f-d767d2581c0b service placement] 10.222.0.32 "POST /placement/allocations" status: 204 len: 0 microversion: 1.28
Jul 15 17:01:32.880746 n-d-791506-18 devstack@placement-api.service[94227]: [pid: 94227|app: 0|req: 112/224] 10.222.0.32 () {64 vars in 1324 bytes} [Thu Jul 15 17:01:32 2021] POST /placement/allocations => generated 0 bytes in 128 msecs (HTTP/1.1 204) 5 headers in 199 bytes (1 switches on core 0)
Jul 15 17:01:32.941787 n-d-791506-18 devstack@placement-api.service[94226]: DEBUG placement.requestlog [req-47dceb41-5958-436c-ba04-c508b127f107 req-173fba48-b81b-48aa-a1fa-b34175a87b9a None None] Starting request: 10.222.0.32 "GET /placement/allocations/9c3656e1-f1c5-4e6d-9c2e-44c357a1dfa8" {{(pid=94226) __call__ /opt/stack/placement/placement/requestlog.py:55}}
Jul 15 17:01:32.958167 n-d-791506-18 devstack@placement-api.service[94226]: INFO placement.requestlog [req-47dceb41-5958-436c-ba04-c508b127f107 req-173fba48-b81b-48aa-a1fa-b34175a87b9a service placement] 10.222.0.32 "GET /placement/allocations/9c3656e1-f1c5-4e6d-9c2e-44c357a1dfa8" status: 200 len: 19 microversion: 1.28
Jul 15 17:01:32.961694 n-d-791506-18 devstack@placement-api.service[94226]: [pid: 94226|app: 0|req: 113/225] 10.222.0.32 () {60 vars in 1381 bytes} [Thu Jul 15 17:01:32 2021] GET /placement/allocations/9c3656e1-f1c5-4e6d-9c2e-44c357a1dfa8 => generated 19 bytes in 19 msecs (HTTP/1.1 200) 8 headers in 295 bytes (1 switches on core 0)
Jul 15 17:01:32.967629 n-d-791506-18 devstack@placement-api.service[94227]: DEBUG placement.requestlog [req-47dceb41-5958-436c-ba04-c508b127f107 req-12e43835-9a71-458b-8811-1468619d36df None None] Starting request: 10.222.0.32 "PUT /placement/allocations/9c3656e1-f1c5-4e6d-9c2e-44c357a1dfa8" {{(pid=94227) __call__ /opt/stack/placement/placement/requestlog.py:55}}
Jul 15 17:01:33.032637 n-d-791506-18 devstack@placement-api.service[94227]: DEBUG placement.handlers.allocation [req-47dceb41-5958-436c-ba04-c508b127f107 req-12e43835-9a71-458b-8811-1468619d36df service placement] Successfully wrote allocations [, , ] {{(pid=94227) _create_allocations /opt/stack/placement/placement/handlers/allocation.py:435}}
Jul 15 17:01:33.033437 n-d-791506-18 devstack@placement-api.service[94227]: INFO placement.requestlog [req-47dceb41-5958-436c-ba04-c508b127f107 req-12e43835-9a71-458b-8811-1468619d36df service placement] 10.222.0.32 "PUT /placement/allocations/9c3656e1-f1c5-4e6d-9c2e-44c357a1dfa8" status: 204 len: 0 microversion: 1.28
Jul 15 17:01:33.035286 n-d-791506-18 devstack@placement-api.service[94227]: [pid: 94227|app: 0|req: 113/226] 10.222.0.32 () {64 vars in 1434 bytes} [Thu Jul 15 17:01:32 2021] PUT /placement/allocations/9c3656e1-f1c5-4e6d-9c2e-44c357a1dfa8 => generated 0 bytes in 67 msecs (HTTP/1.1 204) 5 headers in 199 bytes (1 switches on core 0)
Jul 15 17:01:33.233099 n-d-791506-18 devstack@placement-api.service[94226]: DEBUG placement.requestlog [req-47dceb41-5958-436c-ba04-c508b127f107 req-62f3891a-3414-4784-80a3-201e474ea54f None None] Starting request: 10.222.0.37 "GET /placement/allocations/9c3656e1-f1c5-4e6d-9c2e-44c357a1dfa8" {{(pid=94226) __call__ /opt/stack/placement/placement/requestlog.py:55}}
Jul 15 17:01:33.261978 n-d-791506-18 devstack@placement-api.service[94226]: INFO placement.requestlog [req-47dceb41-5958-436c-ba04-c508b127f107 req-62f3891a-3414-4784-80a3-201e474ea54f service placement] 10.222.0.37 "GET /placement/allocations/9c3656e1-f1c5-4e6d-9c2e-44c357a1dfa8" status: 200 len: 259 microversion: 1.28
Jul 15 17:01:33.262830 n-d-791506-18 devstack@placement-api.service[94226]: [pid: 94226|app: 0|req: 114/227] 10.222.0.37 () {60 vars in 1378 bytes} [Thu Jul 15 17:01:33 2021] GET /placement/allocations/9c3656e1-f1c5-4e6d-9c2e-44c357a1dfa8 => generated 259 bytes in 30 msecs (HTTP/1.1 200) 8 headers in 296 bytes (1 switches on core 0)
Jul 15 17:01:46.590143 n-d-791506-18 devstack@placement-api.service[94227]: DEBUG placement.requestlog [req-92be043d-917c-4fe8-90e0-ee5b6a424981 req-b610f526-d01a-4b7d-b588-29f57b5ff306 None None] Starting request: 10.222.0.39 "GET /placement/resource_providers/52582fc7-41ca-4f21-9c9d-56a8499b864a/allocations" {{(pid=94227) __call__ /opt/stack/placement/placement/requestlog.py:55}}
Jul 15 17:01:46.957389 n-d-791506-18 devstack@placement-api.service[94227]: INFO placement.requestlog [req-92be043d-917c-4fe8-90e0-ee5b6a424981 req-b610f526-d01a-4b7d-b588-29f57b5ff306 service placement] 10.222.0.39 "GET /placement/resource_providers/52582fc7-41ca-4f21-9c9d-56a8499b864a/allocations" status: 200 len: 962 microversion: 1.0
Jul 15 17:01:46.958218 n-d-791506-18 devstack@placement-api.service[94227]: [pid: 94227|app: 0|req: 114/228] 10.222.0.39 () {58 vars in 1391 bytes} [Thu Jul 15 17:01:46 2021] GET /placement/resource_providers/52582fc7-41ca-4f21-9c9d-56a8499b864a/allocations => generated 962 bytes in 368 msecs (HTTP/1.1 200) 6 headers in 224 bytes (1 switches on core 0)
Jul 15 17:01:47.039619 n-d-791506-18 devstack@placement-api.service[94226]: DEBUG placement.requestlog [req-92be043d-917c-4fe8-90e0-ee5b6a424981 req-05e37e5d-cf3b-49df-865e-0ca9f6477b89 None None] Starting request: 10.222.0.39 "GET /placement/resource_providers?in_tree=52582fc7-41ca-4f21-9c9d-56a8499b864a" {{(pid=94226) __call__ /opt/stack/placement/placement/requestlog.py:55}}
Jul 15 17:01:47.080106 n-d-791506-18 devstack@placement-api.service[94226]: INFO placement.requestlog [req-92be043d-917c-4fe8-90e0-ee5b6a424981 req-05e37e5d-cf3b-49df-865e-0ca9f6477b89 service placement] 10.222.0.39 "GET /placement/resource_providers?in_tree=52582fc7-41ca-4f21-9c9d-56a8499b864a" status: 200 len: 864 microversion: 1.14
Jul 15 17:01:47.080676 n-d-791506-18 devstack@placement-api.service[94226]: [pid: 94226|app: 0|req: 115/229] 10.222.0.39 () {60 vars in 1377 bytes} [Thu Jul 15 17:01:47 2021] GET /placement/resource_providers?in_tree=52582fc7-41ca-4f21-9c9d-56a8499b864a => generated 864 bytes in 42 msecs (HTTP/1.1 200) 6 headers in 225 bytes (1 switches on core 0)
Jul 15 17:01:47.094394 n-d-791506-18 devstack@placement-api.service[94227]: DEBUG placement.requestlog [req-92be043d-917c-4fe8-90e0-ee5b6a424981 req-f8549415-927f-45b7-9ff3-1aa019d6b0b7 None None] Starting request: 10.222.0.39 "GET /placement/resource_providers/52582fc7-41ca-4f21-9c9d-56a8499b864a/inventories" {{(pid=94227) __call__ /opt/stack/placement/placement/requestlog.py:55}}
Jul 15 17:01:47.157098 n-d-791506-18 devstack@placement-api.service[94227]: INFO placement.requestlog [req-92be043d-917c-4fe8-90e0-ee5b6a424981 req-f8549415-927f-45b7-9ff3-1aa019d6b0b7 service placement] 10.222.0.39 "GET /placement/resource_providers/52582fc7-41ca-4f21-9c9d-56a8499b864a/inventories" status: 200 len: 398 microversion: 1.0
Jul 15 17:01:47.159994 n-d-791506-18 devstack@placement-api.service[94227]: [pid: 94227|app: 0|req: 115/230] 10.222.0.39 () {58 vars in 1391 bytes} [Thu Jul 15 17:01:47 2021] GET /placement/resource_providers/52582fc7-41ca-4f21-9c9d-56a8499b864a/inventories => generated 398 bytes in 67 msecs (HTTP/1.1 200) 6 headers in 224 bytes (1 switches on core 0)
Jul 15 17:01:47.185446 n-d-791506-18 devstack@placement-api.service[94226]: DEBUG placement.requestlog [req-92be043d-917c-4fe8-90e0-ee5b6a424981 req-9523fa03-6b0b-48ff-a848-91b8e7c9c972 None None] Starting request: 10.222.0.39 "GET /placement/resource_providers/52582fc7-41ca-4f21-9c9d-56a8499b864a/aggregates" {{(pid=94226) __call__ /opt/stack/placement/placement/requestlog.py:55}}
Jul 15 17:01:47.205009 n-d-791506-18 devstack@placement-api.service[94227]: DEBUG placement.requestlog [None req-a90cb516-9bd6-410b-b4ca-6bd05662c780 None None] Starting request: 10.222.0.32 "GET /placement/" {{(pid=94227) __call__ /opt/stack/placement/placement/requestlog.py:55}}
Jul 15 17:01:47.207012 n-d-791506-18 devstack@placement-api.service[94227]: INFO placement.requestlog [None req-a90cb516-9bd6-410b-b4ca-6bd05662c780 None None] 10.222.0.32 "GET /placement/" status: 200 len: 136 microversion: 1.0
Jul 15 17:01:47.207626 n-d-791506-18 devstack@placement-api.service[94227]: [pid: 94227|app: 0|req: 116/231] 10.222.0.32 () {54 vars in 916 bytes} [Thu Jul 15 17:01:47 2021] GET /placement => generated 136 bytes in 3 msecs (HTTP/1.1 200) 6 headers in 224 bytes (2 switches on core 0)
Jul 15 17:01:47.236669 n-d-791506-18 devstack@placement-api.service[94226]: INFO placement.requestlog [req-92be043d-917c-4fe8-90e0-ee5b6a424981 req-9523fa03-6b0b-48ff-a848-91b8e7c9c972 service placement] 10.222.0.39 "GET /placement/resource_providers/52582fc7-41ca-4f21-9c9d-56a8499b864a/aggregates" status: 200 len: 54 microversion: 1.19
Jul 15 17:01:47.238269 n-d-791506-18 devstack@placement-api.service[94227]: DEBUG placement.requestlog [req-2f7beb32-0b52-474c-bc92-5787311786f0 req-021c1721-5db8-4807-8c71-f13852fc7a37 None None] Starting request: 10.222.0.32 "GET /placement/allocations/63d2b8dc-99ea-4866-998d-e041b9d7d0c7" {{(pid=94227) __call__ /opt/stack/placement/placement/requestlog.py:55}}
Jul 15 17:01:47.243757 n-d-791506-18 devstack@placement-api.service[94226]: [pid: 94226|app: 0|req: 116/232] 10.222.0.39 () {60 vars in 1432 bytes} [Thu Jul 15 17:01:47 2021] GET /placement/resource_providers/52582fc7-41ca-4f21-9c9d-56a8499b864a/aggregates => generated 54 bytes in 58 msecs (HTTP/1.1 200) 8 headers in 295 bytes (1 switches on core 0)
Jul 15 17:01:47.257604 n-d-791506-18 devstack@placement-api.service[94226]: DEBUG placement.requestlog [req-92be043d-917c-4fe8-90e0-ee5b6a424981 req-b99228f3-0812-423a-912a-f1ab2f777851 None None] Starting request: 10.222.0.39 "GET /placement/resource_providers/52582fc7-41ca-4f21-9c9d-56a8499b864a/traits" {{(pid=94226) __call__ /opt/stack/placement/placement/requestlog.py:55}}
Jul 15 17:01:47.339214 n-d-791506-18 devstack@placement-api.service[94226]: INFO placement.requestlog [req-92be043d-917c-4fe8-90e0-ee5b6a424981 req-b99228f3-0812-423a-912a-f1ab2f777851 service placement] 10.222.0.39 "GET /placement/resource_providers/52582fc7-41ca-4f21-9c9d-56a8499b864a/traits" status: 200 len: 212 microversion: 1.6
Jul 15 17:01:47.339855 n-d-791506-18 devstack@placement-api.service[94226]: [pid: 94226|app: 0|req: 117/233] 10.222.0.39 () {60 vars in 1419 bytes} [Thu Jul 15 17:01:47 2021] GET /placement/resource_providers/52582fc7-41ca-4f21-9c9d-56a8499b864a/traits => generated 212 bytes in 86 msecs (HTTP/1.1 200) 6 headers in 224 bytes (1 switches on core 0)
Jul 15 17:01:47.357800 n-d-791506-18 devstack@placement-api.service[94227]: INFO placement.requestlog [req-2f7beb32-0b52-474c-bc92-5787311786f0 req-021c1721-5db8-4807-8c71-f13852fc7a37 service placement] 10.222.0.32 "GET /placement/allocations/63d2b8dc-99ea-4866-998d-e041b9d7d0c7" status: 200 len: 259 microversion: 1.28
Jul 15 17:01:47.364280 n-d-791506-18 devstack@placement-api.service[94227]: [pid: 94227|app: 0|req: 117/234] 10.222.0.32 () {60 vars in 1381 bytes} [Thu Jul 15 17:01:47 2021] GET /placement/allocations/63d2b8dc-99ea-4866-998d-e041b9d7d0c7 => generated 259 bytes in 126 msecs (HTTP/1.1 200) 8 headers in 296 bytes (1 switches on core 0)
Jul 15 17:01:47.372148 n-d-791506-18 devstack@placement-api.service[94226]: DEBUG placement.requestlog [req-2f7beb32-0b52-474c-bc92-5787311786f0 req-78f9348e-58b9-4aa7-b8c3-2ed1cbd6487d None None] Starting request: 10.222.0.32 "GET /placement/allocations/63d2b8dc-99ea-4866-998d-e041b9d7d0c7" {{(pid=94226) __call__ /opt/stack/placement/placement/requestlog.py:55}}
Jul 15 17:01:47.398540 n-d-791506-18 devstack@placement-api.service[94226]: INFO placement.requestlog [req-2f7beb32-0b52-474c-bc92-5787311786f0 req-78f9348e-58b9-4aa7-b8c3-2ed1cbd6487d service placement] 10.222.0.32 "GET /placement/allocations/63d2b8dc-99ea-4866-998d-e041b9d7d0c7" status: 200 len: 259 microversion: 1.28
Jul 15 17:01:47.399087 n-d-791506-18 devstack@placement-api.service[94226]: [pid: 94226|app: 0|req: 118/235] 10.222.0.32 () {60 vars in 1381 bytes} [Thu Jul 15 17:01:47 2021] GET /placement/allocations/63d2b8dc-99ea-4866-998d-e041b9d7d0c7 => generated 259 bytes in 27 msecs (HTTP/1.1 200) 8 headers in 296 bytes (1 switches on core 0)
Jul 15 17:01:47.406826 n-d-791506-18 devstack@placement-api.service[94227]: DEBUG placement.requestlog [req-2f7beb32-0b52-474c-bc92-5787311786f0 req-5716d53f-ca59-4ce2-8d39-2162f32b67dd None None] Starting request: 10.222.0.32 "GET /placement/allocations/2abb70fb-a8d2-46d2-80ef-0810c521d5ad" {{(pid=94227) __call__ /opt/stack/placement/placement/requestlog.py:55}}
Jul 15 17:01:47.427973 n-d-791506-18 devstack@placement-api.service[94227]: INFO placement.requestlog [req-2f7beb32-0b52-474c-bc92-5787311786f0 req-5716d53f-ca59-4ce2-8d39-2162f32b67dd service placement] 10.222.0.32 "GET /placement/allocations/2abb70fb-a8d2-46d2-80ef-0810c521d5ad" status: 200 len: 19 microversion: 1.28
Jul 15 17:01:47.429881 n-d-791506-18 devstack@placement-api.service[94227]: [pid: 94227|app: 0|req: 118/236] 10.222.0.32 () {60 vars in 1381 bytes} [Thu Jul 15 17:01:47 2021] GET /placement/allocations/2abb70fb-a8d2-46d2-80ef-0810c521d5ad => generated 19 bytes in 24 msecs (HTTP/1.1 200) 8 headers in 295 bytes (1 switches on core 0)
Jul 15 17:01:47.434789 n-d-791506-18 devstack@placement-api.service[94226]: DEBUG placement.requestlog [req-2f7beb32-0b52-474c-bc92-5787311786f0 req-0819cb4d-2845-47ba-87f9-b2a2f9dfec32 None None] Starting request: 10.222.0.32 "POST /placement/allocations" {{(pid=94226) __call__ /opt/stack/placement/placement/requestlog.py:55}}
Jul 15 17:01:47.542083 n-d-791506-18 devstack@placement-api.service[94226]: DEBUG placement.handlers.allocation [req-2f7beb32-0b52-474c-bc92-5787311786f0 req-0819cb4d-2845-47ba-87f9-b2a2f9dfec32 service placement] Successfully wrote allocations [, , , , , ] {{(pid=94226) _create_allocations /opt/stack/placement/placement/handlers/allocation.py:524}}
Jul 15 17:01:47.542973 n-d-791506-18 devstack@placement-api.service[94226]: INFO placement.requestlog [req-2f7beb32-0b52-474c-bc92-5787311786f0 req-0819cb4d-2845-47ba-87f9-b2a2f9dfec32 service placement] 10.222.0.32 "POST /placement/allocations" status: 204 len: 0 microversion: 1.28
Jul 15 17:01:47.543808 n-d-791506-18 devstack@placement-api.service[94226]: [pid: 94226|app: 0|req: 119/237] 10.222.0.32 () {64 vars in 1324 bytes} [Thu Jul 15 17:01:47 2021] POST /placement/allocations => generated 0 bytes in 109 msecs (HTTP/1.1 204) 5 headers in 199 bytes (2 switches on core 0)
Jul 15 17:01:47.619962 n-d-791506-18 devstack@placement-api.service[94227]: DEBUG placement.requestlog [req-2f7beb32-0b52-474c-bc92-5787311786f0 req-c301e439-be1a-4c29-a33b-b27c2d7904e6 None None] Starting request: 10.222.0.32 "GET /placement/allocations/63d2b8dc-99ea-4866-998d-e041b9d7d0c7" {{(pid=94227) __call__ /opt/stack/placement/placement/requestlog.py:55}}
Jul 15 17:01:47.631261 n-d-791506-18 devstack@placement-api.service[94227]: INFO placement.requestlog [req-2f7beb32-0b52-474c-bc92-5787311786f0 req-c301e439-be1a-4c29-a33b-b27c2d7904e6 service placement] 10.222.0.32 "GET /placement/allocations/63d2b8dc-99ea-4866-998d-e041b9d7d0c7" status: 200 len: 19 microversion: 1.28
Jul 15 17:01:47.637195 n-d-791506-18 devstack@placement-api.service[94226]: DEBUG placement.requestlog [req-2f7beb32-0b52-474c-bc92-5787311786f0 req-720503a7-a5b4-417b-bee3-83830bc2d873 None None] Starting request: 10.222.0.32 "PUT /placement/allocations/63d2b8dc-99ea-4866-998d-e041b9d7d0c7" {{(pid=94226) __call__ /opt/stack/placement/placement/requestlog.py:55}}
Jul 15 17:01:47.638246 n-d-791506-18 devstack@placement-api.service[94227]: [pid: 94227|app: 0|req: 119/238] 10.222.0.32 () {60 vars in 1381 bytes} [Thu Jul 15 17:01:47 2021] GET /placement/allocations/63d2b8dc-99ea-4866-998d-e041b9d7d0c7 => generated 19 bytes in 18 msecs (HTTP/1.1 200) 8 headers in 295 bytes (1 switches on core 0)
Jul 15 17:01:47.711153 n-d-791506-18 devstack@placement-api.service[94226]: DEBUG placement.handlers.allocation [req-2f7beb32-0b52-474c-bc92-5787311786f0 req-720503a7-a5b4-417b-bee3-83830bc2d873 service placement] Successfully wrote allocations [, , ] {{(pid=94226) _create_allocations /opt/stack/placement/placement/handlers/allocation.py:435}}
Jul 15 17:01:47.711844 n-d-791506-18 devstack@placement-api.service[94226]: INFO placement.requestlog [req-2f7beb32-0b52-474c-bc92-5787311786f0 req-720503a7-a5b4-417b-bee3-83830bc2d873 service placement] 10.222.0.32 "PUT /placement/allocations/63d2b8dc-99ea-4866-998d-e041b9d7d0c7" status: 204 len: 0 microversion: 1.28
Jul 15 17:01:47.713013 n-d-791506-18 devstack@placement-api.service[94226]: [pid: 94226|app: 0|req: 120/239] 10.222.0.32 () {64 vars in 1434 bytes} [Thu Jul 15 17:01:47 2021] PUT /placement/allocations/63d2b8dc-99ea-4866-998d-e041b9d7d0c7 => generated 0 bytes in 76 msecs (HTTP/1.1 204) 5 headers in 199 bytes (2 switches on core 0)
Jul 15 17:01:47.859556 n-d-791506-18 devstack@placement-api.service[94227]: DEBUG placement.requestlog [req-47dceb41-5958-436c-ba04-c508b127f107 req-268e4438-4e4b-466a-9cc1-698341fbb5cb None None] Starting request: 10.222.0.39 "GET /placement/resource_providers/52582fc7-41ca-4f21-9c9d-56a8499b864a/allocations" {{(pid=94227) __call__ /opt/stack/placement/placement/requestlog.py:55}}
Jul 15 17:01:47.896906 n-d-791506-18 devstack@placement-api.service[94227]: INFO placement.requestlog [req-47dceb41-5958-436c-ba04-c508b127f107 req-268e4438-4e4b-466a-9cc1-698341fbb5cb service placement] 10.222.0.39 "GET /placement/resource_providers/52582fc7-41ca-4f21-9c9d-56a8499b864a/allocations" status: 200 len: 1063 microversion: 1.0
Jul 15 17:01:47.897935 n-d-791506-18 devstack@placement-api.service[94227]: [pid: 94227|app: 0|req: 120/240] 10.222.0.39 () {58 vars in 1391 bytes} [Thu Jul 15 17:01:47 2021] GET /placement/resource_providers/52582fc7-41ca-4f21-9c9d-56a8499b864a/allocations => generated 1063 bytes in 39 msecs (HTTP/1.1 200) 6 headers in 225 bytes (1 switches on core 0)
Jul 15 17:01:47.908988 n-d-791506-18 devstack@placement-api.service[94226]: DEBUG placement.requestlog [req-2f7beb32-0b52-474c-bc92-5787311786f0 req-81785d24-6777-49f4-9167-ec25b532f439 None None] Starting request: 10.222.0.39 "GET /placement/allocations/63d2b8dc-99ea-4866-998d-e041b9d7d0c7" {{(pid=94226) __call__ /opt/stack/placement/placement/requestlog.py:55}}
Jul 15 17:01:47.955746 n-d-791506-18 devstack@placement-api.service[94226]: INFO placement.requestlog [req-2f7beb32-0b52-474c-bc92-5787311786f0 req-81785d24-6777-49f4-9167-ec25b532f439 service placement] 10.222.0.39 "GET /placement/allocations/63d2b8dc-99ea-4866-998d-e041b9d7d0c7" status: 200 len: 259 microversion: 1.28
Jul 15 17:01:47.956379 n-d-791506-18 devstack@placement-api.service[94226]: [pid: 94226|app: 0|req: 121/241] 10.222.0.39 () {60 vars in 1378 bytes} [Thu Jul 15 17:01:47 2021] GET /placement/allocations/63d2b8dc-99ea-4866-998d-e041b9d7d0c7 => generated 259 bytes in 47 msecs (HTTP/1.1 200) 8 headers in 296 bytes (1 switches on core 0)
Jul 15 17:01:48.340899 n-d-791506-18 devstack@placement-api.service[94227]: DEBUG placement.requestlog [req-47dceb41-5958-436c-ba04-c508b127f107 req-4b0fba53-b996-42c8-8d28-eb56754338b3 None None] Starting request: 10.222.0.39 "GET /placement/allocations/efab0cb0-64c6-4cee-b8b5-d283e673d408" {{(pid=94227) __call__ /opt/stack/placement/placement/requestlog.py:55}}
Jul 15 17:01:48.396753 n-d-791506-18 devstack@placement-api.service[94227]: INFO placement.requestlog [req-47dceb41-5958-436c-ba04-c508b127f107 req-4b0fba53-b996-42c8-8d28-eb56754338b3 service placement] 10.222.0.39 "GET /placement/allocations/efab0cb0-64c6-4cee-b8b5-d283e673d408" status: 200 len: 259 microversion: 1.28
Jul 15 17:01:48.397967 n-d-791506-18 devstack@placement-api.service[94227]: [pid: 94227|app: 0|req: 121/242] 10.222.0.39 () {60 vars in 1378 bytes} [Thu Jul 15 17:01:48 2021] GET /placement/allocations/efab0cb0-64c6-4cee-b8b5-d283e673d408 => generated 259 bytes in 66 msecs (HTTP/1.1 200) 8 headers in 296 bytes (1 switches on core 0)
Jul 15 17:01:48.452892 n-d-791506-18 devstack@placement-api.service[94226]: DEBUG placement.requestlog [req-47dceb41-5958-436c-ba04-c508b127f107 req-6f173b5b-d0ef-4c52-bc1c-219a22d210dc None None] Starting request: 10.222.0.39 "PUT /placement/allocations/efab0cb0-64c6-4cee-b8b5-d283e673d408" {{(pid=94226) __call__ /opt/stack/placement/placement/requestlog.py:55}}
Jul 15 17:01:48.535582 n-d-791506-18 devstack@placement-api.service[94226]: DEBUG placement.handlers.allocation [req-47dceb41-5958-436c-ba04-c508b127f107 req-6f173b5b-d0ef-4c52-bc1c-219a22d210dc service placement] Successfully wrote allocations [, , ] {{(pid=94226) _create_allocations /opt/stack/placement/placement/handlers/allocation.py:435}}
Jul 15 17:01:48.538904 n-d-791506-18 devstack@placement-api.service[94226]: INFO placement.requestlog [req-47dceb41-5958-436c-ba04-c508b127f107 req-6f173b5b-d0ef-4c52-bc1c-219a22d210dc service placement] 10.222.0.39 "PUT /placement/allocations/efab0cb0-64c6-4cee-b8b5-d283e673d408" status: 204 len: 0 microversion: 1.28
Jul 15 17:01:48.539749 n-d-791506-18 devstack@placement-api.service[94226]: [pid: 94226|app: 0|req: 122/243] 10.222.0.39 () {64 vars in 1431 bytes} [Thu Jul 15 17:01:48 2021] PUT /placement/allocations/efab0cb0-64c6-4cee-b8b5-d283e673d408 => generated 0 bytes in 87 msecs (HTTP/1.1 204) 5 headers in 199 bytes (1 switches on core 0)
Jul 15 17:01:50.925230 n-d-791506-18 devstack@placement-api.service[94227]: DEBUG placement.requestlog [req-f44d5113-117f-44c1-965c-17ed39f201fb req-efacd885-5e9a-42f1-b7a6-7b118cb707bc None None] Starting request: 10.222.0.37 "GET /placement/resource_providers/943506df-838c-4ea0-9739-2164d5719334/allocations" {{(pid=94227) __call__ /opt/stack/placement/placement/requestlog.py:55}}
Jul 15 17:01:51.109509 n-d-791506-18 devstack@placement-api.service[94227]: INFO placement.requestlog [req-f44d5113-117f-44c1-965c-17ed39f201fb req-efacd885-5e9a-42f1-b7a6-7b118cb707bc service placement] 10.222.0.37 "GET /placement/resource_providers/943506df-838c-4ea0-9739-2164d5719334/allocations" status: 200 len: 962 microversion: 1.0
Jul 15 17:01:51.109946 n-d-791506-18 devstack@placement-api.service[94227]: [pid: 94227|app: 0|req: 122/244] 10.222.0.37 () {58 vars in 1391 bytes} [Thu Jul 15 17:01:50 2021] GET /placement/resource_providers/943506df-838c-4ea0-9739-2164d5719334/allocations => generated 962 bytes in 185 msecs (HTTP/1.1 200) 6 headers in 224 bytes (1 switches on core 0)
Jul 15 17:01:51.191998 n-d-791506-18 devstack@placement-api.service[94226]: DEBUG placement.requestlog [req-f44d5113-117f-44c1-965c-17ed39f201fb req-baa2552d-0b8f-41da-b85a-be867199b68e None None] Starting request: 10.222.0.37 "GET /placement/resource_providers?in_tree=943506df-838c-4ea0-9739-2164d5719334" {{(pid=94226) __call__ /opt/stack/placement/placement/requestlog.py:55}}
Jul 15 17:01:51.214970 n-d-791506-18 devstack@placement-api.service[94226]: INFO placement.requestlog [req-f44d5113-117f-44c1-965c-17ed39f201fb req-baa2552d-0b8f-41da-b85a-be867199b68e service placement] 10.222.0.37 "GET /placement/resource_providers?in_tree=943506df-838c-4ea0-9739-2164d5719334" status: 200 len: 864 microversion: 1.14
Jul 15 17:01:51.215757 n-d-791506-18 devstack@placement-api.service[94226]: [pid: 94226|app: 0|req: 123/245] 10.222.0.37 () {60 vars in 1377 bytes} [Thu Jul 15 17:01:51 2021] GET /placement/resource_providers?in_tree=943506df-838c-4ea0-9739-2164d5719334 => generated 864 bytes in 24 msecs (HTTP/1.1 200) 6 headers in 225 bytes (1 switches on core 0)
Jul 15 17:01:51.227510 n-d-791506-18 devstack@placement-api.service[94227]: DEBUG placement.requestlog [req-f44d5113-117f-44c1-965c-17ed39f201fb req-a216ae87-1a56-4140-a1a6-aa30189e1ee5 None None] Starting request: 10.222.0.37 "GET /placement/resource_providers/943506df-838c-4ea0-9739-2164d5719334/inventories" {{(pid=94227) __call__ /opt/stack/placement/placement/requestlog.py:55}}
Jul 15 17:01:51.271997 n-d-791506-18 devstack@placement-api.service[94227]: INFO placement.requestlog [req-f44d5113-117f-44c1-965c-17ed39f201fb req-a216ae87-1a56-4140-a1a6-aa30189e1ee5 service placement] 10.222.0.37 "GET /placement/resource_providers/943506df-838c-4ea0-9739-2164d5719334/inventories" status: 200 len: 398 microversion: 1.0
Jul 15 17:01:51.272847 n-d-791506-18 devstack@placement-api.service[94227]: [pid: 94227|app: 0|req: 123/246] 10.222.0.37 () {58 vars in 1391 bytes} [Thu Jul 15 17:01:51 2021] GET /placement/resource_providers/943506df-838c-4ea0-9739-2164d5719334/inventories => generated 398 bytes in 45 msecs (HTTP/1.1 200) 6 headers in 224 bytes (1 switches on core 0)
Jul 15 17:01:51.282685 n-d-791506-18 devstack@placement-api.service[94226]: DEBUG placement.requestlog [req-f44d5113-117f-44c1-965c-17ed39f201fb req-93eaff24-41e4-4737-991e-5fb6a0a978c7 None None] Starting request: 10.222.0.37 "GET /placement/resource_providers/943506df-838c-4ea0-9739-2164d5719334/aggregates" {{(pid=94226) __call__ /opt/stack/placement/placement/requestlog.py:55}}
Jul 15 17:01:51.306130 n-d-791506-18 devstack@placement-api.service[94226]: INFO placement.requestlog [req-f44d5113-117f-44c1-965c-17ed39f201fb req-93eaff24-41e4-4737-991e-5fb6a0a978c7 service placement] 10.222.0.37 "GET /placement/resource_providers/943506df-838c-4ea0-9739-2164d5719334/aggregates" status: 200 len: 54 microversion: 1.19
Jul 15 17:01:51.306697 n-d-791506-18 devstack@placement-api.service[94226]: [pid: 94226|app: 0|req: 124/247] 10.222.0.37 () {60 vars in 1432 bytes} [Thu Jul 15 17:01:51 2021] GET /placement/resource_providers/943506df-838c-4ea0-9739-2164d5719334/aggregates => generated 54 bytes in 24 msecs (HTTP/1.1 200) 8 headers in 295 bytes (1 switches on core 0)
Jul 15 17:01:51.328217 n-d-791506-18 devstack@placement-api.service[94227]: DEBUG placement.requestlog [req-f44d5113-117f-44c1-965c-17ed39f201fb req-bde7179d-8aa4-4cb7-af9b-4940131557b7 None None] Starting request: 10.222.0.37 "GET /placement/resource_providers/943506df-838c-4ea0-9739-2164d5719334/traits" {{(pid=94227) __call__ /opt/stack/placement/placement/requestlog.py:55}}
Jul 15 17:01:51.370626 n-d-791506-18 devstack@placement-api.service[94227]: INFO placement.requestlog [req-f44d5113-117f-44c1-965c-17ed39f201fb req-bde7179d-8aa4-4cb7-af9b-4940131557b7 service placement] 10.222.0.37 "GET /placement/resource_providers/943506df-838c-4ea0-9739-2164d5719334/traits" status: 200 len: 212 microversion: 1.6
Jul 15 17:01:51.371515 n-d-791506-18 devstack@placement-api.service[94227]: [pid: 94227|app: 0|req: 124/248] 10.222.0.37 () {60 vars in 1419 bytes} [Thu Jul 15 17:01:51 2021] GET /placement/resource_providers/943506df-838c-4ea0-9739-2164d5719334/traits => generated 212 bytes in 44 msecs (HTTP/1.1 200) 6 headers in 224 bytes (1 switches on core 0)
Jul 15 17:01:55.914318 n-d-791506-18 devstack@placement-api.service[94226]: DEBUG placement.requestlog [req-07a198bb-0d1f-4a8f-a30e-ec7a5dd8803a req-42039c1b-ed4d-4826-9e52-9ce51799977d None None] Starting request: 10.222.0.32 "GET /placement/allocation_candidates?limit=1000&resources=DISK_GB%3A1%2CMEMORY_MB%3A1024%2CVCPU%3A1&root_required=%21COMPUTE_STATUS_DISABLED" {{(pid=94226) __call__ /opt/stack/placement/placement/requestlog.py:55}}
Jul 15 17:01:55.952337 n-d-791506-18 devstack@placement-api.service[94226]: DEBUG placement.objects.research_context [req-07a198bb-0d1f-4a8f-a30e-ec7a5dd8803a req-42039c1b-ed4d-4826-9e52-9ce51799977d service placement] getting providers with 1 DISK_GB {{(pid=94226) __init__ /opt/stack/placement/placement/objects/research_context.py:126}}
Jul 15 17:01:55.959144 n-d-791506-18 devstack@placement-api.service[94226]: DEBUG placement.objects.research_context [req-07a198bb-0d1f-4a8f-a30e-ec7a5dd8803a req-42039c1b-ed4d-4826-9e52-9ce51799977d service placement] getting providers with 1024 MEMORY_MB {{(pid=94226) __init__ /opt/stack/placement/placement/objects/research_context.py:126}}
Jul 15 17:01:55.969275 n-d-791506-18 devstack@placement-api.service[94226]: DEBUG placement.objects.research_context [req-07a198bb-0d1f-4a8f-a30e-ec7a5dd8803a req-42039c1b-ed4d-4826-9e52-9ce51799977d service placement] getting providers with 1 VCPU {{(pid=94226) __init__ /opt/stack/placement/placement/objects/research_context.py:126}}
Jul 15 17:01:55.978531 n-d-791506-18 devstack@placement-api.service[94226]: DEBUG placement.objects.research_context [req-07a198bb-0d1f-4a8f-a30e-ec7a5dd8803a req-42039c1b-ed4d-4826-9e52-9ce51799977d service placement] found 2 providers with available 1 DISK_GB {{(pid=94226) get_provider_ids_matching /opt/stack/placement/placement/objects/research_context.py:549}}
Jul 15 17:01:55.979205 n-d-791506-18 devstack@placement-api.service[94226]: DEBUG placement.objects.research_context [req-07a198bb-0d1f-4a8f-a30e-ec7a5dd8803a req-42039c1b-ed4d-4826-9e52-9ce51799977d service placement] found 2 providers with available 1024 MEMORY_MB {{(pid=94226) get_provider_ids_matching /opt/stack/placement/placement/objects/research_context.py:549}}
Jul 15 17:01:55.979722 n-d-791506-18 devstack@placement-api.service[94226]: DEBUG placement.objects.research_context [req-07a198bb-0d1f-4a8f-a30e-ec7a5dd8803a req-42039c1b-ed4d-4826-9e52-9ce51799977d service placement] found 2 providers after filtering by previous result {{(pid=94226) get_provider_ids_matching /opt/stack/placement/placement/objects/research_context.py:580}}
Jul 15 17:01:55.980207 n-d-791506-18 devstack@placement-api.service[94226]: DEBUG placement.objects.research_context [req-07a198bb-0d1f-4a8f-a30e-ec7a5dd8803a req-42039c1b-ed4d-4826-9e52-9ce51799977d service placement] found 2 providers with available 1 VCPU {{(pid=94226) get_provider_ids_matching /opt/stack/placement/placement/objects/research_context.py:549}}
Jul 15 17:01:55.980694 n-d-791506-18 devstack@placement-api.service[94226]: DEBUG placement.objects.research_context [req-07a198bb-0d1f-4a8f-a30e-ec7a5dd8803a req-42039c1b-ed4d-4826-9e52-9ce51799977d service placement] found 2 providers after filtering by previous result {{(pid=94226) get_provider_ids_matching /opt/stack/placement/placement/objects/research_context.py:580}}
Jul 15 17:01:55.997076 n-d-791506-18 devstack@placement-api.service[94226]: DEBUG placement.objects.allocation_candidate [req-07a198bb-0d1f-4a8f-a30e-ec7a5dd8803a req-42039c1b-ed4d-4826-9e52-9ce51799977d service placement] RequestGroup(use_same_provider=False, resources={DISK_GB:1, MEMORY_MB:1024, VCPU:1}, traits=[], aggregates=[]) (suffix '') returned 2 matches {{(pid=94226) _get_by_requests /opt/stack/placement/placement/objects/allocation_candidate.py:145}}
Jul 15 17:01:55.997757 n-d-791506-18 devstack@placement-api.service[94226]: DEBUG placement.objects.allocation_candidate [req-07a198bb-0d1f-4a8f-a30e-ec7a5dd8803a req-42039c1b-ed4d-4826-9e52-9ce51799977d service placement] Merging candidates yields 2 allocation requests and 2 provider summaries {{(pid=94226) _merge_candidates /opt/stack/placement/placement/objects/allocation_candidate.py:783}}
Jul 15 17:01:56.000670 n-d-791506-18 devstack@placement-api.service[94226]: INFO placement.requestlog [req-07a198bb-0d1f-4a8f-a30e-ec7a5dd8803a req-42039c1b-ed4d-4826-9e52-9ce51799977d service placement] 10.222.0.32 "GET /placement/allocation_candidates?limit=1000&resources=DISK_GB%3A1%2CMEMORY_MB%3A1024%2CVCPU%3A1&root_required=%21COMPUTE_STATUS_DISABLED" status: 200 len: 1310 microversion: 1.36
Jul 15 17:01:56.001544 n-d-791506-18 devstack@placement-api.service[94226]: [pid: 94226|app: 0|req: 125/249] 10.222.0.32 () {60 vars in 1507 bytes} [Thu Jul 15 17:01:55 2021] GET /placement/allocation_candidates?limit=1000&resources=DISK_GB%3A1%2CMEMORY_MB%3A1024%2CVCPU%3A1&root_required=%21COMPUTE_STATUS_DISABLED => generated 1310 bytes in 87 msecs (HTTP/1.1 200) 8 headers in 297 bytes (1 switches on core 0)
Jul 15 17:01:56.107014 n-d-791506-18 devstack@placement-api.service[94227]: DEBUG placement.requestlog [req-07a198bb-0d1f-4a8f-a30e-ec7a5dd8803a req-f78e03bf-9c9d-4d25-995d-5439fff04df2 None None] Starting request: 10.222.0.32 "GET /placement/allocations/83b675e6-763d-4c55-ade4-5a04976176fb" {{(pid=94227) __call__ /opt/stack/placement/placement/requestlog.py:55}}
Jul 15 17:01:56.121328 n-d-791506-18 devstack@placement-api.service[94227]: INFO placement.requestlog [req-07a198bb-0d1f-4a8f-a30e-ec7a5dd8803a req-f78e03bf-9c9d-4d25-995d-5439fff04df2 service placement] 10.222.0.32 "GET /placement/allocations/83b675e6-763d-4c55-ade4-5a04976176fb" status: 200 len: 19 microversion: 1.28
Jul 15 17:01:56.131942 n-d-791506-18 devstack@placement-api.service[94227]: [pid: 94227|app: 0|req: 125/250] 10.222.0.32 () {60 vars in 1381 bytes} [Thu Jul 15 17:01:56 2021] GET /placement/allocations/83b675e6-763d-4c55-ade4-5a04976176fb => generated 19 bytes in 25 msecs (HTTP/1.1 200) 8 headers in 295 bytes (1 switches on core 0)
Jul 15 17:01:56.139984 n-d-791506-18 devstack@placement-api.service[94226]: DEBUG placement.requestlog [req-07a198bb-0d1f-4a8f-a30e-ec7a5dd8803a req-dd776876-6d21-48a1-9938-4af8e411a9f1 None None] Starting request: 10.222.0.32 "PUT /placement/allocations/83b675e6-763d-4c55-ade4-5a04976176fb" {{(pid=94226) __call__ /opt/stack/placement/placement/requestlog.py:55}}
Jul 15 17:01:56.249517 n-d-791506-18 devstack@placement-api.service[94226]: DEBUG placement.handlers.allocation [req-07a198bb-0d1f-4a8f-a30e-ec7a5dd8803a req-dd776876-6d21-48a1-9938-4af8e411a9f1 service placement] Successfully wrote allocations [, , ] {{(pid=94226) _create_allocations /opt/stack/placement/placement/handlers/allocation.py:435}}
Jul 15 17:01:56.250363 n-d-791506-18 devstack@placement-api.service[94226]: INFO placement.requestlog [req-07a198bb-0d1f-4a8f-a30e-ec7a5dd8803a req-dd776876-6d21-48a1-9938-4af8e411a9f1 service placement] 10.222.0.32 "PUT /placement/allocations/83b675e6-763d-4c55-ade4-5a04976176fb" status: 204 len: 0 microversion: 1.36
Jul 15 17:01:56.250852 n-d-791506-18 devstack@placement-api.service[94226]: [pid: 94226|app: 0|req: 126/251] 10.222.0.32 () {64 vars in 1434 bytes} [Thu Jul 15 17:01:56 2021] PUT /placement/allocations/83b675e6-763d-4c55-ade4-5a04976176fb => generated 0 bytes in 111 msecs (HTTP/1.1 204) 5 headers in 199 bytes (1 switches on core 0)
Jul 15 17:01:56.865869 n-d-791506-18 devstack@placement-api.service[94227]: DEBUG placement.requestlog [req-07a198bb-0d1f-4a8f-a30e-ec7a5dd8803a req-ccf2bfbe-5dc8-4226-b610-2d0b07eb1d86 None None] Starting request: 10.222.0.37 "GET /placement/allocations/83b675e6-763d-4c55-ade4-5a04976176fb" {{(pid=94227) __call__ /opt/stack/placement/placement/requestlog.py:55}}
Jul 15 17:01:56.890419 n-d-791506-18 devstack@placement-api.service[94227]: INFO placement.requestlog [req-07a198bb-0d1f-4a8f-a30e-ec7a5dd8803a req-ccf2bfbe-5dc8-4226-b610-2d0b07eb1d86 service placement] 10.222.0.37 "GET /placement/allocations/83b675e6-763d-4c55-ade4-5a04976176fb" status: 200 len: 259 microversion: 1.28
Jul 15 17:01:56.891137 n-d-791506-18 devstack@placement-api.service[94227]: [pid: 94227|app: 0|req: 126/252] 10.222.0.37 () {60 vars in 1378 bytes} [Thu Jul 15 17:01:56 2021] GET /placement/allocations/83b675e6-763d-4c55-ade4-5a04976176fb => generated 259 bytes in 28 msecs (HTTP/1.1 200) 8 headers in 296 bytes (1 switches on core 0)
Jul 15 17:02:01.157313 n-d-791506-18 devstack@placement-api.service[94226]: DEBUG placement.requestlog [req-43436d9b-a896-4422-bd86-f80af2209661 req-79bd770f-3391-4890-a64e-bd901b03d374 None None] Starting request: 10.222.0.32 "GET /placement/allocation_candidates?resources=DISK_GB%3A1%2CMEMORY_MB%3A1024%2CVCPU%3A1&root_required=%21COMPUTE_STATUS_DISABLED" {{(pid=94226) __call__ /opt/stack/placement/placement/requestlog.py:55}}
Jul 15 17:02:01.204168 n-d-791506-18 devstack@placement-api.service[94226]: DEBUG placement.objects.research_context [req-43436d9b-a896-4422-bd86-f80af2209661 req-79bd770f-3391-4890-a64e-bd901b03d374 service placement] getting providers with 1 DISK_GB {{(pid=94226) __init__ /opt/stack/placement/placement/objects/research_context.py:126}}
Jul 15 17:02:01.210389 n-d-791506-18 devstack@placement-api.service[94226]: DEBUG placement.objects.research_context [req-43436d9b-a896-4422-bd86-f80af2209661 req-79bd770f-3391-4890-a64e-bd901b03d374 service placement] getting providers with 1024 MEMORY_MB {{(pid=94226) __init__ /opt/stack/placement/placement/objects/research_context.py:126}}
Jul 15 17:02:01.217661 n-d-791506-18 devstack@placement-api.service[94226]: DEBUG placement.objects.research_context [req-43436d9b-a896-4422-bd86-f80af2209661 req-79bd770f-3391-4890-a64e-bd901b03d374 service placement] getting providers with 1 VCPU {{(pid=94226) __init__ /opt/stack/placement/placement/objects/research_context.py:126}}
Jul 15 17:02:01.223469 n-d-791506-18 devstack@placement-api.service[94226]: DEBUG placement.objects.research_context [req-43436d9b-a896-4422-bd86-f80af2209661 req-79bd770f-3391-4890-a64e-bd901b03d374 service placement] found 2 providers with available 1 DISK_GB {{(pid=94226) get_provider_ids_matching /opt/stack/placement/placement/objects/research_context.py:549}}
Jul 15 17:02:01.223809 n-d-791506-18 devstack@placement-api.service[94226]: DEBUG placement.objects.research_context [req-43436d9b-a896-4422-bd86-f80af2209661 req-79bd770f-3391-4890-a64e-bd901b03d374 service placement] found 2 providers with available 1024 MEMORY_MB {{(pid=94226) get_provider_ids_matching /opt/stack/placement/placement/objects/research_context.py:549}}
Jul 15 17:02:01.224092 n-d-791506-18 devstack@placement-api.service[94226]: DEBUG placement.objects.research_context [req-43436d9b-a896-4422-bd86-f80af2209661 req-79bd770f-3391-4890-a64e-bd901b03d374 service placement] found 2 providers after filtering by previous result {{(pid=94226) get_provider_ids_matching /opt/stack/placement/placement/objects/research_context.py:580}}
Jul 15 17:02:01.224353 n-d-791506-18 devstack@placement-api.service[94226]: DEBUG placement.objects.research_context [req-43436d9b-a896-4422-bd86-f80af2209661 req-79bd770f-3391-4890-a64e-bd901b03d374 service placement] found 2 providers with available 1 VCPU {{(pid=94226) get_provider_ids_matching /opt/stack/placement/placement/objects/research_context.py:549}}
Jul 15 17:02:01.224648 n-d-791506-18 devstack@placement-api.service[94226]: DEBUG placement.objects.research_context [req-43436d9b-a896-4422-bd86-f80af2209661 req-79bd770f-3391-4890-a64e-bd901b03d374 service placement] found 2 providers after filtering by previous result {{(pid=94226) get_provider_ids_matching /opt/stack/placement/placement/objects/research_context.py:580}}
Jul 15 17:02:01.237576 n-d-791506-18 devstack@placement-api.service[94226]: DEBUG placement.objects.allocation_candidate [req-43436d9b-a896-4422-bd86-f80af2209661 req-79bd770f-3391-4890-a64e-bd901b03d374 service placement] RequestGroup(use_same_provider=False, resources={DISK_GB:1, MEMORY_MB:1024, VCPU:1}, traits=[], aggregates=[]) (suffix '') returned 2 matches {{(pid=94226) _get_by_requests /opt/stack/placement/placement/objects/allocation_candidate.py:145}}
Jul 15 17:02:01.237980 n-d-791506-18 devstack@placement-api.service[94226]: DEBUG placement.objects.allocation_candidate [req-43436d9b-a896-4422-bd86-f80af2209661 req-79bd770f-3391-4890-a64e-bd901b03d374 service placement] Merging candidates yields 2 allocation requests and 2 provider summaries {{(pid=94226) _merge_candidates /opt/stack/placement/placement/objects/allocation_candidate.py:783}}
