Jul 15 16:50:26.800732 n-d-791506-18 devstack@c-api.service[100554]: DEBUG cinder.api.extensions [-] Calling extension factory cinder.api.contrib.snapshot_unmanage.Snapshot_unmanage {{(pid=100554) load_extension /opt/stack/cinder/cinder/api/extensions.py:205}}
Jul 15 16:50:26.800732 n-d-791506-18 devstack@c-api.service[100554]: DEBUG cinder.api.extensions [-] Ext name: SnapshotUnmanage {{(pid=100554) _check_extension /opt/stack/cinder/cinder/api/extensions.py:179}}
Jul 15 16:50:26.800732 n-d-791506-18 devstack@c-api.service[100554]: DEBUG cinder.api.extensions [-] Ext alias: os-snapshot-unmanage {{(pid=100554) _check_extension /opt/stack/cinder/cinder/api/extensions.py:180}}
Jul 15 16:50:26.800732 n-d-791506-18 devstack@c-api.service[100554]: DEBUG cinder.api.extensions [-] Ext description: Enable volume unmanage operation. {{(pid=100554) _check_extension /opt/stack/cinder/cinder/api/extensions.py:181}}
Jul 15 16:50:26.800732 n-d-791506-18 devstack@c-api.service[100554]: DEBUG cinder.api.extensions [-] Ext updated: 2014-12-31T00:00:00+00:00 {{(pid=100554) _check_extension /opt/stack/cinder/cinder/api/extensions.py:183}}
Jul 15 16:50:26.800732 n-d-791506-18 devstack@c-api.service[100554]: DEBUG cinder.api.extensions [-] Loaded extension: os-snapshot-unmanage {{(pid=100554) register /opt/stack/cinder/cinder/api/extensions.py:140}}
Jul 15 16:50:26.801886 n-d-791506-18 devstack@c-api.service[100554]: DEBUG cinder.api.extensions [-] Loading extension cinder.api.contrib.volume_type_access.Volume_type_access {{(pid=100554) load_extension /opt/stack/cinder/cinder/api/extensions.py:199}}
Jul 15 16:50:26.801886 n-d-791506-18 devstack@c-api.service[100554]: DEBUG cinder.api.extensions [-] Calling extension factory cinder.api.contrib.volume_type_access.Volume_type_access {{(pid=100554) load_extension /opt/stack/cinder/cinder/api/extensions.py:205}}
Jul 15 16:50:26.801886 n-d-791506-18 devstack@c-api.service[100554]: DEBUG cinder.api.extensions [-] Ext name: VolumeTypeAccess {{(pid=100554) _check_extension /opt/stack/cinder/cinder/api/extensions.py:179}}
Jul 15 16:50:26.801886 n-d-791506-18 devstack@c-api.service[100554]: DEBUG cinder.api.extensions [-] Ext alias: os-volume-type-access {{(pid=100554) _check_extension /opt/stack/cinder/cinder/api/extensions.py:180}}
Jul 15 16:50:26.801886 n-d-791506-18 devstack@c-api.service[100554]: DEBUG cinder.api.extensions [-] Ext description: Volume type access support. {{(pid=100554) _check_extension /opt/stack/cinder/cinder/api/extensions.py:181}}
Jul 15 16:50:26.801886 n-d-791506-18 devstack@c-api.service[100554]: DEBUG cinder.api.extensions [-] Ext updated: 2014-06-26T00:00:00Z {{(pid=100554) _check_extension /opt/stack/cinder/cinder/api/extensions.py:183}}
Jul 15 16:50:26.801886 n-d-791506-18 devstack@c-api.service[100554]: DEBUG cinder.api.extensions [-] Loaded extension: os-volume-type-access {{(pid=100554) register /opt/stack/cinder/cinder/api/extensions.py:140}}
Jul 15 16:50:26.801886 n-d-791506-18 devstack@c-api.service[100554]: DEBUG cinder.api.extensions [-] Loading extension cinder.api.contrib.snapshot_manage.Snapshot_manage {{(pid=100554) load_extension /opt/stack/cinder/cinder/api/extensions.py:199}}
Jul 15 16:50:26.801886 n-d-791506-18 devstack@c-api.service[100554]: DEBUG cinder.api.extensions [-] Calling extension factory cinder.api.contrib.snapshot_manage.Snapshot_manage {{(pid=100554) load_extension /opt/stack/cinder/cinder/api/extensions.py:205}}
Jul 15 16:50:26.803255 n-d-791506-18 devstack@c-api.service[100554]: DEBUG cinder.api.extensions [-] Ext name: SnapshotManage {{(pid=100554) _check_extension /opt/stack/cinder/cinder/api/extensions.py:179}}
Jul 15 16:50:26.803255 n-d-791506-18 devstack@c-api.service[100554]: DEBUG cinder.api.extensions [-] Ext alias: os-snapshot-manage {{(pid=100554) _check_extension /opt/stack/cinder/cinder/api/extensions.py:180}}
Jul 15 16:50:26.803255 n-d-791506-18 devstack@c-api.service[100554]: DEBUG cinder.api.extensions [-] Ext description: Allows existing backend storage to be 'managed' by Cinder. {{(pid=100554) _check_extension /opt/stack/cinder/cinder/api/extensions.py:181}}
Jul 15 16:50:26.803255 n-d-791506-18 devstack@c-api.service[100554]: DEBUG cinder.api.extensions [-] Ext updated: 2014-12-31T00:00:00+00:00 {{(pid=100554) _check_extension /opt/stack/cinder/cinder/api/extensions.py:183}}
Jul 15 16:50:26.803255 n-d-791506-18 devstack@c-api.service[100554]: DEBUG cinder.api.extensions [-] Loaded extension: os-snapshot-manage {{(pid=100554) register /opt/stack/cinder/cinder/api/extensions.py:140}}
Jul 15 16:50:26.803255 n-d-791506-18 devstack@c-api.service[100554]: DEBUG cinder.api.extensions [-] Loading extension cinder.api.contrib.used_limits.Used_limits {{(pid=100554) load_extension /opt/stack/cinder/cinder/api/extensions.py:199}}
Jul 15 16:50:26.803255 n-d-791506-18 devstack@c-api.service[100554]: DEBUG cinder.api.extensions [-] Calling extension factory cinder.api.contrib.used_limits.Used_limits {{(pid=100554) load_extension /opt/stack/cinder/cinder/api/extensions.py:205}}
Jul 15 16:50:26.803255 n-d-791506-18 devstack@c-api.service[100554]: DEBUG cinder.api.extensions [-] Ext name: UsedLimits {{(pid=100554) _check_extension /opt/stack/cinder/cinder/api/extensions.py:179}}
Jul 15 16:50:26.803255 n-d-791506-18 devstack@c-api.service[100554]: DEBUG cinder.api.extensions [-] Ext alias: os-used-limits {{(pid=100554) _check_extension /opt/stack/cinder/cinder/api/extensions.py:180}}
Jul 15 16:50:26.804467 n-d-791506-18 devstack@c-api.service[100554]: DEBUG cinder.api.extensions [-] Ext description: Provide data on limited resources that are being used. {{(pid=100554) _check_extension /opt/stack/cinder/cinder/api/extensions.py:181}}
Jul 15 16:50:26.804467 n-d-791506-18 devstack@c-api.service[100554]: DEBUG cinder.api.extensions [-] Ext updated: 2013-10-03T00:00:00+00:00 {{(pid=100554) _check_extension /opt/stack/cinder/cinder/api/extensions.py:183}}
Jul 15 16:50:26.804467 n-d-791506-18 devstack@c-api.service[100554]: DEBUG cinder.api.extensions [-] Loaded extension: os-used-limits {{(pid=100554) register /opt/stack/cinder/cinder/api/extensions.py:140}}
Jul 15 16:50:26.804467 n-d-791506-18 devstack@c-api.service[100554]: DEBUG cinder.api.extensions [-] Loading extension cinder.api.contrib.availability_zones.Availability_zones {{(pid=100554) load_extension /opt/stack/cinder/cinder/api/extensions.py:199}}
Jul 15 16:50:26.804467 n-d-791506-18 devstack@c-api.service[100554]: DEBUG cinder.api.extensions [-] Calling extension factory cinder.api.contrib.availability_zones.Availability_zones {{(pid=100554) load_extension /opt/stack/cinder/cinder/api/extensions.py:205}}
Jul 15 16:50:26.804467 n-d-791506-18 devstack@c-api.service[100554]: DEBUG cinder.api.extensions [-] Ext name: AvailabilityZones {{(pid=100554) _check_extension /opt/stack/cinder/cinder/api/extensions.py:179}}
Jul 15 16:50:26.804467 n-d-791506-18 devstack@c-api.service[100554]: DEBUG cinder.api.extensions [-] Ext alias: os-availability-zone {{(pid=100554) _check_extension /opt/stack/cinder/cinder/api/extensions.py:180}}
Jul 15 16:50:26.804467 n-d-791506-18 devstack@c-api.service[100554]: DEBUG cinder.api.extensions [-] Ext description: Describe Availability Zones. {{(pid=100554) _check_extension /opt/stack/cinder/cinder/api/extensions.py:181}}
Jul 15 16:50:26.804467 n-d-791506-18 devstack@c-api.service[100554]: DEBUG cinder.api.extensions [-] Ext updated: 2013-06-27T00:00:00+00:00 {{(pid=100554) _check_extension /opt/stack/cinder/cinder/api/extensions.py:183}}
Jul 15 16:50:26.805576 n-d-791506-18 devstack@c-api.service[100554]: DEBUG cinder.api.extensions [-] Loaded extension: os-availability-zone {{(pid=100554) register /opt/stack/cinder/cinder/api/extensions.py:140}}
Jul 15 16:50:26.805576 n-d-791506-18 devstack@c-api.service[100554]: DEBUG cinder.api.extensions [-] Loading extension cinder.api.contrib.cgsnapshots.Cgsnapshots {{(pid=100554) load_extension /opt/stack/cinder/cinder/api/extensions.py:199}}
Jul 15 16:50:26.805576 n-d-791506-18 devstack@c-api.service[100554]: DEBUG cinder.api.extensions [-] Calling extension factory cinder.api.contrib.cgsnapshots.Cgsnapshots {{(pid=100554) load_extension /opt/stack/cinder/cinder/api/extensions.py:205}}
Jul 15 16:50:26.805576 n-d-791506-18 devstack@c-api.service[100554]: DEBUG cinder.api.extensions [-] Ext name: Cgsnapshots {{(pid=100554) _check_extension /opt/stack/cinder/cinder/api/extensions.py:179}}
Jul 15 16:50:26.805576 n-d-791506-18 devstack@c-api.service[100554]: DEBUG cinder.api.extensions [-] Ext alias: cgsnapshots {{(pid=100554) _check_extension /opt/stack/cinder/cinder/api/extensions.py:180}}
Jul 15 16:50:26.805576 n-d-791506-18 devstack@c-api.service[100554]: DEBUG cinder.api.extensions [-] Ext description: cgsnapshots support. {{(pid=100554) _check_extension /opt/stack/cinder/cinder/api/extensions.py:181}}
Jul 15 16:50:26.805576 n-d-791506-18 devstack@c-api.service[100554]: DEBUG cinder.api.extensions [-] Ext updated: 2014-08-18T00:00:00+00:00 {{(pid=100554) _check_extension /opt/stack/cinder/cinder/api/extensions.py:183}}
Jul 15 16:50:26.805576 n-d-791506-18 devstack@c-api.service[100554]: DEBUG cinder.api.extensions [-] Loaded extension: cgsnapshots {{(pid=100554) register /opt/stack/cinder/cinder/api/extensions.py:140}}
Jul 15 16:50:26.805576 n-d-791506-18 devstack@c-api.service[100554]: DEBUG cinder.api.extensions [-] Loading extension cinder.api.contrib.backups.Backups {{(pid=100554) load_extension /opt/stack/cinder/cinder/api/extensions.py:199}}
Jul 15 16:50:26.807041 n-d-791506-18 devstack@c-api.service[100554]: DEBUG cinder.api.extensions [-] Calling extension factory cinder.api.contrib.backups.Backups {{(pid=100554) load_extension /opt/stack/cinder/cinder/api/extensions.py:205}}
Jul 15 16:50:26.807041 n-d-791506-18 devstack@c-api.service[100554]: DEBUG cinder.api.extensions [-] Ext name: Backups {{(pid=100554) _check_extension /opt/stack/cinder/cinder/api/extensions.py:179}}
Jul 15 16:50:26.807041 n-d-791506-18 devstack@c-api.service[100554]: DEBUG cinder.api.extensions [-] Ext alias: backups {{(pid=100554) _check_extension /opt/stack/cinder/cinder/api/extensions.py:180}}
Jul 15 16:50:26.807041 n-d-791506-18 devstack@c-api.service[100554]: DEBUG cinder.api.extensions [-] Ext description: Backups support. {{(pid=100554) _check_extension /opt/stack/cinder/cinder/api/extensions.py:181}}
Jul 15 16:50:26.807041 n-d-791506-18 devstack@c-api.service[100554]: DEBUG cinder.api.extensions [-] Ext updated: 2012-12-12T00:00:00+00:00 {{(pid=100554) _check_extension /opt/stack/cinder/cinder/api/extensions.py:183}}
Jul 15 16:50:26.807041 n-d-791506-18 devstack@c-api.service[100554]: DEBUG cinder.api.extensions [-] Loaded extension: backups {{(pid=100554) register /opt/stack/cinder/cinder/api/extensions.py:140}}
Jul 15 16:50:26.807041 n-d-791506-18 devstack@c-api.service[100554]: DEBUG cinder.api.extensions [-] Loading extension cinder.api.contrib.consistencygroups.Consistencygroups {{(pid=100554) load_extension /opt/stack/cinder/cinder/api/extensions.py:199}}
Jul 15 16:50:26.807041 n-d-791506-18 devstack@c-api.service[100554]: DEBUG cinder.api.extensions [-] Calling extension factory cinder.api.contrib.consistencygroups.Consistencygroups {{(pid=100554) load_extension /opt/stack/cinder/cinder/api/extensions.py:205}}
Jul 15 16:50:26.807041 n-d-791506-18 devstack@c-api.service[100554]: DEBUG cinder.api.extensions [-] Ext name: Consistencygroups {{(pid=100554) _check_extension /opt/stack/cinder/cinder/api/extensions.py:179}}
Jul 15 16:50:26.808263 n-d-791506-18 devstack@c-api.service[100554]: DEBUG cinder.api.extensions [-] Ext alias: consistencygroups {{(pid=100554) _check_extension /opt/stack/cinder/cinder/api/extensions.py:180}}
Jul 15 16:50:26.808263 n-d-791506-18 devstack@c-api.service[100554]: DEBUG cinder.api.extensions [-] Ext description: consistency groups support. {{(pid=100554) _check_extension /opt/stack/cinder/cinder/api/extensions.py:181}}
Jul 15 16:50:26.808263 n-d-791506-18 devstack@c-api.service[100554]: DEBUG cinder.api.extensions [-] Ext updated: 2014-08-18T00:00:00+00:00 {{(pid=100554) _check_extension /opt/stack/cinder/cinder/api/extensions.py:183}}
Jul 15 16:50:26.809240 n-d-791506-18 devstack@c-api.service[100555]: DEBUG oslo_db.sqlalchemy.engines [None req-ae4c09cb-b9b9-460d-80f9-ec328c98fd81 None None] MySQL server mode set to STRICT_TRANS_TABLES,STRICT_ALL_TABLES,NO_ZERO_IN_DATE,NO_ZERO_DATE,ERROR_FOR_DIVISION_BY_ZERO,TRADITIONAL,NO_ENGINE_SUBSTITUTION {{(pid=100555) _check_effective_sql_mode /usr/local/lib/python3.8/dist-packages/oslo_db/sqlalchemy/engines.py:314}}
Jul 15 16:50:26.809477 n-d-791506-18 devstack@c-api.service[100554]: DEBUG cinder.api.extensions [-] Loaded extension: consistencygroups {{(pid=100554) register /opt/stack/cinder/cinder/api/extensions.py:140}}
Jul 15 16:50:26.809477 n-d-791506-18 devstack@c-api.service[100554]: DEBUG cinder.api.extensions [-] Loading extension cinder.api.contrib.volume_host_attribute.Volume_host_attribute {{(pid=100554) load_extension /opt/stack/cinder/cinder/api/extensions.py:199}}
Jul 15 16:50:26.809477 n-d-791506-18 devstack@c-api.service[100554]: DEBUG cinder.api.extensions [-] Calling extension factory cinder.api.contrib.volume_host_attribute.Volume_host_attribute {{(pid=100554) load_extension /opt/stack/cinder/cinder/api/extensions.py:205}}
Jul 15 16:50:26.809477 n-d-791506-18 devstack@c-api.service[100554]: DEBUG cinder.api.extensions [-] Ext name: VolumeHostAttribute {{(pid=100554) _check_extension /opt/stack/cinder/cinder/api/extensions.py:179}}
Jul 15 16:50:26.809477 n-d-791506-18 devstack@c-api.service[100554]: DEBUG cinder.api.extensions [-] Ext alias: os-vol-host-attr {{(pid=100554) _check_extension /opt/stack/cinder/cinder/api/extensions.py:180}}
Jul 15 16:50:26.809477 n-d-791506-18 devstack@c-api.service[100554]: DEBUG cinder.api.extensions [-] Ext description: Expose host as an attribute of a volume. {{(pid=100554) _check_extension /opt/stack/cinder/cinder/api/extensions.py:181}}
Jul 15 16:50:26.809477 n-d-791506-18 devstack@c-api.service[100554]: DEBUG cinder.api.extensions [-] Ext updated: 2011-11-03T00:00:00+00:00 {{(pid=100554) _check_extension /opt/stack/cinder/cinder/api/extensions.py:183}}
Jul 15 16:50:26.809477 n-d-791506-18 devstack@c-api.service[100554]: DEBUG cinder.api.extensions [-] Loaded extension: os-vol-host-attr {{(pid=100554) register /opt/stack/cinder/cinder/api/extensions.py:140}}
Jul 15 16:50:26.809477 n-d-791506-18 devstack@c-api.service[100554]: DEBUG cinder.api.extensions [-] Loading extension cinder.api.contrib.scheduler_stats.Scheduler_stats {{(pid=100554) load_extension /opt/stack/cinder/cinder/api/extensions.py:199}}
Jul 15 16:50:26.810625 n-d-791506-18 devstack@c-api.service[100554]: DEBUG cinder.api.extensions [-] Calling extension factory cinder.api.contrib.scheduler_stats.Scheduler_stats {{(pid=100554) load_extension /opt/stack/cinder/cinder/api/extensions.py:205}}
Jul 15 16:50:26.810625 n-d-791506-18 devstack@c-api.service[100554]: DEBUG cinder.api.extensions [-] Ext name: Scheduler_stats {{(pid=100554) _check_extension /opt/stack/cinder/cinder/api/extensions.py:179}}
Jul 15 16:50:26.810625 n-d-791506-18 devstack@c-api.service[100554]: DEBUG cinder.api.extensions [-] Ext alias: scheduler-stats {{(pid=100554) _check_extension /opt/stack/cinder/cinder/api/extensions.py:180}}
Jul 15 16:50:26.810625 n-d-791506-18 devstack@c-api.service[100554]: DEBUG cinder.api.extensions [-] Ext description: Scheduler stats support. {{(pid=100554) _check_extension /opt/stack/cinder/cinder/api/extensions.py:181}}
Jul 15 16:50:26.810625 n-d-791506-18 devstack@c-api.service[100554]: DEBUG cinder.api.extensions [-] Ext updated: 2014-09-07T00:00:00+00:00 {{(pid=100554) _check_extension /opt/stack/cinder/cinder/api/extensions.py:183}}
Jul 15 16:50:26.810625 n-d-791506-18 devstack@c-api.service[100554]: DEBUG cinder.api.extensions [-] Loaded extension: scheduler-stats {{(pid=100554) register /opt/stack/cinder/cinder/api/extensions.py:140}}
Jul 15 16:50:26.812102 n-d-791506-18 devstack@c-api.service[100554]: /usr/local/lib/python3.8/dist-packages/oslo_db/sqlalchemy/enginefacade.py:359: OsloDBDeprecationWarning: EngineFacade is deprecated; please use oslo_db.sqlalchemy.enginefacade
Jul 15 16:50:26.812102 n-d-791506-18 devstack@c-api.service[100554]: self._legacy_facade = LegacyEngineFacade(None, _factory=self)
Jul 15 16:50:26.834411 n-d-791506-18 devstack@c-api.service[100554]: DEBUG oslo_db.sqlalchemy.engines [None req-a5831ab5-7841-48b4-89da-f08761146ed7 None None] MySQL server mode set to STRICT_TRANS_TABLES,STRICT_ALL_TABLES,NO_ZERO_IN_DATE,NO_ZERO_DATE,ERROR_FOR_DIVISION_BY_ZERO,TRADITIONAL,NO_ENGINE_SUBSTITUTION {{(pid=100554) _check_effective_sql_mode /usr/local/lib/python3.8/dist-packages/oslo_db/sqlalchemy/engines.py:314}}
Jul 15 16:50:27.044599 n-d-791506-18 devstack@c-api.service[100555]: INFO cinder.rpc [None req-ae4c09cb-b9b9-460d-80f9-ec328c98fd81 None None] Automatically selected cinder-scheduler objects version 1.38 as minimum service version.
Jul 15 16:50:27.048507 n-d-791506-18 devstack@c-api.service[100555]: INFO cinder.rpc [None req-ae4c09cb-b9b9-460d-80f9-ec328c98fd81 None None] Automatically selected cinder-scheduler RPC version 3.12 as minimum service version.
Jul 15 16:50:27.052399 n-d-791506-18 devstack@c-api.service[100555]: INFO cinder.rpc [None req-ae4c09cb-b9b9-460d-80f9-ec328c98fd81 None None] Automatically selected cinder-volume objects version 1.38 as minimum service version.
Jul 15 16:50:27.056254 n-d-791506-18 devstack@c-api.service[100555]: INFO cinder.rpc [None req-ae4c09cb-b9b9-460d-80f9-ec328c98fd81 None None] Automatically selected cinder-volume RPC version 3.16 as minimum service version.
Jul 15 16:50:27.056971 n-d-791506-18 devstack@c-api.service[100555]: WARNING stevedore.named [None req-ae4c09cb-b9b9-460d-80f9-ec328c98fd81 None None] Could not load cinder.keymgr.conf_key_mgr.ConfKeyManager
Jul 15 16:50:27.057429 n-d-791506-18 devstack@c-api.service[100555]: WARNING castellan.key_manager [None req-ae4c09cb-b9b9-460d-80f9-ec328c98fd81 None None] Deprecation Warning : cinder.keymgr.conf_key_mgr.ConfKeyManager is not a stevedore based driver, trying to load it as a class: stevedore.exception.NoMatches: No 'castellan.drivers' driver found, looking for 'cinder.keymgr.conf_key_mgr.ConfKeyManager'
Jul 15 16:50:27.065810 n-d-791506-18 devstack@c-api.service[100554]: INFO cinder.rpc [None req-a5831ab5-7841-48b4-89da-f08761146ed7 None None] Automatically selected cinder-scheduler objects version 1.38 as minimum service version.
Jul 15 16:50:27.069825 n-d-791506-18 devstack@c-api.service[100554]: INFO cinder.rpc [None req-a5831ab5-7841-48b4-89da-f08761146ed7 None None] Automatically selected cinder-scheduler RPC version 3.12 as minimum service version.
Jul 15 16:50:27.073914 n-d-791506-18 devstack@c-api.service[100554]: INFO cinder.rpc [None req-a5831ab5-7841-48b4-89da-f08761146ed7 None None] Automatically selected cinder-volume objects version 1.38 as minimum service version.
Jul 15 16:50:27.077728 n-d-791506-18 devstack@c-api.service[100554]: INFO cinder.rpc [None req-a5831ab5-7841-48b4-89da-f08761146ed7 None None] Automatically selected cinder-volume RPC version 3.16 as minimum service version.
Jul 15 16:50:27.078395 n-d-791506-18 devstack@c-api.service[100555]: WARNING cinder.keymgr.conf_key_mgr [None req-ae4c09cb-b9b9-460d-80f9-ec328c98fd81 None None] This key manager is insecure and is not recommended for production deployments: stevedore.exception.NoMatches: No 'castellan.drivers' driver found, looking for 'cinder.keymgr.conf_key_mgr.ConfKeyManager'
Jul 15 16:50:27.078629 n-d-791506-18 devstack@c-api.service[100554]: WARNING stevedore.named [None req-a5831ab5-7841-48b4-89da-f08761146ed7 None None] Could not load cinder.keymgr.conf_key_mgr.ConfKeyManager
Jul 15 16:50:27.079220 n-d-791506-18 devstack@c-api.service[100554]: WARNING castellan.key_manager [None req-a5831ab5-7841-48b4-89da-f08761146ed7 None None] Deprecation Warning : cinder.keymgr.conf_key_mgr.ConfKeyManager is not a stevedore based driver, trying to load it as a class: stevedore.exception.NoMatches: No 'castellan.drivers' driver found, looking for 'cinder.keymgr.conf_key_mgr.ConfKeyManager'
Jul 15 16:50:27.080394 n-d-791506-18 devstack@c-api.service[100555]: WARNING stevedore.named [None req-ae4c09cb-b9b9-460d-80f9-ec328c98fd81 None None] Could not load cinder.keymgr.conf_key_mgr.ConfKeyManager
Jul 15 16:50:27.080771 n-d-791506-18 devstack@c-api.service[100555]: WARNING castellan.key_manager [None req-ae4c09cb-b9b9-460d-80f9-ec328c98fd81 None None] Deprecation Warning : cinder.keymgr.conf_key_mgr.ConfKeyManager is not a stevedore based driver, trying to load it as a class: stevedore.exception.NoMatches: No 'castellan.drivers' driver found, looking for 'cinder.keymgr.conf_key_mgr.ConfKeyManager'
Jul 15 16:50:27.086447 n-d-791506-18 devstack@c-api.service[100555]: WARNING stevedore.named [None req-ae4c09cb-b9b9-460d-80f9-ec328c98fd81 None None] Could not load cinder.keymgr.conf_key_mgr.ConfKeyManager
Jul 15 16:50:27.086822 n-d-791506-18 devstack@c-api.service[100555]: WARNING castellan.key_manager [None req-ae4c09cb-b9b9-460d-80f9-ec328c98fd81 None None] Deprecation Warning : cinder.keymgr.conf_key_mgr.ConfKeyManager is not a stevedore based driver, trying to load it as a class: stevedore.exception.NoMatches: No 'castellan.drivers' driver found, looking for 'cinder.keymgr.conf_key_mgr.ConfKeyManager'
Jul 15 16:50:27.092535 n-d-791506-18 devstack@c-api.service[100555]: WARNING stevedore.named [None req-ae4c09cb-b9b9-460d-80f9-ec328c98fd81 None None] Could not load cinder.keymgr.conf_key_mgr.ConfKeyManager
Jul 15 16:50:27.092942 n-d-791506-18 devstack@c-api.service[100555]: WARNING castellan.key_manager [None req-ae4c09cb-b9b9-460d-80f9-ec328c98fd81 None None] Deprecation Warning : cinder.keymgr.conf_key_mgr.ConfKeyManager is not a stevedore based driver, trying to load it as a class: stevedore.exception.NoMatches: No 'castellan.drivers' driver found, looking for 'cinder.keymgr.conf_key_mgr.ConfKeyManager'
Jul 15 16:50:27.096793 n-d-791506-18 devstack@c-api.service[100555]: WARNING stevedore.named [None req-ae4c09cb-b9b9-460d-80f9-ec328c98fd81 None None] Could not load cinder.keymgr.conf_key_mgr.ConfKeyManager
Jul 15 16:50:27.097173 n-d-791506-18 devstack@c-api.service[100555]: WARNING castellan.key_manager [None req-ae4c09cb-b9b9-460d-80f9-ec328c98fd81 None None] Deprecation Warning : cinder.keymgr.conf_key_mgr.ConfKeyManager is not a stevedore based driver, trying to load it as a class: stevedore.exception.NoMatches: No 'castellan.drivers' driver found, looking for 'cinder.keymgr.conf_key_mgr.ConfKeyManager'
Jul 15 16:50:27.098602 n-d-791506-18 devstack@c-api.service[100554]: WARNING cinder.keymgr.conf_key_mgr [None req-a5831ab5-7841-48b4-89da-f08761146ed7 None None] This key manager is insecure and is not recommended for production deployments: stevedore.exception.NoMatches: No 'castellan.drivers' driver found, looking for 'cinder.keymgr.conf_key_mgr.ConfKeyManager'
Jul 15 16:50:27.100729 n-d-791506-18 devstack@c-api.service[100555]: WARNING stevedore.named [None req-ae4c09cb-b9b9-460d-80f9-ec328c98fd81 None None] Could not load cinder.keymgr.conf_key_mgr.ConfKeyManager
Jul 15 16:50:27.100839 n-d-791506-18 devstack@c-api.service[100554]: WARNING stevedore.named [None req-a5831ab5-7841-48b4-89da-f08761146ed7 None None] Could not load cinder.keymgr.conf_key_mgr.ConfKeyManager
Jul 15 16:50:27.101109 n-d-791506-18 devstack@c-api.service[100555]: WARNING castellan.key_manager [None req-ae4c09cb-b9b9-460d-80f9-ec328c98fd81 None None] Deprecation Warning : cinder.keymgr.conf_key_mgr.ConfKeyManager is not a stevedore based driver, trying to load it as a class: stevedore.exception.NoMatches: No 'castellan.drivers' driver found, looking for 'cinder.keymgr.conf_key_mgr.ConfKeyManager'
Jul 15 16:50:27.101377 n-d-791506-18 devstack@c-api.service[100554]: WARNING castellan.key_manager [None req-a5831ab5-7841-48b4-89da-f08761146ed7 None None] Deprecation Warning : cinder.keymgr.conf_key_mgr.ConfKeyManager is not a stevedore based driver, trying to load it as a class: stevedore.exception.NoMatches: No 'castellan.drivers' driver found, looking for 'cinder.keymgr.conf_key_mgr.ConfKeyManager'
Jul 15 16:50:27.108259 n-d-791506-18 devstack@c-api.service[100555]: DEBUG oslo_db.sqlalchemy.engines [None req-ae4c09cb-b9b9-460d-80f9-ec328c98fd81 None None] MySQL server mode set to STRICT_TRANS_TABLES,STRICT_ALL_TABLES,NO_ZERO_IN_DATE,NO_ZERO_DATE,ERROR_FOR_DIVISION_BY_ZERO,TRADITIONAL,NO_ENGINE_SUBSTITUTION {{(pid=100555) _check_effective_sql_mode /usr/local/lib/python3.8/dist-packages/oslo_db/sqlalchemy/engines.py:314}}
Jul 15 16:50:27.108469 n-d-791506-18 devstack@c-api.service[100554]: WARNING stevedore.named [None req-a5831ab5-7841-48b4-89da-f08761146ed7 None None] Could not load cinder.keymgr.conf_key_mgr.ConfKeyManager
Jul 15 16:50:27.108872 n-d-791506-18 devstack@c-api.service[100554]: WARNING castellan.key_manager [None req-a5831ab5-7841-48b4-89da-f08761146ed7 None None] Deprecation Warning : cinder.keymgr.conf_key_mgr.ConfKeyManager is not a stevedore based driver, trying to load it as a class: stevedore.exception.NoMatches: No 'castellan.drivers' driver found, looking for 'cinder.keymgr.conf_key_mgr.ConfKeyManager'
Jul 15 16:50:27.113324 n-d-791506-18 devstack@c-api.service[100555]: INFO cinder.rpc [None req-ae4c09cb-b9b9-460d-80f9-ec328c98fd81 None None] Automatically selected cinder-backup objects version 1.38 as minimum service version.
Jul 15 16:50:27.114317 n-d-791506-18 devstack@c-api.service[100554]: WARNING stevedore.named [None req-a5831ab5-7841-48b4-89da-f08761146ed7 None None] Could not load cinder.keymgr.conf_key_mgr.ConfKeyManager
Jul 15 16:50:27.114816 n-d-791506-18 devstack@c-api.service[100554]: WARNING castellan.key_manager [None req-a5831ab5-7841-48b4-89da-f08761146ed7 None None] Deprecation Warning : cinder.keymgr.conf_key_mgr.ConfKeyManager is not a stevedore based driver, trying to load it as a class: stevedore.exception.NoMatches: No 'castellan.drivers' driver found, looking for 'cinder.keymgr.conf_key_mgr.ConfKeyManager'
Jul 15 16:50:27.118084 n-d-791506-18 devstack@c-api.service[100555]: INFO cinder.rpc [None req-ae4c09cb-b9b9-460d-80f9-ec328c98fd81 None None] Automatically selected cinder-backup RPC version 2.2 as minimum service version.
Jul 15 16:50:27.118825 n-d-791506-18 devstack@c-api.service[100554]: WARNING stevedore.named [None req-a5831ab5-7841-48b4-89da-f08761146ed7 None None] Could not load cinder.keymgr.conf_key_mgr.ConfKeyManager
Jul 15 16:50:27.119234 n-d-791506-18 devstack@c-api.service[100554]: WARNING castellan.key_manager [None req-a5831ab5-7841-48b4-89da-f08761146ed7 None None] Deprecation Warning : cinder.keymgr.conf_key_mgr.ConfKeyManager is not a stevedore based driver, trying to load it as a class: stevedore.exception.NoMatches: No 'castellan.drivers' driver found, looking for 'cinder.keymgr.conf_key_mgr.ConfKeyManager'
Jul 15 16:50:27.119990 n-d-791506-18 devstack@c-api.service[100555]: WARNING cinder.api.contrib.hosts [None req-ae4c09cb-b9b9-460d-80f9-ec328c98fd81 None None] Deprecated: The Host API is deprecated and will be be removed in a future version.
Jul 15 16:50:27.120861 n-d-791506-18 devstack@c-api.service[100555]: WARNING stevedore.named [None req-ae4c09cb-b9b9-460d-80f9-ec328c98fd81 None None] Could not load cinder.keymgr.conf_key_mgr.ConfKeyManager
Jul 15 16:50:27.121312 n-d-791506-18 devstack@c-api.service[100555]: WARNING castellan.key_manager [None req-ae4c09cb-b9b9-460d-80f9-ec328c98fd81 None None] Deprecation Warning : cinder.keymgr.conf_key_mgr.ConfKeyManager is not a stevedore based driver, trying to load it as a class: stevedore.exception.NoMatches: No 'castellan.drivers' driver found, looking for 'cinder.keymgr.conf_key_mgr.ConfKeyManager'
Jul 15 16:50:27.122996 n-d-791506-18 devstack@c-api.service[100554]: WARNING stevedore.named [None req-a5831ab5-7841-48b4-89da-f08761146ed7 None None] Could not load cinder.keymgr.conf_key_mgr.ConfKeyManager
Jul 15 16:50:27.123380 n-d-791506-18 devstack@c-api.service[100554]: WARNING castellan.key_manager [None req-a5831ab5-7841-48b4-89da-f08761146ed7 None None] Deprecation Warning : cinder.keymgr.conf_key_mgr.ConfKeyManager is not a stevedore based driver, trying to load it as a class: stevedore.exception.NoMatches: No 'castellan.drivers' driver found, looking for 'cinder.keymgr.conf_key_mgr.ConfKeyManager'
Jul 15 16:50:27.123519 n-d-791506-18 devstack@c-api.service[100555]: WARNING stevedore.named [None req-ae4c09cb-b9b9-460d-80f9-ec328c98fd81 None None] Could not load cinder.keymgr.conf_key_mgr.ConfKeyManager
Jul 15 16:50:27.123949 n-d-791506-18 devstack@c-api.service[100555]: WARNING castellan.key_manager [None req-ae4c09cb-b9b9-460d-80f9-ec328c98fd81 None None] Deprecation Warning : cinder.keymgr.conf_key_mgr.ConfKeyManager is not a stevedore based driver, trying to load it as a class: stevedore.exception.NoMatches: No 'castellan.drivers' driver found, looking for 'cinder.keymgr.conf_key_mgr.ConfKeyManager'
Jul 15 16:50:27.125826 n-d-791506-18 devstack@c-api.service[100555]: WARNING stevedore.named [None req-ae4c09cb-b9b9-460d-80f9-ec328c98fd81 None None] Could not load cinder.keymgr.conf_key_mgr.ConfKeyManager
Jul 15 16:50:27.126267 n-d-791506-18 devstack@c-api.service[100555]: WARNING castellan.key_manager [None req-ae4c09cb-b9b9-460d-80f9-ec328c98fd81 None None] Deprecation Warning : cinder.keymgr.conf_key_mgr.ConfKeyManager is not a stevedore based driver, trying to load it as a class: stevedore.exception.NoMatches: No 'castellan.drivers' driver found, looking for 'cinder.keymgr.conf_key_mgr.ConfKeyManager'
Jul 15 16:50:27.127921 n-d-791506-18 devstack@c-api.service[100555]: WARNING stevedore.named [None req-ae4c09cb-b9b9-460d-80f9-ec328c98fd81 None None] Could not load cinder.keymgr.conf_key_mgr.ConfKeyManager
Jul 15 16:50:27.128354 n-d-791506-18 devstack@c-api.service[100555]: WARNING castellan.key_manager [None req-ae4c09cb-b9b9-460d-80f9-ec328c98fd81 None None] Deprecation Warning : cinder.keymgr.conf_key_mgr.ConfKeyManager is not a stevedore based driver, trying to load it as a class: stevedore.exception.NoMatches: No 'castellan.drivers' driver found, looking for 'cinder.keymgr.conf_key_mgr.ConfKeyManager'
Jul 15 16:50:27.129742 n-d-791506-18 devstack@c-api.service[100554]: DEBUG oslo_db.sqlalchemy.engines [None req-a5831ab5-7841-48b4-89da-f08761146ed7 None None] MySQL server mode set to STRICT_TRANS_TABLES,STRICT_ALL_TABLES,NO_ZERO_IN_DATE,NO_ZERO_DATE,ERROR_FOR_DIVISION_BY_ZERO,TRADITIONAL,NO_ENGINE_SUBSTITUTION {{(pid=100554) _check_effective_sql_mode /usr/local/lib/python3.8/dist-packages/oslo_db/sqlalchemy/engines.py:314}}
Jul 15 16:50:27.130183 n-d-791506-18 devstack@c-api.service[100555]: WARNING stevedore.named [None req-ae4c09cb-b9b9-460d-80f9-ec328c98fd81 None None] Could not load cinder.keymgr.conf_key_mgr.ConfKeyManager
Jul 15 16:50:27.130650 n-d-791506-18 devstack@c-api.service[100555]: WARNING castellan.key_manager [None req-ae4c09cb-b9b9-460d-80f9-ec328c98fd81 None None] Deprecation Warning : cinder.keymgr.conf_key_mgr.ConfKeyManager is not a stevedore based driver, trying to load it as a class: stevedore.exception.NoMatches: No 'castellan.drivers' driver found, looking for 'cinder.keymgr.conf_key_mgr.ConfKeyManager'
Jul 15 16:50:27.132854 n-d-791506-18 devstack@c-api.service[100555]: WARNING stevedore.named [None req-ae4c09cb-b9b9-460d-80f9-ec328c98fd81 None None] Could not load cinder.keymgr.conf_key_mgr.ConfKeyManager
Jul 15 16:50:27.133375 n-d-791506-18 devstack@c-api.service[100555]: WARNING castellan.key_manager [None req-ae4c09cb-b9b9-460d-80f9-ec328c98fd81 None None] Deprecation Warning : cinder.keymgr.conf_key_mgr.ConfKeyManager is not a stevedore based driver, trying to load it as a class: stevedore.exception.NoMatches: No 'castellan.drivers' driver found, looking for 'cinder.keymgr.conf_key_mgr.ConfKeyManager'
Jul 15 16:50:27.134225 n-d-791506-18 devstack@c-api.service[100554]: INFO cinder.rpc [None req-a5831ab5-7841-48b4-89da-f08761146ed7 None None] Automatically selected cinder-backup objects version 1.38 as minimum service version.
Jul 15 16:50:27.135822 n-d-791506-18 devstack@c-api.service[100555]: WARNING stevedore.named [None req-ae4c09cb-b9b9-460d-80f9-ec328c98fd81 None None] Could not load cinder.keymgr.conf_key_mgr.ConfKeyManager
Jul 15 16:50:27.136317 n-d-791506-18 devstack@c-api.service[100555]: WARNING castellan.key_manager [None req-ae4c09cb-b9b9-460d-80f9-ec328c98fd81 None None] Deprecation Warning : cinder.keymgr.conf_key_mgr.ConfKeyManager is not a stevedore based driver, trying to load it as a class: stevedore.exception.NoMatches: No 'castellan.drivers' driver found, looking for 'cinder.keymgr.conf_key_mgr.ConfKeyManager'
Jul 15 16:50:27.138090 n-d-791506-18 devstack@c-api.service[100555]: WARNING stevedore.named [None req-ae4c09cb-b9b9-460d-80f9-ec328c98fd81 None None] Could not load cinder.keymgr.conf_key_mgr.ConfKeyManager
Jul 15 16:50:27.138199 n-d-791506-18 devstack@c-api.service[100554]: INFO cinder.rpc [None req-a5831ab5-7841-48b4-89da-f08761146ed7 None None] Automatically selected cinder-backup RPC version 2.2 as minimum service version.
Jul 15 16:50:27.138648 n-d-791506-18 devstack@c-api.service[100555]: WARNING castellan.key_manager [None req-ae4c09cb-b9b9-460d-80f9-ec328c98fd81 None None] Deprecation Warning : cinder.keymgr.conf_key_mgr.ConfKeyManager is not a stevedore based driver, trying to load it as a class: stevedore.exception.NoMatches: No 'castellan.drivers' driver found, looking for 'cinder.keymgr.conf_key_mgr.ConfKeyManager'
Jul 15 16:50:27.139671 n-d-791506-18 devstack@c-api.service[100554]: WARNING cinder.api.contrib.hosts [None req-a5831ab5-7841-48b4-89da-f08761146ed7 None None] Deprecated: The Host API is deprecated and will be be removed in a future version.
Jul 15 16:50:27.140446 n-d-791506-18 devstack@c-api.service[100554]: WARNING stevedore.named [None req-a5831ab5-7841-48b4-89da-f08761146ed7 None None] Could not load cinder.keymgr.conf_key_mgr.ConfKeyManager
Jul 15 16:50:27.140819 n-d-791506-18 devstack@c-api.service[100554]: WARNING castellan.key_manager [None req-a5831ab5-7841-48b4-89da-f08761146ed7 None None] Deprecation Warning : cinder.keymgr.conf_key_mgr.ConfKeyManager is not a stevedore based driver, trying to load it as a class: stevedore.exception.NoMatches: No 'castellan.drivers' driver found, looking for 'cinder.keymgr.conf_key_mgr.ConfKeyManager'
Jul 15 16:50:27.140927 n-d-791506-18 devstack@c-api.service[100555]: DEBUG cinder.api.openstack [None req-ae4c09cb-b9b9-460d-80f9-ec328c98fd81 None None] Extended resource: extensions {{(pid=100555) _setup_ext_routes /opt/stack/cinder/cinder/api/openstack/__init__.py:90}}
Jul 15 16:50:27.142825 n-d-791506-18 devstack@c-api.service[100554]: WARNING stevedore.named [None req-a5831ab5-7841-48b4-89da-f08761146ed7 None None] Could not load cinder.keymgr.conf_key_mgr.ConfKeyManager
Jul 15 16:50:27.142932 n-d-791506-18 devstack@c-api.service[100555]: DEBUG cinder.api.openstack [None req-ae4c09cb-b9b9-460d-80f9-ec328c98fd81 None None] Extended resource: os-services {{(pid=100555) _setup_ext_routes /opt/stack/cinder/cinder/api/openstack/__init__.py:90}}
Jul 15 16:50:27.143192 n-d-791506-18 devstack@c-api.service[100554]: WARNING castellan.key_manager [None req-a5831ab5-7841-48b4-89da-f08761146ed7 None None] Deprecation Warning : cinder.keymgr.conf_key_mgr.ConfKeyManager is not a stevedore based driver, trying to load it as a class: stevedore.exception.NoMatches: No 'castellan.drivers' driver found, looking for 'cinder.keymgr.conf_key_mgr.ConfKeyManager'
Jul 15 16:50:27.144926 n-d-791506-18 devstack@c-api.service[100554]: WARNING stevedore.named [None req-a5831ab5-7841-48b4-89da-f08761146ed7 None None] Could not load cinder.keymgr.conf_key_mgr.ConfKeyManager
Jul 15 16:50:27.145029 n-d-791506-18 devstack@c-api.service[100555]: DEBUG cinder.api.openstack [None req-ae4c09cb-b9b9-460d-80f9-ec328c98fd81 None None] Extended resource: os-quota-sets {{(pid=100555) _setup_ext_routes /opt/stack/cinder/cinder/api/openstack/__init__.py:90}}
Jul 15 16:50:27.145294 n-d-791506-18 devstack@c-api.service[100554]: WARNING castellan.key_manager [None req-a5831ab5-7841-48b4-89da-f08761146ed7 None None] Deprecation Warning : cinder.keymgr.conf_key_mgr.ConfKeyManager is not a stevedore based driver, trying to load it as a class: stevedore.exception.NoMatches: No 'castellan.drivers' driver found, looking for 'cinder.keymgr.conf_key_mgr.ConfKeyManager'
Jul 15 16:50:27.146884 n-d-791506-18 devstack@c-api.service[100554]: WARNING stevedore.named [None req-a5831ab5-7841-48b4-89da-f08761146ed7 None None] Could not load cinder.keymgr.conf_key_mgr.ConfKeyManager
Jul 15 16:50:27.147244 n-d-791506-18 devstack@c-api.service[100554]: WARNING castellan.key_manager [None req-a5831ab5-7841-48b4-89da-f08761146ed7 None None] Deprecation Warning : cinder.keymgr.conf_key_mgr.ConfKeyManager is not a stevedore based driver, trying to load it as a class: stevedore.exception.NoMatches: No 'castellan.drivers' driver found, looking for 'cinder.keymgr.conf_key_mgr.ConfKeyManager'
Jul 15 16:50:27.147347 n-d-791506-18 devstack@c-api.service[100555]: DEBUG cinder.api.openstack [None req-ae4c09cb-b9b9-460d-80f9-ec328c98fd81 None None] Extended resource: extra_specs {{(pid=100555) _setup_ext_routes /opt/stack/cinder/cinder/api/openstack/__init__.py:90}}
Jul 15 16:50:27.148874 n-d-791506-18 devstack@c-api.service[100554]: WARNING stevedore.named [None req-a5831ab5-7841-48b4-89da-f08761146ed7 None None] Could not load cinder.keymgr.conf_key_mgr.ConfKeyManager
Jul 15 16:50:27.149240 n-d-791506-18 devstack@c-api.service[100554]: WARNING castellan.key_manager [None req-a5831ab5-7841-48b4-89da-f08761146ed7 None None] Deprecation Warning : cinder.keymgr.conf_key_mgr.ConfKeyManager is not a stevedore based driver, trying to load it as a class: stevedore.exception.NoMatches: No 'castellan.drivers' driver found, looking for 'cinder.keymgr.conf_key_mgr.ConfKeyManager'
Jul 15 16:50:27.149802 n-d-791506-18 devstack@c-api.service[100555]: DEBUG cinder.api.openstack [None req-ae4c09cb-b9b9-460d-80f9-ec328c98fd81 None None] Extended resource: os-hosts {{(pid=100555) _setup_ext_routes /opt/stack/cinder/cinder/api/openstack/__init__.py:90}}
Jul 15 16:50:27.151410 n-d-791506-18 devstack@c-api.service[100554]: WARNING stevedore.named [None req-a5831ab5-7841-48b4-89da-f08761146ed7 None None] Could not load cinder.keymgr.conf_key_mgr.ConfKeyManager
Jul 15 16:50:27.151810 n-d-791506-18 devstack@c-api.service[100554]: WARNING castellan.key_manager [None req-a5831ab5-7841-48b4-89da-f08761146ed7 None None] Deprecation Warning : cinder.keymgr.conf_key_mgr.ConfKeyManager is not a stevedore based driver, trying to load it as a class: stevedore.exception.NoMatches: No 'castellan.drivers' driver found, looking for 'cinder.keymgr.conf_key_mgr.ConfKeyManager'
Jul 15 16:50:27.153177 n-d-791506-18 devstack@c-api.service[100555]: DEBUG cinder.api.openstack [None req-ae4c09cb-b9b9-460d-80f9-ec328c98fd81 None None] Extended resource: encryption {{(pid=100555) _setup_ext_routes /opt/stack/cinder/cinder/api/openstack/__init__.py:90}}
Jul 15 16:50:27.154470 n-d-791506-18 devstack@c-api.service[100554]: WARNING stevedore.named [None req-a5831ab5-7841-48b4-89da-f08761146ed7 None None] Could not load cinder.keymgr.conf_key_mgr.ConfKeyManager
Jul 15 16:50:27.154832 n-d-791506-18 devstack@c-api.service[100554]: WARNING castellan.key_manager [None req-a5831ab5-7841-48b4-89da-f08761146ed7 None None] Deprecation Warning : cinder.keymgr.conf_key_mgr.ConfKeyManager is not a stevedore based driver, trying to load it as a class: stevedore.exception.NoMatches: No 'castellan.drivers' driver found, looking for 'cinder.keymgr.conf_key_mgr.ConfKeyManager'
Jul 15 16:50:27.155623 n-d-791506-18 devstack@c-api.service[100555]: DEBUG cinder.api.openstack [None req-ae4c09cb-b9b9-460d-80f9-ec328c98fd81 None None] Extended resource: qos-specs {{(pid=100555) _setup_ext_routes /opt/stack/cinder/cinder/api/openstack/__init__.py:90}}
Jul 15 16:50:27.157655 n-d-791506-18 devstack@c-api.service[100554]: WARNING stevedore.named [None req-a5831ab5-7841-48b4-89da-f08761146ed7 None None] Could not load cinder.keymgr.conf_key_mgr.ConfKeyManager
Jul 15 16:50:27.157655 n-d-791506-18 devstack@c-api.service[100554]: WARNING castellan.key_manager [None req-a5831ab5-7841-48b4-89da-f08761146ed7 None None] Deprecation Warning : cinder.keymgr.conf_key_mgr.ConfKeyManager is not a stevedore based driver, trying to load it as a class: stevedore.exception.NoMatches: No 'castellan.drivers' driver found, looking for 'cinder.keymgr.conf_key_mgr.ConfKeyManager'
Jul 15 16:50:27.159562 n-d-791506-18 devstack@c-api.service[100555]: DEBUG cinder.api.openstack [None req-ae4c09cb-b9b9-460d-80f9-ec328c98fd81 None None] Extended resource: encryption {{(pid=100555) _setup_ext_routes /opt/stack/cinder/cinder/api/openstack/__init__.py:90}}
Jul 15 16:50:27.159675 n-d-791506-18 devstack@c-api.service[100554]: DEBUG cinder.api.openstack [None req-a5831ab5-7841-48b4-89da-f08761146ed7 None None] Extended resource: extensions {{(pid=100554) _setup_ext_routes /opt/stack/cinder/cinder/api/openstack/__init__.py:90}}
Jul 15 16:50:27.160971 n-d-791506-18 devstack@c-api.service[100555]: DEBUG cinder.api.openstack [None req-ae4c09cb-b9b9-460d-80f9-ec328c98fd81 None None] Extended resource: os-quota-class-sets {{(pid=100555) _setup_ext_routes /opt/stack/cinder/cinder/api/openstack/__init__.py:90}}
Jul 15 16:50:27.161197 n-d-791506-18 devstack@c-api.service[100554]: DEBUG cinder.api.openstack [None req-a5831ab5-7841-48b4-89da-f08761146ed7 None None] Extended resource: os-services {{(pid=100554) _setup_ext_routes /opt/stack/cinder/cinder/api/openstack/__init__.py:90}}
Jul 15 16:50:27.162958 n-d-791506-18 devstack@c-api.service[100554]: DEBUG cinder.api.openstack [None req-a5831ab5-7841-48b4-89da-f08761146ed7 None None] Extended resource: os-quota-sets {{(pid=100554) _setup_ext_routes /opt/stack/cinder/cinder/api/openstack/__init__.py:90}}
Jul 15 16:50:27.163248 n-d-791506-18 devstack@c-api.service[100555]: DEBUG cinder.api.openstack [None req-ae4c09cb-b9b9-460d-80f9-ec328c98fd81 None None] Extended resource: os-volume-transfer {{(pid=100555) _setup_ext_routes /opt/stack/cinder/cinder/api/openstack/__init__.py:90}}
Jul 15 16:50:27.167327 n-d-791506-18 devstack@c-api.service[100554]: DEBUG cinder.api.openstack [None req-a5831ab5-7841-48b4-89da-f08761146ed7 None None] Extended resource: extra_specs {{(pid=100554) _setup_ext_routes /opt/stack/cinder/cinder/api/openstack/__init__.py:90}}
Jul 15 16:50:27.167467 n-d-791506-18 devstack@c-api.service[100555]: DEBUG cinder.api.openstack [None req-ae4c09cb-b9b9-460d-80f9-ec328c98fd81 None None] Extended resource: os-volume-manage {{(pid=100555) _setup_ext_routes /opt/stack/cinder/cinder/api/openstack/__init__.py:90}}
Jul 15 16:50:27.167571 n-d-791506-18 devstack@c-api.service[100554]: DEBUG cinder.api.openstack [None req-a5831ab5-7841-48b4-89da-f08761146ed7 None None] Extended resource: os-hosts {{(pid=100554) _setup_ext_routes /opt/stack/cinder/cinder/api/openstack/__init__.py:90}}
Jul 15 16:50:27.167793 n-d-791506-18 devstack@c-api.service[100555]: DEBUG cinder.api.openstack [None req-ae4c09cb-b9b9-460d-80f9-ec328c98fd81 None None] Extended resource: capabilities {{(pid=100555) _setup_ext_routes /opt/stack/cinder/cinder/api/openstack/__init__.py:90}}
Jul 15 16:50:27.170811 n-d-791506-18 devstack@c-api.service[100555]: DEBUG cinder.api.openstack [None req-ae4c09cb-b9b9-460d-80f9-ec328c98fd81 None None] Extended resource: os-volume-type-access {{(pid=100555) _setup_ext_routes /opt/stack/cinder/cinder/api/openstack/__init__.py:90}}
Jul 15 16:50:27.170920 n-d-791506-18 devstack@c-api.service[100554]: DEBUG cinder.api.openstack [None req-a5831ab5-7841-48b4-89da-f08761146ed7 None None] Extended resource: encryption {{(pid=100554) _setup_ext_routes /opt/stack/cinder/cinder/api/openstack/__init__.py:90}}
Jul 15 16:50:27.172364 n-d-791506-18 devstack@c-api.service[100554]: DEBUG cinder.api.openstack [None req-a5831ab5-7841-48b4-89da-f08761146ed7 None None] Extended resource: qos-specs {{(pid=100554) _setup_ext_routes /opt/stack/cinder/cinder/api/openstack/__init__.py:90}}
Jul 15 16:50:27.172703 n-d-791506-18 devstack@c-api.service[100555]: DEBUG cinder.api.openstack [None req-ae4c09cb-b9b9-460d-80f9-ec328c98fd81 None None] Extended resource: os-snapshot-manage {{(pid=100555) _setup_ext_routes /opt/stack/cinder/cinder/api/openstack/__init__.py:90}}
Jul 15 16:50:27.174995 n-d-791506-18 devstack@c-api.service[100555]: DEBUG cinder.api.openstack [None req-ae4c09cb-b9b9-460d-80f9-ec328c98fd81 None None] Extended resource: os-availability-zone {{(pid=100555) _setup_ext_routes /opt/stack/cinder/cinder/api/openstack/__init__.py:90}}
Jul 15 16:50:27.175284 n-d-791506-18 devstack@c-api.service[100554]: DEBUG cinder.api.openstack [None req-a5831ab5-7841-48b4-89da-f08761146ed7 None None] Extended resource: encryption {{(pid=100554) _setup_ext_routes /opt/stack/cinder/cinder/api/openstack/__init__.py:90}}
Jul 15 16:50:27.176997 n-d-791506-18 devstack@c-api.service[100555]: DEBUG cinder.api.openstack [None req-ae4c09cb-b9b9-460d-80f9-ec328c98fd81 None None] Extended resource: cgsnapshots {{(pid=100555) _setup_ext_routes /opt/stack/cinder/cinder/api/openstack/__init__.py:90}}
Jul 15 16:50:27.177288 n-d-791506-18 devstack@c-api.service[100554]: DEBUG cinder.api.openstack [None req-a5831ab5-7841-48b4-89da-f08761146ed7 None None] Extended resource: os-quota-class-sets {{(pid=100554) _setup_ext_routes /opt/stack/cinder/cinder/api/openstack/__init__.py:90}}
Jul 15 16:50:27.179190 n-d-791506-18 devstack@c-api.service[100555]: DEBUG cinder.api.openstack [None req-ae4c09cb-b9b9-460d-80f9-ec328c98fd81 None None] Extended resource: backups {{(pid=100555) _setup_ext_routes /opt/stack/cinder/cinder/api/openstack/__init__.py:90}}
Jul 15 16:50:27.179284 n-d-791506-18 devstack@c-api.service[100554]: DEBUG cinder.api.openstack [None req-a5831ab5-7841-48b4-89da-f08761146ed7 None None] Extended resource: os-volume-transfer {{(pid=100554) _setup_ext_routes /opt/stack/cinder/cinder/api/openstack/__init__.py:90}}
Jul 15 16:50:27.181379 n-d-791506-18 devstack@c-api.service[100554]: DEBUG cinder.api.openstack [None req-a5831ab5-7841-48b4-89da-f08761146ed7 None None] Extended resource: os-volume-manage {{(pid=100554) _setup_ext_routes /opt/stack/cinder/cinder/api/openstack/__init__.py:90}}
Jul 15 16:50:27.182318 n-d-791506-18 devstack@c-api.service[100555]: DEBUG cinder.api.openstack [None req-ae4c09cb-b9b9-460d-80f9-ec328c98fd81 None None] Extended resource: consistencygroups {{(pid=100555) _setup_ext_routes /opt/stack/cinder/cinder/api/openstack/__init__.py:90}}
Jul 15 16:50:27.183371 n-d-791506-18 devstack@c-api.service[100554]: DEBUG cinder.api.openstack [None req-a5831ab5-7841-48b4-89da-f08761146ed7 None None] Extended resource: capabilities {{(pid=100554) _setup_ext_routes /opt/stack/cinder/cinder/api/openstack/__init__.py:90}}
Jul 15 16:50:27.185164 n-d-791506-18 devstack@c-api.service[100555]: DEBUG cinder.api.openstack [None req-ae4c09cb-b9b9-460d-80f9-ec328c98fd81 None None] Extended resource: scheduler-stats {{(pid=100555) _setup_ext_routes /opt/stack/cinder/cinder/api/openstack/__init__.py:90}}
Jul 15 16:50:27.185281 n-d-791506-18 devstack@c-api.service[100554]: DEBUG cinder.api.openstack [None req-a5831ab5-7841-48b4-89da-f08761146ed7 None None] Extended resource: os-volume-type-access {{(pid=100554) _setup_ext_routes /opt/stack/cinder/cinder/api/openstack/__init__.py:90}}
Jul 15 16:50:27.187280 n-d-791506-18 devstack@c-api.service[100554]: DEBUG cinder.api.openstack [None req-a5831ab5-7841-48b4-89da-f08761146ed7 None None] Extended resource: os-snapshot-manage {{(pid=100554) _setup_ext_routes /opt/stack/cinder/cinder/api/openstack/__init__.py:90}}
Jul 15 16:50:27.188162 n-d-791506-18 devstack@c-api.service[100555]: WARNING stevedore.named [None req-ae4c09cb-b9b9-460d-80f9-ec328c98fd81 None None] Could not load cinder.keymgr.conf_key_mgr.ConfKeyManager
Jul 15 16:50:27.188659 n-d-791506-18 devstack@c-api.service[100555]: WARNING castellan.key_manager [None req-ae4c09cb-b9b9-460d-80f9-ec328c98fd81 None None] Deprecation Warning : cinder.keymgr.conf_key_mgr.ConfKeyManager is not a stevedore based driver, trying to load it as a class: stevedore.exception.NoMatches: No 'castellan.drivers' driver found, looking for 'cinder.keymgr.conf_key_mgr.ConfKeyManager'
Jul 15 16:50:27.189264 n-d-791506-18 devstack@c-api.service[100554]: DEBUG cinder.api.openstack [None req-a5831ab5-7841-48b4-89da-f08761146ed7 None None] Extended resource: os-availability-zone {{(pid=100554) _setup_ext_routes /opt/stack/cinder/cinder/api/openstack/__init__.py:90}}
Jul 15 16:50:27.190706 n-d-791506-18 devstack@c-api.service[100555]: WARNING stevedore.named [None req-ae4c09cb-b9b9-460d-80f9-ec328c98fd81 None None] Could not load cinder.keymgr.conf_key_mgr.ConfKeyManager
Jul 15 16:50:27.191173 n-d-791506-18 devstack@c-api.service[100555]: WARNING castellan.key_manager [None req-ae4c09cb-b9b9-460d-80f9-ec328c98fd81 None None] Deprecation Warning : cinder.keymgr.conf_key_mgr.ConfKeyManager is not a stevedore based driver, trying to load it as a class: stevedore.exception.NoMatches: No 'castellan.drivers' driver found, looking for 'cinder.keymgr.conf_key_mgr.ConfKeyManager'
Jul 15 16:50:27.191265 n-d-791506-18 devstack@c-api.service[100554]: DEBUG cinder.api.openstack [None req-a5831ab5-7841-48b4-89da-f08761146ed7 None None] Extended resource: cgsnapshots {{(pid=100554) _setup_ext_routes /opt/stack/cinder/cinder/api/openstack/__init__.py:90}}
