Jul 08 20:03:27.075833 n-d-791506-16 devstack@n-api.service[93373]: [pid: 93373|app: 0|req: 14/26] 10.222.0.101 () {64 vars in 1338 bytes} [Thu Jul 8 20:03:27 2021] POST /compute/v2.1/flavors/2/os-extra_specs => generated 43 bytes in 32 msecs (HTTP/1.1 200) 9 headers in 358 bytes (2 switches on core 0)
Jul 08 20:03:29.552925 n-d-791506-16 devstack@n-api.service[93374]: DEBUG nova.api.openstack.wsgi [None req-4337ca6d-d0df-4898-970a-4c3511bf0b9a admin admin] Calling method '>' {{(pid=93374) _process_stack /opt/stack/nova/nova/api/openstack/wsgi.py:513}}
Jul 08 20:03:29.553951 n-d-791506-16 devstack@n-api.service[93374]: INFO nova.api.openstack.requestlog [None req-4337ca6d-d0df-4898-970a-4c3511bf0b9a admin admin] 10.222.0.101 "GET /compute/v2.1" status: 200 len: 389 microversion: 2.1 time: 0.001521
Jul 08 20:03:29.554378 n-d-791506-16 devstack@n-api.service[93374]: [pid: 93374|app: 0|req: 13/27] 10.222.0.101 () {54 vars in 936 bytes} [Thu Jul 8 20:03:29 2021] GET /compute/v2.1 => generated 389 bytes in 2 msecs (HTTP/1.1 200) 9 headers in 357 bytes (1 switches on core 0)
Jul 08 20:03:29.614994 n-d-791506-16 devstack@n-api.service[93373]: DEBUG nova.api.openstack.wsgi [None req-7b3c869a-1eba-4b89-83d7-c346a0014ee5 admin admin] Action: 'create', calling method: >, body: {"flavor": {"rxtx_factor": 1.0, "disk": 40, "os-flavor-access:is_public": true, "ram": 4096, "OS-FLV-EXT-DATA:ephemeral": 0, "swap": 0, "id": "3", "vcpus": 2, "name": "m1.medium"}} {{(pid=93373) _process_stack /opt/stack/nova/nova/api/openstack/wsgi.py:511}}
Jul 08 20:03:29.634616 n-d-791506-16 devstack@n-api.service[93373]: INFO nova.api.openstack.requestlog [None req-7b3c869a-1eba-4b89-83d7-c346a0014ee5 admin admin] 10.222.0.101 "POST /compute/v2.1/flavors" status: 200 len: 408 microversion: 2.61 time: 0.069971
Jul 08 20:03:29.635358 n-d-791506-16 devstack@n-api.service[93373]: [pid: 93373|app: 0|req: 15/28] 10.222.0.101 () {64 vars in 1288 bytes} [Thu Jul 8 20:03:29 2021] POST /compute/v2.1/flavors => generated 408 bytes in 71 msecs (HTTP/1.1 200) 9 headers in 359 bytes (2 switches on core 0)
Jul 08 20:03:29.650968 n-d-791506-16 devstack@n-api.service[93374]: DEBUG nova.api.openstack.wsgi [None req-aa9e33a2-770a-417c-9d11-ebb15cd0b5c3 admin admin] Action: 'create', calling method: >, body: {"extra_specs": {"hw_rng:allowed": "True"}} {{(pid=93374) _process_stack /opt/stack/nova/nova/api/openstack/wsgi.py:511}}
Jul 08 20:03:29.675401 n-d-791506-16 devstack@n-api.service[93374]: INFO nova.api.openstack.requestlog [None req-aa9e33a2-770a-417c-9d11-ebb15cd0b5c3 admin admin] 10.222.0.101 "POST /compute/v2.1/flavors/3/os-extra_specs" status: 200 len: 43 microversion: 2.61 time: 0.028215
Jul 08 20:03:29.675987 n-d-791506-16 devstack@n-api.service[93374]: [pid: 93374|app: 0|req: 14/29] 10.222.0.101 () {64 vars in 1338 bytes} [Thu Jul 8 20:03:29 2021] POST /compute/v2.1/flavors/3/os-extra_specs => generated 43 bytes in 29 msecs (HTTP/1.1 200) 9 headers in 358 bytes (1 switches on core 0)
Jul 08 20:03:31.950424 n-d-791506-16 devstack@n-api.service[93373]: DEBUG nova.api.openstack.wsgi [None req-7b3c869a-1eba-4b89-83d7-c346a0014ee5 admin admin] Calling method '>' {{(pid=93373) _process_stack /opt/stack/nova/nova/api/openstack/wsgi.py:513}}
Jul 08 20:03:31.952322 n-d-791506-16 devstack@n-api.service[93373]: INFO nova.api.openstack.requestlog [None req-7b3c869a-1eba-4b89-83d7-c346a0014ee5 admin admin] 10.222.0.101 "GET /compute/v2.1" status: 200 len: 389 microversion: 2.1 time: 0.002486
Jul 08 20:03:31.953176 n-d-791506-16 devstack@n-api.service[93373]: [pid: 93373|app: 0|req: 16/30] 10.222.0.101 () {54 vars in 936 bytes} [Thu Jul 8 20:03:31 2021] GET /compute/v2.1 => generated 389 bytes in 5 msecs (HTTP/1.1 200) 9 headers in 357 bytes (1 switches on core 0)
Jul 08 20:03:32.047084 n-d-791506-16 devstack@n-api.service[93374]: DEBUG nova.api.openstack.wsgi [None req-cb707725-d207-4ed8-b2bc-54d3f9335f42 admin admin] Action: 'create', calling method: >, body: {"flavor": {"name": "m1.large", "rxtx_factor": 1.0, "OS-FLV-EXT-DATA:ephemeral": 0, "os-flavor-access:is_public": true, "disk": 80, "id": "4", "ram": 8192, "swap": 0, "vcpus": 4}} {{(pid=93374) _process_stack /opt/stack/nova/nova/api/openstack/wsgi.py:511}}
Jul 08 20:03:32.067175 n-d-791506-16 devstack@n-api.service[93374]: INFO nova.api.openstack.requestlog [None req-cb707725-d207-4ed8-b2bc-54d3f9335f42 admin admin] 10.222.0.101 "POST /compute/v2.1/flavors" status: 200 len: 407 microversion: 2.61 time: 0.101954
Jul 08 20:03:32.067806 n-d-791506-16 devstack@n-api.service[93374]: [pid: 93374|app: 0|req: 15/31] 10.222.0.101 () {64 vars in 1288 bytes} [Thu Jul 8 20:03:31 2021] POST /compute/v2.1/flavors => generated 407 bytes in 103 msecs (HTTP/1.1 200) 9 headers in 359 bytes (2 switches on core 0)
Jul 08 20:03:32.079864 n-d-791506-16 devstack@n-api.service[93373]: DEBUG nova.api.openstack.wsgi [None req-2e588898-c4d2-419c-b506-05a1097cda72 admin admin] Action: 'create', calling method: >, body: {"extra_specs": {"hw_rng:allowed": "True"}} {{(pid=93373) _process_stack /opt/stack/nova/nova/api/openstack/wsgi.py:511}}
Jul 08 20:03:32.105466 n-d-791506-16 devstack@n-api.service[93373]: INFO nova.api.openstack.requestlog [None req-2e588898-c4d2-419c-b506-05a1097cda72 admin admin] 10.222.0.101 "POST /compute/v2.1/flavors/4/os-extra_specs" status: 200 len: 43 microversion: 2.61 time: 0.029084
Jul 08 20:03:32.105954 n-d-791506-16 devstack@n-api.service[93373]: [pid: 93373|app: 0|req: 17/32] 10.222.0.101 () {64 vars in 1338 bytes} [Thu Jul 8 20:03:32 2021] POST /compute/v2.1/flavors/4/os-extra_specs => generated 43 bytes in 30 msecs (HTTP/1.1 200) 9 headers in 358 bytes (2 switches on core 0)
Jul 08 20:03:34.315690 n-d-791506-16 devstack@n-api.service[93374]: DEBUG nova.api.openstack.wsgi [None req-cb707725-d207-4ed8-b2bc-54d3f9335f42 admin admin] Calling method '>' {{(pid=93374) _process_stack /opt/stack/nova/nova/api/openstack/wsgi.py:513}}
Jul 08 20:03:34.316773 n-d-791506-16 devstack@n-api.service[93374]: INFO nova.api.openstack.requestlog [None req-cb707725-d207-4ed8-b2bc-54d3f9335f42 admin admin] 10.222.0.101 "GET /compute/v2.1" status: 200 len: 389 microversion: 2.1 time: 0.001475
Jul 08 20:03:34.317181 n-d-791506-16 devstack@n-api.service[93374]: [pid: 93374|app: 0|req: 16/33] 10.222.0.101 () {54 vars in 936 bytes} [Thu Jul 8 20:03:34 2021] GET /compute/v2.1 => generated 389 bytes in 2 msecs (HTTP/1.1 200) 9 headers in 357 bytes (1 switches on core 0)
Jul 08 20:03:34.377759 n-d-791506-16 devstack@n-api.service[93373]: DEBUG nova.api.openstack.wsgi [None req-fe2d780e-8b70-4581-a0a6-b09afa2feb1b admin admin] Action: 'create', calling method: >, body: {"flavor": {"name": "m1.xlarge", "disk": 160, "OS-FLV-EXT-DATA:ephemeral": 0, "rxtx_factor": 1.0, "id": "5", "os-flavor-access:is_public": true, "vcpus": 8, "swap": 0, "ram": 16384}} {{(pid=93373) _process_stack /opt/stack/nova/nova/api/openstack/wsgi.py:511}}
Jul 08 20:03:34.395961 n-d-791506-16 devstack@n-api.service[93373]: INFO nova.api.openstack.requestlog [None req-fe2d780e-8b70-4581-a0a6-b09afa2feb1b admin admin] 10.222.0.101 "POST /compute/v2.1/flavors" status: 200 len: 410 microversion: 2.61 time: 0.072093
Jul 08 20:03:34.396514 n-d-791506-16 devstack@n-api.service[93373]: [pid: 93373|app: 0|req: 18/34] 10.222.0.101 () {64 vars in 1288 bytes} [Thu Jul 8 20:03:34 2021] POST /compute/v2.1/flavors => generated 410 bytes in 73 msecs (HTTP/1.1 200) 9 headers in 359 bytes (2 switches on core 0)
Jul 08 20:03:34.408222 n-d-791506-16 devstack@n-api.service[93374]: DEBUG nova.api.openstack.wsgi [None req-648f93c5-6381-41c2-9f7a-634bf947c887 admin admin] Action: 'create', calling method: >, body: {"extra_specs": {"hw_rng:allowed": "True"}} {{(pid=93374) _process_stack /opt/stack/nova/nova/api/openstack/wsgi.py:511}}
Jul 08 20:03:34.434506 n-d-791506-16 devstack@n-api.service[93374]: INFO nova.api.openstack.requestlog [None req-648f93c5-6381-41c2-9f7a-634bf947c887 admin admin] 10.222.0.101 "POST /compute/v2.1/flavors/5/os-extra_specs" status: 200 len: 43 microversion: 2.61 time: 0.029898
Jul 08 20:03:34.435112 n-d-791506-16 devstack@n-api.service[93374]: [pid: 93374|app: 0|req: 17/35] 10.222.0.101 () {64 vars in 1338 bytes} [Thu Jul 8 20:03:34 2021] POST /compute/v2.1/flavors/5/os-extra_specs => generated 43 bytes in 31 msecs (HTTP/1.1 200) 9 headers in 358 bytes (1 switches on core 0)
Jul 08 20:04:18.735398 n-d-791506-16 devstack@n-api.service[93373]: DEBUG nova.api.openstack.wsgi [None req-fe2d780e-8b70-4581-a0a6-b09afa2feb1b admin admin] Calling method '>' {{(pid=93373) _process_stack /opt/stack/nova/nova/api/openstack/wsgi.py:513}}
Jul 08 20:04:18.736420 n-d-791506-16 devstack@n-api.service[93373]: INFO nova.api.openstack.requestlog [None req-fe2d780e-8b70-4581-a0a6-b09afa2feb1b admin admin] 10.222.0.101 "GET /compute/v2.1" status: 200 len: 389 microversion: 2.1 time: 0.001456
Jul 08 20:04:18.736861 n-d-791506-16 devstack@n-api.service[93373]: [pid: 93373|app: 0|req: 19/36] 10.222.0.101 () {54 vars in 936 bytes} [Thu Jul 8 20:04:18 2021] GET /compute/v2.1 => generated 389 bytes in 2 msecs (HTTP/1.1 200) 9 headers in 357 bytes (1 switches on core 0)
Jul 08 20:04:18.797235 n-d-791506-16 devstack@n-api.service[93374]: DEBUG nova.api.openstack.wsgi [None req-dd31ad9e-e5e8-43c6-8194-1ea3a01d1fe7 admin admin] Calling method '>' {{(pid=93374) _process_stack /opt/stack/nova/nova/api/openstack/wsgi.py:513}}
Jul 08 20:04:18.825437 n-d-791506-16 devstack@n-api.service[93374]: INFO nova.api.openstack.requestlog [None req-dd31ad9e-e5e8-43c6-8194-1ea3a01d1fe7 admin admin] 10.222.0.101 "GET /compute/v2.1/flavors/detail?is_public=True" status: 200 len: 4222 microversion: 2.61 time: 0.081164
Jul 08 20:04:18.826001 n-d-791506-16 devstack@n-api.service[93374]: [pid: 93374|app: 0|req: 18/37] 10.222.0.101 () {60 vars in 1297 bytes} [Thu Jul 8 20:04:18 2021] GET /compute/v2.1/flavors/detail?is_public=True => generated 4222 bytes in 82 msecs (HTTP/1.1 200) 9 headers in 360 bytes (1 switches on core 0)
Jul 08 20:04:20.270907 n-d-791506-16 devstack@n-api.service[93373]: DEBUG nova.api.openstack.wsgi [None req-fe2d780e-8b70-4581-a0a6-b09afa2feb1b admin admin] Calling method '>' {{(pid=93373) _process_stack /opt/stack/nova/nova/api/openstack/wsgi.py:513}}
Jul 08 20:04:20.271935 n-d-791506-16 devstack@n-api.service[93373]: INFO nova.api.openstack.requestlog [None req-fe2d780e-8b70-4581-a0a6-b09afa2feb1b admin admin] 10.222.0.101 "GET /compute/v2.1" status: 200 len: 389 microversion: 2.1 time: 0.001442
Jul 08 20:04:20.272325 n-d-791506-16 devstack@n-api.service[93373]: [pid: 93373|app: 0|req: 20/38] 10.222.0.101 () {56 vars in 1080 bytes} [Thu Jul 8 20:04:20 2021] GET /compute/v2.1 => generated 389 bytes in 2 msecs (HTTP/1.1 200) 9 headers in 357 bytes (1 switches on core 0)
Jul 08 20:04:20.481709 n-d-791506-16 devstack@n-api.service[93374]: DEBUG nova.api.openstack.wsgi [None req-02043673-ff0e-4843-a8c1-931f87e70a2c admin admin] Calling method '>' {{(pid=93374) _process_stack /opt/stack/nova/nova/api/openstack/wsgi.py:513}}
Jul 08 20:04:20.486972 n-d-791506-16 devstack@n-api.service[93374]: INFO nova.api.openstack.wsgi [None req-02043673-ff0e-4843-a8c1-931f87e70a2c admin admin] HTTP exception thrown: Flavor 42 could not be found.
Jul 08 20:04:20.487527 n-d-791506-16 devstack@n-api.service[93374]: DEBUG nova.api.openstack.wsgi [None req-02043673-ff0e-4843-a8c1-931f87e70a2c admin admin] Returning 404 to user: Flavor 42 could not be found. {{(pid=93374) __call__ /opt/stack/nova/nova/api/openstack/wsgi.py:927}}
Jul 08 20:04:20.488307 n-d-791506-16 devstack@n-api.service[93374]: INFO nova.api.openstack.requestlog [None req-02043673-ff0e-4843-a8c1-931f87e70a2c admin admin] 10.222.0.101 "GET /compute/v2.1/flavors/42" status: 404 len: 75 microversion: 2.88 time: 0.056388
Jul 08 20:04:20.488842 n-d-791506-16 devstack@n-api.service[93374]: [pid: 93374|app: 0|req: 19/39] 10.222.0.101 () {60 vars in 1196 bytes} [Thu Jul 8 20:04:20 2021] GET /compute/v2.1/flavors/42 => generated 75 bytes in 57 msecs (HTTP/1.1 404) 9 headers in 380 bytes (2 switches on core 0)
Jul 08 20:04:20.498561 n-d-791506-16 devstack@n-api.service[93373]: DEBUG nova.api.openstack.wsgi [None req-1f478221-c9fa-4daa-abca-1211cb4179d8 admin admin] Calling method '>' {{(pid=93373) _process_stack /opt/stack/nova/nova/api/openstack/wsgi.py:513}}
Jul 08 20:04:20.520848 n-d-791506-16 devstack@n-api.service[93373]: INFO nova.api.openstack.requestlog [None req-1f478221-c9fa-4daa-abca-1211cb4179d8 admin admin] 10.222.0.101 "GET /compute/v2.1/flavors?is_public=None" status: 200 len: 2076 microversion: 2.88 time: 0.025728
Jul 08 20:04:20.521404 n-d-791506-16 devstack@n-api.service[93373]: [pid: 93373|app: 0|req: 21/40] 10.222.0.101 () {60 vars in 1216 bytes} [Thu Jul 8 20:04:20 2021] GET /compute/v2.1/flavors?is_public=None => generated 2076 bytes in 27 msecs (HTTP/1.1 200) 9 headers in 360 bytes (1 switches on core 0)
Jul 08 20:04:20.531053 n-d-791506-16 devstack@n-api.service[93374]: DEBUG nova.api.openstack.wsgi [None req-5a8dc139-1c3c-49e8-920d-e8fcad2c9513 admin admin] Calling method '>' {{(pid=93374) _process_stack /opt/stack/nova/nova/api/openstack/wsgi.py:513}}
Jul 08 20:04:20.552162 n-d-791506-16 devstack@n-api.service[93374]: INFO nova.api.openstack.requestlog [None req-5a8dc139-1c3c-49e8-920d-e8fcad2c9513 admin admin] 10.222.0.101 "GET /compute/v2.1/flavors?is_public=None" status: 200 len: 2076 microversion: 2.88 time: 0.024597
Jul 08 20:04:20.552734 n-d-791506-16 devstack@n-api.service[93374]: [pid: 93374|app: 0|req: 20/41] 10.222.0.101 () {60 vars in 1216 bytes} [Thu Jul 8 20:04:20 2021] GET /compute/v2.1/flavors?is_public=None => generated 2076 bytes in 26 msecs (HTTP/1.1 200) 9 headers in 360 bytes (1 switches on core 0)
Jul 08 20:04:20.562937 n-d-791506-16 devstack@n-api.service[93373]: DEBUG nova.api.openstack.wsgi [None req-f069f0ce-cb65-45f9-8f37-4dbf0aeae612 admin admin] Calling method '>' {{(pid=93373) _process_stack /opt/stack/nova/nova/api/openstack/wsgi.py:513}}
Jul 08 20:04:20.568281 n-d-791506-16 devstack@n-api.service[93373]: INFO nova.api.openstack.wsgi [None req-f069f0ce-cb65-45f9-8f37-4dbf0aeae612 admin admin] HTTP exception thrown: Flavor 42 could not be found.
Jul 08 20:04:20.568874 n-d-791506-16 devstack@n-api.service[93373]: DEBUG nova.api.openstack.wsgi [None req-f069f0ce-cb65-45f9-8f37-4dbf0aeae612 admin admin] Returning 404 to user: Flavor 42 could not be found. {{(pid=93373) __call__ /opt/stack/nova/nova/api/openstack/wsgi.py:927}}
Jul 08 20:04:20.569823 n-d-791506-16 devstack@n-api.service[93373]: INFO nova.api.openstack.requestlog [None req-f069f0ce-cb65-45f9-8f37-4dbf0aeae612 admin admin] 10.222.0.101 "GET /compute/v2.1/flavors/42" status: 404 len: 75 microversion: 2.88 time: 0.010293
Jul 08 20:04:20.570329 n-d-791506-16 devstack@n-api.service[93373]: [pid: 93373|app: 0|req: 22/42] 10.222.0.101 () {60 vars in 1196 bytes} [Thu Jul 8 20:04:20 2021] GET /compute/v2.1/flavors/42 => generated 75 bytes in 11 msecs (HTTP/1.1 404) 9 headers in 380 bytes (1 switches on core 0)
Jul 08 20:04:21.910808 n-d-791506-16 devstack@n-api.service[93374]: DEBUG nova.api.openstack.wsgi [None req-5a8dc139-1c3c-49e8-920d-e8fcad2c9513 admin admin] Calling method '>' {{(pid=93374) _process_stack /opt/stack/nova/nova/api/openstack/wsgi.py:513}}
Jul 08 20:04:21.911853 n-d-791506-16 devstack@n-api.service[93374]: INFO nova.api.openstack.requestlog [None req-5a8dc139-1c3c-49e8-920d-e8fcad2c9513 admin admin] 10.222.0.101 "GET /compute/v2.1" status: 200 len: 389 microversion: 2.1 time: 0.001449
Jul 08 20:04:21.912239 n-d-791506-16 devstack@n-api.service[93374]: [pid: 93374|app: 0|req: 21/43] 10.222.0.101 () {56 vars in 1080 bytes} [Thu Jul 8 20:04:21 2021] GET /compute/v2.1 => generated 389 bytes in 2 msecs (HTTP/1.1 200) 9 headers in 357 bytes (1 switches on core 0)
Jul 08 20:04:22.104030 n-d-791506-16 devstack@n-api.service[93373]: DEBUG nova.api.openstack.wsgi [None req-ba761737-4be7-467f-a7b8-fe3c3336c14b admin admin] Calling method '>' {{(pid=93373) _process_stack /opt/stack/nova/nova/api/openstack/wsgi.py:513}}
Jul 08 20:04:22.109204 n-d-791506-16 devstack@n-api.service[93373]: INFO nova.api.openstack.wsgi [None req-ba761737-4be7-467f-a7b8-fe3c3336c14b admin admin] HTTP exception thrown: Flavor 84 could not be found.
Jul 08 20:04:22.109762 n-d-791506-16 devstack@n-api.service[93373]: DEBUG nova.api.openstack.wsgi [None req-ba761737-4be7-467f-a7b8-fe3c3336c14b admin admin] Returning 404 to user: Flavor 84 could not be found. {{(pid=93373) __call__ /opt/stack/nova/nova/api/openstack/wsgi.py:927}}
Jul 08 20:04:22.110568 n-d-791506-16 devstack@n-api.service[93373]: INFO nova.api.openstack.requestlog [None req-ba761737-4be7-467f-a7b8-fe3c3336c14b admin admin] 10.222.0.101 "GET /compute/v2.1/flavors/84" status: 404 len: 75 microversion: 2.88 time: 0.058196
Jul 08 20:04:22.111064 n-d-791506-16 devstack@n-api.service[93373]: [pid: 93373|app: 0|req: 23/44] 10.222.0.101 () {60 vars in 1196 bytes} [Thu Jul 8 20:04:22 2021] GET /compute/v2.1/flavors/84 => generated 75 bytes in 59 msecs (HTTP/1.1 404) 9 headers in 380 bytes (1 switches on core 0)
Jul 08 20:04:22.120307 n-d-791506-16 devstack@n-api.service[93374]: DEBUG nova.api.openstack.wsgi [None req-ec885b4a-5df1-4294-9096-cc988e2b9921 admin admin] Calling method '>' {{(pid=93374) _process_stack /opt/stack/nova/nova/api/openstack/wsgi.py:513}}
Jul 08 20:04:22.134295 n-d-791506-16 devstack@n-api.service[93374]: INFO nova.api.openstack.requestlog [None req-ec885b4a-5df1-4294-9096-cc988e2b9921 admin admin] 10.222.0.101 "GET /compute/v2.1/flavors?is_public=None" status: 200 len: 2076 microversion: 2.88 time: 0.017411
Jul 08 20:04:22.134693 n-d-791506-16 devstack@n-api.service[93374]: [pid: 93374|app: 0|req: 22/45] 10.222.0.101 () {60 vars in 1216 bytes} [Thu Jul 8 20:04:22 2021] GET /compute/v2.1/flavors?is_public=None => generated 2076 bytes in 19 msecs (HTTP/1.1 200) 9 headers in 360 bytes (1 switches on core 0)
Jul 08 20:04:22.144370 n-d-791506-16 devstack@n-api.service[93373]: DEBUG nova.api.openstack.wsgi [None req-d62c4a65-87cb-4d2f-a3ed-a8823eb1bd11 admin admin] Calling method '>' {{(pid=93373) _process_stack /opt/stack/nova/nova/api/openstack/wsgi.py:513}}
Jul 08 20:04:22.159272 n-d-791506-16 devstack@n-api.service[93373]: INFO nova.api.openstack.requestlog [None req-d62c4a65-87cb-4d2f-a3ed-a8823eb1bd11 admin admin] 10.222.0.101 "GET /compute/v2.1/flavors?is_public=None" status: 200 len: 2076 microversion: 2.88 time: 0.018500
Jul 08 20:04:22.159839 n-d-791506-16 devstack@n-api.service[93373]: [pid: 93373|app: 0|req: 24/46] 10.222.0.101 () {60 vars in 1216 bytes} [Thu Jul 8 20:04:22 2021] GET /compute/v2.1/flavors?is_public=None => generated 2076 bytes in 20 msecs (HTTP/1.1 200) 9 headers in 360 bytes (1 switches on core 0)
Jul 08 20:04:22.169312 n-d-791506-16 devstack@n-api.service[93374]: DEBUG nova.api.openstack.wsgi [None req-9a86206c-8d1e-4fd2-a828-01de25751148 admin admin] Calling method '>' {{(pid=93374) _process_stack /opt/stack/nova/nova/api/openstack/wsgi.py:513}}
Jul 08 20:04:22.174634 n-d-791506-16 devstack@n-api.service[93374]: INFO nova.api.openstack.wsgi [None req-9a86206c-8d1e-4fd2-a828-01de25751148 admin admin] HTTP exception thrown: Flavor 84 could not be found.
Jul 08 20:04:22.175191 n-d-791506-16 devstack@n-api.service[93374]: DEBUG nova.api.openstack.wsgi [None req-9a86206c-8d1e-4fd2-a828-01de25751148 admin admin] Returning 404 to user: Flavor 84 could not be found. {{(pid=93374) __call__ /opt/stack/nova/nova/api/openstack/wsgi.py:927}}
Jul 08 20:04:22.175973 n-d-791506-16 devstack@n-api.service[93374]: INFO nova.api.openstack.requestlog [None req-9a86206c-8d1e-4fd2-a828-01de25751148 admin admin] 10.222.0.101 "GET /compute/v2.1/flavors/84" status: 404 len: 75 microversion: 2.88 time: 0.010205
Jul 08 20:04:22.176472 n-d-791506-16 devstack@n-api.service[93374]: [pid: 93374|app: 0|req: 23/47] 10.222.0.101 () {60 vars in 1196 bytes} [Thu Jul 8 20:04:22 2021] GET /compute/v2.1/flavors/84 => generated 75 bytes in 11 msecs (HTTP/1.1 404) 9 headers in 380 bytes (1 switches on core 0)
Jul 08 20:04:23.519205 n-d-791506-16 devstack@n-api.service[93373]: DEBUG nova.api.openstack.wsgi [None req-d62c4a65-87cb-4d2f-a3ed-a8823eb1bd11 admin admin] Calling method '>' {{(pid=93373) _process_stack /opt/stack/nova/nova/api/openstack/wsgi.py:513}}
Jul 08 20:04:23.520194 n-d-791506-16 devstack@n-api.service[93373]: INFO nova.api.openstack.requestlog [None req-d62c4a65-87cb-4d2f-a3ed-a8823eb1bd11 admin admin] 10.222.0.101 "GET /compute/v2.1" status: 200 len: 389 microversion: 2.1 time: 0.001402
Jul 08 20:04:23.520580 n-d-791506-16 devstack@n-api.service[93373]: [pid: 93373|app: 0|req: 25/48] 10.222.0.101 () {56 vars in 1080 bytes} [Thu Jul 8 20:04:23 2021] GET /compute/v2.1 => generated 389 bytes in 2 msecs (HTTP/1.1 200) 9 headers in 357 bytes (1 switches on core 0)
Jul 08 20:04:23.708427 n-d-791506-16 devstack@n-api.service[93374]: DEBUG nova.api.openstack.wsgi [None req-a88ca728-8f9c-44bc-a767-a7f235af4d3e admin admin] Calling method '>' {{(pid=93374) _process_stack /opt/stack/nova/nova/api/openstack/wsgi.py:513}}
Jul 08 20:04:23.713718 n-d-791506-16 devstack@n-api.service[93374]: INFO nova.api.openstack.wsgi [None req-a88ca728-8f9c-44bc-a767-a7f235af4d3e admin admin] HTTP exception thrown: Flavor 451 could not be found.
Jul 08 20:04:23.714278 n-d-791506-16 devstack@n-api.service[93374]: DEBUG nova.api.openstack.wsgi [None req-a88ca728-8f9c-44bc-a767-a7f235af4d3e admin admin] Returning 404 to user: Flavor 451 could not be found. {{(pid=93374) __call__ /opt/stack/nova/nova/api/openstack/wsgi.py:927}}
Jul 08 20:04:23.715068 n-d-791506-16 devstack@n-api.service[93374]: INFO nova.api.openstack.requestlog [None req-a88ca728-8f9c-44bc-a767-a7f235af4d3e admin admin] 10.222.0.101 "GET /compute/v2.1/flavors/451" status: 404 len: 76 microversion: 2.88 time: 0.055993
Jul 08 20:04:23.715592 n-d-791506-16 devstack@n-api.service[93374]: [pid: 93374|app: 0|req: 24/49] 10.222.0.101 () {60 vars in 1199 bytes} [Thu Jul 8 20:04:23 2021] GET /compute/v2.1/flavors/451 => generated 76 bytes in 57 msecs (HTTP/1.1 404) 9 headers in 380 bytes (1 switches on core 0)
Jul 08 20:04:23.724590 n-d-791506-16 devstack@n-api.service[93373]: DEBUG nova.api.openstack.wsgi [None req-ada52c7c-11f5-4ca3-aa44-e9e3c38d837a admin admin] Calling method '>' {{(pid=93373) _process_stack /opt/stack/nova/nova/api/openstack/wsgi.py:513}}
Jul 08 20:04:23.738467 n-d-791506-16 devstack@n-api.service[93373]: INFO nova.api.openstack.requestlog [None req-ada52c7c-11f5-4ca3-aa44-e9e3c38d837a admin admin] 10.222.0.101 "GET /compute/v2.1/flavors?is_public=None" status: 200 len: 2076 microversion: 2.88 time: 0.017267
Jul 08 20:04:23.739006 n-d-791506-16 devstack@n-api.service[93373]: [pid: 93373|app: 0|req: 26/50] 10.222.0.101 () {60 vars in 1216 bytes} [Thu Jul 8 20:04:23 2021] GET /compute/v2.1/flavors?is_public=None => generated 2076 bytes in 18 msecs (HTTP/1.1 200) 9 headers in 360 bytes (1 switches on core 0)
Jul 08 20:04:23.749937 n-d-791506-16 devstack@n-api.service[93374]: DEBUG nova.api.openstack.wsgi [None req-ce1e952f-3b8d-4b1c-9f19-887a31848d76 admin admin] Calling method '>' {{(pid=93374) _process_stack /opt/stack/nova/nova/api/openstack/wsgi.py:513}}
Jul 08 20:04:23.763128 n-d-791506-16 devstack@n-api.service[93374]: INFO nova.api.openstack.requestlog [None req-ce1e952f-3b8d-4b1c-9f19-887a31848d76 admin admin] 10.222.0.101 "GET /compute/v2.1/flavors?is_public=None" status: 200 len: 2076 microversion: 2.88 time: 0.017048
Jul 08 20:04:23.763644 n-d-791506-16 devstack@n-api.service[93374]: [pid: 93374|app: 0|req: 25/51] 10.222.0.101 () {60 vars in 1216 bytes} [Thu Jul 8 20:04:23 2021] GET /compute/v2.1/flavors?is_public=None => generated 2076 bytes in 18 msecs (HTTP/1.1 200) 9 headers in 360 bytes (1 switches on core 0)
Jul 08 20:04:23.772861 n-d-791506-16 devstack@n-api.service[93373]: DEBUG nova.api.openstack.wsgi [None req-c5303d05-1f4e-4446-88c1-dbdbff11fad4 admin admin] Calling method '>' {{(pid=93373) _process_stack /opt/stack/nova/nova/api/openstack/wsgi.py:513}}
Jul 08 20:04:23.778219 n-d-791506-16 devstack@n-api.service[93373]: INFO nova.api.openstack.wsgi [None req-c5303d05-1f4e-4446-88c1-dbdbff11fad4 admin admin] HTTP exception thrown: Flavor 451 could not be found.
Jul 08 20:04:23.778746 n-d-791506-16 devstack@n-api.service[93373]: DEBUG nova.api.openstack.wsgi [None req-c5303d05-1f4e-4446-88c1-dbdbff11fad4 admin admin] Returning 404 to user: Flavor 451 could not be found. {{(pid=93373) __call__ /opt/stack/nova/nova/api/openstack/wsgi.py:927}}
Jul 08 20:04:23.779806 n-d-791506-16 devstack@n-api.service[93373]: INFO nova.api.openstack.requestlog [None req-c5303d05-1f4e-4446-88c1-dbdbff11fad4 admin admin] 10.222.0.101 "GET /compute/v2.1/flavors/451" status: 404 len: 76 microversion: 2.88 time: 0.010383
Jul 08 20:04:23.780043 n-d-791506-16 devstack@n-api.service[93373]: [pid: 93373|app: 0|req: 27/52] 10.222.0.101 () {60 vars in 1199 bytes} [Thu Jul 8 20:04:23 2021] GET /compute/v2.1/flavors/451 => generated 76 bytes in 11 msecs (HTTP/1.1 404) 9 headers in 380 bytes (1 switches on core 0)
Jul 08 20:04:25.175409 n-d-791506-16 devstack@n-api.service[93374]: DEBUG nova.api.openstack.wsgi [None req-ce1e952f-3b8d-4b1c-9f19-887a31848d76 admin admin] Calling method '>' {{(pid=93374) _process_stack /opt/stack/nova/nova/api/openstack/wsgi.py:513}}
Jul 08 20:04:25.176419 n-d-791506-16 devstack@n-api.service[93374]: INFO nova.api.openstack.requestlog [None req-ce1e952f-3b8d-4b1c-9f19-887a31848d76 admin admin] 10.222.0.101 "GET /compute/v2.1" status: 200 len: 389 microversion: 2.1 time: 0.001452
Jul 08 20:04:25.176851 n-d-791506-16 devstack@n-api.service[93374]: [pid: 93374|app: 0|req: 26/53] 10.222.0.101 () {56 vars in 1080 bytes} [Thu Jul 8 20:04:25 2021] GET /compute/v2.1 => generated 389 bytes in 2 msecs (HTTP/1.1 200) 9 headers in 357 bytes (1 switches on core 0)
Jul 08 20:04:25.370326 n-d-791506-16 devstack@n-api.service[93373]: DEBUG nova.api.openstack.wsgi [None req-e7abd4d4-5503-4fc9-a18b-6dcc3a017acd admin admin] Action: 'create', calling method: >, body: {"flavor": {"name": "m1.nano", "ram": 256, "vcpus": 1, "disk": 1, "id": "42", "swap": 0, "OS-FLV-EXT-DATA:ephemeral": 0, "rxtx_factor": 1.0, "os-flavor-access:is_public": true}} {{(pid=93373) _process_stack /opt/stack/nova/nova/api/openstack/wsgi.py:511}}
Jul 08 20:04:25.389050 n-d-791506-16 devstack@n-api.service[93373]: INFO nova.api.openstack.requestlog [None req-e7abd4d4-5503-4fc9-a18b-6dcc3a017acd admin admin] 10.222.0.101 "POST /compute/v2.1/flavors" status: 200 len: 406 microversion: 2.88 time: 0.069335
Jul 08 20:04:25.391605 n-d-791506-16 devstack@n-api.service[93373]: [pid: 93373|app: 0|req: 28/54] 10.222.0.101 () {64 vars in 1241 bytes} [Thu Jul 8 20:04:25 2021] POST /compute/v2.1/flavors => generated 406 bytes in 73 msecs (HTTP/1.1 200) 9 headers in 359 bytes (2 switches on core 0)
Jul 08 20:04:26.745909 n-d-791506-16 devstack@n-api.service[93374]: DEBUG nova.api.openstack.wsgi [None req-ce1e952f-3b8d-4b1c-9f19-887a31848d76 admin admin] Calling method '>' {{(pid=93374) _process_stack /opt/stack/nova/nova/api/openstack/wsgi.py:513}}
Jul 08 20:04:26.751143 n-d-791506-16 devstack@n-api.service[93374]: INFO nova.api.openstack.requestlog [None req-ce1e952f-3b8d-4b1c-9f19-887a31848d76 admin admin] 10.222.0.101 "GET /compute/v2.1" status: 200 len: 389 microversion: 2.1 time: 0.005599
Jul 08 20:04:26.761043 n-d-791506-16 devstack@n-api.service[93374]: [pid: 93374|app: 0|req: 27/55] 10.222.0.101 () {56 vars in 1080 bytes} [Thu Jul 8 20:04:26 2021] GET /compute/v2.1 => generated 389 bytes in 16 msecs (HTTP/1.1 200) 9 headers in 357 bytes (1 switches on core 0)
Jul 08 20:04:26.944584 n-d-791506-16 devstack@n-api.service[93373]: DEBUG nova.api.openstack.wsgi [None req-dd9ec700-3650-4c78-b95d-4fac1df2d43e admin admin] Action: 'create', calling method: >, body: {"flavor": {"name": "m1.micro", "ram": 256, "vcpus": 1, "disk": 2, "id": "84", "swap": 0, "OS-FLV-EXT-DATA:ephemeral": 0, "rxtx_factor": 1.0, "os-flavor-access:is_public": true}} {{(pid=93373) _process_stack /opt/stack/nova/nova/api/openstack/wsgi.py:511}}
Jul 08 20:04:26.962718 n-d-791506-16 devstack@n-api.service[93373]: INFO nova.api.openstack.requestlog [None req-dd9ec700-3650-4c78-b95d-4fac1df2d43e admin admin] 10.222.0.101 "POST /compute/v2.1/flavors" status: 200 len: 407 microversion: 2.88 time: 0.068836
Jul 08 20:04:26.963196 n-d-791506-16 devstack@n-api.service[93373]: [pid: 93373|app: 0|req: 29/56] 10.222.0.101 () {64 vars in 1241 bytes} [Thu Jul 8 20:04:26 2021] POST /compute/v2.1/flavors => generated 407 bytes in 70 msecs (HTTP/1.1 200) 9 headers in 359 bytes (1 switches on core 0)
Jul 08 20:04:28.349908 n-d-791506-16 devstack@n-api.service[93374]: DEBUG nova.api.openstack.wsgi [None req-ce1e952f-3b8d-4b1c-9f19-887a31848d76 admin admin] Calling method '>' {{(pid=93374) _process_stack /opt/stack/nova/nova/api/openstack/wsgi.py:513}}
Jul 08 20:04:28.351121 n-d-791506-16 devstack@n-api.service[93374]: INFO nova.api.openstack.requestlog [None req-ce1e952f-3b8d-4b1c-9f19-887a31848d76 admin admin] 10.222.0.101 "GET /compute/v2.1" status: 200 len: 389 microversion: 2.1 time: 0.001495
Jul 08 20:04:28.351788 n-d-791506-16 devstack@n-api.service[93374]: [pid: 93374|app: 0|req: 28/57] 10.222.0.101 () {56 vars in 1080 bytes} [Thu Jul 8 20:04:28 2021] GET /compute/v2.1 => generated 389 bytes in 3 msecs (HTTP/1.1 200) 9 headers in 357 bytes (1 switches on core 0)
Jul 08 20:04:28.544380 n-d-791506-16 devstack@n-api.service[93373]: DEBUG nova.api.openstack.wsgi [None req-2cd56b01-6ae4-441d-87cf-1f7f2195493b admin admin] Action: 'create', calling method: >, body: {"flavor": {"name": "m1.heat", "ram": 512, "vcpus": 1, "disk": 1, "id": "451", "swap": 0, "OS-FLV-EXT-DATA:ephemeral": 0, "rxtx_factor": 1.0, "os-flavor-access:is_public": true}} {{(pid=93373) _process_stack /opt/stack/nova/nova/api/openstack/wsgi.py:511}}
Jul 08 20:04:28.563292 n-d-791506-16 devstack@n-api.service[93373]: INFO nova.api.openstack.requestlog [None req-2cd56b01-6ae4-441d-87cf-1f7f2195493b admin admin] 10.222.0.101 "POST /compute/v2.1/flavors" status: 200 len: 409 microversion: 2.88 time: 0.071757
Jul 08 20:04:28.563760 n-d-791506-16 devstack@n-api.service[93373]: [pid: 93373|app: 0|req: 30/58] 10.222.0.101 () {64 vars in 1241 bytes} [Thu Jul 8 20:04:28 2021] POST /compute/v2.1/flavors => generated 409 bytes in 73 msecs (HTTP/1.1 200) 9 headers in 359 bytes (1 switches on core 0)
Jul 08 20:04:29.923819 n-d-791506-16 devstack@n-api.service[93374]: DEBUG nova.api.openstack.wsgi [None req-ce1e952f-3b8d-4b1c-9f19-887a31848d76 admin admin] Calling method '>' {{(pid=93374) _process_stack /opt/stack/nova/nova/api/openstack/wsgi.py:513}}
Jul 08 20:04:29.924880 n-d-791506-16 devstack@n-api.service[93374]: INFO nova.api.openstack.requestlog [None req-ce1e952f-3b8d-4b1c-9f19-887a31848d76 admin admin] 10.222.0.101 "GET /compute/v2.1" status: 200 len: 389 microversion: 2.1 time: 0.001469
Jul 08 20:04:29.925304 n-d-791506-16 devstack@n-api.service[93374]: [pid: 93374|app: 0|req: 29/59] 10.222.0.101 () {56 vars in 1080 bytes} [Thu Jul 8 20:04:29 2021] GET /compute/v2.1 => generated 389 bytes in 2 msecs (HTTP/1.1 200) 9 headers in 357 bytes (1 switches on core 0)
Jul 08 20:04:30.121475 n-d-791506-16 devstack@n-api.service[93373]: DEBUG nova.api.openstack.wsgi [None req-f411fbb2-8584-43f3-9873-99ff19e3877c admin admin] Action: 'create', calling method: >, body: {"flavor": {"name": "m1.heat2", "ram": 1024, "vcpus": 1, "disk": 1, "id": "452", "swap": 0, "OS-FLV-EXT-DATA:ephemeral": 0, "rxtx_factor": 1.0, "os-flavor-access:is_public": true}} {{(pid=93373) _process_stack /opt/stack/nova/nova/api/openstack/wsgi.py:511}}
Jul 08 20:04:30.139822 n-d-791506-16 devstack@n-api.service[93373]: INFO nova.api.openstack.requestlog [None req-f411fbb2-8584-43f3-9873-99ff19e3877c admin admin] 10.222.0.101 "POST /compute/v2.1/flavors" status: 200 len: 411 microversion: 2.88 time: 0.072507
Jul 08 20:04:30.140304 n-d-791506-16 devstack@n-api.service[93373]: [pid: 93373|app: 0|req: 31/60] 10.222.0.101 () {64 vars in 1241 bytes} [Thu Jul 8 20:04:30 2021] POST /compute/v2.1/flavors => generated 411 bytes in 74 msecs (HTTP/1.1 200) 9 headers in 359 bytes (2 switches on core 0)
Jul 08 20:04:31.502169 n-d-791506-16 devstack@n-api.service[93374]: DEBUG nova.api.openstack.wsgi [None req-ce1e952f-3b8d-4b1c-9f19-887a31848d76 admin admin] Calling method '>' {{(pid=93374) _process_stack /opt/stack/nova/nova/api/openstack/wsgi.py:513}}
Jul 08 20:04:31.503190 n-d-791506-16 devstack@n-api.service[93374]: INFO nova.api.openstack.requestlog [None req-ce1e952f-3b8d-4b1c-9f19-887a31848d76 admin admin] 10.222.0.101 "GET /compute/v2.1" status: 200 len: 389 microversion: 2.1 time: 0.001451
Jul 08 20:04:31.503584 n-d-791506-16 devstack@n-api.service[93374]: [pid: 93374|app: 0|req: 30/61] 10.222.0.101 () {56 vars in 1080 bytes} [Thu Jul 8 20:04:31 2021] GET /compute/v2.1 => generated 389 bytes in 2 msecs (HTTP/1.1 200) 9 headers in 357 bytes (1 switches on core 0)
Jul 08 20:04:31.700913 n-d-791506-16 devstack@n-api.service[93373]: DEBUG nova.api.openstack.wsgi [None req-069bcc68-f8ee-48de-9e0f-25308ba91dca admin admin] Calling method '>' {{(pid=93373) _process_stack /opt/stack/nova/nova/api/openstack/wsgi.py:513}}
Jul 08 20:04:31.719897 n-d-791506-16 devstack@n-api.service[93373]: INFO nova.api.openstack.requestlog [None req-069bcc68-f8ee-48de-9e0f-25308ba91dca admin admin] 10.222.0.101 "GET /compute/v2.1/flavors/detail" status: 200 len: 5805 microversion: 2.88 time: 0.076130
Jul 08 20:04:31.720458 n-d-791506-16 devstack@n-api.service[93373]: [pid: 93373|app: 0|req: 32/62] 10.222.0.101 () {60 vars in 1208 bytes} [Thu Jul 8 20:04:31 2021] GET /compute/v2.1/flavors/detail => generated 5805 bytes in 77 msecs (HTTP/1.1 200) 9 headers in 360 bytes (1 switches on core 0)
Jul 08 20:05:17.933782 n-d-791506-16 devstack@n-api.service[93374]: DEBUG nova.api.openstack.wsgi [None req-ce1e952f-3b8d-4b1c-9f19-887a31848d76 admin admin] Calling method '>' {{(pid=93374) _process_stack /opt/stack/nova/nova/api/openstack/wsgi.py:513}}
Jul 08 20:05:17.934810 n-d-791506-16 devstack@n-api.service[93374]: INFO nova.api.openstack.requestlog [None req-ce1e952f-3b8d-4b1c-9f19-887a31848d76 admin admin] 10.222.0.101 "GET /compute/v2.1" status: 200 len: 389 microversion: 2.1 time: 0.001456
Jul 08 20:05:17.935202 n-d-791506-16 devstack@n-api.service[93374]: [pid: 93374|app: 0|req: 31/63] 10.222.0.101 () {54 vars in 936 bytes} [Thu Jul 8 20:05:17 2021] GET /compute/v2.1 => generated 389 bytes in 2 msecs (HTTP/1.1 200) 9 headers in 357 bytes (1 switches on core 0)
Jul 08 20:05:17.994422 n-d-791506-16 devstack@n-api.service[93373]: DEBUG nova.api.openstack.wsgi [None req-7e942a62-c9f5-4a97-9429-f70f3780a14f admin admin] Calling method '>' {{(pid=93373) _process_stack /opt/stack/nova/nova/api/openstack/wsgi.py:513}}
Jul 08 20:05:18.013478 n-d-791506-16 devstack@n-api.service[93373]: INFO nova.api.openstack.requestlog [None req-7e942a62-c9f5-4a97-9429-f70f3780a14f admin admin] 10.222.0.101 "GET /compute/v2.1/flavors/detail?is_public=True" status: 200 len: 5819 microversion: 2.61 time: 0.071243
Jul 08 20:05:18.014024 n-d-791506-16 devstack@n-api.service[93373]: [pid: 93373|app: 0|req: 33/64] 10.222.0.101 () {60 vars in 1297 bytes} [Thu Jul 8 20:05:17 2021] GET /compute/v2.1/flavors/detail?is_public=True => generated 5819 bytes in 72 msecs (HTTP/1.1 200) 9 headers in 360 bytes (1 switches on core 0)
Jul 08 20:05:18.035773 n-d-791506-16 devstack@n-api.service[93374]: DEBUG nova.api.openstack.wsgi [None req-96a9fd22-ae14-42fe-a78e-8aba574bbd47 admin admin] Calling method '>' {{(pid=93374) _process_stack /opt/stack/nova/nova/api/openstack/wsgi.py:513}}
Jul 08 20:05:18.044053 n-d-791506-16 devstack@n-api.service[93374]: INFO nova.api.openstack.requestlog [None req-96a9fd22-ae14-42fe-a78e-8aba574bbd47 admin admin] 10.222.0.101 "GET /compute/v2.1/flavors/42/os-extra_specs" status: 200 len: 19 microversion: 2.61 time: 0.011803
Jul 08 20:05:18.044577 n-d-791506-16 devstack@n-api.service[93374]: [pid: 93374|app: 0|req: 32/65] 10.222.0.101 () {60 vars in 1288 bytes} [Thu Jul 8 20:05:18 2021] GET /compute/v2.1/flavors/42/os-extra_specs => generated 19 bytes in 13 msecs (HTTP/1.1 200) 9 headers in 358 bytes (1 switches on core 0)
Jul 08 20:05:18.056269 n-d-791506-16 devstack@n-api.service[93373]: DEBUG nova.api.openstack.wsgi [None req-7b386c49-2917-474c-ad8e-4d352cd68cc6 admin admin] Calling method '>' {{(pid=93373) _process_stack /opt/stack/nova/nova/api/openstack/wsgi.py:513}}
Jul 08 20:05:18.064041 n-d-791506-16 devstack@n-api.service[93373]: INFO nova.api.openstack.requestlog [None req-7b386c49-2917-474c-ad8e-4d352cd68cc6 admin admin] 10.222.0.101 "GET /compute/v2.1/flavors/451/os-extra_specs" status: 200 len: 19 microversion: 2.61 time: 0.012003
Jul 08 20:05:18.064769 n-d-791506-16 devstack@n-api.service[93373]: [pid: 93373|app: 0|req: 34/66] 10.222.0.101 () {60 vars in 1291 bytes} [Thu Jul 8 20:05:18 2021] GET /compute/v2.1/flavors/451/os-extra_specs => generated 19 bytes in 13 msecs (HTTP/1.1 200) 9 headers in 358 bytes (1 switches on core 0)
Jul 08 20:05:18.076363 n-d-791506-16 devstack@n-api.service[93374]: DEBUG nova.api.openstack.wsgi [None req-96c5fc23-19a6-4732-ae33-c3f203371f66 admin admin] Calling method '>' {{(pid=93374) _process_stack /opt/stack/nova/nova/api/openstack/wsgi.py:513}}
Jul 08 20:05:18.084142 n-d-791506-16 devstack@n-api.service[93374]: INFO nova.api.openstack.requestlog [None req-96c5fc23-19a6-4732-ae33-c3f203371f66 admin admin] 10.222.0.101 "GET /compute/v2.1/flavors/452/os-extra_specs" status: 200 len: 19 microversion: 2.61 time: 0.011512
Jul 08 20:05:18.085289 n-d-791506-16 devstack@n-api.service[93374]: [pid: 93374|app: 0|req: 33/67] 10.222.0.101 () {60 vars in 1291 bytes} [Thu Jul 8 20:05:18 2021] GET /compute/v2.1/flavors/452/os-extra_specs => generated 19 bytes in 13 msecs (HTTP/1.1 200) 9 headers in 358 bytes (1 switches on core 0)
Jul 08 20:05:18.097251 n-d-791506-16 devstack@n-api.service[93373]: DEBUG nova.api.openstack.wsgi [None req-beb170a5-c26a-498c-bfa6-553a52c869cc admin admin] Calling method '>' {{(pid=93373) _process_stack /opt/stack/nova/nova/api/openstack/wsgi.py:513}}
Jul 08 20:05:18.105546 n-d-791506-16 devstack@n-api.service[93373]: INFO nova.api.openstack.requestlog [None req-beb170a5-c26a-498c-bfa6-553a52c869cc admin admin] 10.222.0.101 "GET /compute/v2.1/flavors/84/os-extra_specs" status: 200 len: 19 microversion: 2.61 time: 0.012124
Jul 08 20:05:18.106084 n-d-791506-16 devstack@n-api.service[93373]: [pid: 93373|app: 0|req: 35/68] 10.222.0.101 () {60 vars in 1288 bytes} [Thu Jul 8 20:05:18 2021] GET /compute/v2.1/flavors/84/os-extra_specs => generated 19 bytes in 13 msecs (HTTP/1.1 200) 9 headers in 358 bytes (1 switches on core 0)
Jul 08 20:06:37.181187 n-d-791506-16 devstack@n-api.service[93374]: DEBUG nova.api.openstack.wsgi [None req-78e70d57-44d2-4cae-9ddb-eac475a5ce10 tempest-verify_tempest_config-1971334975 tempest-verify_tempest_config-1971334975-project] Calling method '>' {{(pid=93374) _process_stack /opt/stack/nova/nova/api/openstack/wsgi.py:513}}
Jul 08 20:06:37.183343 n-d-791506-16 devstack@n-api.service[93374]: INFO nova.api.openstack.requestlog [None req-78e70d57-44d2-4cae-9ddb-eac475a5ce10 tempest-verify_tempest_config-1971334975 tempest-verify_tempest_config-1971334975-project] 10.222.0.101 "GET /compute/v2.1/extensions" status: 200 len: 22700 microversion: 2.1 time: 0.105998
Jul 08 20:06:37.183956 n-d-791506-16 devstack@n-api.service[93374]: [pid: 93374|app: 0|req: 34/69] 10.222.0.101 () {58 vars in 1139 bytes} [Thu Jul 8 20:06:37 2021] GET /compute/v2.1/extensions => generated 22700 bytes in 107 msecs (HTTP/1.1 200) 9 headers in 359 bytes (1 switches on core 0)
Jul 08 20:10:30.385194 n-d-791506-16 devstack@n-api.service[93373]: DEBUG nova.api.openstack.wsgi [None req-beb170a5-c26a-498c-bfa6-553a52c869cc admin admin] Calling method '>' {{(pid=93373) _process_stack /opt/stack/nova/nova/api/openstack/wsgi.py:513}}
Jul 08 20:10:30.387511 n-d-791506-16 devstack@n-api.service[93373]: INFO nova.api.openstack.requestlog [None req-beb170a5-c26a-498c-bfa6-553a52c869cc admin admin] 10.222.0.101 "GET /compute/v2.1" status: 200 len: 389 microversion: 2.1 time: 0.002749
Jul 08 20:10:30.387901 n-d-791506-16 devstack@n-api.service[93373]: [pid: 93373|app: 0|req: 36/70] 10.222.0.101 () {56 vars in 1080 bytes} [Thu Jul 8 20:10:30 2021] GET /compute/v2.1 => generated 389 bytes in 4 msecs (HTTP/1.1 200) 9 headers in 357 bytes (1 switches on core 0)
Jul 08 20:10:30.639340 n-d-791506-16 devstack@n-api.service[93374]: DEBUG nova.api.openstack.wsgi [None req-0f601ace-c212-4ff7-a36d-a5464e0cc49e admin admin] Calling method '>' {{(pid=93374) _process_stack /opt/stack/nova/nova/api/openstack/wsgi.py:513}}
Jul 08 20:10:30.640480 n-d-791506-16 devstack@n-api.service[93374]: /usr/local/lib/python3.8/dist-packages/oslo_policy/policy.py:1064: UserWarning: Policy os_compute_api:os-services:list failed scope check. The token used to make the request was project scoped but the policy requires ['system'] scope. This behavior may change in the future where using the intended scope is required
Jul 08 20:10:30.640480 n-d-791506-16 devstack@n-api.service[93374]: warnings.warn(msg)
Jul 08 20:10:30.642052 n-d-791506-16 devstack@n-api.service[93374]: DEBUG oslo_concurrency.lockutils [None req-0f601ace-c212-4ff7-a36d-a5464e0cc49e admin admin] Lock "00000000-0000-0000-0000-000000000000" acquired by "nova.context.set_target_cell..get_or_set_cached_cell_and_set_connections" :: waited 0.000s {{(pid=93374) inner /usr/local/lib/python3.8/dist-packages/oslo_concurrency/lockutils.py:355}}
Jul 08 20:10:30.642484 n-d-791506-16 devstack@n-api.service[93374]: DEBUG oslo_concurrency.lockutils [None req-0f601ace-c212-4ff7-a36d-a5464e0cc49e admin admin] Lock "00000000-0000-0000-0000-000000000000" released by "nova.context.set_target_cell..get_or_set_cached_cell_and_set_connections" :: held 0.000s {{(pid=93374) inner /usr/local/lib/python3.8/dist-packages/oslo_concurrency/lockutils.py:367}}
Jul 08 20:10:30.643279 n-d-791506-16 devstack@n-api.service[93374]: DEBUG oslo_concurrency.lockutils [None req-0f601ace-c212-4ff7-a36d-a5464e0cc49e admin admin] Lock "76ff5eb1-03af-4acf-a99b-cdea12b5adba" acquired by "nova.context.set_target_cell..get_or_set_cached_cell_and_set_connections" :: waited 0.000s {{(pid=93374) inner /usr/local/lib/python3.8/dist-packages/oslo_concurrency/lockutils.py:355}}
Jul 08 20:10:30.643695 n-d-791506-16 devstack@n-api.service[93374]: DEBUG oslo_concurrency.lockutils [None req-0f601ace-c212-4ff7-a36d-a5464e0cc49e admin admin] Lock "76ff5eb1-03af-4acf-a99b-cdea12b5adba" released by "nova.context.set_target_cell..get_or_set_cached_cell_and_set_connections" :: held 0.000s {{(pid=93374) inner /usr/local/lib/python3.8/dist-packages/oslo_concurrency/lockutils.py:367}}
Jul 08 20:10:30.647210 n-d-791506-16 devstack@n-api.service[93374]: /opt/stack/nova/nova/db/sqlalchemy/api.py:450: SAWarning: TypeDecorator SoftDeleteInteger() will not produce a cache key because the ``cache_ok`` flag is not set to True. Set this flag to True if this type object's state is safe to use in a cache key, or False to disable this warning.
Jul 08 20:10:30.647210 n-d-791506-16 devstack@n-api.service[93374]: return query.all()
Jul 08 20:10:30.684638 n-d-791506-16 devstack@n-api.service[93374]: INFO nova.api.openstack.requestlog [None req-0f601ace-c212-4ff7-a36d-a5464e0cc49e admin admin] 10.222.0.101 "GET /compute/v2.1/os-services" status: 200 len: 1244 microversion: 2.88 time: 0.153979
Jul 08 20:10:30.685241 n-d-791506-16 devstack@n-api.service[93374]: [pid: 93374|app: 0|req: 35/71] 10.222.0.101 () {60 vars in 1199 bytes} [Thu Jul 8 20:10:30 2021] GET /compute/v2.1/os-services => generated 1244 bytes in 155 msecs (HTTP/1.1 200) 9 headers in 360 bytes (1 switches on core 0)
Jul 08 20:10:32.090475 n-d-791506-16 devstack@n-api.service[93373]: DEBUG nova.api.openstack.wsgi [None req-beb170a5-c26a-498c-bfa6-553a52c869cc admin admin] Calling method '>' {{(pid=93373) _process_stack /opt/stack/nova/nova/api/openstack/wsgi.py:513}}
Jul 08 20:10:32.091501 n-d-791506-16 devstack@n-api.service[93373]: INFO nova.api.openstack.requestlog [None req-beb170a5-c26a-498c-bfa6-553a52c869cc admin admin] 10.222.0.101 "GET /compute/v2.1" status: 200 len: 389 microversion: 2.1 time: 0.001440
Jul 08 20:10:32.091895 n-d-791506-16 devstack@n-api.service[93373]: [pid: 93373|app: 0|req: 37/72] 10.222.0.101 () {56 vars in 1080 bytes} [Thu Jul 8 20:10:32 2021] GET /compute/v2.1 => generated 389 bytes in 3 msecs (HTTP/1.1 200) 9 headers in 357 bytes (2 switches on core 0)
Jul 08 20:10:32.279703 n-d-791506-16 devstack@n-api.service[93374]: DEBUG nova.api.openstack.wsgi [None req-7c54a09c-2faf-4370-8e38-bb2928bdffbd admin admin] Calling method '>' {{(pid=93374) _process_stack /opt/stack/nova/nova/api/openstack/wsgi.py:513}}
Jul 08 20:10:32.280940 n-d-791506-16 devstack@n-api.service[93374]: /usr/local/lib/python3.8/dist-packages/oslo_policy/policy.py:1064: UserWarning: Policy os_compute_api:os-services:list failed scope check. The token used to make the request was project scoped but the policy requires ['system'] scope. This behavior may change in the future where using the intended scope is required
Jul 08 20:10:32.280940 n-d-791506-16 devstack@n-api.service[93374]: warnings.warn(msg)
Jul 08 20:10:32.282481 n-d-791506-16 devstack@n-api.service[93374]: DEBUG oslo_concurrency.lockutils [None req-7c54a09c-2faf-4370-8e38-bb2928bdffbd admin admin] Lock "00000000-0000-0000-0000-000000000000" acquired by "nova.context.set_target_cell..get_or_set_cached_cell_and_set_connections" :: waited 0.000s {{(pid=93374) inner /usr/local/lib/python3.8/dist-packages/oslo_concurrency/lockutils.py:355}}
Jul 08 20:10:32.282922 n-d-791506-16 devstack@n-api.service[93374]: DEBUG oslo_concurrency.lockutils [None req-7c54a09c-2faf-4370-8e38-bb2928bdffbd admin admin] Lock "00000000-0000-0000-0000-000000000000" released by "nova.context.set_target_cell..get_or_set_cached_cell_and_set_connections" :: held 0.000s {{(pid=93374) inner /usr/local/lib/python3.8/dist-packages/oslo_concurrency/lockutils.py:367}}
Jul 08 20:10:32.283732 n-d-791506-16 devstack@n-api.service[93374]: DEBUG oslo_concurrency.lockutils [None req-7c54a09c-2faf-4370-8e38-bb2928bdffbd admin admin] Lock "76ff5eb1-03af-4acf-a99b-cdea12b5adba" acquired by "nova.context.set_target_cell..get_or_set_cached_cell_and_set_connections" :: waited 0.000s {{(pid=93374) inner /usr/local/lib/python3.8/dist-packages/oslo_concurrency/lockutils.py:355}}
Jul 08 20:10:32.284184 n-d-791506-16 devstack@n-api.service[93374]: DEBUG oslo_concurrency.lockutils [None req-7c54a09c-2faf-4370-8e38-bb2928bdffbd admin admin] Lock "76ff5eb1-03af-4acf-a99b-cdea12b5adba" released by "nova.context.set_target_cell..get_or_set_cached_cell_and_set_connections" :: held 0.000s {{(pid=93374) inner /usr/local/lib/python3.8/dist-packages/oslo_concurrency/lockutils.py:367}}
Jul 08 20:10:32.288706 n-d-791506-16 devstack@n-api.service[93374]: /opt/stack/nova/nova/db/sqlalchemy/api.py:450: SAWarning: TypeDecorator SoftDeleteInteger() will not produce a cache key because the ``cache_ok`` flag is not set to True. Set this flag to True if this type object's state is safe to use in a cache key, or False to disable this warning.
Jul 08 20:10:32.288706 n-d-791506-16 devstack@n-api.service[93374]: return query.all()
Jul 08 20:10:32.310758 n-d-791506-16 devstack@n-api.service[93374]: INFO nova.api.openstack.requestlog [None req-7c54a09c-2faf-4370-8e38-bb2928bdffbd admin admin] 10.222.0.101 "GET /compute/v2.1/os-services" status: 200 len: 1244 microversion: 2.88 time: 0.080098
Jul 08 20:10:32.311231 n-d-791506-16 devstack@n-api.service[93374]: [pid: 93374|app: 0|req: 36/73] 10.222.0.101 () {60 vars in 1199 bytes} [Thu Jul 8 20:10:32 2021] GET /compute/v2.1/os-services => generated 1244 bytes in 82 msecs (HTTP/1.1 200) 9 headers in 360 bytes (1 switches on core 0)
Jul 08 20:11:19.007471 n-d-791506-16 systemd[1]: Stopping Devstack devstack@n-api.service...
Jul 08 20:11:19.008318 n-d-791506-16 devstack@n-api.service[93372]: Thu Jul 8 20:11:19 2021 - graceful shutdown triggered...
Jul 08 20:11:19.008835 n-d-791506-16 devstack@n-api.service[93373]: Gracefully killing worker 1 (pid: 93373)...
Jul 08 20:11:19.009200 n-d-791506-16 devstack@n-api.service[93374]: Gracefully killing worker 2 (pid: 93374)...
Jul 08 20:11:20.008850 n-d-791506-16 devstack@n-api.service[93372]: worker 1 buried after 1 seconds
Jul 08 20:11:20.008850 n-d-791506-16 devstack@n-api.service[93372]: worker 2 buried after 1 seconds
Jul 08 20:11:20.008850 n-d-791506-16 devstack@n-api.service[93372]: goodbye to uWSGI.
Jul 08 20:11:20.010462 n-d-791506-16 systemd[1]: devstack@n-api.service: Succeeded.
Jul 08 20:11:20.011035 n-d-791506-16 systemd[1]: Stopped Devstack devstack@n-api.service.
Jul 08 20:11:20.013821 n-d-791506-16 systemd[1]: Starting Devstack devstack@n-api.service...
Jul 08 20:11:20.043427 n-d-791506-16 devstack@n-api.service[109007]: [uWSGI] getting INI configuration from /etc/nova/nova-api-uwsgi.ini
Jul 08 20:11:20.060943 n-d-791506-16 devstack@n-api.service[109007]: *** Starting uWSGI 2.0.18-debian (64bit) on [Thu Jul 8 20:11:20 2021] ***
Jul 08 20:11:20.060943 n-d-791506-16 devstack@n-api.service[109007]: compiled with version: 10.0.1 20200405 (experimental) [master revision 0be9efad938:fcb98e4978a:705510a708d3642c9c962beb663c476167e4e8a4] on 11 April 2020 11:15:55
Jul 08 20:11:20.060943 n-d-791506-16 devstack@n-api.service[109007]: os: Linux-5.4.0-72-generic #80-Ubuntu SMP Mon Apr 12 17:35:00 UTC 2021
Jul 08 20:11:20.060943 n-d-791506-16 devstack@n-api.service[109007]: nodename: n-d-791506-16
Jul 08 20:11:20.060943 n-d-791506-16 devstack@n-api.service[109007]: machine: x86_64
