Jun 30 17:47:08.410714 n-d-791506-14 devstack@n-api.service[115369]: DEBUG nova.api.openstack.wsgi [None req-573d0028-23f2-49a2-8279-3865f2f37e92 tempest-FlavorsAccessTestJSON-1901225571 tempest-FlavorsAccessTestJSON-1901225571-project-admin] Calling method '>' {{(pid=115369) _process_stack /opt/stack/nova/nova/api/openstack/wsgi.py:513}}
Jun 30 17:47:08.413439 n-d-791506-14 devstack@n-api.service[115370]: DEBUG nova.objects.aggregate [None req-937295b6-a863-45ce-907a-f4d00cda39e2 tempest-AggregatesAdminTestJSON-789659230 tempest-AggregatesAdminTestJSON-789659230-project-admin] Generated uuid 57d80529-0562-4c1e-85e3-7cad3a46425c for aggregate {{(pid=115370) create /opt/stack/nova/nova/objects/aggregate.py:299}}
Jun 30 17:47:08.448764 n-d-791506-14 devstack@n-api.service[115369]: INFO nova.api.openstack.requestlog [None req-573d0028-23f2-49a2-8279-3865f2f37e92 tempest-FlavorsAccessTestJSON-1901225571 tempest-FlavorsAccessTestJSON-1901225571-project-admin] 10.222.0.42 "GET /compute/v2.1/flavors/detail" status: 200 len: 5488 microversion: 2.1 time: 0.043690
Jun 30 17:47:08.462490 n-d-791506-14 devstack@n-api.service[115370]: INFO nova.api.openstack.requestlog [None req-937295b6-a863-45ce-907a-f4d00cda39e2 tempest-AggregatesAdminTestJSON-789659230 tempest-AggregatesAdminTestJSON-789659230-project-admin] 10.222.0.42 "POST /compute/v2.1/os-aggregates" status: 200 len: 221 microversion: 2.1 time: 0.091928
Jun 30 17:47:08.462490 n-d-791506-14 devstack@n-api.service[115370]: [pid: 115370|app: 0|req: 38/68] 10.222.0.42 () {60 vars in 1165 bytes} [Wed Jun 30 17:47:08 2021] POST /compute/v2.1/os-aggregates => generated 221 bytes in 95 msecs (HTTP/1.1 200) 9 headers in 357 bytes (1 switches on core 0)
Jun 30 17:47:08.462490 n-d-791506-14 devstack@n-api.service[115370]: DEBUG nova.api.openstack.wsgi [None req-ccc6b16b-2255-462b-ac64-5b01148d17e9 tempest-FlavorsExtraSpecsTestJSON-539435897 tempest-FlavorsExtraSpecsTestJSON-539435897-project-admin] Calling method '>' {{(pid=115370) _process_stack /opt/stack/nova/nova/api/openstack/wsgi.py:513}}
Jun 30 17:47:08.463759 n-d-791506-14 devstack@n-api.service[115369]: [pid: 115369|app: 0|req: 31/69] 10.222.0.42 () {58 vars in 1146 bytes} [Wed Jun 30 17:47:08 2021] GET /compute/v2.1/flavors/detail => generated 5488 bytes in 60 msecs (HTTP/1.1 200) 9 headers in 358 bytes (1 switches on core 0)
Jun 30 17:47:08.476214 n-d-791506-14 devstack@n-api.service[115369]: DEBUG nova.api.openstack.wsgi [None req-bcb63ab6-a58c-4ae7-8f14-ee1543b58989 tempest-AggregatesAdminNegativeTestJSON-75900482 tempest-AggregatesAdminNegativeTestJSON-75900482-project-admin] Action: 'create', calling method: >, body: {"aggregate": {"name": "tempest-test_aggregate-204401599"}} {{(pid=115369) _process_stack /opt/stack/nova/nova/api/openstack/wsgi.py:511}}
Jun 30 17:47:08.480364 n-d-791506-14 devstack@n-api.service[115369]: /usr/local/lib/python3.8/dist-packages/oslo_policy/policy.py:1064: UserWarning: Policy os_compute_api:os-aggregates:create failed scope check. The token used to make the request was project scoped but the policy requires ['system'] scope. This behavior may change in the future where using the intended scope is required
Jun 30 17:47:08.480364 n-d-791506-14 devstack@n-api.service[115369]: warnings.warn(msg)
Jun 30 17:47:08.484625 n-d-791506-14 devstack@n-api.service[115369]: DEBUG nova.objects.aggregate [None req-bcb63ab6-a58c-4ae7-8f14-ee1543b58989 tempest-AggregatesAdminNegativeTestJSON-75900482 tempest-AggregatesAdminNegativeTestJSON-75900482-project-admin] Generated uuid 3ed1efaf-9828-4d4b-86fe-6ec63ece508b for aggregate {{(pid=115369) create /opt/stack/nova/nova/objects/aggregate.py:299}}
Jun 30 17:47:08.488204 n-d-791506-14 devstack@n-api.service[115370]: INFO nova.api.openstack.requestlog [None req-ccc6b16b-2255-462b-ac64-5b01148d17e9 tempest-FlavorsExtraSpecsTestJSON-539435897 tempest-FlavorsExtraSpecsTestJSON-539435897-project-admin] 10.222.0.42 "GET /compute/v2.1/flavors/detail" status: 200 len: 5488 microversion: 2.1 time: 0.030170
Jun 30 17:47:08.488582 n-d-791506-14 devstack@n-api.service[115370]: [pid: 115370|app: 0|req: 39/70] 10.222.0.42 () {58 vars in 1146 bytes} [Wed Jun 30 17:47:08 2021] GET /compute/v2.1/flavors/detail => generated 5488 bytes in 31 msecs (HTTP/1.1 200) 9 headers in 358 bytes (1 switches on core 0)
Jun 30 17:47:08.495219 n-d-791506-14 devstack@n-api.service[115370]: DEBUG nova.api.openstack.wsgi [None req-21f4ea82-2028-4fd5-86c3-d1f61018a220 tempest-FlavorsAdminTestJSON-761355142 tempest-FlavorsAdminTestJSON-761355142-project-admin] Calling method '>' {{(pid=115370) _process_stack /opt/stack/nova/nova/api/openstack/wsgi.py:513}}
Jun 30 17:47:08.496093 n-d-791506-14 devstack@n-api.service[115370]: /usr/local/lib/python3.8/dist-packages/oslo_policy/policy.py:1064: UserWarning: Policy os_compute_api:os-flavor-manage:delete failed scope check. The token used to make the request was project scoped but the policy requires ['system'] scope. This behavior may change in the future where using the intended scope is required
Jun 30 17:47:08.496093 n-d-791506-14 devstack@n-api.service[115370]: warnings.warn(msg)
Jun 30 17:47:08.522335 n-d-791506-14 devstack@n-api.service[115370]: INFO nova.api.openstack.requestlog [None req-21f4ea82-2028-4fd5-86c3-d1f61018a220 tempest-FlavorsAdminTestJSON-761355142 tempest-FlavorsAdminTestJSON-761355142-project-admin] 10.222.0.42 "DELETE /compute/v2.1/flavors/9590f962-7287-4805-82b9-09cbdfbe65aa" status: 202 len: 0 microversion: 2.1 time: 0.032135
Jun 30 17:47:08.526659 n-d-791506-14 devstack@n-api.service[115369]: INFO nova.api.openstack.requestlog [None req-bcb63ab6-a58c-4ae7-8f14-ee1543b58989 tempest-AggregatesAdminNegativeTestJSON-75900482 tempest-AggregatesAdminNegativeTestJSON-75900482-project-admin] 10.222.0.42 "POST /compute/v2.1/os-aggregates" status: 200 len: 197 microversion: 2.1 time: 0.060819
Jun 30 17:47:08.527803 n-d-791506-14 devstack@n-api.service[115369]: [pid: 115369|app: 0|req: 32/71] 10.222.0.42 () {60 vars in 1164 bytes} [Wed Jun 30 17:47:08 2021] POST /compute/v2.1/os-aggregates => generated 197 bytes in 63 msecs (HTTP/1.1 200) 9 headers in 357 bytes (1 switches on core 0)
Jun 30 17:47:08.530034 n-d-791506-14 devstack@n-api.service[115370]: [pid: 115370|app: 0|req: 40/72] 10.222.0.42 () {58 vars in 1239 bytes} [Wed Jun 30 17:47:08 2021] DELETE /compute/v2.1/flavors/9590f962-7287-4805-82b9-09cbdfbe65aa => generated 0 bytes in 40 msecs (HTTP/1.1 202) 9 headers in 361 bytes (1 switches on core 0)
Jun 30 17:47:08.541832 n-d-791506-14 devstack@n-api.service[115369]: DEBUG nova.api.openstack.wsgi [None req-c4ba6e5a-0e13-4505-ab59-ac7d1a4f90c4 tempest-FlavorsV261TestJSON-190906205 tempest-FlavorsV261TestJSON-190906205-project-admin] Calling method '>' {{(pid=115369) _process_stack /opt/stack/nova/nova/api/openstack/wsgi.py:513}}
Jun 30 17:47:08.542682 n-d-791506-14 devstack@n-api.service[115370]: DEBUG nova.api.openstack.wsgi [None req-9023797d-098c-4460-9a4c-1d77d0e31763 tempest-AggregatesAdminTestJSON-789659230 tempest-AggregatesAdminTestJSON-789659230-project-admin] Calling method '>' {{(pid=115370) _process_stack /opt/stack/nova/nova/api/openstack/wsgi.py:513}}
Jun 30 17:47:08.545326 n-d-791506-14 devstack@n-api.service[115370]: /usr/local/lib/python3.8/dist-packages/oslo_policy/policy.py:1064: UserWarning: Policy os_compute_api:os-aggregates:index failed scope check. The token used to make the request was project scoped but the policy requires ['system'] scope. This behavior may change in the future where using the intended scope is required
Jun 30 17:47:08.545326 n-d-791506-14 devstack@n-api.service[115370]: warnings.warn(msg)
Jun 30 17:47:08.566971 n-d-791506-14 devstack@n-api.service[115369]: INFO nova.api.openstack.requestlog [None req-c4ba6e5a-0e13-4505-ab59-ac7d1a4f90c4 tempest-FlavorsV261TestJSON-190906205 tempest-FlavorsV261TestJSON-190906205-project-admin] 10.222.0.42 "GET /compute/v2.1/flavors/detail" status: 200 len: 5791 microversion: 2.61 time: 0.035013
Jun 30 17:47:08.568205 n-d-791506-14 devstack@n-api.service[115369]: [pid: 115369|app: 0|req: 33/73] 10.222.0.42 () {60 vars in 1187 bytes} [Wed Jun 30 17:47:08 2021] GET /compute/v2.1/flavors/detail => generated 5791 bytes in 40 msecs (HTTP/1.1 200) 9 headers in 360 bytes (1 switches on core 0)
Jun 30 17:47:08.573473 n-d-791506-14 devstack@n-api.service[115369]: DEBUG nova.api.openstack.wsgi [None req-e2ff9baa-8847-4b81-9c08-0d0cff1118ee tempest-FlavorsAdminTestJSON-761355142 tempest-FlavorsAdminTestJSON-761355142-project-admin] Calling method '>' {{(pid=115369) _process_stack /opt/stack/nova/nova/api/openstack/wsgi.py:513}}
Jun 30 17:47:08.579006 n-d-791506-14 devstack@n-api.service[115370]: INFO nova.api.openstack.requestlog [None req-9023797d-098c-4460-9a4c-1d77d0e31763 tempest-AggregatesAdminTestJSON-789659230 tempest-AggregatesAdminTestJSON-789659230-project-admin] 10.222.0.42 "GET /compute/v2.1/os-aggregates" status: 200 len: 515 microversion: 2.1 time: 0.036696
Jun 30 17:47:08.582951 n-d-791506-14 devstack@n-api.service[115370]: [pid: 115370|app: 0|req: 41/74] 10.222.0.42 () {58 vars in 1143 bytes} [Wed Jun 30 17:47:08 2021] GET /compute/v2.1/os-aggregates => generated 515 bytes in 52 msecs (HTTP/1.1 200) 9 headers in 357 bytes (1 switches on core 0)
Jun 30 17:47:08.595537 n-d-791506-14 devstack@n-api.service[115370]: DEBUG nova.api.openstack.wsgi [None req-69381c74-eb79-4376-8f67-3110a75de470 tempest-AggregatesAdminNegativeTestJSON-75900482 tempest-AggregatesAdminNegativeTestJSON-75900482-project-admin] Action: 'create', calling method: >, body: {"aggregate": {"name": "tempest-test_aggregate-204401599"}} {{(pid=115370) _process_stack /opt/stack/nova/nova/api/openstack/wsgi.py:511}}
Jun 30 17:47:08.598041 n-d-791506-14 devstack@n-api.service[115370]: /usr/local/lib/python3.8/dist-packages/oslo_policy/policy.py:1064: UserWarning: Policy os_compute_api:os-aggregates:create failed scope check. The token used to make the request was project scoped but the policy requires ['system'] scope. This behavior may change in the future where using the intended scope is required
Jun 30 17:47:08.598041 n-d-791506-14 devstack@n-api.service[115370]: warnings.warn(msg)
Jun 30 17:47:08.599589 n-d-791506-14 devstack@n-api.service[115370]: DEBUG nova.objects.aggregate [None req-69381c74-eb79-4376-8f67-3110a75de470 tempest-AggregatesAdminNegativeTestJSON-75900482 tempest-AggregatesAdminNegativeTestJSON-75900482-project-admin] Generated uuid 42089633-5f9c-45fe-a8d8-238ea63ac659 for aggregate {{(pid=115370) create /opt/stack/nova/nova/objects/aggregate.py:299}}
Jun 30 17:47:08.606540 n-d-791506-14 devstack@n-api.service[115369]: INFO nova.api.openstack.requestlog [None req-e2ff9baa-8847-4b81-9c08-0d0cff1118ee tempest-FlavorsAdminTestJSON-761355142 tempest-FlavorsAdminTestJSON-761355142-project-admin] 10.222.0.42 "GET /compute/v2.1/flavors/detail" status: 200 len: 4991 microversion: 2.1 time: 0.036890
Jun 30 17:47:08.607856 n-d-791506-14 devstack@n-api.service[115369]: [pid: 115369|app: 0|req: 34/75] 10.222.0.42 () {58 vars in 1146 bytes} [Wed Jun 30 17:47:08 2021] GET /compute/v2.1/flavors/detail => generated 4991 bytes in 39 msecs (HTTP/1.1 200) 9 headers in 358 bytes (1 switches on core 0)
Jun 30 17:47:08.617094 n-d-791506-14 devstack@n-api.service[115370]: INFO nova.api.openstack.wsgi [None req-69381c74-eb79-4376-8f67-3110a75de470 tempest-AggregatesAdminNegativeTestJSON-75900482 tempest-AggregatesAdminNegativeTestJSON-75900482-project-admin] HTTP exception thrown: Aggregate tempest-test_aggregate-204401599 already exists.
Jun 30 17:47:08.617890 n-d-791506-14 devstack@n-api.service[115370]: DEBUG nova.api.openstack.wsgi [None req-69381c74-eb79-4376-8f67-3110a75de470 tempest-AggregatesAdminNegativeTestJSON-75900482 tempest-AggregatesAdminNegativeTestJSON-75900482-project-admin] Returning 409 to user: Aggregate tempest-test_aggregate-204401599 already exists. {{(pid=115370) __call__ /opt/stack/nova/nova/api/openstack/wsgi.py:927}}
Jun 30 17:47:08.618869 n-d-791506-14 devstack@n-api.service[115370]: INFO nova.api.openstack.requestlog [None req-69381c74-eb79-4376-8f67-3110a75de470 tempest-AggregatesAdminNegativeTestJSON-75900482 tempest-AggregatesAdminNegativeTestJSON-75900482-project-admin] 10.222.0.42 "POST /compute/v2.1/os-aggregates" status: 409 len: 110 microversion: 2.1 time: 0.034635
Jun 30 17:47:08.619553 n-d-791506-14 devstack@n-api.service[115370]: [pid: 115370|app: 0|req: 42/76] 10.222.0.42 () {60 vars in 1164 bytes} [Wed Jun 30 17:47:08 2021] POST /compute/v2.1/os-aggregates => generated 110 bytes in 36 msecs (HTTP/1.1 409) 9 headers in 378 bytes (1 switches on core 0)
Jun 30 17:47:08.628414 n-d-791506-14 devstack@n-api.service[115370]: DEBUG nova.api.openstack.wsgi [None req-8b8b0323-ee02-4679-9274-4195887bfbd5 tempest-AggregatesAdminNegativeTestJSON-75900482 tempest-AggregatesAdminNegativeTestJSON-75900482-project-admin] Calling method '>' {{(pid=115370) _process_stack /opt/stack/nova/nova/api/openstack/wsgi.py:513}}
Jun 30 17:47:08.629164 n-d-791506-14 devstack@n-api.service[115370]: /usr/local/lib/python3.8/dist-packages/oslo_policy/policy.py:1064: UserWarning: Policy os_compute_api:os-aggregates:delete failed scope check. The token used to make the request was project scoped but the policy requires ['system'] scope. This behavior may change in the future where using the intended scope is required
Jun 30 17:47:08.629164 n-d-791506-14 devstack@n-api.service[115370]: warnings.warn(msg)
Jun 30 17:47:08.632663 n-d-791506-14 devstack@n-api.service[115369]: DEBUG nova.api.openstack.wsgi [None req-caeea05e-4af5-46b7-a3a9-d6f62ec1ffe2 tempest-AggregatesAdminTestJSON-789659230 tempest-AggregatesAdminTestJSON-789659230-project-admin] Action: 'action', calling method: >, body: {"add_host": {"host": "n-h2-791506-14"}} {{(pid=115369) _process_stack /opt/stack/nova/nova/api/openstack/wsgi.py:511}}
Jun 30 17:47:08.636848 n-d-791506-14 devstack@n-api.service[115369]: /usr/local/lib/python3.8/dist-packages/oslo_policy/policy.py:1064: UserWarning: Policy os_compute_api:os-aggregates:add_host failed scope check. The token used to make the request was project scoped but the policy requires ['system'] scope. This behavior may change in the future where using the intended scope is required
Jun 30 17:47:08.636848 n-d-791506-14 devstack@n-api.service[115369]: warnings.warn(msg)
Jun 30 17:47:08.652697 n-d-791506-14 devstack@n-api.service[115369]: DEBUG oslo_concurrency.lockutils [None req-caeea05e-4af5-46b7-a3a9-d6f62ec1ffe2 tempest-AggregatesAdminTestJSON-789659230 tempest-AggregatesAdminTestJSON-789659230-project-admin] Lock "165e8e62-58a2-48d5-968d-326d9a216f08" acquired by "nova.context.set_target_cell..get_or_set_cached_cell_and_set_connections" :: waited 0.000s {{(pid=115369) inner /usr/local/lib/python3.8/dist-packages/oslo_concurrency/lockutils.py:355}}
Jun 30 17:47:08.654197 n-d-791506-14 devstack@n-api.service[115369]: DEBUG oslo_concurrency.lockutils [None req-caeea05e-4af5-46b7-a3a9-d6f62ec1ffe2 tempest-AggregatesAdminTestJSON-789659230 tempest-AggregatesAdminTestJSON-789659230-project-admin] Lock "165e8e62-58a2-48d5-968d-326d9a216f08" released by "nova.context.set_target_cell..get_or_set_cached_cell_and_set_connections" :: held 0.002s {{(pid=115369) inner /usr/local/lib/python3.8/dist-packages/oslo_concurrency/lockutils.py:367}}
Jun 30 17:47:08.667721 n-d-791506-14 devstack@n-api.service[115369]: /opt/stack/nova/nova/db/sqlalchemy/api.py:493: SAWarning: TypeDecorator SoftDeleteInteger() will not produce a cache key because the ``cache_ok`` flag is not set to True. Set this flag to True if this type object's state is safe to use in a cache key, or False to disable this warning.
Jun 30 17:47:08.667721 n-d-791506-14 devstack@n-api.service[115369]: result = model_query(context, models.Service, read_deleted="no").\
Jun 30 17:47:08.675019 n-d-791506-14 devstack@n-api.service[115370]: INFO nova.api.openstack.requestlog [None req-8b8b0323-ee02-4679-9274-4195887bfbd5 tempest-AggregatesAdminNegativeTestJSON-75900482 tempest-AggregatesAdminNegativeTestJSON-75900482-project-admin] 10.222.0.42 "DELETE /compute/v2.1/os-aggregates/6" status: 200 len: 0 microversion: 2.1 time: 0.049741
Jun 30 17:47:08.676083 n-d-791506-14 devstack@n-api.service[115370]: [pid: 115370|app: 0|req: 43/77] 10.222.0.42 () {58 vars in 1152 bytes} [Wed Jun 30 17:47:08 2021] DELETE /compute/v2.1/os-aggregates/6 => generated 0 bytes in 52 msecs (HTTP/1.1 200) 9 headers in 355 bytes (1 switches on core 0)
Jun 30 17:47:08.689675 n-d-791506-14 devstack@n-api.service[115370]: DEBUG nova.api.openstack.wsgi [None req-b4677035-e45b-4be0-a6b4-930a70da9992 tempest-FlavorsAdminTestJSON-761355142 tempest-FlavorsAdminTestJSON-761355142-project-admin] Action: 'create', calling method: >, body: {"flavor": {"ram": 512, "vcpus": 1, "disk": 10, "name": "tempest-test_flavor_-507939598", "id": 1349073567, "os-flavor-access:is_public": "True"}} {{(pid=115370) _process_stack /opt/stack/nova/nova/api/openstack/wsgi.py:511}}
Jun 30 17:47:08.692302 n-d-791506-14 devstack@n-api.service[115370]: /usr/local/lib/python3.8/dist-packages/oslo_policy/policy.py:1064: UserWarning: Policy os_compute_api:os-flavor-manage:create failed scope check. The token used to make the request was project scoped but the policy requires ['system'] scope. This behavior may change in the future where using the intended scope is required
Jun 30 17:47:08.692302 n-d-791506-14 devstack@n-api.service[115370]: warnings.warn(msg)
Jun 30 17:47:08.721982 n-d-791506-14 devstack@n-api.service[115370]: INFO nova.api.openstack.requestlog [None req-b4677035-e45b-4be0-a6b4-930a70da9992 tempest-FlavorsAdminTestJSON-761355142 tempest-FlavorsAdminTestJSON-761355142-project-admin] 10.222.0.42 "POST /compute/v2.1/flavors" status: 200 len: 413 microversion: 2.1 time: 0.038897
Jun 30 17:47:08.735403 n-d-791506-14 devstack@n-api.service[115370]: [pid: 115370|app: 0|req: 44/78] 10.222.0.42 () {60 vars in 1147 bytes} [Wed Jun 30 17:47:08 2021] POST /compute/v2.1/flavors => generated 413 bytes in 45 msecs (HTTP/1.1 200) 9 headers in 357 bytes (1 switches on core 0)
Jun 30 17:47:08.735403 n-d-791506-14 devstack@n-api.service[115370]: DEBUG nova.api.openstack.wsgi [None req-89af956b-62fe-49d2-a8d6-83e66dfb38db tempest-AggregatesAdminNegativeTestJSON-75900482 tempest-AggregatesAdminNegativeTestJSON-75900482-project-admin] Action: 'create', calling method: >, body: {"aggregate": {"name": "tempest-test_aggregate-2141105718"}} {{(pid=115370) _process_stack /opt/stack/nova/nova/api/openstack/wsgi.py:511}}
Jun 30 17:47:08.736932 n-d-791506-14 devstack@n-api.service[115370]: /usr/local/lib/python3.8/dist-packages/oslo_policy/policy.py:1064: UserWarning: Policy os_compute_api:os-aggregates:create failed scope check. The token used to make the request was project scoped but the policy requires ['system'] scope. This behavior may change in the future where using the intended scope is required
Jun 30 17:47:08.736932 n-d-791506-14 devstack@n-api.service[115370]: warnings.warn(msg)
Jun 30 17:47:08.738630 n-d-791506-14 devstack@n-api.service[115370]: DEBUG nova.objects.aggregate [None req-89af956b-62fe-49d2-a8d6-83e66dfb38db tempest-AggregatesAdminNegativeTestJSON-75900482 tempest-AggregatesAdminNegativeTestJSON-75900482-project-admin] Generated uuid eb723cb1-c6e0-438a-a461-b11f831243ea for aggregate {{(pid=115370) create /opt/stack/nova/nova/objects/aggregate.py:299}}
Jun 30 17:47:08.756230 n-d-791506-14 devstack@n-api.service[115369]: /opt/stack/nova/nova/db/sqlalchemy/api.py:585: SAWarning: TypeDecorator SoftDeleteInteger() will not produce a cache key because the ``cache_ok`` flag is not set to True. Set this flag to True if this type object's state is safe to use in a cache key, or False to disable this warning.
Jun 30 17:47:08.756230 n-d-791506-14 devstack@n-api.service[115369]: results = conn.execute(select).fetchall()
Jun 30 17:47:08.769807 n-d-791506-14 devstack@n-api.service[115370]: INFO nova.api.openstack.requestlog [None req-89af956b-62fe-49d2-a8d6-83e66dfb38db tempest-AggregatesAdminNegativeTestJSON-75900482 tempest-AggregatesAdminNegativeTestJSON-75900482-project-admin] 10.222.0.42 "POST /compute/v2.1/os-aggregates" status: 200 len: 198 microversion: 2.1 time: 0.041149
Jun 30 17:47:08.778890 n-d-791506-14 devstack@n-api.service[115370]: [pid: 115370|app: 0|req: 45/79] 10.222.0.42 () {60 vars in 1164 bytes} [Wed Jun 30 17:47:08 2021] POST /compute/v2.1/os-aggregates => generated 198 bytes in 44 msecs (HTTP/1.1 200) 9 headers in 357 bytes (1 switches on core 0)
Jun 30 17:47:08.778890 n-d-791506-14 devstack@n-api.service[115370]: DEBUG nova.api.openstack.wsgi [None req-1e3f07c4-f397-4886-bfe5-cb81d92338c3 tempest-FlavorsAdminTestJSON-761355142 tempest-FlavorsAdminTestJSON-761355142-project-admin] Calling method '>' {{(pid=115370) _process_stack /opt/stack/nova/nova/api/openstack/wsgi.py:513}}
Jun 30 17:47:08.786013 n-d-791506-14 devstack@n-api.service[115370]: INFO nova.api.openstack.requestlog [None req-1e3f07c4-f397-4886-bfe5-cb81d92338c3 tempest-FlavorsAdminTestJSON-761355142 tempest-FlavorsAdminTestJSON-761355142-project-admin] 10.222.0.42 "GET /compute/v2.1/flavors/1349073567" status: 200 len: 413 microversion: 2.1 time: 0.013417
Jun 30 17:47:08.790469 n-d-791506-14 devstack@n-api.service[115370]: [pid: 115370|app: 0|req: 46/80] 10.222.0.42 () {58 vars in 1158 bytes} [Wed Jun 30 17:47:08 2021] GET /compute/v2.1/flavors/1349073567 => generated 413 bytes in 15 msecs (HTTP/1.1 200) 9 headers in 357 bytes (1 switches on core 0)
Jun 30 17:47:08.792067 n-d-791506-14 devstack@n-api.service[115370]: DEBUG nova.api.openstack.wsgi [None req-ce517515-f69c-46b9-8580-9730a3479f7c tempest-AggregatesAdminNegativeTestJSON-318553315 tempest-AggregatesAdminNegativeTestJSON-318553315-project] Calling method '>' {{(pid=115370) _process_stack /opt/stack/nova/nova/api/openstack/wsgi.py:513}}
Jun 30 17:47:08.793022 n-d-791506-14 devstack@n-api.service[115370]: /usr/local/lib/python3.8/dist-packages/oslo_policy/policy.py:1064: UserWarning: Policy os_compute_api:os-aggregates:delete failed scope check. The token used to make the request was project scoped but the policy requires ['system'] scope. This behavior may change in the future where using the intended scope is required
Jun 30 17:47:08.793022 n-d-791506-14 devstack@n-api.service[115370]: warnings.warn(msg)
Jun 30 17:47:08.794731 n-d-791506-14 devstack@n-api.service[115370]: DEBUG nova.policy [None req-ce517515-f69c-46b9-8580-9730a3479f7c tempest-AggregatesAdminNegativeTestJSON-318553315 tempest-AggregatesAdminNegativeTestJSON-318553315-project] Policy check for os_compute_api:os-aggregates:delete failed with credentials {'is_admin': False, 'user_id': '67834a1ffada48b1955d484c1610d402', 'user_domain_id': 'default', 'system_scope': None, 'domain_id': None, 'project_id': '611f44ef15294f36abf2b3ec12c9903b', 'project_domain_id': 'default', 'roles': ['reader', 'member'], 'is_admin_project': True, 'service_user_id': None, 'service_user_domain_id': None, 'service_project_id': None, 'service_project_domain_id': None, 'service_roles': []} {{(pid=115370) authorize /opt/stack/nova/nova/policy.py:199}}
Jun 30 17:47:08.795376 n-d-791506-14 devstack@n-api.service[115370]: DEBUG nova.api.openstack.wsgi [None req-ce517515-f69c-46b9-8580-9730a3479f7c tempest-AggregatesAdminNegativeTestJSON-318553315 tempest-AggregatesAdminNegativeTestJSON-318553315-project] Returning 403 to user: Policy doesn't allow os_compute_api:os-aggregates:delete to be performed. {{(pid=115370) __call__ /opt/stack/nova/nova/api/openstack/wsgi.py:927}}
Jun 30 17:47:08.796347 n-d-791506-14 devstack@n-api.service[115370]: INFO nova.api.openstack.requestlog [None req-ce517515-f69c-46b9-8580-9730a3479f7c tempest-AggregatesAdminNegativeTestJSON-318553315 tempest-AggregatesAdminNegativeTestJSON-318553315-project] 10.222.0.42 "DELETE /compute/v2.1/os-aggregates/7" status: 403 len: 116 microversion: 2.1 time: 0.008253
Jun 30 17:47:08.797103 n-d-791506-14 devstack@n-api.service[115370]: [pid: 115370|app: 0|req: 47/81] 10.222.0.42 () {58 vars in 1152 bytes} [Wed Jun 30 17:47:08 2021] DELETE /compute/v2.1/os-aggregates/7 => generated 116 bytes in 9 msecs (HTTP/1.1 403) 9 headers in 379 bytes (1 switches on core 0)
Jun 30 17:47:08.886905 n-d-791506-14 devstack@n-api.service[115369]: INFO nova.api.openstack.requestlog [None req-caeea05e-4af5-46b7-a3a9-d6f62ec1ffe2 tempest-AggregatesAdminTestJSON-789659230 tempest-AggregatesAdminTestJSON-789659230-project-admin] 10.222.0.42 "POST /compute/v2.1/os-aggregates/5/action" status: 200 len: 315 microversion: 2.1 time: 0.277257
Jun 30 17:47:08.888618 n-d-791506-14 devstack@n-api.service[115369]: [pid: 115369|app: 0|req: 35/82] 10.222.0.42 () {60 vars in 1191 bytes} [Wed Jun 30 17:47:08 2021] POST /compute/v2.1/os-aggregates/5/action => generated 315 bytes in 280 msecs (HTTP/1.1 200) 9 headers in 357 bytes (1 switches on core 0)
Jun 30 17:47:08.905179 n-d-791506-14 devstack@n-api.service[115369]: DEBUG nova.api.openstack.wsgi [None req-7b27ba51-30aa-4521-a02b-ed120f231970 tempest-AggregatesAdminNegativeTestJSON-75900482 tempest-AggregatesAdminNegativeTestJSON-75900482-project-admin] Calling method '>' {{(pid=115369) _process_stack /opt/stack/nova/nova/api/openstack/wsgi.py:513}}
Jun 30 17:47:08.906468 n-d-791506-14 devstack@n-api.service[115369]: /usr/local/lib/python3.8/dist-packages/oslo_policy/policy.py:1064: UserWarning: Policy os_compute_api:os-aggregates:delete failed scope check. The token used to make the request was project scoped but the policy requires ['system'] scope. This behavior may change in the future where using the intended scope is required
Jun 30 17:47:08.906468 n-d-791506-14 devstack@n-api.service[115369]: warnings.warn(msg)
Jun 30 17:47:08.944415 n-d-791506-14 devstack@n-api.service[115369]: INFO nova.api.openstack.requestlog [None req-7b27ba51-30aa-4521-a02b-ed120f231970 tempest-AggregatesAdminNegativeTestJSON-75900482 tempest-AggregatesAdminNegativeTestJSON-75900482-project-admin] 10.222.0.42 "DELETE /compute/v2.1/os-aggregates/7" status: 200 len: 0 microversion: 2.1 time: 0.054349
Jun 30 17:47:08.945578 n-d-791506-14 devstack@n-api.service[115369]: [pid: 115369|app: 0|req: 36/83] 10.222.0.42 () {58 vars in 1152 bytes} [Wed Jun 30 17:47:08 2021] DELETE /compute/v2.1/os-aggregates/7 => generated 0 bytes in 56 msecs (HTTP/1.1 200) 9 headers in 355 bytes (1 switches on core 0)
Jun 30 17:47:08.955362 n-d-791506-14 devstack@n-api.service[115369]: DEBUG nova.api.openstack.wsgi [None req-02c3fb77-fa65-4632-892b-5e13ff320891 tempest-AggregatesAdminNegativeTestJSON-75900482 tempest-AggregatesAdminNegativeTestJSON-75900482-project-admin] Calling method '>' {{(pid=115369) _process_stack /opt/stack/nova/nova/api/openstack/wsgi.py:513}}
Jun 30 17:47:08.956498 n-d-791506-14 devstack@n-api.service[115369]: /usr/local/lib/python3.8/dist-packages/oslo_policy/policy.py:1064: UserWarning: Policy os_compute_api:os-aggregates:delete failed scope check. The token used to make the request was project scoped but the policy requires ['system'] scope. This behavior may change in the future where using the intended scope is required
Jun 30 17:47:08.956498 n-d-791506-14 devstack@n-api.service[115369]: warnings.warn(msg)
Jun 30 17:47:08.967312 n-d-791506-14 devstack@n-api.service[115369]: INFO nova.api.openstack.wsgi [None req-02c3fb77-fa65-4632-892b-5e13ff320891 tempest-AggregatesAdminNegativeTestJSON-75900482 tempest-AggregatesAdminNegativeTestJSON-75900482-project-admin] HTTP exception thrown: Aggregate -1 could not be found.
Jun 30 17:47:08.967931 n-d-791506-14 devstack@n-api.service[115369]: DEBUG nova.api.openstack.wsgi [None req-02c3fb77-fa65-4632-892b-5e13ff320891 tempest-AggregatesAdminNegativeTestJSON-75900482 tempest-AggregatesAdminNegativeTestJSON-75900482-project-admin] Returning 404 to user: Aggregate -1 could not be found. {{(pid=115369) __call__ /opt/stack/nova/nova/api/openstack/wsgi.py:927}}
Jun 30 17:47:08.977396 n-d-791506-14 devstack@n-api.service[115369]: INFO nova.api.openstack.requestlog [None req-02c3fb77-fa65-4632-892b-5e13ff320891 tempest-AggregatesAdminNegativeTestJSON-75900482 tempest-AggregatesAdminNegativeTestJSON-75900482-project-admin] 10.222.0.42 "DELETE /compute/v2.1/os-aggregates/-1" status: 404 len: 78 microversion: 2.1 time: 0.024532
Jun 30 17:47:08.978413 n-d-791506-14 devstack@n-api.service[115369]: [pid: 115369|app: 0|req: 37/84] 10.222.0.42 () {58 vars in 1155 bytes} [Wed Jun 30 17:47:08 2021] DELETE /compute/v2.1/os-aggregates/-1 => generated 78 bytes in 27 msecs (HTTP/1.1 404) 9 headers in 378 bytes (2 switches on core 0)
Jun 30 17:47:08.988772 n-d-791506-14 devstack@n-api.service[115369]: DEBUG nova.api.openstack.wsgi [None req-eb376448-1837-46f0-9d8b-40dac5a47ca5 tempest-AggregatesAdminNegativeTestJSON-75900482 tempest-AggregatesAdminNegativeTestJSON-75900482-project-admin] Action: 'create', calling method: >, body: {"aggregate": {"name": "tempest-test_aggregate-1273647886"}} {{(pid=115369) _process_stack /opt/stack/nova/nova/api/openstack/wsgi.py:511}}
Jun 30 17:47:08.999705 n-d-791506-14 devstack@n-api.service[115369]: /usr/local/lib/python3.8/dist-packages/oslo_policy/policy.py:1064: UserWarning: Policy os_compute_api:os-aggregates:create failed scope check. The token used to make the request was project scoped but the policy requires ['system'] scope. This behavior may change in the future where using the intended scope is required
Jun 30 17:47:08.999705 n-d-791506-14 devstack@n-api.service[115369]: warnings.warn(msg)
Jun 30 17:47:09.001101 n-d-791506-14 devstack@n-api.service[115369]: DEBUG nova.objects.aggregate [None req-eb376448-1837-46f0-9d8b-40dac5a47ca5 tempest-AggregatesAdminNegativeTestJSON-75900482 tempest-AggregatesAdminNegativeTestJSON-75900482-project-admin] Generated uuid 282ba5ea-db99-4d4d-997f-3f9242d1a603 for aggregate {{(pid=115369) create /opt/stack/nova/nova/objects/aggregate.py:299}}
Jun 30 17:47:09.032010 n-d-791506-14 devstack@n-api.service[115369]: INFO nova.api.openstack.requestlog [None req-eb376448-1837-46f0-9d8b-40dac5a47ca5 tempest-AggregatesAdminNegativeTestJSON-75900482 tempest-AggregatesAdminNegativeTestJSON-75900482-project-admin] 10.222.0.42 "POST /compute/v2.1/os-aggregates" status: 200 len: 198 microversion: 2.1 time: 0.046921
Jun 30 17:47:09.037916 n-d-791506-14 devstack@n-api.service[115369]: [pid: 115369|app: 0|req: 38/85] 10.222.0.42 () {60 vars in 1164 bytes} [Wed Jun 30 17:47:08 2021] POST /compute/v2.1/os-aggregates => generated 198 bytes in 53 msecs (HTTP/1.1 200) 9 headers in 357 bytes (2 switches on core 0)
Jun 30 17:47:09.042907 n-d-791506-14 devstack@n-api.service[115369]: DEBUG nova.api.openstack.wsgi [None req-7989f099-21f5-486c-8807-074dbd179e1e tempest-AggregatesAdminNegativeTestJSON-318553315 tempest-AggregatesAdminNegativeTestJSON-318553315-project] Calling method '>' {{(pid=115369) _process_stack /opt/stack/nova/nova/api/openstack/wsgi.py:513}}
Jun 30 17:47:09.044246 n-d-791506-14 devstack@n-api.service[115369]: /usr/local/lib/python3.8/dist-packages/oslo_policy/policy.py:1064: UserWarning: Policy os_compute_api:os-aggregates:show failed scope check. The token used to make the request was project scoped but the policy requires ['system'] scope. This behavior may change in the future where using the intended scope is required
Jun 30 17:47:09.044246 n-d-791506-14 devstack@n-api.service[115369]: warnings.warn(msg)
Jun 30 17:47:09.045559 n-d-791506-14 devstack@n-api.service[115369]: DEBUG nova.policy [None req-7989f099-21f5-486c-8807-074dbd179e1e tempest-AggregatesAdminNegativeTestJSON-318553315 tempest-AggregatesAdminNegativeTestJSON-318553315-project] Policy check for os_compute_api:os-aggregates:show failed with credentials {'is_admin': False, 'user_id': '67834a1ffada48b1955d484c1610d402', 'user_domain_id': 'default', 'system_scope': None, 'domain_id': None, 'project_id': '611f44ef15294f36abf2b3ec12c9903b', 'project_domain_id': 'default', 'roles': ['reader', 'member'], 'is_admin_project': True, 'service_user_id': None, 'service_user_domain_id': None, 'service_project_id': None, 'service_project_domain_id': None, 'service_roles': []} {{(pid=115369) authorize /opt/stack/nova/nova/policy.py:199}}
Jun 30 17:47:09.046218 n-d-791506-14 devstack@n-api.service[115369]: DEBUG nova.api.openstack.wsgi [None req-7989f099-21f5-486c-8807-074dbd179e1e tempest-AggregatesAdminNegativeTestJSON-318553315 tempest-AggregatesAdminNegativeTestJSON-318553315-project] Returning 403 to user: Policy doesn't allow os_compute_api:os-aggregates:show to be performed. {{(pid=115369) __call__ /opt/stack/nova/nova/api/openstack/wsgi.py:927}}
Jun 30 17:47:09.047142 n-d-791506-14 devstack@n-api.service[115369]: INFO nova.api.openstack.requestlog [None req-7989f099-21f5-486c-8807-074dbd179e1e tempest-AggregatesAdminNegativeTestJSON-318553315 tempest-AggregatesAdminNegativeTestJSON-318553315-project] 10.222.0.42 "GET /compute/v2.1/os-aggregates/8" status: 403 len: 114 microversion: 2.1 time: 0.007938
Jun 30 17:47:09.050492 n-d-791506-14 devstack@n-api.service[115369]: [pid: 115369|app: 0|req: 39/86] 10.222.0.42 () {58 vars in 1149 bytes} [Wed Jun 30 17:47:09 2021] GET /compute/v2.1/os-aggregates/8 => generated 114 bytes in 12 msecs (HTTP/1.1 403) 9 headers in 379 bytes (1 switches on core 0)
Jun 30 17:47:09.055759 n-d-791506-14 devstack@n-api.service[115369]: DEBUG nova.api.openstack.wsgi [None req-56644479-92e8-45dd-95c5-59ce97489663 tempest-AggregatesAdminNegativeTestJSON-75900482 tempest-AggregatesAdminNegativeTestJSON-75900482-project-admin] Calling method '>' {{(pid=115369) _process_stack /opt/stack/nova/nova/api/openstack/wsgi.py:513}}
Jun 30 17:47:09.056519 n-d-791506-14 devstack@n-api.service[115369]: /usr/local/lib/python3.8/dist-packages/oslo_policy/policy.py:1064: UserWarning: Policy os_compute_api:os-aggregates:delete failed scope check. The token used to make the request was project scoped but the policy requires ['system'] scope. This behavior may change in the future where using the intended scope is required
Jun 30 17:47:09.056519 n-d-791506-14 devstack@n-api.service[115369]: warnings.warn(msg)
Jun 30 17:47:09.082393 n-d-791506-14 devstack@n-api.service[115369]: INFO nova.api.openstack.requestlog [None req-56644479-92e8-45dd-95c5-59ce97489663 tempest-AggregatesAdminNegativeTestJSON-75900482 tempest-AggregatesAdminNegativeTestJSON-75900482-project-admin] 10.222.0.42 "DELETE /compute/v2.1/os-aggregates/8" status: 200 len: 0 microversion: 2.1 time: 0.030161
Jun 30 17:47:09.087337 n-d-791506-14 devstack@n-api.service[115369]: [pid: 115369|app: 0|req: 40/87] 10.222.0.42 () {58 vars in 1152 bytes} [Wed Jun 30 17:47:09 2021] DELETE /compute/v2.1/os-aggregates/8 => generated 0 bytes in 33 msecs (HTTP/1.1 200) 9 headers in 355 bytes (1 switches on core 0)
Jun 30 17:47:09.093019 n-d-791506-14 devstack@n-api.service[115369]: DEBUG nova.api.openstack.wsgi [None req-fad83b2c-c795-4fac-92e0-d4fb32558b41 tempest-AggregatesAdminNegativeTestJSON-75900482 tempest-AggregatesAdminNegativeTestJSON-75900482-project-admin] Calling method '>' {{(pid=115369) _process_stack /opt/stack/nova/nova/api/openstack/wsgi.py:513}}
Jun 30 17:47:09.093762 n-d-791506-14 devstack@n-api.service[115369]: /usr/local/lib/python3.8/dist-packages/oslo_policy/policy.py:1064: UserWarning: Policy os_compute_api:os-aggregates:show failed scope check. The token used to make the request was project scoped but the policy requires ['system'] scope. This behavior may change in the future where using the intended scope is required
Jun 30 17:47:09.093762 n-d-791506-14 devstack@n-api.service[115369]: warnings.warn(msg)
Jun 30 17:47:09.100643 n-d-791506-14 devstack@n-api.service[115369]: INFO nova.api.openstack.wsgi [None req-fad83b2c-c795-4fac-92e0-d4fb32558b41 tempest-AggregatesAdminNegativeTestJSON-75900482 tempest-AggregatesAdminNegativeTestJSON-75900482-project-admin] HTTP exception thrown: Aggregate -1 could not be found.
Jun 30 17:47:09.101170 n-d-791506-14 devstack@n-api.service[115369]: DEBUG nova.api.openstack.wsgi [None req-fad83b2c-c795-4fac-92e0-d4fb32558b41 tempest-AggregatesAdminNegativeTestJSON-75900482 tempest-AggregatesAdminNegativeTestJSON-75900482-project-admin] Returning 404 to user: Aggregate -1 could not be found. {{(pid=115369) __call__ /opt/stack/nova/nova/api/openstack/wsgi.py:927}}
Jun 30 17:47:09.102039 n-d-791506-14 devstack@n-api.service[115369]: INFO nova.api.openstack.requestlog [None req-fad83b2c-c795-4fac-92e0-d4fb32558b41 tempest-AggregatesAdminNegativeTestJSON-75900482 tempest-AggregatesAdminNegativeTestJSON-75900482-project-admin] 10.222.0.42 "GET /compute/v2.1/os-aggregates/-1" status: 404 len: 78 microversion: 2.1 time: 0.013380
Jun 30 17:47:09.102888 n-d-791506-14 devstack@n-api.service[115369]: [pid: 115369|app: 0|req: 41/88] 10.222.0.42 () {58 vars in 1152 bytes} [Wed Jun 30 17:47:09 2021] GET /compute/v2.1/os-aggregates/-1 => generated 78 bytes in 14 msecs (HTTP/1.1 404) 9 headers in 378 bytes (1 switches on core 0)
Jun 30 17:47:09.111772 n-d-791506-14 devstack@n-api.service[115369]: DEBUG nova.api.openstack.wsgi [None req-1009b4c7-9548-4e23-9688-f7134bda6bc2 tempest-AggregatesAdminNegativeTestJSON-318553315 tempest-AggregatesAdminNegativeTestJSON-318553315-project] Calling method '>' {{(pid=115369) _process_stack /opt/stack/nova/nova/api/openstack/wsgi.py:513}}
Jun 30 17:47:09.112474 n-d-791506-14 devstack@n-api.service[115369]: /usr/local/lib/python3.8/dist-packages/oslo_policy/policy.py:1064: UserWarning: Policy os_compute_api:os-aggregates:index failed scope check. The token used to make the request was project scoped but the policy requires ['system'] scope. This behavior may change in the future where using the intended scope is required
Jun 30 17:47:09.112474 n-d-791506-14 devstack@n-api.service[115369]: warnings.warn(msg)
Jun 30 17:47:09.113508 n-d-791506-14 devstack@n-api.service[115369]: DEBUG nova.policy [None req-1009b4c7-9548-4e23-9688-f7134bda6bc2 tempest-AggregatesAdminNegativeTestJSON-318553315 tempest-AggregatesAdminNegativeTestJSON-318553315-project] Policy check for os_compute_api:os-aggregates:index failed with credentials {'is_admin': False, 'user_id': '67834a1ffada48b1955d484c1610d402', 'user_domain_id': 'default', 'system_scope': None, 'domain_id': None, 'project_id': '611f44ef15294f36abf2b3ec12c9903b', 'project_domain_id': 'default', 'roles': ['reader', 'member'], 'is_admin_project': True, 'service_user_id': None, 'service_user_domain_id': None, 'service_project_id': None, 'service_project_domain_id': None, 'service_roles': []} {{(pid=115369) authorize /opt/stack/nova/nova/policy.py:199}}
Jun 30 17:47:09.114286 n-d-791506-14 devstack@n-api.service[115369]: DEBUG nova.api.openstack.wsgi [None req-1009b4c7-9548-4e23-9688-f7134bda6bc2 tempest-AggregatesAdminNegativeTestJSON-318553315 tempest-AggregatesAdminNegativeTestJSON-318553315-project] Returning 403 to user: Policy doesn't allow os_compute_api:os-aggregates:index to be performed. {{(pid=115369) __call__ /opt/stack/nova/nova/api/openstack/wsgi.py:927}}
Jun 30 17:47:09.115436 n-d-791506-14 devstack@n-api.service[115369]: INFO nova.api.openstack.requestlog [None req-1009b4c7-9548-4e23-9688-f7134bda6bc2 tempest-AggregatesAdminNegativeTestJSON-318553315 tempest-AggregatesAdminNegativeTestJSON-318553315-project] 10.222.0.42 "GET /compute/v2.1/os-aggregates" status: 403 len: 115 microversion: 2.1 time: 0.007092
Jun 30 17:47:09.115712 n-d-791506-14 devstack@n-api.service[115369]: [pid: 115369|app: 0|req: 42/89] 10.222.0.42 () {58 vars in 1143 bytes} [Wed Jun 30 17:47:09 2021] GET /compute/v2.1/os-aggregates => generated 115 bytes in 8 msecs (HTTP/1.1 403) 9 headers in 379 bytes (1 switches on core 0)
Jun 30 17:47:09.277178 n-d-791506-14 devstack@n-api.service[115370]: DEBUG nova.api.openstack.wsgi [None req-d5ea4f71-38c4-4919-b950-fc463c54d7b7 tempest-FlavorsAdminTestJSON-1271412059 tempest-FlavorsAdminTestJSON-1271412059-project] Calling method '>' {{(pid=115370) _process_stack /opt/stack/nova/nova/api/openstack/wsgi.py:513}}
Jun 30 17:47:09.303158 n-d-791506-14 devstack@n-api.service[115370]: INFO nova.api.openstack.requestlog [None req-d5ea4f71-38c4-4919-b950-fc463c54d7b7 tempest-FlavorsAdminTestJSON-1271412059 tempest-FlavorsAdminTestJSON-1271412059-project] 10.222.0.42 "GET /compute/v2.1/flavors/detail" status: 200 len: 5394 microversion: 2.1 time: 0.504990
Jun 30 17:47:09.304065 n-d-791506-14 devstack@n-api.service[115370]: [pid: 115370|app: 0|req: 48/90] 10.222.0.42 () {58 vars in 1146 bytes} [Wed Jun 30 17:47:08 2021] GET /compute/v2.1/flavors/detail => generated 5394 bytes in 506 msecs (HTTP/1.1 200) 9 headers in 358 bytes (1 switches on core 0)
Jun 30 17:47:09.319906 n-d-791506-14 devstack@n-api.service[115369]: DEBUG nova.api.openstack.wsgi [None req-c492e4c6-a3e3-4b58-a438-e4a2bcbc8477 tempest-FlavorsAdminTestJSON-761355142 tempest-FlavorsAdminTestJSON-761355142-project-admin] Calling method '>' {{(pid=115369) _process_stack /opt/stack/nova/nova/api/openstack/wsgi.py:513}}
Jun 30 17:47:09.321046 n-d-791506-14 devstack@n-api.service[115369]: /usr/local/lib/python3.8/dist-packages/oslo_policy/policy.py:1064: UserWarning: Policy os_compute_api:os-flavor-manage:delete failed scope check. The token used to make the request was project scoped but the policy requires ['system'] scope. This behavior may change in the future where using the intended scope is required
Jun 30 17:47:09.321046 n-d-791506-14 devstack@n-api.service[115369]: warnings.warn(msg)
Jun 30 17:47:09.343293 n-d-791506-14 devstack@n-api.service[115369]: INFO nova.api.openstack.requestlog [None req-c492e4c6-a3e3-4b58-a438-e4a2bcbc8477 tempest-FlavorsAdminTestJSON-761355142 tempest-FlavorsAdminTestJSON-761355142-project-admin] 10.222.0.42 "DELETE /compute/v2.1/flavors/1349073567" status: 202 len: 0 microversion: 2.1 time: 0.027830
Jun 30 17:47:09.344603 n-d-791506-14 devstack@n-api.service[115369]: [pid: 115369|app: 0|req: 43/91] 10.222.0.42 () {58 vars in 1161 bytes} [Wed Jun 30 17:47:09 2021] DELETE /compute/v2.1/flavors/1349073567 => generated 0 bytes in 30 msecs (HTTP/1.1 202) 9 headers in 361 bytes (2 switches on core 0)
Jun 30 17:47:09.352865 n-d-791506-14 devstack@n-api.service[115370]: DEBUG nova.api.openstack.wsgi [None req-05d570b5-71c9-4b16-a595-c121feaa7fd2 tempest-FlavorsAdminTestJSON-761355142 tempest-FlavorsAdminTestJSON-761355142-project-admin] Calling method '>' {{(pid=115370) _process_stack /opt/stack/nova/nova/api/openstack/wsgi.py:513}}
Jun 30 17:47:09.372426 n-d-791506-14 devstack@n-api.service[115370]: INFO nova.api.openstack.requestlog [None req-05d570b5-71c9-4b16-a595-c121feaa7fd2 tempest-FlavorsAdminTestJSON-761355142 tempest-FlavorsAdminTestJSON-761355142-project-admin] 10.222.0.42 "GET /compute/v2.1/flavors/detail" status: 200 len: 4991 microversion: 2.1 time: 0.022618
Jun 30 17:47:09.373023 n-d-791506-14 devstack@n-api.service[115370]: [pid: 115370|app: 0|req: 49/92] 10.222.0.42 () {58 vars in 1146 bytes} [Wed Jun 30 17:47:09 2021] GET /compute/v2.1/flavors/detail => generated 4991 bytes in 25 msecs (HTTP/1.1 200) 9 headers in 358 bytes (2 switches on core 0)
Jun 30 17:47:09.390762 n-d-791506-14 devstack@n-api.service[115369]: DEBUG nova.api.openstack.wsgi [None req-b5d1da33-cc6a-4b37-88f6-deb2f77d7fc6 tempest-FlavorsAdminTestJSON-761355142 tempest-FlavorsAdminTestJSON-761355142-project-admin] Action: 'create', calling method: >, body: {"flavor": {"ram": 512, "vcpus": 1, "disk": 10, "name": "tempest-FlavorsAdminTestJSON-flavor-1894706177", "id": 434439867, "os-flavor-access:is_public": "False"}} {{(pid=115369) _process_stack /opt/stack/nova/nova/api/openstack/wsgi.py:511}}
Jun 30 17:47:09.392774 n-d-791506-14 devstack@n-api.service[115369]: /usr/local/lib/python3.8/dist-packages/oslo_policy/policy.py:1064: UserWarning: Policy os_compute_api:os-flavor-manage:create failed scope check. The token used to make the request was project scoped but the policy requires ['system'] scope. This behavior may change in the future where using the intended scope is required
Jun 30 17:47:09.392774 n-d-791506-14 devstack@n-api.service[115369]: warnings.warn(msg)
Jun 30 17:47:09.414291 n-d-791506-14 devstack@n-api.service[115369]: INFO nova.api.openstack.requestlog [None req-b5d1da33-cc6a-4b37-88f6-deb2f77d7fc6 tempest-FlavorsAdminTestJSON-761355142 tempest-FlavorsAdminTestJSON-761355142-project-admin] 10.222.0.42 "POST /compute/v2.1/flavors" status: 200 len: 427 microversion: 2.1 time: 0.028007
Jun 30 17:47:09.423242 n-d-791506-14 devstack@n-api.service[115369]: [pid: 115369|app: 0|req: 44/93] 10.222.0.42 () {60 vars in 1147 bytes} [Wed Jun 30 17:47:09 2021] POST /compute/v2.1/flavors => generated 427 bytes in 38 msecs (HTTP/1.1 200) 9 headers in 357 bytes (2 switches on core 0)
Jun 30 17:47:09.427859 n-d-791506-14 devstack@n-api.service[115370]: DEBUG nova.api.openstack.wsgi [None req-2da2be02-35fb-464d-81b8-dcfb183d1d3d tempest-FlavorsAdminTestJSON-1271412059 tempest-FlavorsAdminTestJSON-1271412059-project] Action: 'create', calling method: >, body: {"server": {"name": "test", "imageRef": "9428d989-c3b0-4885-933b-9cd8c3f9529d", "flavorRef": "434439867"}} {{(pid=115370) _process_stack /opt/stack/nova/nova/api/openstack/wsgi.py:511}}
Jun 30 17:47:09.440816 n-d-791506-14 devstack@n-api.service[115370]: INFO nova.api.openstack.wsgi [None req-2da2be02-35fb-464d-81b8-dcfb183d1d3d tempest-FlavorsAdminTestJSON-1271412059 tempest-FlavorsAdminTestJSON-1271412059-project] HTTP exception thrown: Flavor 434439867 could not be found.
Jun 30 17:47:09.441414 n-d-791506-14 devstack@n-api.service[115370]: DEBUG nova.api.openstack.wsgi [None req-2da2be02-35fb-464d-81b8-dcfb183d1d3d tempest-FlavorsAdminTestJSON-1271412059 tempest-FlavorsAdminTestJSON-1271412059-project] Returning 400 to user: Flavor 434439867 could not be found. {{(pid=115370) __call__ /opt/stack/nova/nova/api/openstack/wsgi.py:927}}
Jun 30 17:47:09.445761 n-d-791506-14 devstack@n-api.service[115370]: INFO nova.api.openstack.requestlog [None req-2da2be02-35fb-464d-81b8-dcfb183d1d3d tempest-FlavorsAdminTestJSON-1271412059 tempest-FlavorsAdminTestJSON-1271412059-project] 10.222.0.42 "POST /compute/v2.1/servers" status: 400 len: 80 microversion: 2.1 time: 0.020273
Jun 30 17:47:09.446687 n-d-791506-14 devstack@n-api.service[115370]: [pid: 115370|app: 0|req: 50/94] 10.222.0.42 () {60 vars in 1147 bytes} [Wed Jun 30 17:47:09 2021] POST /compute/v2.1/servers => generated 80 bytes in 24 msecs (HTTP/1.1 400) 9 headers in 380 bytes (2 switches on core 0)
Jun 30 17:47:09.457647 n-d-791506-14 devstack@n-api.service[115369]: DEBUG nova.api.openstack.wsgi [None req-aa561e65-db38-412f-8e93-aa8a83231693 tempest-FlavorsAdminTestJSON-761355142 tempest-FlavorsAdminTestJSON-761355142-project-admin] Calling method '>' {{(pid=115369) _process_stack /opt/stack/nova/nova/api/openstack/wsgi.py:513}}
Jun 30 17:47:09.486876 n-d-791506-14 devstack@n-api.service[115369]: INFO nova.api.openstack.requestlog [None req-aa561e65-db38-412f-8e93-aa8a83231693 tempest-FlavorsAdminTestJSON-761355142 tempest-FlavorsAdminTestJSON-761355142-project-admin] 10.222.0.42 "DELETE /compute/v2.1/flavors/434439867" status: 202 len: 0 microversion: 2.1 time: 0.033971
Jun 30 17:47:09.487788 n-d-791506-14 devstack@n-api.service[115369]: [pid: 115369|app: 0|req: 45/95] 10.222.0.42 () {58 vars in 1158 bytes} [Wed Jun 30 17:47:09 2021] DELETE /compute/v2.1/flavors/434439867 => generated 0 bytes in 36 msecs (HTTP/1.1 202) 9 headers in 361 bytes (2 switches on core 0)
Jun 30 17:47:09.497299 n-d-791506-14 devstack@n-api.service[115369]: DEBUG nova.api.openstack.wsgi [None req-00c77702-5293-44cf-8d3b-9b45f8f8bd6f tempest-FlavorsAdminTestJSON-761355142 tempest-FlavorsAdminTestJSON-761355142-project-admin] Calling method '>' {{(pid=115369) _process_stack /opt/stack/nova/nova/api/openstack/wsgi.py:513}}
Jun 30 17:47:09.515903 n-d-791506-14 devstack@n-api.service[115369]: INFO nova.api.openstack.requestlog [None req-00c77702-5293-44cf-8d3b-9b45f8f8bd6f tempest-FlavorsAdminTestJSON-761355142 tempest-FlavorsAdminTestJSON-761355142-project-admin] 10.222.0.42 "GET /compute/v2.1/flavors/detail" status: 200 len: 4991 microversion: 2.1 time: 0.023228
Jun 30 17:47:09.516824 n-d-791506-14 devstack@n-api.service[115369]: [pid: 115369|app: 0|req: 46/96] 10.222.0.42 () {58 vars in 1146 bytes} [Wed Jun 30 17:47:09 2021] GET /compute/v2.1/flavors/detail => generated 4991 bytes in 25 msecs (HTTP/1.1 200) 9 headers in 358 bytes (2 switches on core 0)
Jun 30 17:47:09.535327 n-d-791506-14 devstack@n-api.service[115369]: DEBUG nova.api.openstack.wsgi [None req-f61fecba-1861-4532-a45b-20b11cec4fb8 tempest-FlavorsAdminTestJSON-761355142 tempest-FlavorsAdminTestJSON-761355142-project-admin] Action: 'create', calling method: >, body: {"flavor": {"ram": 512, "vcpus": 1, "disk": 10, "name": "tempest-test_flavor_-1944401914", "id": 1035529197, "os-flavor-access:is_public": "False"}} {{(pid=115369) _process_stack /opt/stack/nova/nova/api/openstack/wsgi.py:511}}
Jun 30 17:47:09.559529 n-d-791506-14 devstack@n-api.service[115369]: INFO nova.api.openstack.requestlog [None req-f61fecba-1861-4532-a45b-20b11cec4fb8 tempest-FlavorsAdminTestJSON-761355142 tempest-FlavorsAdminTestJSON-761355142-project-admin] 10.222.0.42 "POST /compute/v2.1/flavors" status: 200 len: 415 microversion: 2.1 time: 0.027722
Jun 30 17:47:09.560583 n-d-791506-14 devstack@n-api.service[115369]: [pid: 115369|app: 0|req: 47/97] 10.222.0.42 () {60 vars in 1147 bytes} [Wed Jun 30 17:47:09 2021] POST /compute/v2.1/flavors => generated 415 bytes in 31 msecs (HTTP/1.1 200) 9 headers in 357 bytes (2 switches on core 0)
