Jun 14 17:45:39.772657 n-d-791506-12 devstack@placement-api.service[100694]: DEBUG oslo_db.sqlalchemy.engines [-] MySQL server mode set to STRICT_TRANS_TABLES,STRICT_ALL_TABLES,NO_ZERO_IN_DATE,NO_ZERO_DATE,ERROR_FOR_DIVISION_BY_ZERO,TRADITIONAL,NO_ENGINE_SUBSTITUTION {{(pid=100694) _check_effective_sql_mode /usr/local/lib/python3.8/dist-packages/oslo_db/sqlalchemy/engines.py:314}}
Jun 14 17:45:39.775603 n-d-791506-12 devstack@placement-api.service[100695]: DEBUG oslo_db.sqlalchemy.engines [-] MySQL server mode set to STRICT_TRANS_TABLES,STRICT_ALL_TABLES,NO_ZERO_IN_DATE,NO_ZERO_DATE,ERROR_FOR_DIVISION_BY_ZERO,TRADITIONAL,NO_ENGINE_SUBSTITUTION {{(pid=100695) _check_effective_sql_mode /usr/local/lib/python3.8/dist-packages/oslo_db/sqlalchemy/engines.py:314}}
Jun 14 17:45:39.811446 n-d-791506-12 devstack@placement-api.service[100694]: DEBUG placement.objects.trait [-] Synced traits from os_traits into API DB: {'HW_GPU_API_DIRECT3D_V12_0', 'COMPUTE_EPHEMERAL_ENCRYPTION_PLAIN', 'HW_CPU_AARCH64_SM3', 'HW_GPU_API_OPENCL_V2_0', 'HW_GPU_CUDA_SDK_V9_0', 'HW_CPU_X86_INTEL_SPEC_CTRL', 'COMPUTE_SAME_HOST_COLD_MIGRATE', 'HW_GPU_CUDA_SDK_V8_0', 'HW_GPU_CUDA_COMPUTE_CAPABILITY_V3_2', 'HW_CPU_X86_PDPE1GB', 'HW_CPU_X86_STIBP', 'COMPUTE_IMAGE_TYPE_VHDX', 'HW_GPU_API_DIRECT3D_V7_0', 'HW_NIC_DCB_ETS', 'HW_GPU_RESOLUTION_W1280H768', 'HW_GPU_RESOLUTION_W1600H1200', 'COMPUTE_DEVICE_TAGGING', 'COMPUTE_NET_VIF_MODEL_SPAPR_VLAN', 'HW_GPU_CUDA_SDK_V6_5', 'HW_NIC_OFFLOAD_RXVLAN', 'COMPUTE_STORAGE_BUS_SCSI', 'HW_CPU_X86_ABM', 'HW_CPU_X86_SGX', 'COMPUTE_RESCUE_BFV', 'HW_NIC_OFFLOAD_TCS', 'COMPUTE_IMAGE_TYPE_QCOW2', 'HW_CPU_X86_SSE4A', 'HW_CPU_X86_AVX512PF', 'HW_CPU_AARCH64_ASIMDHP', 'HW_GPU_API_OPENGL_V3_1', 'HW_CPU_AARCH64_FCMA', 'COMPUTE_EPHEMERAL_ENCRYPTION', 'HW_NIC_OFFLOAD_GSO', 'HW_NIC_OFFLOAD_RDMA', 'COMPUTE_IMAGE_TYPE_AKI', 'HW_GPU_API_DIRECT3D_V8_0', 'HW_GPU_API_DIRECTX_V10', 'HW_CPU_X86_AVX512F', 'HW_GPU_CUDA_COMPUTE_CAPABILITY_V1_3', 'HW_CPU_X86_AMD_NO_SSB', 'HW_GPU_API_OPENGL_V2_0', 'COMPUTE_VOLUME_ATTACH', 'HW_GPU_CUDA_COMPUTE_CAPABILITY_V2_1', 'HW_GPU_CUDA_SDK_V7_5', 'HW_CPU_X86_AVX512BW', 'HW_CPU_X86_BMI2', 'HW_CPU_X86_AVX512VPCLMULQDQ', 'HW_CPU_X86_FMA3', 'COMPUTE_STORAGE_BUS_UML', 'HW_GPU_CUDA_COMPUTE_CAPABILITY_V3_7', 'COMPUTE_NODE', 'HW_CPU_PPC64LE_POWER8', 'HW_GPU_API_OPENGL_V3_3', 'HW_CPU_AARCH64_EVTSTRM', 'HW_CPU_X86_INTEL_VMX', 'COMPUTE_SECURITY_TPM_2_0', 'HW_GPU_RESOLUTION_W1152H864', 'HW_CPU_X86_ASF', 'HW_GPU_API_OPENGL_V4_2', 'MISC_SHARES_VIA_AGGREGATE', 'HW_GPU_CUDA_COMPUTE_CAPABILITY_V6_2', 'HW_GPU_API_OPENCL_V1_1', 'HW_CPU_AARCH64_JSCVT', 'HW_GPU_API_OPENGL_V4_5', 'HW_CPU_AARCH64_ASIMDDP', 'HW_CPU_X86_SSE', 'HW_CPU_X86_SVM', 'HW_CPU_X86_AMD_SVM', 'HW_GPU_RESOLUTION_W2560H1600', 'HW_GPU_MAX_DISPLAY_HEADS_4', 'HW_CPU_X86_SHA', 'HW_CPU_X86_AVX512VBMI', 'COMPUTE_EPHEMERAL_ENCRYPTION_LUKSV2', 'HW_GPU_MAX_DISPLAY_HEADS_1', 'HW_NIC_OFFLOAD_UFO', 'HW_CPU_AARCH64_SHA3', 'HW_NIC_DCB_PFC', 'COMPUTE_NET_VIF_MODEL_PCNET', 'HW_GPU_RESOLUTION_W320H240', 'HW_GPU_API_OPENCL_V2_1', 'HW_GPU_API_DIRECTX_V12', 'HW_CPU_HYPERTHREADING', 'COMPUTE_NET_VIF_MODEL_SRIOV', 'HW_CPU_X86_AVX512DQ', 'HW_GPU_RESOLUTION_W1366H768', 'HW_NIC_OFFLOAD_LSO', 'HW_NIC_VMDQ', 'HW_CPU_X86_INTEL_MD_CLEAR', 'COMPUTE_GRAPHICS_MODEL_XEN', 'HW_GPU_CUDA_SDK_V10_0', 'HW_GPU_API_DIRECT3D_V11_1', 'HW_NIC_ACCEL_DEFLATE', 'HW_NIC_OFFLOAD_TSO', 'HW_GPU_RESOLUTION_W1024H600', 'HW_GPU_RESOLUTION_W1600H900', 'HW_GPU_API_DIRECT3D_V11_2', 'HW_CPU_AARCH64_FP', 'HW_CPU_X86_INTEL_PCID', 'COMPUTE_IMAGE_TYPE_ARI', 'HW_CPU_X86_SSE2', 'HW_CPU_AARCH64_CPUID', 'HW_GPU_RESOLUTION_W1024H768', 'COMPUTE_VOLUME_EXTEND', 'COMPUTE_STORAGE_BUS_USB', 'HW_GPU_API_OPENGL_V1_5', 'HW_NIC_OFFLOAD_TX', 'HW_GPU_RESOLUTION_W7680H4320', 'HW_CPU_AARCH64_SHA2', 'COMPUTE_IMAGE_TYPE_PLOOP', 'HW_NIC_OFFLOAD_SG', 'COMPUTE_MIGRATE_POST_COPY', 'HW_NIC_ACCEL_DIFFIEH', 'COMPUTE_GRAPHICS_MODEL_VMVGA', 'HW_GPU_API_VULKAN', 'HW_GPU_API_OPENGL_V4_4', 'COMPUTE_NET_VIF_MODEL_RTL8139', 'COMPUTE_NET_VIF_MODEL_NETFRONT', 'HW_GPU_RESOLUTION_W1680H1050', 'COMPUTE_GRAPHICS_MODEL_GOP', 'COMPUTE_NET_VIF_MODEL_NE2K_PCI', 'HW_CPU_X86_AVX2', 'HW_GPU_API_OPENGL_V4_1', 'HW_GPU_API_DIRECT2D', 'STORAGE_DISK_SSD', 'COMPUTE_IMAGE_TYPE_VHD', 'HW_CPU_AARCH64_SM4', 'COMPUTE_SECURITY_UEFI_SECURE_BOOT', 'HW_GPU_RESOLUTION_W2560H1440', 'HW_CPU_X86_AVX512IFMA', 'HW_GPU_RESOLUTION_W1920H1080', 'HW_CPU_X86_SSE41', 'HW_GPU_RESOLUTION_W1280H1024', 'HW_GPU_CUDA_COMPUTE_CAPABILITY_V7_1', 'COMPUTE_STORAGE_BUS_FDC', 'STORAGE_DISK_HDD', 'COMPUTE_NET_ATTACH_INTERFACE_WITH_TAG', 'HW_NIC_ACCEL_LZS', 'HW_NIC_SRIOV_QOS_RX', 'HW_GPU_API_DIRECT3D_V9_0C', 'HW_NIC_OFFLOAD_LRO', 'HW_CPU_AARCH64_AES', 'HW_CPU_X86_MPX', 'COMPUTE_NET_VIF_MODEL_LAN9118', 'HW_GPU_RESOLUTION_W1280H800', 'HW_GPU_API_OPENGL_V3_2', 'HW_GPU_RESOLUTION_W1920H1200', 'COMPUTE_IMAGE_TYPE_VDI', 'HW_CPU_X86_3DNOW', 'HW_GPU_API_DIRECT3D_V9_0', 'HW_CPU_AARCH64_SVE', 'HW_NIC_ACCEL_RSA', 'HW_GPU_API_OPENGL_V2_1', 'HW_CPU_X86_AVX512CD', 'HW_GPU_API_OPENGL_V3_0', 'HW_CPU_X86_AVX512VAES', 'COMPUTE_STORAGE_BUS_VIRTIO', 'HW_GPU_CUDA_COMPUTE_CAPABILITY_V6_1', 'COMPUTE_ACCELERATORS', 'COMPUTE_IMAGE_TYPE_ISO', 'HW_CPU_X86_AVX512VPOPCNTDQ', 'HW_GPU_RESOLUTION_W800H600', 'HW_GPU_CUDA_COMPUTE_CAPABILITY_V3_0', 'HW_NIC_OFFLOAD_GRE', 'HW_GPU_API_OPENCL_V2_2', 'HW_NIC_OFFLOAD_UCS', 'HW_NIC_OFFLOAD_QINQ', 'COMPUTE_STORAGE_BUS_XEN', 'HW_CPU_X86_AMD_IBPB', 'COMPUTE_VOLUME_ATTACH_WITH_TAG', 'HW_NIC_OFFLOAD_RXHASH', 'HW_GPU_MAX_DISPLAY_HEADS_2', 'HW_NIC_OFFLOAD_TXUDP', 'HW_CPU_X86_AVX512VNNI', 'HW_GPU_CUDA_SDK_V9_1', 'HW_CPU_X86_AMD_SEV', 'HW_NIC_MULTIQUEUE', 'COMPUTE_GRAPHICS_MODEL_CIRRUS', 'HW_GPU_API_DIRECT3D_V8_1', 'HW_GPU_API_OPENCL_V1_0', 'COMPUTE_STATUS_DISABLED', 'HW_NIC_SRIOV_TRUSTED', 'HW_GPU_RESOLUTION_W1280H720', 'HW_NIC_ACCEL_SSL', 'HW_GPU_API_DIRECT3D_V9_0B', 'COMPUTE_NET_VIF_MODEL_VMXNET', 'COMPUTE_STORAGE_BUS_SATA', 'HW_CPU_X86_SSSE3', 'HW_CPU_X86_AMD_VIRT_SSBD', 'HW_NIC_ACCEL_TLS', 'COMPUTE_GRAPHICS_MODEL_VIRTIO', 'HW_GPU_RESOLUTION_W640H480', 'HW_CPU_X86_AVX512BITALG', 'HW_NIC_SRIOV', 'HW_CPU_X86_AMD_SSBD', 'COMPUTE_TRUSTED_CERTS', 'HW_GPU_CUDA_COMPUTE_CAPABILITY_V1_0', 'HW_GPU_CUDA_COMPUTE_CAPABILITY_V1_1', 'COMPUTE_NET_VIF_MODEL_VIRTIO', 'HW_CPU_AARCH64_ASIMD', 'HW_GPU_CUDA_COMPUTE_CAPABILITY_V6_0', 'HW_GPU_API_DXVA', 'COMPUTE_VOLUME_MULTI_ATTACH', 'HW_CPU_X86_AESNI', 'HW_GPU_CUDA_SDK_V9_2', 'HW_NIC_OFFLOAD_RX', 'HW_CPU_X86_AVX', 'COMPUTE_NET_ATTACH_INTERFACE', 'HW_CPU_AARCH64_ASIMDRDM', 'HW_GPU_API_OPENCL_V1_2', 'HW_GPU_CUDA_COMPUTE_CAPABILITY_V5_2', 'HW_CPU_AMD_SEV', 'HW_GPU_RESOLUTION_W3840H2160', 'HW_CPU_X86_AVX512GFNI', 'HW_NIC_SRIOV_MULTIQUEUE', 'COMPUTE_STORAGE_BUS_IDE', 'HW_GPU_API_DIRECT3D_V11_0', 'HW_CPU_X86_TSX', 'HW_NUMA_ROOT', 'HW_GPU_RESOLUTION_W1360H768', 'HW_GPU_CUDA_COMPUTE_CAPABILITY_V2_0', 'HW_NIC_OFFLOAD_TXVLAN', 'COMPUTE_NET_VIF_MODEL_E1000', 'HW_NIC_OFFLOAD_SWITCHDEV', 'COMPUTE_MIGRATE_AUTO_CONVERGE', 'HW_CPU_AARCH64_FPHP', 'HW_CPU_X86_AVX512VL', 'HW_GPU_API_DIRECT3D_V10_0', 'COMPUTE_IMAGE_TYPE_VMDK', 'HW_CPU_AARCH64_ATOMICS', 'HW_NIC_ACCEL_IPSEC', 'COMPUTE_STORAGE_BUS_LXC', 'HW_NIC_SRIOV_QOS_TX', 'HW_GPU_API_DIRECT3D_V11_3', 'HW_GPU_MAX_DISPLAY_HEADS_8', 'HW_CPU_PPC64LE_POWER9', 'HW_CPU_X86_TBM', 'HW_CPU_X86_FMA4', 'HW_GPU_CUDA_COMPUTE_CAPABILITY_V3_5', 'HW_GPU_CUDA_COMPUTE_CAPABILITY_V7_0', 'HW_CPU_X86_CLMUL', 'COMPUTE_NET_VIF_MODEL_VMXNET3', 'COMPUTE_SECURITY_TPM_1_2', 'HW_CPU_AARCH64_PMULL', 'HW_GPU_API_DIRECT3D_V10_1', 'HW_CPU_AARCH64_DCPOP', 'HW_CPU_AARCH64_SHA1', 'HW_NIC_OFFLOAD_GRO', 'COMPUTE_GRAPHICS_MODEL_VGA', 'COMPUTE_NET_VIF_MODEL_E1000E', 'COMPUTE_GRAPHICS_MODEL_QXL', 'HW_CPU_X86_VMX', 'HW_CPU_X86_SSE42', 'HW_NIC_PROGRAMMABLE_PIPELINE', 'HW_CPU_X86_XOP', 'HW_GPU_CUDA_COMPUTE_CAPABILITY_V5_3', 'HW_GPU_API_DIRECT3D_V6_0', 'HW_GPU_API_OPENGL_V1_4', 'COMPUTE_IMAGE_TYPE_RAW', 'HW_NIC_OFFLOAD_FDF', 'HW_CPU_AARCH64_LRCPC', 'HW_NIC_OFFLOAD_VXLAN', 'HW_NIC_OFFLOAD_L2CRC', 'HW_GPU_CUDA_COMPUTE_CAPABILITY_V1_2', 'HW_CPU_X86_MMX', 'HW_GPU_API_DIRECTX_V11', 'HW_GPU_API_OPENGL_V1_1', 'HW_GPU_API_OPENGL_V1_2', 'COMPUTE_GRAPHICS_MODEL_NONE', 'HW_GPU_CUDA_COMPUTE_CAPABILITY_V5_0', 'HW_GPU_API_OPENGL_V1_3', 'HW_CPU_AARCH64_CRC32', 'HW_CPU_X86_SSE3', 'HW_NIC_DCB_QCN', 'HW_CPU_X86_BMI', 'COMPUTE_SOCKET_PCI_NUMA_AFFINITY', 'HW_CPU_AARCH64_SHA512', 'HW_CPU_X86_INTEL_SSBD', 'COMPUTE_IMAGE_TYPE_AMI', 'COMPUTE_EPHEMERAL_ENCRYPTION_LUKS', 'HW_CPU_X86_F16C', 'HW_GPU_API_OPENGL_V4_0', 'HW_NIC_OFFLOAD_SCS', 'HW_CPU_X86_AVX512VBMI2', 'HW_GPU_API_OPENGL_V4_3', 'HW_GPU_API_DIRECT3D_V9_0L', 'HW_CPU_X86_AVX512ER', 'HW_NIC_OFFLOAD_GENEVE', 'HW_GPU_RESOLUTION_W1440H900', 'HW_GPU_MAX_DISPLAY_HEADS_6', 'HW_NIC_ACCEL_ECC', 'HW_GPU_CUDA_COMPUTE_CAPABILITY_V7_2'} {{(pid=100694) _trait_sync /opt/stack/placement/placement/objects/trait.py:286}}
Jun 14 17:45:39.989078 n-d-791506-12 devstack@placement-api.service[100695]: DEBUG oslo_db.api [-] DB error: (pymysql.err.OperationalError) (1213, 'Deadlock found when trying to get lock; try restarting transaction')
Jun 14 17:45:39.989078 n-d-791506-12 devstack@placement-api.service[100695]: [SQL: INSERT INTO traits (created_at, name) VALUES (%(created_at)s, %(name)s)]
Jun 14 17:45:39.989078 n-d-791506-12 devstack@placement-api.service[100695]: [parameters: ({'created_at': datetime.datetime(2021, 6, 14, 17, 45, 39, 791423), 'name': 'HW_GPU_API_DIRECT3D_V12_0'}, {'created_at': datetime.datetime(2021, 6, 14, 17, 45, 39, 791431), 'name': 'COMPUTE_EPHEMERAL_ENCRYPTION_PLAIN'}, {'created_at': datetime.datetime(2021, 6, 14, 17, 45, 39, 791435), 'name': 'HW_CPU_AARCH64_SM3'}, {'created_at': datetime.datetime(2021, 6, 14, 17, 45, 39, 791438), 'name': 'HW_GPU_API_OPENCL_V2_0'}, {'created_at': datetime.datetime(2021, 6, 14, 17, 45, 39, 791442), 'name': 'HW_GPU_CUDA_SDK_V9_0'}, {'created_at': datetime.datetime(2021, 6, 14, 17, 45, 39, 791445), 'name': 'HW_CPU_X86_INTEL_SPEC_CTRL'}, {'created_at': datetime.datetime(2021, 6, 14, 17, 45, 39, 791448), 'name': 'COMPUTE_SAME_HOST_COLD_MIGRATE'}, {'created_at': datetime.datetime(2021, 6, 14, 17, 45, 39, 791452), 'name': 'HW_GPU_CUDA_SDK_V8_0'} ... displaying 10 of 291 total bound parameter sets ... {'created_at': datetime.datetime(2021, 6, 14, 17, 45, 39, 792422), 'name': 'HW_NIC_ACCEL_ECC'}, {'created_at': datetime.datetime(2021, 6, 14, 17, 45, 39, 792426), 'name': 'HW_GPU_CUDA_COMPUTE_CAPABILITY_V7_2'})]
Jun 14 17:45:39.989078 n-d-791506-12 devstack@placement-api.service[100695]: (Background on this error at: http://sqlalche.me/e/14/e3q8) {{(pid=100695) _is_exception_expected /usr/local/lib/python3.8/dist-packages/oslo_db/api.py:184}}
Jun 14 17:45:39.990114 n-d-791506-12 devstack@placement-api.service[100695]: DEBUG oslo_db.api [-] Performing DB retry for function placement.objects.trait._trait_sync {{(pid=100695) wrapper /usr/local/lib/python3.8/dist-packages/oslo_db/api.py:155}}
Jun 14 17:45:40.073421 n-d-791506-12 devstack@placement-api.service[100694]: DEBUG oslo_concurrency.lockutils [-] Releasing lock "trait_sync" {{(pid=100694) lock /usr/local/lib/python3.8/dist-packages/oslo_concurrency/lockutils.py:282}}
Jun 14 17:45:40.073691 n-d-791506-12 devstack@placement-api.service[100694]: DEBUG oslo_concurrency.lockutils [-] Acquired lock "resource_classes_sync" {{(pid=100694) lock /usr/local/lib/python3.8/dist-packages/oslo_concurrency/lockutils.py:266}}
Jun 14 17:45:40.133083 n-d-791506-12 devstack@placement-api.service[100694]: DEBUG placement.objects.resource_class [-] Found existing resource classes in db: [] {{(pid=100694) _resource_classes_sync /opt/stack/placement/placement/objects/resource_class.py:228}}
Jun 14 17:45:40.136501 n-d-791506-12 devstack@placement-api.service[100694]: DEBUG placement.objects.resource_class [-] Synced resource_classes from os_resource_classes: [{'name': 'VCPU', 'id': 0}, {'name': 'MEMORY_MB', 'id': 1}, {'name': 'DISK_GB', 'id': 2}, {'name': 'PCI_DEVICE', 'id': 3}, {'name': 'SRIOV_NET_VF', 'id': 4}, {'name': 'NUMA_SOCKET', 'id': 5}, {'name': 'NUMA_CORE', 'id': 6}, {'name': 'NUMA_THREAD', 'id': 7}, {'name': 'NUMA_MEMORY_MB', 'id': 8}, {'name': 'IPV4_ADDRESS', 'id': 9}, {'name': 'VGPU', 'id': 10}, {'name': 'VGPU_DISPLAY_HEAD', 'id': 11}, {'name': 'NET_BW_EGR_KILOBIT_PER_SEC', 'id': 12}, {'name': 'NET_BW_IGR_KILOBIT_PER_SEC', 'id': 13}, {'name': 'PCPU', 'id': 14}, {'name': 'MEM_ENCRYPTION_CONTEXT', 'id': 15}, {'name': 'FPGA', 'id': 16}, {'name': 'PGPU', 'id': 17}] {{(pid=100694) _resource_classes_sync /opt/stack/placement/placement/objects/resource_class.py:245}}
Jun 14 17:45:40.319142 n-d-791506-12 devstack@placement-api.service[100694]: DEBUG oslo_concurrency.lockutils [-] Releasing lock "resource_classes_sync" {{(pid=100694) lock /usr/local/lib/python3.8/dist-packages/oslo_concurrency/lockutils.py:282}}
Jun 14 17:45:40.319848 n-d-791506-12 devstack@placement-api.service[100694]: WSGI app 0 (mountpoint='') ready in 3 seconds on interpreter 0x55a35adbe9c0 pid: 100694 (default app)
Jun 14 17:45:40.320762 n-d-791506-12 devstack@placement-api.service[100694]: DEBUG placement.requestlog [None req-29d2824d-1db4-4794-9f13-fee409a8cb6e None None] Starting request: 10.222.0.102 "GET /placement/" {{(pid=100694) __call__ /opt/stack/placement/placement/requestlog.py:55}}
Jun 14 17:45:40.337217 n-d-791506-12 devstack@placement-api.service[100694]: INFO placement.requestlog [None req-29d2824d-1db4-4794-9f13-fee409a8cb6e None None] 10.222.0.102 "GET /placement/" status: 200 len: 136 microversion: 1.0
Jun 14 17:45:40.337358 n-d-791506-12 devstack@placement-api.service[100694]: [pid: 100694|app: 0|req: 1/1] 10.222.0.102 () {50 vars in 781 bytes} [Mon Jun 14 17:45:40 2021] GET /placement => generated 136 bytes in 17 msecs (HTTP/1.1 200) 6 headers in 224 bytes (1 switches on core 0)
Jun 14 17:45:41.003134 n-d-791506-12 devstack@placement-api.service[100695]: DEBUG oslo_concurrency.lockutils [-] Releasing lock "trait_sync" {{(pid=100695) lock /usr/local/lib/python3.8/dist-packages/oslo_concurrency/lockutils.py:282}}
Jun 14 17:45:41.003673 n-d-791506-12 devstack@placement-api.service[100695]: DEBUG oslo_concurrency.lockutils [-] Acquired lock "resource_classes_sync" {{(pid=100695) lock /usr/local/lib/python3.8/dist-packages/oslo_concurrency/lockutils.py:266}}
Jun 14 17:45:41.006606 n-d-791506-12 devstack@placement-api.service[100695]: DEBUG placement.objects.resource_class [-] Found existing resource classes in db: ['DISK_GB', 'FPGA', 'IPV4_ADDRESS', 'MEMORY_MB', 'MEM_ENCRYPTION_CONTEXT', 'NET_BW_EGR_KILOBIT_PER_SEC', 'NET_BW_IGR_KILOBIT_PER_SEC', 'NUMA_CORE', 'NUMA_MEMORY_MB', 'NUMA_SOCKET', 'NUMA_THREAD', 'PCI_DEVICE', 'PCPU', 'PGPU', 'SRIOV_NET_VF', 'VCPU', 'VGPU', 'VGPU_DISPLAY_HEAD'] {{(pid=100695) _resource_classes_sync /opt/stack/placement/placement/objects/resource_class.py:228}}
Jun 14 17:45:41.007404 n-d-791506-12 devstack@placement-api.service[100695]: DEBUG oslo_concurrency.lockutils [-] Releasing lock "resource_classes_sync" {{(pid=100695) lock /usr/local/lib/python3.8/dist-packages/oslo_concurrency/lockutils.py:282}}
Jun 14 17:45:41.007600 n-d-791506-12 devstack@placement-api.service[100695]: WSGI app 0 (mountpoint='') ready in 4 seconds on interpreter 0x55a35adbe9c0 pid: 100695 (default app)
Jun 14 17:46:42.738272 n-d-791506-12 devstack@placement-api.service[100694]: DEBUG placement.requestlog [None req-28b1d5ae-1536-4b81-94b1-aee66c6dde8d None None] Starting request: 10.222.0.102 "GET /placement/" {{(pid=100694) __call__ /opt/stack/placement/placement/requestlog.py:55}}
Jun 14 17:46:42.739236 n-d-791506-12 devstack@placement-api.service[100694]: INFO placement.requestlog [None req-28b1d5ae-1536-4b81-94b1-aee66c6dde8d None None] 10.222.0.102 "GET /placement/" status: 200 len: 136 microversion: 1.0
Jun 14 17:46:42.739751 n-d-791506-12 devstack@placement-api.service[100694]: [pid: 100694|app: 0|req: 2/2] 10.222.0.102 () {54 vars in 920 bytes} [Mon Jun 14 17:46:42 2021] GET /placement => generated 136 bytes in 1 msecs (HTTP/1.1 200) 6 headers in 224 bytes (1 switches on core 0)
Jun 14 17:46:42.985127 n-d-791506-12 devstack@placement-api.service[100695]: DEBUG placement.requestlog [None req-c0c67d55-2e5d-4047-9c49-e4ecbf84b18a None None] Starting request: 10.222.0.102 "GET /placement/" {{(pid=100695) __call__ /opt/stack/placement/placement/requestlog.py:55}}
Jun 14 17:46:43.000051 n-d-791506-12 devstack@placement-api.service[100695]: INFO placement.requestlog [None req-c0c67d55-2e5d-4047-9c49-e4ecbf84b18a None None] 10.222.0.102 "GET /placement/" status: 200 len: 136 microversion: 1.0
Jun 14 17:46:43.000788 n-d-791506-12 devstack@placement-api.service[100695]: [pid: 100695|app: 0|req: 1/3] 10.222.0.102 () {54 vars in 920 bytes} [Mon Jun 14 17:46:42 2021] GET /placement => generated 136 bytes in 16 msecs (HTTP/1.1 200) 6 headers in 224 bytes (1 switches on core 0)
Jun 14 17:46:47.285804 n-d-791506-12 devstack@placement-api.service[100694]: DEBUG placement.requestlog [None req-87d116db-9790-4c50-be6d-837056de5771 None None] Starting request: 10.222.0.102 "GET /placement/" {{(pid=100694) __call__ /opt/stack/placement/placement/requestlog.py:55}}
Jun 14 17:46:47.287036 n-d-791506-12 devstack@placement-api.service[100694]: INFO placement.requestlog [None req-87d116db-9790-4c50-be6d-837056de5771 None None] 10.222.0.102 "GET /placement/" status: 200 len: 136 microversion: 1.0
Jun 14 17:46:47.287497 n-d-791506-12 devstack@placement-api.service[100694]: [pid: 100694|app: 0|req: 3/4] 10.222.0.102 () {54 vars in 920 bytes} [Mon Jun 14 17:46:47 2021] GET /placement => generated 136 bytes in 2 msecs (HTTP/1.1 200) 6 headers in 224 bytes (1 switches on core 0)
Jun 14 17:46:48.716514 n-d-791506-12 devstack@placement-api.service[100695]: DEBUG placement.requestlog [None req-bd5d1d42-02aa-445c-b876-63334018decf None None] Starting request: 10.222.0.102 "GET /placement/" {{(pid=100695) __call__ /opt/stack/placement/placement/requestlog.py:55}}
Jun 14 17:46:48.717479 n-d-791506-12 devstack@placement-api.service[100695]: INFO placement.requestlog [None req-bd5d1d42-02aa-445c-b876-63334018decf None None] 10.222.0.102 "GET /placement/" status: 200 len: 136 microversion: 1.0
Jun 14 17:46:48.717657 n-d-791506-12 devstack@placement-api.service[100695]: [pid: 100695|app: 0|req: 2/5] 10.222.0.102 () {54 vars in 920 bytes} [Mon Jun 14 17:46:48 2021] GET /placement => generated 136 bytes in 2 msecs (HTTP/1.1 200) 6 headers in 224 bytes (1 switches on core 0)
Jun 14 17:48:01.896696 n-d-791506-12 devstack@placement-api.service[100694]: DEBUG placement.requestlog [None req-08586e7d-feb3-48b4-9979-91ed0eacc23d None None] Starting request: 10.222.0.102 "GET /placement//" {{(pid=100694) __call__ /opt/stack/placement/placement/requestlog.py:55}}
Jun 14 17:48:01.897676 n-d-791506-12 devstack@placement-api.service[100694]: INFO placement.requestlog [None req-08586e7d-feb3-48b4-9979-91ed0eacc23d None None] 10.222.0.102 "GET /placement//" status: 200 len: 136 microversion: 1.0
Jun 14 17:48:01.897855 n-d-791506-12 devstack@placement-api.service[100694]: [pid: 100694|app: 0|req: 4/6] 10.222.0.102 () {56 vars in 1111 bytes} [Mon Jun 14 17:48:01 2021] GET /placement/ => generated 136 bytes in 1 msecs (HTTP/1.1 200) 6 headers in 224 bytes (1 switches on core 0)
Jun 14 17:53:53.384866 n-d-791506-12 devstack@placement-api.service[100695]: DEBUG placement.requestlog [None req-08794bca-282b-4cb2-97ae-bb252752b1d2 None None] Starting request: 10.222.0.104 "GET /placement/" {{(pid=100695) __call__ /opt/stack/placement/placement/requestlog.py:55}}
Jun 14 17:53:53.385893 n-d-791506-12 devstack@placement-api.service[100695]: INFO placement.requestlog [None req-08794bca-282b-4cb2-97ae-bb252752b1d2 None None] 10.222.0.104 "GET /placement/" status: 200 len: 136 microversion: 1.0
Jun 14 17:53:53.386173 n-d-791506-12 devstack@placement-api.service[100695]: [pid: 100695|app: 0|req: 3/7] 10.222.0.104 () {54 vars in 918 bytes} [Mon Jun 14 17:53:53 2021] GET /placement => generated 136 bytes in 1 msecs (HTTP/1.1 200) 6 headers in 224 bytes (1 switches on core 0)
Jun 14 17:53:56.524261 n-d-791506-12 devstack@placement-api.service[100694]: DEBUG placement.requestlog [req-7e1ce8fb-b90e-4998-ae34-40c0989e1354 req-fe4d25f4-7ba7-4a0f-a9c1-40dc38d250e7 None None] Starting request: 10.222.0.104 "GET /placement/resource_providers?in_tree=95c5a519-75a6-4617-8bec-1480dcfcbf96" {{(pid=100694) __call__ /opt/stack/placement/placement/requestlog.py:55}}
Jun 14 17:53:56.636095 n-d-791506-12 devstack@placement-api.service[100694]: INFO placement.requestlog [req-7e1ce8fb-b90e-4998-ae34-40c0989e1354 req-fe4d25f4-7ba7-4a0f-a9c1-40dc38d250e7 service placement] 10.222.0.104 "GET /placement/resource_providers?in_tree=95c5a519-75a6-4617-8bec-1480dcfcbf96" status: 200 len: 26 microversion: 1.14
Jun 14 17:53:56.636382 n-d-791506-12 devstack@placement-api.service[100694]: [pid: 100694|app: 0|req: 5/8] 10.222.0.104 () {60 vars in 1382 bytes} [Mon Jun 14 17:53:56 2021] GET /placement/resource_providers?in_tree=95c5a519-75a6-4617-8bec-1480dcfcbf96 => generated 26 bytes in 112 msecs (HTTP/1.1 200) 6 headers in 224 bytes (1 switches on core 0)
Jun 14 17:53:56.645811 n-d-791506-12 devstack@placement-api.service[100695]: DEBUG placement.requestlog [req-7e1ce8fb-b90e-4998-ae34-40c0989e1354 req-58e7d1c6-2964-4dbe-9db6-80b0f6e9dad9 None None] Starting request: 10.222.0.104 "POST /placement/resource_providers" {{(pid=100695) __call__ /opt/stack/placement/placement/requestlog.py:55}}
Jun 14 17:53:56.756266 n-d-791506-12 devstack@placement-api.service[100695]: INFO placement.requestlog [req-7e1ce8fb-b90e-4998-ae34-40c0989e1354 req-58e7d1c6-2964-4dbe-9db6-80b0f6e9dad9 service placement] 10.222.0.104 "POST /placement/resource_providers" status: 200 len: 837 microversion: 1.20
Jun 14 17:53:56.756713 n-d-791506-12 devstack@placement-api.service[100695]: [pid: 100695|app: 0|req: 4/9] 10.222.0.104 () {64 vars in 1346 bytes} [Mon Jun 14 17:53:56 2021] POST /placement/resource_providers => generated 837 bytes in 111 msecs (HTTP/1.1 200) 9 headers in 393 bytes (2 switches on core 0)
Jun 14 17:53:56.964047 n-d-791506-12 devstack@placement-api.service[100694]: DEBUG placement.requestlog [req-7e1ce8fb-b90e-4998-ae34-40c0989e1354 req-5cae0706-2563-48c9-a51e-66e4c14881e4 None None] Starting request: 10.222.0.104 "PUT /placement/resource_providers/95c5a519-75a6-4617-8bec-1480dcfcbf96/inventories" {{(pid=100694) __call__ /opt/stack/placement/placement/requestlog.py:55}}
Jun 14 17:53:57.084333 n-d-791506-12 devstack@placement-api.service[100694]: INFO placement.requestlog [req-7e1ce8fb-b90e-4998-ae34-40c0989e1354 req-5cae0706-2563-48c9-a51e-66e4c14881e4 service placement] 10.222.0.104 "PUT /placement/resource_providers/95c5a519-75a6-4617-8bec-1480dcfcbf96/inventories" status: 200 len: 397 microversion: 1.26
Jun 14 17:53:57.084590 n-d-791506-12 devstack@placement-api.service[100694]: [pid: 100694|app: 0|req: 6/10] 10.222.0.104 () {64 vars in 1493 bytes} [Mon Jun 14 17:53:56 2021] PUT /placement/resource_providers/95c5a519-75a6-4617-8bec-1480dcfcbf96/inventories => generated 397 bytes in 121 msecs (HTTP/1.1 200) 8 headers in 296 bytes (2 switches on core 0)
Jun 14 17:53:57.094748 n-d-791506-12 devstack@placement-api.service[100695]: DEBUG placement.requestlog [req-7e1ce8fb-b90e-4998-ae34-40c0989e1354 req-642adf1b-1de3-44b2-9eef-5f680e078a25 None None] Starting request: 10.222.0.104 "GET /placement/traits?name=in:COMPUTE_NODE,COMPUTE_NET_ATTACH_INTERFACE,COMPUTE_DEVICE_TAGGING,COMPUTE_IMAGE_TYPE_VHDX,COMPUTE_IMAGE_TYPE_VHD,COMPUTE_SECURITY_UEFI_SECURE_BOOT" {{(pid=100695) __call__ /opt/stack/placement/placement/requestlog.py:55}}
Jun 14 17:53:57.107011 n-d-791506-12 devstack@placement-api.service[100695]: INFO placement.requestlog [req-7e1ce8fb-b90e-4998-ae34-40c0989e1354 req-642adf1b-1de3-44b2-9eef-5f680e078a25 service placement] 10.222.0.104 "GET /placement/traits?name=in:COMPUTE_NODE,COMPUTE_NET_ATTACH_INTERFACE,COMPUTE_DEVICE_TAGGING,COMPUTE_IMAGE_TYPE_VHDX,COMPUTE_IMAGE_TYPE_VHD,COMPUTE_SECURITY_UEFI_SECURE_BOOT" status: 200 len: 176 microversion: 1.6
Jun 14 17:53:57.107228 n-d-791506-12 devstack@placement-api.service[100695]: [pid: 100695|app: 0|req: 5/11] 10.222.0.104 () {60 vars in 1563 bytes} [Mon Jun 14 17:53:57 2021] GET /placement/traits?name=in:COMPUTE_NODE,COMPUTE_NET_ATTACH_INTERFACE,COMPUTE_DEVICE_TAGGING,COMPUTE_IMAGE_TYPE_VHDX,COMPUTE_IMAGE_TYPE_VHD,COMPUTE_SECURITY_UEFI_SECURE_BOOT => generated 176 bytes in 13 msecs (HTTP/1.1 200) 6 headers in 224 bytes (2 switches on core 0)
Jun 14 17:53:57.114488 n-d-791506-12 devstack@placement-api.service[100694]: DEBUG placement.requestlog [req-7e1ce8fb-b90e-4998-ae34-40c0989e1354 req-dc10879e-ecaf-4b9d-8d73-87133673f915 None None] Starting request: 10.222.0.104 "PUT /placement/resource_providers/95c5a519-75a6-4617-8bec-1480dcfcbf96/traits" {{(pid=100694) __call__ /opt/stack/placement/placement/requestlog.py:55}}
Jun 14 17:53:57.241360 n-d-791506-12 devstack@placement-api.service[100694]: INFO placement.requestlog [req-7e1ce8fb-b90e-4998-ae34-40c0989e1354 req-dc10879e-ecaf-4b9d-8d73-87133673f915 service placement] 10.222.0.104 "PUT /placement/resource_providers/95c5a519-75a6-4617-8bec-1480dcfcbf96/traits" status: 200 len: 211 microversion: 1.6
Jun 14 17:53:57.241675 n-d-791506-12 devstack@placement-api.service[100694]: [pid: 100694|app: 0|req: 7/12] 10.222.0.104 () {64 vars in 1477 bytes} [Mon Jun 14 17:53:57 2021] PUT /placement/resource_providers/95c5a519-75a6-4617-8bec-1480dcfcbf96/traits => generated 211 bytes in 127 msecs (HTTP/1.1 200) 6 headers in 224 bytes (2 switches on core 0)
Jun 14 17:53:57.622077 n-d-791506-12 devstack@placement-api.service[100695]: DEBUG placement.requestlog [None req-80e13649-a469-4ec6-b616-b702572c8fbd None None] Starting request: 10.222.0.16 "GET /placement/" {{(pid=100695) __call__ /opt/stack/placement/placement/requestlog.py:55}}
Jun 14 17:53:57.623047 n-d-791506-12 devstack@placement-api.service[100695]: INFO placement.requestlog [None req-80e13649-a469-4ec6-b616-b702572c8fbd None None] 10.222.0.16 "GET /placement/" status: 200 len: 136 microversion: 1.0
Jun 14 17:53:57.623226 n-d-791506-12 devstack@placement-api.service[100695]: [pid: 100695|app: 0|req: 6/13] 10.222.0.16 () {54 vars in 917 bytes} [Mon Jun 14 17:53:57 2021] GET /placement => generated 136 bytes in 1 msecs (HTTP/1.1 200) 6 headers in 224 bytes (1 switches on core 0)
Jun 14 17:54:01.344326 n-d-791506-12 devstack@placement-api.service[100694]: DEBUG placement.requestlog [req-fc83ea66-16f5-4bcc-8615-e3bb6d3f50eb req-643d7406-486b-48df-aeec-fdda2d6175a6 None None] Starting request: 10.222.0.16 "GET /placement/resource_providers?in_tree=8abfd1c1-1d16-4368-95f0-c71a74381f36" {{(pid=100694) __call__ /opt/stack/placement/placement/requestlog.py:55}}
Jun 14 17:54:01.405496 n-d-791506-12 devstack@placement-api.service[100694]: INFO placement.requestlog [req-fc83ea66-16f5-4bcc-8615-e3bb6d3f50eb req-643d7406-486b-48df-aeec-fdda2d6175a6 service placement] 10.222.0.16 "GET /placement/resource_providers?in_tree=8abfd1c1-1d16-4368-95f0-c71a74381f36" status: 200 len: 26 microversion: 1.14
Jun 14 17:54:01.405773 n-d-791506-12 devstack@placement-api.service[100694]: [pid: 100694|app: 0|req: 8/14] 10.222.0.16 () {60 vars in 1381 bytes} [Mon Jun 14 17:54:01 2021] GET /placement/resource_providers?in_tree=8abfd1c1-1d16-4368-95f0-c71a74381f36 => generated 26 bytes in 62 msecs (HTTP/1.1 200) 6 headers in 224 bytes (1 switches on core 0)
Jun 14 17:54:01.413449 n-d-791506-12 devstack@placement-api.service[100695]: DEBUG placement.requestlog [req-fc83ea66-16f5-4bcc-8615-e3bb6d3f50eb req-37a942bc-91fc-4099-8af3-d67f1028e6a4 None None] Starting request: 10.222.0.16 "POST /placement/resource_providers" {{(pid=100695) __call__ /opt/stack/placement/placement/requestlog.py:55}}
Jun 14 17:54:01.512878 n-d-791506-12 devstack@placement-api.service[100695]: INFO placement.requestlog [req-fc83ea66-16f5-4bcc-8615-e3bb6d3f50eb req-37a942bc-91fc-4099-8af3-d67f1028e6a4 service placement] 10.222.0.16 "POST /placement/resource_providers" status: 200 len: 837 microversion: 1.20
Jun 14 17:54:01.513133 n-d-791506-12 devstack@placement-api.service[100695]: [pid: 100695|app: 0|req: 7/15] 10.222.0.16 () {64 vars in 1345 bytes} [Mon Jun 14 17:54:01 2021] POST /placement/resource_providers => generated 837 bytes in 100 msecs (HTTP/1.1 200) 9 headers in 393 bytes (2 switches on core 0)
Jun 14 17:54:01.751816 n-d-791506-12 devstack@placement-api.service[100694]: DEBUG placement.requestlog [req-fc83ea66-16f5-4bcc-8615-e3bb6d3f50eb req-13a4da41-b1ef-4452-9782-d863b2efd701 None None] Starting request: 10.222.0.16 "PUT /placement/resource_providers/8abfd1c1-1d16-4368-95f0-c71a74381f36/inventories" {{(pid=100694) __call__ /opt/stack/placement/placement/requestlog.py:55}}
Jun 14 17:54:01.904377 n-d-791506-12 devstack@placement-api.service[100694]: INFO placement.requestlog [req-fc83ea66-16f5-4bcc-8615-e3bb6d3f50eb req-13a4da41-b1ef-4452-9782-d863b2efd701 service placement] 10.222.0.16 "PUT /placement/resource_providers/8abfd1c1-1d16-4368-95f0-c71a74381f36/inventories" status: 200 len: 397 microversion: 1.26
Jun 14 17:54:01.904638 n-d-791506-12 devstack@placement-api.service[100694]: [pid: 100694|app: 0|req: 9/16] 10.222.0.16 () {64 vars in 1492 bytes} [Mon Jun 14 17:54:01 2021] PUT /placement/resource_providers/8abfd1c1-1d16-4368-95f0-c71a74381f36/inventories => generated 397 bytes in 153 msecs (HTTP/1.1 200) 8 headers in 296 bytes (1 switches on core 0)
Jun 14 17:54:01.916211 n-d-791506-12 devstack@placement-api.service[100695]: DEBUG placement.requestlog [req-fc83ea66-16f5-4bcc-8615-e3bb6d3f50eb req-37778fe3-637e-4086-9112-536e03be9bdf None None] Starting request: 10.222.0.16 "GET /placement/traits?name=in:COMPUTE_SECURITY_UEFI_SECURE_BOOT,COMPUTE_IMAGE_TYPE_VHD,COMPUTE_NODE,COMPUTE_IMAGE_TYPE_VHDX,COMPUTE_DEVICE_TAGGING,COMPUTE_NET_ATTACH_INTERFACE" {{(pid=100695) __call__ /opt/stack/placement/placement/requestlog.py:55}}
Jun 14 17:54:01.926276 n-d-791506-12 devstack@placement-api.service[100695]: INFO placement.requestlog [req-fc83ea66-16f5-4bcc-8615-e3bb6d3f50eb req-37778fe3-637e-4086-9112-536e03be9bdf service placement] 10.222.0.16 "GET /placement/traits?name=in:COMPUTE_SECURITY_UEFI_SECURE_BOOT,COMPUTE_IMAGE_TYPE_VHD,COMPUTE_NODE,COMPUTE_IMAGE_TYPE_VHDX,COMPUTE_DEVICE_TAGGING,COMPUTE_NET_ATTACH_INTERFACE" status: 200 len: 176 microversion: 1.6
Jun 14 17:54:01.926622 n-d-791506-12 devstack@placement-api.service[100695]: [pid: 100695|app: 0|req: 8/17] 10.222.0.16 () {60 vars in 1562 bytes} [Mon Jun 14 17:54:01 2021] GET /placement/traits?name=in:COMPUTE_SECURITY_UEFI_SECURE_BOOT,COMPUTE_IMAGE_TYPE_VHD,COMPUTE_NODE,COMPUTE_IMAGE_TYPE_VHDX,COMPUTE_DEVICE_TAGGING,COMPUTE_NET_ATTACH_INTERFACE => generated 176 bytes in 11 msecs (HTTP/1.1 200) 6 headers in 224 bytes (2 switches on core 0)
Jun 14 17:54:01.935474 n-d-791506-12 devstack@placement-api.service[100694]: DEBUG placement.requestlog [req-fc83ea66-16f5-4bcc-8615-e3bb6d3f50eb req-890f2d72-84c4-4133-b44e-a4ca15464c40 None None] Starting request: 10.222.0.16 "PUT /placement/resource_providers/8abfd1c1-1d16-4368-95f0-c71a74381f36/traits" {{(pid=100694) __call__ /opt/stack/placement/placement/requestlog.py:55}}
Jun 14 17:54:02.064256 n-d-791506-12 devstack@placement-api.service[100694]: INFO placement.requestlog [req-fc83ea66-16f5-4bcc-8615-e3bb6d3f50eb req-890f2d72-84c4-4133-b44e-a4ca15464c40 service placement] 10.222.0.16 "PUT /placement/resource_providers/8abfd1c1-1d16-4368-95f0-c71a74381f36/traits" status: 200 len: 211 microversion: 1.6
Jun 14 17:54:02.064458 n-d-791506-12 devstack@placement-api.service[100694]: [pid: 100694|app: 0|req: 10/18] 10.222.0.16 () {64 vars in 1476 bytes} [Mon Jun 14 17:54:01 2021] PUT /placement/resource_providers/8abfd1c1-1d16-4368-95f0-c71a74381f36/traits => generated 211 bytes in 129 msecs (HTTP/1.1 200) 6 headers in 224 bytes (1 switches on core 0)
Jun 14 17:54:53.654059 n-d-791506-12 devstack@placement-api.service[100695]: DEBUG placement.requestlog [req-ad4aa067-845f-4db7-b047-a5276686d307 req-836a3adc-c538-4db2-a6cf-f871396ff10b None None] Starting request: 10.222.0.104 "GET /placement/resource_providers/95c5a519-75a6-4617-8bec-1480dcfcbf96/allocations" {{(pid=100695) __call__ /opt/stack/placement/placement/requestlog.py:55}}
Jun 14 17:54:53.682363 n-d-791506-12 devstack@placement-api.service[100695]: INFO placement.requestlog [req-ad4aa067-845f-4db7-b047-a5276686d307 req-836a3adc-c538-4db2-a6cf-f871396ff10b service placement] 10.222.0.104 "GET /placement/resource_providers/95c5a519-75a6-4617-8bec-1480dcfcbf96/allocations" status: 200 len: 54 microversion: 1.0
Jun 14 17:54:53.682620 n-d-791506-12 devstack@placement-api.service[100695]: [pid: 100695|app: 0|req: 9/19] 10.222.0.104 () {58 vars in 1396 bytes} [Mon Jun 14 17:54:53 2021] GET /placement/resource_providers/95c5a519-75a6-4617-8bec-1480dcfcbf96/allocations => generated 54 bytes in 29 msecs (HTTP/1.1 200) 6 headers in 223 bytes (1 switches on core 0)
Jun 14 17:54:58.102202 n-d-791506-12 devstack@placement-api.service[100694]: DEBUG placement.requestlog [req-c6153ab7-d32d-461c-b4b6-f7d242fc5cdd req-66d82857-d932-49f9-b742-f197be4f83a7 None None] Starting request: 10.222.0.16 "GET /placement/resource_providers/8abfd1c1-1d16-4368-95f0-c71a74381f36/allocations" {{(pid=100694) __call__ /opt/stack/placement/placement/requestlog.py:55}}
Jun 14 17:54:58.121438 n-d-791506-12 devstack@placement-api.service[100694]: INFO placement.requestlog [req-c6153ab7-d32d-461c-b4b6-f7d242fc5cdd req-66d82857-d932-49f9-b742-f197be4f83a7 service placement] 10.222.0.16 "GET /placement/resource_providers/8abfd1c1-1d16-4368-95f0-c71a74381f36/allocations" status: 200 len: 54 microversion: 1.0
Jun 14 17:54:58.121777 n-d-791506-12 devstack@placement-api.service[100694]: [pid: 100694|app: 0|req: 11/20] 10.222.0.16 () {58 vars in 1395 bytes} [Mon Jun 14 17:54:58 2021] GET /placement/resource_providers/8abfd1c1-1d16-4368-95f0-c71a74381f36/allocations => generated 54 bytes in 20 msecs (HTTP/1.1 200) 6 headers in 223 bytes (1 switches on core 0)
Jun 14 17:55:37.483905 n-d-791506-12 devstack@placement-api.service[100695]: DEBUG placement.requestlog [None req-ea3d034f-c371-47e5-850f-b274176516c6 None None] Starting request: 10.222.0.102 "GET /placement/" {{(pid=100695) __call__ /opt/stack/placement/placement/requestlog.py:55}}
Jun 14 17:55:37.485832 n-d-791506-12 devstack@placement-api.service[100695]: INFO placement.requestlog [None req-ea3d034f-c371-47e5-850f-b274176516c6 None None] 10.222.0.102 "GET /placement/" status: 200 len: 136 microversion: 1.0
Jun 14 17:55:37.486021 n-d-791506-12 devstack@placement-api.service[100695]: [pid: 100695|app: 0|req: 10/21] 10.222.0.102 () {54 vars in 920 bytes} [Mon Jun 14 17:55:37 2021] GET /placement => generated 136 bytes in 2 msecs (HTTP/1.1 200) 6 headers in 224 bytes (1 switches on core 0)
Jun 14 17:55:54.530280 n-d-791506-12 devstack@placement-api.service[100694]: DEBUG placement.requestlog [req-2a13283e-198d-42d8-afb4-8d9bfcfc2c75 req-bb4ba77a-930e-4cfb-afc9-98f686e45b46 None None] Starting request: 10.222.0.104 "GET /placement/resource_providers/95c5a519-75a6-4617-8bec-1480dcfcbf96/allocations" {{(pid=100694) __call__ /opt/stack/placement/placement/requestlog.py:55}}
Jun 14 17:55:54.549920 n-d-791506-12 devstack@placement-api.service[100694]: INFO placement.requestlog [req-2a13283e-198d-42d8-afb4-8d9bfcfc2c75 req-bb4ba77a-930e-4cfb-afc9-98f686e45b46 service placement] 10.222.0.104 "GET /placement/resource_providers/95c5a519-75a6-4617-8bec-1480dcfcbf96/allocations" status: 200 len: 54 microversion: 1.0
Jun 14 17:55:54.550284 n-d-791506-12 devstack@placement-api.service[100694]: [pid: 100694|app: 0|req: 12/22] 10.222.0.104 () {58 vars in 1396 bytes} [Mon Jun 14 17:55:54 2021] GET /placement/resource_providers/95c5a519-75a6-4617-8bec-1480dcfcbf96/allocations => generated 54 bytes in 20 msecs (HTTP/1.1 200) 6 headers in 223 bytes (1 switches on core 0)
Jun 14 17:55:58.896384 n-d-791506-12 devstack@placement-api.service[100695]: DEBUG placement.requestlog [req-5ebce49f-7560-46a0-ba8f-3d1daaeecc81 req-5ca7088b-c7a4-4b56-97bb-93e3da4b2872 None None] Starting request: 10.222.0.16 "GET /placement/resource_providers/8abfd1c1-1d16-4368-95f0-c71a74381f36/allocations" {{(pid=100695) __call__ /opt/stack/placement/placement/requestlog.py:55}}
Jun 14 17:55:58.913082 n-d-791506-12 devstack@placement-api.service[100695]: INFO placement.requestlog [req-5ebce49f-7560-46a0-ba8f-3d1daaeecc81 req-5ca7088b-c7a4-4b56-97bb-93e3da4b2872 service placement] 10.222.0.16 "GET /placement/resource_providers/8abfd1c1-1d16-4368-95f0-c71a74381f36/allocations" status: 200 len: 54 microversion: 1.0
Jun 14 17:55:58.928178 n-d-791506-12 devstack@placement-api.service[100695]: [pid: 100695|app: 0|req: 11/23] 10.222.0.16 () {58 vars in 1395 bytes} [Mon Jun 14 17:55:58 2021] GET /placement/resource_providers/8abfd1c1-1d16-4368-95f0-c71a74381f36/allocations => generated 54 bytes in 17 msecs (HTTP/1.1 200) 6 headers in 223 bytes (2 switches on core 0)
Jun 14 17:56:14.048260 n-d-791506-12 devstack@placement-api.service[100694]: DEBUG placement.requestlog [None req-56e90e5a-5be9-4c44-ab32-a402fbcf73cb None None] Starting request: 10.222.0.102 "GET /placement/" {{(pid=100694) __call__ /opt/stack/placement/placement/requestlog.py:55}}
Jun 14 17:56:14.049263 n-d-791506-12 devstack@placement-api.service[100694]: INFO placement.requestlog [None req-56e90e5a-5be9-4c44-ab32-a402fbcf73cb None None] 10.222.0.102 "GET /placement/" status: 200 len: 136 microversion: 1.0
Jun 14 17:56:14.049476 n-d-791506-12 devstack@placement-api.service[100694]: [pid: 100694|app: 0|req: 13/24] 10.222.0.102 () {54 vars in 911 bytes} [Mon Jun 14 17:56:14 2021] GET /placement => generated 136 bytes in 2 msecs (HTTP/1.1 200) 6 headers in 224 bytes (1 switches on core 0)
Jun 14 17:56:14.059536 n-d-791506-12 devstack@placement-api.service[100695]: DEBUG placement.requestlog [req-d37fb75e-802a-4970-ad4f-6fb215db85fc req-91ad3ad3-77dd-4ef1-b3b5-b08251635486 None None] Starting request: 10.222.0.102 "GET /placement/resource_providers?name=n-h1-791506-12" {{(pid=100695) __call__ /opt/stack/placement/placement/requestlog.py:55}}
Jun 14 17:56:14.222872 n-d-791506-12 devstack@placement-api.service[100695]: INFO placement.requestlog [req-d37fb75e-802a-4970-ad4f-6fb215db85fc req-91ad3ad3-77dd-4ef1-b3b5-b08251635486 service placement] 10.222.0.102 "GET /placement/resource_providers?name=n-h1-791506-12" status: 200 len: 441 microversion: 1.0
Jun 14 17:56:14.223252 n-d-791506-12 devstack@placement-api.service[100695]: [pid: 100695|app: 0|req: 12/25] 10.222.0.102 () {58 vars in 1281 bytes} [Mon Jun 14 17:56:14 2021] GET /placement/resource_providers?name=n-h1-791506-12 => generated 441 bytes in 164 msecs (HTTP/1.1 200) 6 headers in 224 bytes (2 switches on core 0)
Jun 14 17:56:14.229624 n-d-791506-12 devstack@placement-api.service[100694]: DEBUG placement.requestlog [req-d37fb75e-802a-4970-ad4f-6fb215db85fc req-acbd1a47-d0a2-4e32-8892-dad962942f88 None None] Starting request: 10.222.0.102 "GET /placement/resource_providers/95c5a519-75a6-4617-8bec-1480dcfcbf96/aggregates" {{(pid=100694) __call__ /opt/stack/placement/placement/requestlog.py:55}}
Jun 14 17:56:14.245645 n-d-791506-12 devstack@placement-api.service[100694]: INFO placement.requestlog [req-d37fb75e-802a-4970-ad4f-6fb215db85fc req-acbd1a47-d0a2-4e32-8892-dad962942f88 service placement] 10.222.0.102 "GET /placement/resource_providers/95c5a519-75a6-4617-8bec-1480dcfcbf96/aggregates" status: 200 len: 53 microversion: 1.19
Jun 14 17:56:14.245867 n-d-791506-12 devstack@placement-api.service[100694]: [pid: 100694|app: 0|req: 14/26] 10.222.0.102 () {60 vars in 1430 bytes} [Mon Jun 14 17:56:14 2021] GET /placement/resource_providers/95c5a519-75a6-4617-8bec-1480dcfcbf96/aggregates => generated 53 bytes in 16 msecs (HTTP/1.1 200) 8 headers in 295 bytes (1 switches on core 0)
Jun 14 17:56:14.253225 n-d-791506-12 devstack@placement-api.service[100695]: DEBUG placement.requestlog [req-d37fb75e-802a-4970-ad4f-6fb215db85fc req-cd34d4cb-c362-4f04-8e6f-46f37db6160b None None] Starting request: 10.222.0.102 "PUT /placement/resource_providers/95c5a519-75a6-4617-8bec-1480dcfcbf96/aggregates" {{(pid=100695) __call__ /opt/stack/placement/placement/requestlog.py:55}}
Jun 14 17:56:14.271163 n-d-791506-12 devstack@placement-api.service[100695]: DEBUG placement.objects.resource_provider [req-d37fb75e-802a-4970-ad4f-6fb215db85fc req-cd34d4cb-c362-4f04-8e6f-46f37db6160b service placement] _ensure_aggregate() did not find aggregate 4c31c054-0800-4686-8b88-4e275396f6ed. Attempting to create it. {{(pid=100695) _ensure_aggregate /opt/stack/placement/placement/objects/resource_provider.py:319}}
Jun 14 17:56:14.272776 n-d-791506-12 devstack@placement-api.service[100695]: DEBUG placement.objects.resource_provider [req-d37fb75e-802a-4970-ad4f-6fb215db85fc req-cd34d4cb-c362-4f04-8e6f-46f37db6160b service placement] _ensure_aggregate() created new aggregate 4c31c054-0800-4686-8b88-4e275396f6ed (id=1). {{(pid=100695) _ensure_aggregate /opt/stack/placement/placement/objects/resource_provider.py:325}}
Jun 14 17:56:14.274616 n-d-791506-12 devstack@placement-api.service[100695]: DEBUG placement.objects.resource_provider [req-d37fb75e-802a-4970-ad4f-6fb215db85fc req-cd34d4cb-c362-4f04-8e6f-46f37db6160b service placement] Setting aggregates for provider 95c5a519-75a6-4617-8bec-1480dcfcbf96. Successfully associated aggregate 4c31c054-0800-4686-8b88-4e275396f6ed. {{(pid=100695) _set_aggregates /opt/stack/placement/placement/objects/resource_provider.py:387}}
Jun 14 17:56:14.391229 n-d-791506-12 devstack@placement-api.service[100695]: INFO placement.requestlog [req-d37fb75e-802a-4970-ad4f-6fb215db85fc req-cd34d4cb-c362-4f04-8e6f-46f37db6160b service placement] 10.222.0.102 "PUT /placement/resource_providers/95c5a519-75a6-4617-8bec-1480dcfcbf96/aggregates" status: 200 len: 91 microversion: 1.19
Jun 14 17:56:14.391478 n-d-791506-12 devstack@placement-api.service[100695]: [pid: 100695|app: 0|req: 13/27] 10.222.0.102 () {64 vars in 1482 bytes} [Mon Jun 14 17:56:14 2021] PUT /placement/resource_providers/95c5a519-75a6-4617-8bec-1480dcfcbf96/aggregates => generated 91 bytes in 139 msecs (HTTP/1.1 200) 8 headers in 295 bytes (2 switches on core 0)
Jun 14 17:56:16.463379 n-d-791506-12 devstack@placement-api.service[100694]: DEBUG placement.requestlog [req-1c01b928-87a4-4203-9711-4eb7b6ab87e8 req-84ec93cf-c27e-481c-a30e-988cf7b60d89 None None] Starting request: 10.222.0.102 "GET /placement/allocation_candidates?limit=1000&resources=DISK_GB%3A1%2CMEMORY_MB%3A1024%2CVCPU%3A1&root_required=%21COMPUTE_STATUS_DISABLED" {{(pid=100694) __call__ /opt/stack/placement/placement/requestlog.py:55}}
Jun 14 17:56:16.779915 n-d-791506-12 devstack@placement-api.service[100694]: DEBUG placement.objects.research_context [req-1c01b928-87a4-4203-9711-4eb7b6ab87e8 req-84ec93cf-c27e-481c-a30e-988cf7b60d89 service placement] getting providers with 1 DISK_GB {{(pid=100694) __init__ /opt/stack/placement/placement/objects/research_context.py:126}}
Jun 14 17:56:16.794335 n-d-791506-12 devstack@placement-api.service[100694]: DEBUG placement.objects.research_context [req-1c01b928-87a4-4203-9711-4eb7b6ab87e8 req-84ec93cf-c27e-481c-a30e-988cf7b60d89 service placement] getting providers with 1024 MEMORY_MB {{(pid=100694) __init__ /opt/stack/placement/placement/objects/research_context.py:126}}
Jun 14 17:56:16.801657 n-d-791506-12 devstack@placement-api.service[100694]: DEBUG placement.objects.research_context [req-1c01b928-87a4-4203-9711-4eb7b6ab87e8 req-84ec93cf-c27e-481c-a30e-988cf7b60d89 service placement] getting providers with 1 VCPU {{(pid=100694) __init__ /opt/stack/placement/placement/objects/research_context.py:126}}
Jun 14 17:56:16.818616 n-d-791506-12 devstack@placement-api.service[100694]: DEBUG placement.objects.research_context [req-1c01b928-87a4-4203-9711-4eb7b6ab87e8 req-84ec93cf-c27e-481c-a30e-988cf7b60d89 service placement] found 2 providers with available 1 DISK_GB {{(pid=100694) get_provider_ids_matching /opt/stack/placement/placement/objects/research_context.py:549}}
Jun 14 17:56:16.818908 n-d-791506-12 devstack@placement-api.service[100694]: DEBUG placement.objects.research_context [req-1c01b928-87a4-4203-9711-4eb7b6ab87e8 req-84ec93cf-c27e-481c-a30e-988cf7b60d89 service placement] found 2 providers with available 1024 MEMORY_MB {{(pid=100694) get_provider_ids_matching /opt/stack/placement/placement/objects/research_context.py:549}}
Jun 14 17:56:16.819355 n-d-791506-12 devstack@placement-api.service[100694]: DEBUG placement.objects.research_context [req-1c01b928-87a4-4203-9711-4eb7b6ab87e8 req-84ec93cf-c27e-481c-a30e-988cf7b60d89 service placement] found 2 providers after filtering by previous result {{(pid=100694) get_provider_ids_matching /opt/stack/placement/placement/objects/research_context.py:580}}
Jun 14 17:56:16.819654 n-d-791506-12 devstack@placement-api.service[100694]: DEBUG placement.objects.research_context [req-1c01b928-87a4-4203-9711-4eb7b6ab87e8 req-84ec93cf-c27e-481c-a30e-988cf7b60d89 service placement] found 2 providers with available 1 VCPU {{(pid=100694) get_provider_ids_matching /opt/stack/placement/placement/objects/research_context.py:549}}
Jun 14 17:56:16.819927 n-d-791506-12 devstack@placement-api.service[100694]: DEBUG placement.objects.research_context [req-1c01b928-87a4-4203-9711-4eb7b6ab87e8 req-84ec93cf-c27e-481c-a30e-988cf7b60d89 service placement] found 2 providers after filtering by previous result {{(pid=100694) get_provider_ids_matching /opt/stack/placement/placement/objects/research_context.py:580}}
Jun 14 17:56:16.834870 n-d-791506-12 devstack@placement-api.service[100694]: DEBUG placement.objects.allocation_candidate [req-1c01b928-87a4-4203-9711-4eb7b6ab87e8 req-84ec93cf-c27e-481c-a30e-988cf7b60d89 service placement] RequestGroup(use_same_provider=False, resources={DISK_GB:1, MEMORY_MB:1024, VCPU:1}, traits=[], aggregates=[]) (suffix '') returned 2 matches {{(pid=100694) _get_by_requests /opt/stack/placement/placement/objects/allocation_candidate.py:145}}
Jun 14 17:56:16.835249 n-d-791506-12 devstack@placement-api.service[100694]: DEBUG placement.objects.allocation_candidate [req-1c01b928-87a4-4203-9711-4eb7b6ab87e8 req-84ec93cf-c27e-481c-a30e-988cf7b60d89 service placement] Merging candidates yields 2 allocation requests and 2 provider summaries {{(pid=100694) _merge_candidates /opt/stack/placement/placement/objects/allocation_candidate.py:783}}
Jun 14 17:56:16.837350 n-d-791506-12 devstack@placement-api.service[100694]: INFO placement.requestlog [req-1c01b928-87a4-4203-9711-4eb7b6ab87e8 req-84ec93cf-c27e-481c-a30e-988cf7b60d89 service placement] 10.222.0.102 "GET /placement/allocation_candidates?limit=1000&resources=DISK_GB%3A1%2CMEMORY_MB%3A1024%2CVCPU%3A1&root_required=%21COMPUTE_STATUS_DISABLED" status: 200 len: 1303 microversion: 1.36
Jun 14 17:56:16.837847 n-d-791506-12 devstack@placement-api.service[100694]: [pid: 100694|app: 0|req: 15/28] 10.222.0.102 () {60 vars in 1511 bytes} [Mon Jun 14 17:56:16 2021] GET /placement/allocation_candidates?limit=1000&resources=DISK_GB%3A1%2CMEMORY_MB%3A1024%2CVCPU%3A1&root_required=%21COMPUTE_STATUS_DISABLED => generated 1303 bytes in 375 msecs (HTTP/1.1 200) 8 headers in 297 bytes (1 switches on core 0)
Jun 14 17:56:16.972285 n-d-791506-12 devstack@placement-api.service[100695]: DEBUG placement.requestlog [req-1c01b928-87a4-4203-9711-4eb7b6ab87e8 req-401b6679-531f-48df-8ec1-7d260559a085 None None] Starting request: 10.222.0.102 "GET /placement/allocations/8407850c-5898-4c13-83f2-26319134c091" {{(pid=100695) __call__ /opt/stack/placement/placement/requestlog.py:55}}
Jun 14 17:56:17.550385 n-d-791506-12 devstack@placement-api.service[100695]: INFO placement.requestlog [req-1c01b928-87a4-4203-9711-4eb7b6ab87e8 req-401b6679-531f-48df-8ec1-7d260559a085 service placement] 10.222.0.102 "GET /placement/allocations/8407850c-5898-4c13-83f2-26319134c091" status: 200 len: 19 microversion: 1.28
Jun 14 17:56:17.550598 n-d-791506-12 devstack@placement-api.service[100695]: [pid: 100695|app: 0|req: 14/29] 10.222.0.102 () {60 vars in 1385 bytes} [Mon Jun 14 17:56:16 2021] GET /placement/allocations/8407850c-5898-4c13-83f2-26319134c091 => generated 19 bytes in 579 msecs (HTTP/1.1 200) 8 headers in 295 bytes (1 switches on core 0)
Jun 14 17:56:17.557155 n-d-791506-12 devstack@placement-api.service[100694]: DEBUG placement.requestlog [req-1c01b928-87a4-4203-9711-4eb7b6ab87e8 req-ddfc6c84-f1de-46fc-9982-9181ee94e106 None None] Starting request: 10.222.0.102 "PUT /placement/allocations/8407850c-5898-4c13-83f2-26319134c091" {{(pid=100694) __call__ /opt/stack/placement/placement/requestlog.py:55}}
Jun 14 17:56:18.216948 n-d-791506-12 devstack@placement-api.service[100694]: DEBUG placement.handlers.allocation [req-1c01b928-87a4-4203-9711-4eb7b6ab87e8 req-ddfc6c84-f1de-46fc-9982-9181ee94e106 service placement] Successfully wrote allocations [, , ] {{(pid=100694) _create_allocations /opt/stack/placement/placement/handlers/allocation.py:435}}
Jun 14 17:56:18.224441 n-d-791506-12 devstack@placement-api.service[100694]: INFO placement.requestlog [req-1c01b928-87a4-4203-9711-4eb7b6ab87e8 req-ddfc6c84-f1de-46fc-9982-9181ee94e106 service placement] 10.222.0.102 "PUT /placement/allocations/8407850c-5898-4c13-83f2-26319134c091" status: 204 len: 0 microversion: 1.36
Jun 14 17:56:18.224441 n-d-791506-12 devstack@placement-api.service[100694]: [pid: 100694|app: 0|req: 16/30] 10.222.0.102 () {64 vars in 1438 bytes} [Mon Jun 14 17:56:17 2021] PUT /placement/allocations/8407850c-5898-4c13-83f2-26319134c091 => generated 0 bytes in 661 msecs (HTTP/1.1 204) 5 headers in 199 bytes (1 switches on core 0)
Jun 14 17:56:19.986425 n-d-791506-12 devstack@placement-api.service[100695]: DEBUG placement.requestlog [req-1c01b928-87a4-4203-9711-4eb7b6ab87e8 req-be58eba8-b2d2-4afc-b889-6166fadd5404 None None] Starting request: 10.222.0.104 "GET /placement/allocations/8407850c-5898-4c13-83f2-26319134c091" {{(pid=100695) __call__ /opt/stack/placement/placement/requestlog.py:55}}
